03-01 08:03:51.923 529 529 I BTAudioProviderHearingAid: HearingAidAudioProvider - size of audio buffer 3584 byte(s)
03-01 08:03:51.923 529 529 E /vendor/bin/hw/android.hardware.audio@2.0-service: Failed to get IAshmemDeviceService.
03-01 08:03:51.926 529 529 I ServiceManagement: Registered android.hardware.bluetooth.audio@2.0::IBluetoothAudioProvidersFactory/default (start delay of 427ms)
03-01 08:03:51.926 529 529 I audiohalservice: Registration complete for android.hardware.bluetooth.audio@2.0::IBluetoothAudioProvidersFactory/default.
03-01 08:03:51.927 412 412 I hwservicemanager: getTransport: Cannot find entry android.hardware.bluetooth.a2dp@1.0::IBluetoothAudioOffload/default in either framework or device manifest.
03-01 08:03:51.928 529 529 E audiohalservice: Could not get passthrough implementation for android.hardware.bluetooth.a2dp@1.0::IBluetoothAudioOffload/default.
03-01 08:03:51.928 529 529 W audiohalservice: Could not register Bluetooth audio offload 1.0
03-01 08:03:51.952 597 597 I tftp_server: Initializing tftp_server RING buffer
03-01 08:03:51.952 597 597 I tftp_server: Starting...
03-01 08:03:51.959 541 541 D LocSvc_LBSProxy: checkIfLocationExtendedClientExists] File does not Exist
03-01 08:03:51.981 541 602 E QMI_FW : QMUXD: WARNING qmi_qmux_if_pwr_up_init failed! rc=-6
03-01 08:03:51.981 541 541 I ServiceManagement: Registered android.hardware.gnss@2.0::IGnss/default (start delay of 422ms)
03-01 08:03:51.982 541 541 I ServiceManagement: Removing namespace from process name android.hardware.gnss@2.0-service-qti to gnss@2.0-service-qti.
03-01 08:03:51.983 541 541 I android.hardware.gnss@2.0-service-qti: Registration complete for android.hardware.gnss@2.0::IGnss/default.
03-01 08:03:52.001 543 543 I ServiceManagement: Registered vendor.display.config@1.9::IDisplayConfig/default (start delay of 432ms)
03-01 08:03:52.002 543 543 I SDM : HWCSession::StartServices: IDisplayConfig service registration completed.
03-01 08:03:52.002 543 543 D vndksupport: Loading /vendor/lib64/hw/gralloc.msm8937.so from current namespace instead of sphal namespace.
03-01 08:03:52.012 543 543 I SDM : ExtensionInterface::CreateExtensionInterface:
03-01 08:03:52.012 543 543 I SDM : SDM-EXTENSION Version: Date: 01/24/20, Commit: c077f1e, Change: I1728e1a349
03-01 08:03:52.014 543 543 I SDM : HWInfo::GetHWResourceInfo: SDE Version = 5, SDE Revision = 100e0000, RGB = 2, VIG = 1, DMA = 1, Cursor = 0
03-01 08:03:52.014 543 543 I SDM : HWInfo::GetHWResourceInfo: Upscale Ratio = 20, Downscale Ratio = 4, Blending Stages = 4
03-01 08:03:52.014 543 543 I SDM : HWInfo::GetHWResourceInfo: SourceSplit = 0 QSEED3 = 0
03-01 08:03:52.014 543 543 I SDM : HWInfo::GetHWResourceInfo: BWC = 0, UBWC = 1, Decimation = 1, Tile Format = 0 Concurrent Writeback = 0
03-01 08:03:52.014 543 543 I SDM : HWInfo::GetHWResourceInfo: MaxLowBw = 3100000 , MaxHighBw = 3100000
03-01 08:03:52.014 543 543 I SDM : HWInfo::GetHWResourceInfo: MaxPipeBw = 2300000 KBps, MaxSDEClock = 320000000 Hz, ClockFudgeFactor = 1.050000
03-01 08:03:52.014 543 543 I SDM : HWInfo::GetHWResourceInfo: Prefill factors: Tiled_NV12 = 8, Tiled = 4, Linear = 1, Scale = 1, Fudge_factor = 2
03-01 08:03:52.014 543 543 I SDM : HWInfo::GetMDSSRotatorInfo: MDSS Rotator: Count = 1, Downscale = 1, Min_downscale = 2.000000
03-01 08:03:52.015 543 543 I SDM : HWInfo::GetHWResourceInfo: Has Support for multiple bw limits shown below
03-01 08:03:52.015 543 543 I SDM : HWInfo::GetHWResourceInfo: Mode-index=0 total_bw_limit=3100000 and pipe_bw_limit=2300000
03-01 08:03:52.015 543 543 I SDM : HWInfo::GetHWResourceInfo: Mode-index=1 total_bw_limit=1700000 and pipe_bw_limit=2300000
03-01 08:03:52.015 543 543 I SDM : HWInfo::GetHWResourceInfo: Mode-index=2 total_bw_limit=3100000 and pipe_bw_limit=2300000
03-01 08:03:52.015 543 543 I SDM : HWInfo::GetHWResourceInfo: Mode-index=3 total_bw_limit=3100000 and pipe_bw_limit=2300000
03-01 08:03:52.015 543 543 I SDM : SessionManager::SessionManager: Allocate buffers synchronously = 0
03-01 08:03:52.026 543 543 I SDM : CoreInterface::CreateCore: Open interface handle = 0x7345437000
03-01 08:03:52.026 543 543 I SDM : HWCSession::Register: Set uevent listener = 0x7345426280
03-01 08:03:52.027 543 543 I SDM : HWInfo::GetFirstDisplayInterfaceType: First display is internal display
03-01 08:03:52.027 543 543 I SDM : CPUHint::Init: Invalid CPU Hint Pre-enable Window -1
03-01 08:03:52.028 543 543 I SDM : HWDevice::GetHWPanelMaxBrightnessFromNode: Max brightness level = 255
03-01 08:03:52.028 543 543 I SDM : HWDevice::Init: access(/dev/graphics/fb0) successful
03-01 08:03:52.029 543 543 I SDM : HWDevice::GetHWPanelMaxBrightnessFromNode: Max brightness level = 255
03-01 08:03:52.029 543 543 I SDM : HWDevice::PopulateHWPanelInfo: Device type = 0, Display Port = 1, Display Mode = 1, Device Node = 0, Is Primary = 1
03-01 08:03:52.029 543 543 I SDM : HWDevice::PopulateHWPanelInfo: Partial Update = 0, supported roi_count =1, Dynamic FPS = 0
03-01 08:03:52.029 543 543 I SDM : HWDevice::PopulateHWPanelInfo: Align: left = 0, width = 0, top = 0, height = 0
03-01 08:03:52.029 543 543 I SDM : HWDevice::PopulateHWPanelInfo: ROI: min_width = 0, min_height = 0, need_merge = 0
03-01 08:03:52.029 543 543 I SDM : HWDevice::PopulateHWPanelInfo: FPS: min = 0, max =0
03-01 08:03:52.029 543 543 I SDM : HWDevice::PopulateHWPanelInfo: Ping Pong Split = 0
03-01 08:03:52.029 543 543 I SDM : HWDevice::PopulateHWPanelInfo: Left Split = 0, Right Split = 0
03-01 08:03:52.030 543 543 W SDM : HWPrimary::PopulateDisplayAttributes: Driver doesn't report panel physical width and height - defaulting to 320dpi
03-01 08:03:52.031 543 543 I SDM : HWDevice::GetHWPanelMaxBrightnessFromNode: Max brightness level = 255
03-01 08:03:52.031 543 543 I SDM : HWDevice::GetHWPanelMaxBrightnessFromNode: Max brightness level = 255
03-01 08:03:52.031 543 543 W SDM : HWDevice::GetHWPanelInfoByNode: Failed to open msm_fb_panel_info node device node 2
03-01 08:03:52.032 543 543 W SDM : HWDevice::GetHWPanelInfoByNode: Failed to open msm_fb_panel_info node device node 3
03-01 08:03:52.032 543 543 I SDM : HWDevice::GetHWPanelMaxBrightnessFromNode: Max brightness level = 255
03-01 08:03:52.033 543 543 I SDM : HWDevice::GetHWPanelMaxBrightnessFromNode: Max brightness level = 255
03-01 08:03:52.033 543 543 W SDM : HWDevice::GetHWPanelInfoByNode: Failed to open msm_fb_panel_info node device node 2
03-01 08:03:52.033 543 543 W SDM : HWDevice::GetHWPanelInfoByNode: Failed to open msm_fb_panel_info node device node 3
03-01 08:03:52.034 543 543 I SDM : StrategyImpl::SetIdleTimeoutMs: Idle timeout: active = 70, inactive = 520
03-01 08:03:52.034 543 543 W SDM : ColorManager::CreateColorManagerProxy: PAV2 version is versions = 11, version = 11
03-01 08:03:52.037 543 543 W SDM : DisplayBase::Init: InitColorModes failed for display = 0
03-01 08:03:52.037 543 543 W SDM : HWEvents::InitializePollFd: open failed for display=0 event=idle_power_collapse, error=No such file or directory
03-01 08:03:52.038 543 543 I SDM : HWCDisplay::Init: Display created with id: 0
03-01 08:03:52.038 543 543 W SDM : HWCDisplay::PopulateColorModes: GetColorModeCount failed, use native color mode
03-01 08:03:52.038 543 543 I SDM : DisplayBase::SetFrameBufferConfig: New framebuffer resolution (1080x1920)
03-01 08:03:52.076 541 605 W LocSvc_LocIpc: send:66] failed reason: No such file or directory
03-01 08:03:52.097 593 593 I SurfaceFlinger: Using HWComposer service: 'default'
03-01 08:03:52.097 593 593 I SurfaceFlinger: SurfaceFlinger is starting
03-01 08:03:52.107 593 593 I SurfaceFlinger: Enabling HWC virtual displays
03-01 08:03:52.107 593 593 I SurfaceFlinger: Treble testing override: 'false'
03-01 08:03:52.108 593 593 I SurfaceFlinger: SurfaceFlinger's main thread ready to run. Initializing graphics H/W...
03-01 08:03:52.108 593 593 I SurfaceFlinger: Phase offset NS: 2000000
03-01 08:03:52.110 593 623 W SurfaceFlinger: Ignoring VSYNC request while display is disconnected
03-01 08:03:52.110 593 623 W SurfaceFlinger: Ignoring VSYNC request while display is disconnected
03-01 08:03:52.111 593 624 W SurfaceFlinger: Ignoring VSYNC request while display is disconnected
03-01 08:03:52.111 593 624 W SurfaceFlinger: Ignoring VSYNC request while display is disconnected
03-01 08:03:52.112 593 593 D RenderEngine: RenderEngine GLES Backend
03-01 08:03:52.120 593 593 D libEGL : loaded /vendor/lib64/egl/libEGL_adreno.so
03-01 08:03:52.156 392 392 W libc : Unable to set property "ro.sf.lcd_density" to "480": error code: 0xb
03-01 08:03:52.158 392 392 W libc : Unable to set property "ro.opengles.version" to "196610": error code: 0xb
03-01 08:03:52.227 590 590 I FastMixerState: sMaxFastTracks = 8
03-01 08:03:52.232 590 590 V MediaUtils: physMem: 2971750400
03-01 08:03:52.232 590 590 V MediaUtils: requested limit: 536870912
03-01 08:03:52.233 590 590 I libc : malloc_limit: Allocation limit enabled, max size 536870912 bytes
03-01 08:03:52.234 639 639 E PerMgrProxy: Starting pm-proxy service
03-01 08:03:52.234 590 590 I audioserver: ServiceManager: 0x79c87cadc0
03-01 08:03:52.236 590 590 W BatteryNotifier: batterystats service unavailable!
03-01 08:03:52.237 585 599 D PerMgrSrv: modem state: is off-line, add client PM-PROXY-THREAD
03-01 08:03:52.240 585 599 D PerMgrSrv: PM-PROXY-THREAD registered
03-01 08:03:52.240 639 639 D PerMgrLib: PM-PROXY-THREAD successfully registered for modem
03-01 08:03:52.241 639 639 I PerMgrProxy: Casting proxy vote for modem
03-01 08:03:52.241 639 639 D PerMgrLib: PM-PROXY-THREAD voting for modem
03-01 08:03:52.241 585 599 D PerMgrSrv: PM-PROXY-THREAD voting for modem
03-01 08:03:52.241 585 599 D PerMgrSrv: modem new state: going on-line
03-01 08:03:52.241 585 599 D PerMgrSrv: modem num voters is 1
03-01 08:03:52.252 479 479 D ICU : Time zone APEX file found: /apex/com.android.tzdata/etc/icu/icu_tzdata.dat
03-01 08:03:52.255 639 639 I PerMgrProxy: pm-proxy-thread vote successful for modem
03-01 08:03:52.259 645 645 I wcnss_service: type=1400 audit(0.0:7): avc: denied { getattr } for path="/data/misc/wifi/WCNSS_qcom_cfg.ini" dev="mmcblk0p48" ino=915769 scontext=u:r:wcnss_service:s0 tcontext=u:object_r:wifi_data_file:s0 tclass=file permissive=1
03-01 08:03:52.259 480 480 D ICU : Time zone APEX file found: /apex/com.android.tzdata/etc/icu/icu_tzdata.dat
03-01 08:03:52.259 412 412 I hwservicemanager: getTransport: Cannot find entry android.hardware.audio@5.0::IDevicesFactory/msd in either framework or device manifest.
03-01 08:03:52.263 645 645 I wcnss_service: type=1400 audit(0.0:8): avc: denied { write } for name="WCNSS_qcom_cfg.ini" dev="mmcblk0p48" ino=915769 scontext=u:r:wcnss_service:s0 tcontext=u:object_r:wifi_data_file:s0 tclass=file permissive=1
03-01 08:03:52.263 645 645 I wcnss_service: type=1400 audit(0.0:9): avc: denied { open } for path="/data/misc/wifi/WCNSS_qcom_cfg.ini" dev="mmcblk0p48" ino=915769 scontext=u:r:wcnss_service:s0 tcontext=u:object_r:wifi_data_file:s0 tclass=file permissive=1
03-01 08:03:52.263 645 645 I wcnss_service: type=1400 audit(0.0:10): avc: denied { setattr } for name="WCNSS_qcom_cfg.ini" dev="mmcblk0p48" ino=915769 scontext=u:r:wcnss_service:s0 tcontext=u:object_r:wifi_data_file:s0 tclass=file permissive=1
03-01 08:03:52.265 641 641 D QC-time-services: Daemon:genoff_pre_init::Base = 0
03-01 08:03:52.266 641 641 D QC-time-services: Daemon:ats_rtc_init: Time read from RTC -- year = 72, month = 2,day = 1
03-01 08:03:52.272 641 641 D QC-time-services: Daemon ats_rtc_init: seconds = 68281432
03-01 08:03:52.272 641 641 D QC-time-services: Daemon:Value read from RTC seconds = 68281432000
03-01 08:03:52.272 641 641 D QC-time-services: Daemon:genoff_init_config: ATS_RTC initialized with rc: 0
03-01 08:03:52.272 641 641 D QC-time-services: Daemon:genoff_pre_init::Base = 1
03-01 08:03:52.272 641 641 D QC-time-services: Daemon: Storage Name: ats_1
03-01 08:03:52.273 641 641 D QC-time-services: Daemon:Opening File: /mnt/vendor/persist/time/ats_1 /data/vendor/time/ats_1
03-01 08:03:52.273 641 641 D QC-time-services: Daemon:time_persistent_memory_opr:Genoff Read operation
03-01 08:03:52.279 641 641 D QC-time-services: Daemon:Open File: /data/vendor/time/ats_1
03-01 08:03:52.282 641 641 D QC-time-services: Daemon:genoff_pre_init::Base = 2
03-01 08:03:52.282 641 641 D QC-time-services: Daemon: Storage Name: ats_2
03-01 08:03:52.282 641 641 D QC-time-services: Daemon:Opening File: /mnt/vendor/persist/time/ats_2 /data/vendor/time/ats_2
03-01 08:03:52.282 641 641 D QC-time-services: Daemon:time_persistent_memory_opr:Genoff Read operation
03-01 08:03:52.282 641 641 D QC-time-services: Daemon:Open File: /data/vendor/time/ats_2
03-01 08:03:52.284 590 590 I AudioFlinger: Using default 3000 mSec as standby time.
03-01 08:03:52.286 645 645 E wcnss_service: wcnss_service: num_modems = 1
03-01 08:03:52.286 645 645 E wcnss_qmi: wcnss_init_qmi: Initialize wcnss QMI Interface
03-01 08:03:52.286 645 645 E wcnss_qmi: wcnss_init_qmi: Error while Initializing QMI Client: -17
03-01 08:03:52.286 645 645 E wcnss_service: Failed to Initialize wcnss QMI Interface
03-01 08:03:52.287 645 645 I wcnss_service: dynamic nv only for QRD platform, current platform:MTP.
03-01 08:03:52.287 645 645 E wcnss_service: Serial Number is 31cdce64
03-01 08:03:52.287 645 645 E wcnss_service: Failed to write to /dev/wcnss_ctrl : Invalid argument
03-01 08:03:52.292 641 641 D QC-time-services: Daemon:genoff_pre_init::Base = 3
03-01 08:03:52.292 641 641 D QC-time-services: Daemon: Storage Name: ats_3
03-01 08:03:52.292 641 641 D QC-time-services: Daemon:Opening File: /mnt/vendor/persist/time/ats_3 /data/vendor/time/ats_3
03-01 08:03:52.292 641 641 D QC-time-services: Daemon:time_persistent_memory_opr:Genoff Read operation
03-01 08:03:52.292 641 641 D QC-time-services: Daemon:Open File: /data/vendor/time/ats_3
03-01 08:03:52.292 641 641 D QC-time-services: Daemon:Unable to open filefor read
03-01 08:03:52.292 641 641 D QC-time-services: Daemon:genoff_post_init:Error in accessing storage
03-01 08:03:52.292 641 641 D QC-time-services: Daemon:genoff_pre_init::Base = 4
03-01 08:03:52.292 641 641 D QC-time-services: Daemon: Storage Name: ats_4
03-01 08:03:52.292 641 641 D QC-time-services: Daemon:Opening File: /mnt/vendor/persist/time/ats_4 /data/vendor/time/ats_4
03-01 08:03:52.292 641 641 D QC-time-services: Daemon:time_persistent_memory_opr:Genoff Read operation
03-01 08:03:52.292 641 641 D QC-time-services: Daemon:Open File: /data/vendor/time/ats_4
03-01 08:03:52.292 641 641 D QC-time-services: Daemon:Unable to open filefor read
03-01 08:03:52.292 641 641 D QC-time-services: Daemon:genoff_post_init:Error in accessing storage
03-01 08:03:52.292 641 641 D QC-time-services: Daemon:genoff_pre_init::Base = 5
03-01 08:03:52.292 641 641 D QC-time-services: Daemon: Storage Name: ats_5
03-01 08:03:52.292 641 641 D QC-time-services: Daemon:Opening File: /mnt/vendor/persist/time/ats_5 /data/vendor/time/ats_5
03-01 08:03:52.292 641 641 D QC-time-services: Daemon:time_persistent_memory_opr:Genoff Read operation
03-01 08:03:52.292 641 641 D QC-time-services: Daemon:Open File: /data/vendor/time/ats_5
03-01 08:03:52.292 641 641 D QC-time-services: Daemon:Unable to open filefor read
03-01 08:03:52.292 641 641 D QC-time-services: Daemon:genoff_post_init:Error in accessing storage
03-01 08:03:52.292 641 641 D QC-time-services: Daemon:genoff_pre_init::Base = 6
03-01 08:03:52.292 641 641 D QC-time-services: Daemon: Storage Name: ats_6
03-01 08:03:52.292 641 641 D QC-time-services: Daemon:Opening File: /mnt/vendor/persist/time/ats_6 /data/vendor/time/ats_6
03-01 08:03:52.292 641 641 D QC-time-services: Daemon:time_persistent_memory_opr:Genoff Read operation
03-01 08:03:52.293 641 641 D QC-time-services: Daemon:Open File: /data/vendor/time/ats_6
03-01 08:03:52.293 641 641 D QC-time-services: Daemon:Unable to open filefor read
03-01 08:03:52.293 641 641 D QC-time-services: Daemon:genoff_post_init:Error in accessing storage
03-01 08:03:52.293 641 641 D QC-time-services: Daemon:genoff_pre_init::Base = 7
03-01 08:03:52.293 641 641 D QC-time-services: Daemon: Storage Name: ats_7
03-01 08:03:52.293 641 641 D QC-time-services: Daemon:Opening File: /mnt/vendor/persist/time/ats_7 /data/vendor/time/ats_7
03-01 08:03:52.293 641 641 D QC-time-services: Daemon:time_persistent_memory_opr:Genoff Read operation
03-01 08:03:52.293 641 641 D QC-time-services: Daemon:Open File: /data/vendor/time/ats_7
03-01 08:03:52.293 641 641 D QC-time-services: Daemon:Unable to open filefor read
03-01 08:03:52.293 641 641 D QC-time-services: Daemon:genoff_post_init:Error in accessing storage
03-01 08:03:52.293 641 641 D QC-time-services: Daemon:genoff_pre_init::Base = 8
03-01 08:03:52.293 641 641 D QC-time-services: Daemon: Storage Name: ats_8
03-01 08:03:52.293 641 641 D QC-time-services: Daemon:Opening File: /mnt/vendor/persist/time/ats_8 /data/vendor/time/ats_8
03-01 08:03:52.293 641 641 D QC-time-services: Daemon:time_persistent_memory_opr:Genoff Read operation
03-01 08:03:52.293 641 641 D QC-time-services: Daemon:Open File: /data/vendor/time/ats_8
03-01 08:03:52.293 641 641 D QC-time-services: Daemon:Unable to open filefor read
03-01 08:03:52.293 641 641 D QC-time-services: Daemon:genoff_post_init:Error in accessing storage
03-01 08:03:52.293 641 641 D QC-time-services: Daemon:genoff_pre_init::Base = 9
03-01 08:03:52.293 641 641 D QC-time-services: Daemon: Storage Name: ats_9
03-01 08:03:52.293 641 641 D QC-time-services: Daemon:Opening File: /mnt/vendor/persist/time/ats_9 /data/vendor/time/ats_9
03-01 08:03:52.293 641 641 D QC-time-services: Daemon:time_persistent_memory_opr:Genoff Read operation
03-01 08:03:52.293 641 641 D QC-time-services: Daemon:Open File: /data/vendor/time/ats_9
03-01 08:03:52.293 641 641 D QC-time-services: Daemon:Unable to open filefor read
03-01 08:03:52.293 641 641 D QC-time-services: Daemon:genoff_post_init:Error in accessing storage
03-01 08:03:52.293 641 641 D QC-time-services: Daemon:genoff_pre_init::Base = 10
03-01 08:03:52.293 641 641 D QC-time-services: Daemon: Storage Name: ats_10
03-01 08:03:52.293 641 641 D QC-time-services: Daemon:Opening File: /mnt/vendor/persist/time/ats_10 /data/vendor/time/ats_10
03-01 08:03:52.293 641 641 D QC-time-services: Daemon:time_persistent_memory_opr:Genoff Read operation
03-01 08:03:52.294 641 641 D QC-time-services: Daemon:Open File: /data/vendor/time/ats_10
03-01 08:03:52.294 641 641 D QC-time-services: Daemon:Unable to open filefor read
03-01 08:03:52.294 641 641 D QC-time-services: Daemon:genoff_post_init:Error in accessing storage
03-01 08:03:52.294 641 641 D QC-time-services: Daemon:genoff_pre_init::Base = 11
03-01 08:03:52.294 641 641 D QC-time-services: Daemon: Storage Name: ats_11
03-01 08:03:52.294 641 641 D QC-time-services: Daemon:Opening File: /mnt/vendor/persist/time/ats_11 /data/vendor/time/ats_11
03-01 08:03:52.294 641 641 D QC-time-services: Daemon:time_persistent_memory_opr:Genoff Read operation
03-01 08:03:52.294 641 641 D QC-time-services: Daemon:Open File: /data/vendor/time/ats_11
03-01 08:03:52.294 641 641 D QC-time-services: Daemon:Unable to open filefor read
03-01 08:03:52.294 641 641 D QC-time-services: Daemon:genoff_post_init:Error in accessing storage
03-01 08:03:52.294 641 641 D QC-time-services: Daemon:genoff_pre_init::Base = 12
03-01 08:03:52.294 641 641 D QC-time-services: Daemon: Storage Name: ats_12
03-01 08:03:52.294 641 641 D QC-time-services: Daemon:Opening File: /mnt/vendor/persist/time/ats_12 /data/vendor/time/ats_12
03-01 08:03:52.294 641 641 D QC-time-services: Daemon:time_persistent_memory_opr:Genoff Read operation
03-01 08:03:52.294 641 641 D QC-time-services: Daemon:Open File: /data/vendor/time/ats_12
03-01 08:03:52.294 641 641 D QC-time-services: Daemon:Unable to open filefor read
03-01 08:03:52.294 641 641 D QC-time-services: Daemon:genoff_post_init:Error in accessing storage
03-01 08:03:52.294 641 641 D QC-time-services: Daemon:genoff_pre_init::Base = 13
03-01 08:03:52.294 641 641 D QC-time-services: Daemon: Storage Name: ats_13
03-01 08:03:52.294 641 641 D QC-time-services: Daemon:Opening File: /mnt/vendor/persist/time/ats_13 /data/vendor/time/ats_13
03-01 08:03:52.294 641 641 D QC-time-services: Daemon:time_persistent_memory_opr:Genoff Read operation
03-01 08:03:52.294 641 641 D QC-time-services: Daemon:Open File: /data/vendor/time/ats_13
03-01 08:03:52.294 641 641 D QC-time-services: Daemon:Unable to open filefor read
03-01 08:03:52.294 641 641 D QC-time-services: Daemon:genoff_post_init:Error in accessing storage
03-01 08:03:52.294 641 641 D QC-time-services: Daemon:genoff_pre_init::Base = 14
03-01 08:03:52.294 641 641 D QC-time-services: Daemon: Storage Name: ats_14
03-01 08:03:52.294 641 641 D QC-time-services: Daemon:Opening File: /mnt/vendor/persist/time/ats_14 /data/vendor/time/ats_14
03-01 08:03:52.294 641 641 D QC-time-services: Daemon:time_persistent_memory_opr:Genoff Read operation
03-01 08:03:52.294 641 641 D QC-time-services: Daemon:Open File: /data/vendor/time/ats_14
03-01 08:03:52.294 641 641 D QC-time-services: Daemon:Unable to open filefor read
03-01 08:03:52.294 641 641 D QC-time-services: Daemon:genoff_post_init:Error in accessing storage
03-01 08:03:52.294 641 641 D QC-time-services: Daemon:genoff_pre_init::Base = 15
03-01 08:03:52.295 641 641 D QC-time-services: Daemon: Storage Name: ats_15
03-01 08:03:52.295 641 641 D QC-time-services: Daemon:Opening File: /mnt/vendor/persist/time/ats_15 /data/vendor/time/ats_15
03-01 08:03:52.295 641 641 D QC-time-services: Daemon:time_persistent_memory_opr:Genoff Read operation
03-01 08:03:52.295 641 641 D QC-time-services: Daemon:Open File: /data/vendor/time/ats_15
03-01 08:03:52.295 641 641 D QC-time-services: Daemon:Unable to open filefor read
03-01 08:03:52.295 641 641 D QC-time-services: Daemon:genoff_post_init:Error in accessing storage
03-01 08:03:52.295 641 641 D QC-time-services: Daemon:genoff_pre_init::Base = 16
03-01 08:03:52.295 641 641 D QC-time-services: Daemon: Storage Name: ats_16
03-01 08:03:52.295 641 641 D QC-time-services: Daemon:Opening File: /mnt/vendor/persist/time/ats_16 /data/vendor/time/ats_16
03-01 08:03:52.295 641 641 D QC-time-services: Daemon:time_persistent_memory_opr:Genoff Read operation
03-01 08:03:52.295 641 641 D QC-time-services: Daemon:Open File: /data/vendor/time/ats_16
03-01 08:03:52.297 641 641 D QC-time-services: Daemon:genoff_init_config: Other bases initilized, exiting genoff_init
03-01 08:03:52.297 641 641 D QC-time-services: Daemon:rtc_get: Time read from RTC -- MM/DD/YY HH:MM:SS2/1/72 7:3:52
03-01 08:03:52.297 641 641 D QC-time-services: Daemon rtc_get: seconds = 68281432
03-01 08:03:52.297 641 641 D QC-time-services: Daemon:Value read from RTC mseconds = 68281432000
03-01 08:03:52.297 641 641 D QC-time-services: Daemon:Value read from QTimer mseconds = 16410
03-01 08:03:52.297 641 641 D QC-time-services: Daemon:genoff_opr: Base = 1, val = 4294967296, operation = 1
03-01 08:03:52.297 641 641 D QC-time-services: Daemon: genoff get for 1
03-01 08:03:52.297 641 641 D QC-time-services: Daemon:Value read from QTimer mseconds = 16410
03-01 08:03:52.297 641 641 D QC-time-services: Daemon:Value read from RTC mseconds on boot = 68281432000
03-01 08:03:52.297 641 641 D QC-time-services: Daemon:Value read from QTimer mseconds = 16410
03-01 08:03:52.297 641 641 D QC-time-services: Daemon:Value read from generic offset = 1523710287938
03-01 08:03:52.297 641 641 D QC-time-services: Daemon:Delta read on boot mseconds = 68281415590
03-01 08:03:52.298 641 641 D QC-time-services: Daemon:Final Time = 1591991719938
03-01 08:03:52.298 641 641 D QC-time-services: Daemon:genoff_boot_tod_init: Updating system time to sec=1591991719, usec=938000
06-12 21:55:19.938 641 641 D QC-time-services: Daemon:genoff_modem_qmi_init: Initializing QMI
06-12 21:55:19.939 643 643 I ThermalEngine: Thermal daemon started
06-12 21:55:19.940 643 643 I ThermalEngine: No target config file, falling back to '/vendor/etc/thermal-engine.conf'
06-12 21:55:19.940 643 643 I ThermalEngine: devices_manager_init: Init
06-12 21:55:19.940 641 641 E QMI_FW : QMUXD: WARNING qmi_qmux_if_pwr_up_init failed! rc=-6
06-12 21:55:19.940 643 643 I ThermalEngine: Number of gpus :1
06-12 21:55:19.940 643 643 I Thermal-IOCTL: KTM IOCTL interface "/dev/msm_thermal_query" opened
06-12 21:55:19.941 643 643 E ThermalEngine: update_cpu_topology: Cluster Info[0]. Cluster Id: 1 cpu_bits:0xf sync:1
06-12 21:55:19.941 643 643 E ThermalEngine: update_cpu_topology: Cluster Info[1]. Cluster Id: 0 cpu_bits:0xf0 sync:1
06-12 21:55:19.941 641 665 D QC-time-services: Daemon: Time-services: All initializations done
06-12 21:55:19.941 641 665 E QC-time-services: Daemon: Time-services: Waiting to acceptconnection
06-12 21:55:19.943 643 643 E ThermalEngine: Could not find npu cooling device
06-12 21:55:19.943 643 643 E ThermalEngine: tmd_init_npu_device: Invalid NPU level:-1.
06-12 21:55:19.943 643 643 E ThermalEngine: devices_init: Init NPU TMD failed -12
06-12 21:55:19.944 643 643 I ThermalEngine: vdd_rstr_init: Init KTM VDD RSTR enabled: 0
06-12 21:55:19.945 590 590 E APM::Serializer: deserialize: Could not parse /odm/etc/audio_policy_configuration.xml document.
06-12 21:55:19.946 590 590 E APM::Serializer: deserialize: Could not parse /vendor/etc/audio/audio_policy_configuration.xml document.
06-12 21:55:19.947 647 647 E Diag_Lib: Diag_LSM_Init: Failed to open handle to diag driver, error = 13
06-12 21:55:19.947 647 647 E Diag_Lib: qpLogDiagInit <== result : 0
06-12 21:55:19.947 647 647 E Diag_Lib: QMID : gIsQXDMDisabled 0, gIsADBDisabled 1, gIsDebugDisabled 0, gIsIMSLogsDisabled 0
06-12 21:55:19.947 647 647 E Diag_Lib: Diag_LSM_Init: Failed to open handle to diag driver, error = 13
06-12 21:55:19.947 647 647 E Diag_Lib: qpLogDiagInit <== result : 0
06-12 21:55:19.947 647 647 E Diag_Lib: QMID : gIsQXDMDisabled 0, gIsADBDisabled 1, gIsDebugDisabled 0, gIsIMSLogsDisabled 0
06-12 21:55:19.947 647 647 E Diag_Lib: [IMS_QMID] |imsqmiserver.c | 541 | QMID#$$#0#QMI DAEMON STARTED
06-12 21:55:19.947 647 647 E Diag_Lib: Diag_LSM_Init: Failed to open handle to diag driver, error = 13
06-12 21:55:19.947 647 647 E Diag_Lib: qpLogDiagInit <== result : 0
06-12 21:55:19.947 647 647 E Diag_Lib: QMID : gIsQXDMDisabled 0, gIsADBDisabled 1, gIsDebugDisabled 0, gIsIMSLogsDisabled 0
06-12 21:55:19.947 647 647 E Diag_Lib: Diag_LSM_Init: Failed to open handle to diag driver, error = 13
06-12 21:55:19.947 647 647 E Diag_Lib: qpLogDiagInit <== result : 0
06-12 21:55:19.947 647 647 E Diag_Lib: QMID : gIsQXDMDisabled 0, gIsADBDisabled 1, gIsDebugDisabled 0, gIsIMSLogsDisabled 0
06-12 21:55:19.947 647 647 E Diag_Lib: Diag_LSM_Init: Failed to open handle to diag driver, error = 13
06-12 21:55:19.947 647 647 E Diag_Lib: qpLogDiagInit <== result : 0
06-12 21:55:19.947 647 647 E Diag_Lib: QMID : gIsQXDMDisabled 0, gIsADBDisabled 1, gIsDebugDisabled 0, gIsIMSLogsDisabled 0
06-12 21:55:19.947 647 647 E Diag_Lib: Diag_LSM_Init: Failed to open handle to diag driver, error = 13
06-12 21:55:19.948 647 647 E Diag_Lib: qpLogDiagInit <== result : 0
06-12 21:55:19.948 647 647 E Diag_Lib: QMID : gIsQXDMDisabled 0, gIsADBDisabled 1, gIsDebugDisabled 0, gIsIMSLogsDisabled 0
06-12 21:55:19.948 647 647 E Diag_Lib: Diag_LSM_Init: Failed to open handle to diag driver, error = 13
06-12 21:55:19.948 647 647 E Diag_Lib: qpLogDiagInit <== result : 0
06-12 21:55:19.948 647 647 E Diag_Lib: QMID : gIsQXDMDisabled 0, gIsADBDisabled 1, gIsDebugDisabled 0, gIsIMSLogsDisabled 0
06-12 21:55:19.954 656 656 E /system/vendor/bin/adsprpcd: vendor/qcom/proprietary/commonsys-intf/adsprpc/src/adsprpcd.c:30:adsp daemon starting
06-12 21:55:19.954 647 647 E Diag_Lib: Diag_LSM_Init: Failed to open handle to diag driver, error = 13
06-12 21:55:19.954 647 647 E Diag_Lib: qpLogDiagInit <== result : 0
06-12 21:55:19.954 647 647 E Diag_Lib: QMID : gIsQXDMDisabled 0, gIsADBDisabled 1, gIsDebugDisabled 0, gIsIMSLogsDisabled 0
06-12 21:55:19.955 647 647 E Diag_Lib: Diag_LSM_Init: Failed to open handle to diag driver, error = 13
06-12 21:55:19.955 647 647 E Diag_Lib: qpLogDiagInit <== result : 0
06-12 21:55:19.955 647 647 E Diag_Lib: QMID : gIsQXDMDisabled 0, gIsADBDisabled 1, gIsDebugDisabled 0, gIsIMSLogsDisabled 0
06-12 21:55:19.955 647 647 E Diag_Lib: Diag_LSM_Init: Failed to open handle to diag driver, error = 13
06-12 21:55:19.955 647 647 E Diag_Lib: qpLogDiagInit <== result : 0
06-12 21:55:19.955 647 647 E Diag_Lib: QMID : gIsQXDMDisabled 0, gIsADBDisabled 1, gIsDebugDisabled 0, gIsIMSLogsDisabled 0
06-12 21:55:19.955 643 669 E QMI_FW : QMUXD: WARNING qmi_qmux_if_pwr_up_init failed! rc=-6
06-12 21:55:19.958 643 643 I ThermalEngine: sensors_manager_init: Init
06-12 21:55:19.993 590 590 D APM_EngineLoader: Loaded engine from libaudiopolicyenginedefault.so
06-12 21:55:19.993 590 590 E APM::AudioPolicyEngine/Config: parse: Could not parse document /vendor/etc/audio_policy_engine_configuration.xml
06-12 21:55:19.993 590 590 E libxml2 : I/O warning : failed to load external entity "/vendor/etc/audio_policy_engine_configuration.xml"
06-12 21:55:19.993 590 590 W APM::AudioPolicyEngine/Base: loadAudioPolicyEngineConfig: No configuration found, using default matching phone experience.
06-12 21:55:19.994 590 590 E APM::AudioPolicyEngine/Config: parseLegacyVolumeFile: Could not parse document /odm/etc/audio_policy_configuration.xml
06-12 21:55:19.994 590 590 E libxml2 : I/O warning : failed to load external entity "/odm/etc/audio_policy_configuration.xml"
06-12 21:55:19.997 478 478 D TetherController: Setting IP forward enable = 0
06-12 21:55:20.000 478 478 D FirewallController: Could not read /proc/self/uid_map, max uid defaulting to 4294967294
06-12 21:55:20.008 643 643 E ThermalEngine: bcl_setup: Error opening /sys/devices/soc/soc:qcom,bcl/iavail
06-12 21:55:20.008 643 643 E ThermalEngine: add_tgt_sensor: bcl sensor setup failed failed.
06-12 21:55:20.008 643 643 E ThermalEngine: add_tgt_sensors_set: Error adding bcl
06-12 21:55:20.008 643 643 E ThermalEngine: sensors_init: Error adding BCL TS
06-12 21:55:20.015 529 529 D vndksupport: Loading /vendor/lib/hw/audio.primary.msm8937.so from current namespace instead of sphal namespace.
06-12 21:55:20.029 643 643 I ThermalEngine: Loading config file for virtual sensor
06-12 21:55:20.029 643 643 I ThermalEngine: Loading configuration file /vendor/etc/thermal-engine.conf
06-12 21:55:20.032 643 643 I ThermalEngine: Parsing section global
06-12 21:55:20.033 643 643 I ThermalEngine: Found section 'VIRTUAL-CPUS'
06-12 21:55:20.033 643 643 I ThermalEngine: Algo Type 'virtual'
06-12 21:55:20.033 643 643 E ThermalEngine: init_sensor_list: Invalid args
06-12 21:55:20.033 643 643 E ThermalEngine: Failed to alloc v trip_sensor_logic
06-12 21:55:20.034 643 643 E ThermalEngine: virtual_sensors_init: Error getting virtual sensors set
06-12 21:55:20.034 643 643 I ThermalEngine: Loading configuration file /vendor/etc/thermal-engine.conf
06-12 21:55:20.035 643 643 I ThermalEngine: Parsing section global
06-12 21:55:20.035 643 643 I ThermalEngine: Created section 'CAMERA_CAMCORDER_MONITOR'
06-12 21:55:20.035 643 643 I ThermalEngine: Algo Type 'monitor'
06-12 21:55:20.035 643 643 I ThermalEngine: Parsing section CAMERA_CAMCORDER_MONITOR
06-12 21:55:20.035 643 643 I ThermalEngine: Found field 'sampling'
06-12 21:55:20.035 643 643 I ThermalEngine: Found field 'sensor'
06-12 21:55:20.035 643 643 I ThermalEngine: Found field 'thresholds'
06-12 21:55:20.035 643 643 I ThermalEngine: Found field 'thresholds_clr'
06-12 21:55:20.035 643 643 I ThermalEngine: Found field 'actions'
06-12 21:55:20.035 643 643 I ThermalEngine: Found field 'action_info'
06-12 21:55:20.035 643 643 I ThermalEngine: Created section 'CPU_THROTTLE_MONITOR'
06-12 21:55:20.035 643 643 I ThermalEngine: Algo Type 'monitor'
06-12 21:55:20.035 643 643 I ThermalEngine: Parsing section CPU_THROTTLE_MONITOR
06-12 21:55:20.036 643 643 I ThermalEngine: Found field 'sampling'
06-12 21:55:20.036 643 643 I ThermalEngine: Found field 'sensor'
06-12 21:55:20.036 643 643 I ThermalEngine: Found field 'thresholds'
06-12 21:55:20.036 643 643 I ThermalEngine: Found field 'thresholds_clr'
06-12 21:55:20.036 643 643 I ThermalEngine: Found field 'actions'
06-12 21:55:20.036 643 643 I ThermalEngine: Found field 'action_info'
06-12 21:55:20.036 643 643 I ThermalEngine: Created section 'CPU_HOTPLUG_MONITOR'
06-12 21:55:20.036 643 643 I ThermalEngine: Algo Type 'monitor'
06-12 21:55:20.036 643 643 I ThermalEngine: Parsing section CPU_HOTPLUG_MONITOR
06-12 21:55:20.036 643 643 I ThermalEngine: Found field 'sampling'
06-12 21:55:20.036 643 643 I ThermalEngine: Found field 'sensor'
06-12 21:55:20.036 643 643 I ThermalEngine: Found field 'thresholds'
06-12 21:55:20.036 643 643 I ThermalEngine: Found field 'thresholds_clr'
06-12 21:55:20.036 643 643 I ThermalEngine: Found field 'actions'
06-12 21:55:20.036 643 643 I ThermalEngine: Found field 'action_info'
06-12 21:55:20.036 643 643 I ThermalEngine: Created section 'BATTERY_CHARGING_CTL'
06-12 21:55:20.036 643 643 I ThermalEngine: Algo Type 'monitor'
06-12 21:55:20.036 643 643 I ThermalEngine: Parsing section BATTERY_CHARGING_CTL
06-12 21:55:20.037 643 643 I ThermalEngine: Found field 'sampling'
06-12 21:55:20.037 643 643 I ThermalEngine: Found field 'sensor'
06-12 21:55:20.037 643 643 I ThermalEngine: Found field 'thresholds'
06-12 21:55:20.037 643 643 I ThermalEngine: Found field 'thresholds_clr'
06-12 21:55:20.037 643 643 I ThermalEngine: Found field 'actions'
06-12 21:55:20.037 643 643 I ThermalEngine: Found field 'action_info'
06-12 21:55:20.037 643 643 I ThermalEngine: Found section 'SS-GPU'
06-12 21:55:20.037 643 643 I ThermalEngine: Algo Type 'ss'
06-12 21:55:20.037 643 643 I ThermalEngine: Parsing section SS-GPU
06-12 21:55:20.037 643 643 I ThermalEngine: Found field 'sampling'
06-12 21:55:20.037 643 643 I ThermalEngine: Found field 'sensor'
06-12 21:55:20.037 643 643 I ThermalEngine: Found field 'device'
06-12 21:55:20.037 643 643 I ThermalEngine: Found field 'set_point'
06-12 21:55:20.037 643 643 I ThermalEngine: Found field 'set_point_clr'
06-12 21:55:20.037 643 643 I ThermalEngine: Found field 'time_constant'
06-12 21:55:20.037 643 643 I ThermalEngine: Found section 'SS-POPMEM'
06-12 21:55:20.037 643 643 I ThermalEngine: Algo Type 'ss'
06-12 21:55:20.037 643 643 I ThermalEngine: Parsing section SS-POPMEM
06-12 21:55:20.037 643 643 I ThermalEngine: Found field 'sampling'
06-12 21:55:20.037 643 643 I ThermalEngine: Found field 'sensor'
06-12 21:55:20.037 643 643 I ThermalEngine: Found field 'device'
06-12 21:55:20.037 643 643 E ThermalEngine: Error with field 'device'
06-12 21:55:20.037 643 643 I ThermalEngine: Found section 'SS-CPUS'
06-12 21:55:20.037 643 643 I ThermalEngine: Algo Type 'ss'
06-12 21:55:20.037 643 643 I ThermalEngine: Parsing section SS-CPUS
06-12 21:55:20.038 643 643 I ThermalEngine: Found field 'sampling'
06-12 21:55:20.038 643 643 I ThermalEngine: Found field 'sensor'
06-12 21:55:20.038 643 643 E ThermalEngine: Error with field 'sensor'
06-12 21:55:20.038 643 643 I ThermalEngine: Found section 'SPEAKER-CAL'
06-12 21:55:20.038 643 643 I ThermalEngine: Algo Type 'eq'
06-12 21:55:20.038 643 643 I ThermalEngine: Parsing section SPEAKER-CAL
06-12 21:55:20.038 643 643 I ThermalEngine: Found field 'sampling'
06-12 21:55:20.038 643 643 I ThermalEngine: Found field 'sensor'
06-12 21:55:20.038 643 643 I ThermalEngine: Found field 'sensors'
06-12 21:55:20.038 643 643 I ThermalEngine: Found field 'temp_range'
06-12 21:55:20.038 643 643 I ThermalEngine: Found field 'max_temp'
06-12 21:55:20.038 643 643 I ThermalEngine: Found field 'offset'
06-12 21:55:20.038 643 643 I ThermalEngine: Found section 'VDD_RSTR_MONITOR-TSENS10'
06-12 21:55:20.038 643 643 I ThermalEngine: Algo Type 'monitor'
06-12 21:55:20.038 643 643 I ThermalEngine: Parsing section VDD_RSTR_MONITOR-TSENS10
06-12 21:55:20.038 643 643 I ThermalEngine: Found field 'sampling'
06-12 21:55:20.038 643 643 I ThermalEngine: Found field 'sensor'
06-12 21:55:20.038 643 643 I ThermalEngine: Found field 'thresholds'
06-12 21:55:20.038 643 643 I ThermalEngine: Found field 'thresholds_clr'
06-12 21:55:20.038 643 643 I ThermalEngine: Found field 'actions'
06-12 21:55:20.038 643 643 I ThermalEngine: Found field 'action_info'
06-12 21:55:20.038 643 643 I ThermalEngine: Found field 'descending'
06-12 21:55:20.038 643 643 I ThermalEngine: Found section 'VDD_RSTR_MONITOR-TSENS9'
06-12 21:55:20.038 643 643 I ThermalEngine: Algo Type 'monitor'
06-12 21:55:20.039 643 643 I ThermalEngine: Parsing section VDD_RSTR_MONITOR-TSENS9
06-12 21:55:20.039 643 643 I ThermalEngine: Found field 'sampling'
06-12 21:55:20.039 643 643 I ThermalEngine: Found field 'sensor'
06-12 21:55:20.039 643 643 I ThermalEngine: Found field 'thresholds'
06-12 21:55:20.039 643 643 I ThermalEngine: Found field 'thresholds_clr'
06-12 21:55:20.039 643 643 I ThermalEngine: Found field 'actions'
06-12 21:55:20.039 643 643 I ThermalEngine: Found field 'action_info'
06-12 21:55:20.039 643 643 I ThermalEngine: Found field 'descending'
06-12 21:55:20.039 643 643 I ThermalEngine: Found section 'VDD_RSTR_MONITOR-TSENS8'
06-12 21:55:20.039 643 643 I ThermalEngine: Algo Type 'monitor'
06-12 21:55:20.039 643 643 I ThermalEngine: Parsing section VDD_RSTR_MONITOR-TSENS8
06-12 21:55:20.039 643 643 I ThermalEngine: Found field 'sampling'
06-12 21:55:20.039 643 643 I ThermalEngine: Found field 'sensor'
06-12 21:55:20.039 643 643 I ThermalEngine: Found field 'thresholds'
06-12 21:55:20.039 643 643 I ThermalEngine: Found field 'thresholds_clr'
06-12 21:55:20.039 643 643 I ThermalEngine: Found field 'actions'
06-12 21:55:20.039 643 643 I ThermalEngine: Found field 'action_info'
06-12 21:55:20.039 643 643 I ThermalEngine: Found field 'descending'
06-12 21:55:20.039 643 643 I ThermalEngine: Found section 'VDD_RSTR_MONITOR-TSENS7'
06-12 21:55:20.039 643 643 I ThermalEngine: Algo Type 'monitor'
06-12 21:55:20.040 643 643 I ThermalEngine: Parsing section VDD_RSTR_MONITOR-TSENS7
06-12 21:55:20.040 643 643 I ThermalEngine: Found field 'sampling'
06-12 21:55:20.040 643 643 I ThermalEngine: Found field 'sensor'
06-12 21:55:20.040 643 643 I ThermalEngine: Found field 'thresholds'
06-12 21:55:20.040 643 643 I ThermalEngine: Found field 'thresholds_clr'
06-12 21:55:20.040 643 643 I ThermalEngine: Found field 'actions'
06-12 21:55:20.040 643 643 I ThermalEngine: Found field 'action_info'
06-12 21:55:20.040 643 643 I ThermalEngine: Found field 'descending'
06-12 21:55:20.040 643 643 I ThermalEngine: Found section 'VDD_RSTR_MONITOR-TSENS6'
06-12 21:55:20.040 643 643 I ThermalEngine: Algo Type 'monitor'
06-12 21:55:20.041 643 643 I ThermalEngine: Parsing section VDD_RSTR_MONITOR-TSENS6
06-12 21:55:20.041 643 643 I ThermalEngine: Found field 'sampling'
06-12 21:55:20.041 643 643 I ThermalEngine: Found field 'sensor'
06-12 21:55:20.041 643 643 I ThermalEngine: Found field 'thresholds'
06-12 21:55:20.041 643 643 I ThermalEngine: Found field 'thresholds_clr'
06-12 21:55:20.041 643 643 I ThermalEngine: Found field 'actions'
06-12 21:55:20.041 643 643 I ThermalEngine: Found field 'action_info'
06-12 21:55:20.041 643 643 I ThermalEngine: Found field 'descending'
06-12 21:55:20.041 643 643 I ThermalEngine: Found section 'VDD_RSTR_MONITOR-TSENS5'
06-12 21:55:20.041 643 643 I ThermalEngine: Algo Type 'monitor'
06-12 21:55:20.041 643 643 I ThermalEngine: Parsing section VDD_RSTR_MONITOR-TSENS5
06-12 21:55:20.041 643 643 I ThermalEngine: Found field 'sampling'
06-12 21:55:20.041 643 643 I ThermalEngine: Found field 'sensor'
06-12 21:55:20.041 643 643 I ThermalEngine: Found field 'thresholds'
06-12 21:55:20.041 643 643 I ThermalEngine: Found field 'thresholds_clr'
06-12 21:55:20.041 643 643 I ThermalEngine: Found field 'actions'
06-12 21:55:20.041 643 643 I ThermalEngine: Found field 'action_info'
06-12 21:55:20.041 643 643 I ThermalEngine: Found field 'descending'
06-12 21:55:20.041 643 643 I ThermalEngine: Found section 'VDD_RSTR_MONITOR-TSENS4'
06-12 21:55:20.041 643 643 I ThermalEngine: Algo Type 'monitor'
06-12 21:55:20.042 643 643 I ThermalEngine: Parsing section VDD_RSTR_MONITOR-TSENS4
06-12 21:55:20.042 643 643 I ThermalEngine: Found field 'sampling'
06-12 21:55:20.042 643 643 I ThermalEngine: Found field 'sensor'
06-12 21:55:20.042 643 643 I ThermalEngine: Found field 'thresholds'
06-12 21:55:20.042 643 643 I ThermalEngine: Found field 'thresholds_clr'
06-12 21:55:20.042 643 643 I ThermalEngine: Found field 'actions'
06-12 21:55:20.042 643 643 I ThermalEngine: Found field 'action_info'
06-12 21:55:20.042 643 643 I ThermalEngine: Found field 'descending'
06-12 21:55:20.042 643 643 I ThermalEngine: Found section 'VDD_RSTR_MONITOR-TSENS3'
06-12 21:55:20.042 643 643 I ThermalEngine: Algo Type 'monitor'
06-12 21:55:20.042 643 643 I ThermalEngine: Parsing section VDD_RSTR_MONITOR-TSENS3
06-12 21:55:20.042 643 643 I ThermalEngine: Found field 'sampling'
06-12 21:55:20.042 643 643 I ThermalEngine: Found field 'sensor'
06-12 21:55:20.042 643 643 I ThermalEngine: Found field 'thresholds'
06-12 21:55:20.042 643 643 I ThermalEngine: Found field 'thresholds_clr'
06-12 21:55:20.042 643 643 I ThermalEngine: Found field 'actions'
06-12 21:55:20.042 643 643 I ThermalEngine: Found field 'action_info'
06-12 21:55:20.042 643 643 I ThermalEngine: Found field 'descending'
06-12 21:55:20.042 643 643 I ThermalEngine: Found section 'VDD_RSTR_MONITOR-TSENS2'
06-12 21:55:20.042 643 643 I ThermalEngine: Algo Type 'monitor'
06-12 21:55:20.042 643 643 I ThermalEngine: Parsing section VDD_RSTR_MONITOR-TSENS2
06-12 21:55:20.042 643 643 I ThermalEngine: Found field 'sampling'
06-12 21:55:20.042 643 643 I ThermalEngine: Found field 'sensor'
06-12 21:55:20.042 643 643 I ThermalEngine: Found field 'thresholds'
06-12 21:55:20.042 643 643 I ThermalEngine: Found field 'thresholds_clr'
06-12 21:55:20.043 643 643 I ThermalEngine: Found field 'actions'
06-12 21:55:20.043 643 643 I ThermalEngine: Found field 'action_info'
06-12 21:55:20.043 643 643 I ThermalEngine: Found field 'descending'
06-12 21:55:20.043 643 643 I ThermalEngine: Found section 'VDD_RSTR_MONITOR-TSENS1'
06-12 21:55:20.043 643 643 I ThermalEngine: Algo Type 'monitor'
06-12 21:55:20.043 643 643 I ThermalEngine: Parsing section VDD_RSTR_MONITOR-TSENS1
06-12 21:55:20.043 643 643 I ThermalEngine: Found field 'sampling'
06-12 21:55:20.043 643 643 I ThermalEngine: Found field 'sensor'
06-12 21:55:20.043 643 643 I ThermalEngine: Found field 'thresholds'
06-12 21:55:20.043 643 643 I ThermalEngine: Found field 'thresholds_clr'
06-12 21:55:20.043 643 643 I ThermalEngine: Found field 'actions'
06-12 21:55:20.043 643 643 I ThermalEngine: Found field 'action_info'
06-12 21:55:20.043 643 643 I ThermalEngine: Found field 'descending'
06-12 21:55:20.043 643 643 I ThermalEngine: Found section 'VDD_RSTR_MONITOR-TSENS0'
06-12 21:55:20.043 643 643 I ThermalEngine: Algo Type 'monitor'
06-12 21:55:20.043 643 643 I ThermalEngine: Parsing section VDD_RSTR_MONITOR-TSENS0
06-12 21:55:20.043 643 643 I ThermalEngine: Found field 'sampling'
06-12 21:55:20.043 643 643 I ThermalEngine: Found field 'sensor'
06-12 21:55:20.043 643 643 I ThermalEngine: Found field 'thresholds'
06-12 21:55:20.043 643 643 I ThermalEngine: Found field 'thresholds_clr'
06-12 21:55:20.043 643 643 I ThermalEngine: Found field 'actions'
06-12 21:55:20.043 643 643 I ThermalEngine: Found field 'action_info'
06-12 21:55:20.043 643 643 I ThermalEngine: Found field 'descending'
06-12 21:55:20.045 643 643 I ThermalEngine: [BATTERY_CHARGING_CTL]
06-12 21:55:20.045 643 643 I ThermalEngine: algo_type monitor
06-12 21:55:20.046 643 643 I ThermalEngine: sampling 10000
06-12 21:55:20.046 643 643 I ThermalEngine: sensor case_therm
06-12 21:55:20.046 643 643 I ThermalEngine: thresholds 49000 52000 55000 58000
06-12 21:55:20.046 643 643 I ThermalEngine: thresholds_clr 46000 49000 52000 55000
06-12 21:55:20.046 643 643 I ThermalEngine: actions battery battery battery battery
06-12 21:55:20.046 643 643 I ThermalEngine: action_info 1 2 3 4
06-12 21:55:20.046 643 643 I ThermalEngine: [CPU_HOTPLUG_MONITOR]
06-12 21:55:20.046 643 643 I ThermalEngine: algo_type monitor
06-12 21:55:20.046 643 643 I ThermalEngine: sampling 5000
06-12 21:55:20.046 643 643 I ThermalEngine: sensor case_therm
06-12 21:55:20.046 643 643 I ThermalEngine: thresholds 43000 55000
06-12 21:55:20.046 643 643 I ThermalEngine: thresholds_clr 40000 52000
06-12 21:55:20.046 643 643 I ThermalEngine: actions hotplug_1+hotplug_2+hotplug_5+hotplug_6 hotplug_1+hotplug_2+hotplug_5+hotplug_6
06-12 21:55:20.046 643 643 I ThermalEngine: action_info 0+0+1+1 1+0+1+1
06-12 21:55:20.046 643 643 I ThermalEngine: [CPU_THROTTLE_MONITOR]
06-12 21:55:20.046 643 643 I ThermalEngine: algo_type monitor
06-12 21:55:20.046 643 643 I ThermalEngine: sampling 5000
06-12 21:55:20.046 643 643 I ThermalEngine: sensor case_therm
06-12 21:55:20.046 643 643 I ThermalEngine: thresholds 40000 46000
06-12 21:55:20.046 643 643 I ThermalEngine: thresholds_clr 37000 43000
06-12 21:55:20.046 643 643 I ThermalEngine: actions cluster0+cluster1 cluster0+cluster1
06-12 21:55:20.046 643 643 I ThermalEngine: action_info 998400+1497600 768000+1344000
06-12 21:55:20.046 643 643 I ThermalEngine: [CAMERA_CAMCORDER_MONITOR]
06-12 21:55:20.046 643 643 I ThermalEngine: algo_type monitor
06-12 21:55:20.046 643 643 I ThermalEngine: sampling 5000
06-12 21:55:20.046 643 643 I ThermalEngine: sensor case_therm
06-12 21:55:20.046 643 643 I ThermalEngine: thresholds 40000 43000
06-12 21:55:20.046 643 643 I ThermalEngine: thresholds_clr 37000 40000
06-12 21:55:20.046 643 643 I ThermalEngine: actions camera+camcorder camera+camcorder
06-12 21:55:20.046 643 643 I ThermalEngine: action_info 1+1 2+2
06-12 21:55:20.046 643 643 I ThermalEngine: [VDD_RSTR_MONITOR-TSENS10]
06-12 21:55:20.046 643 643 I ThermalEngine: #algo_type monitor
06-12 21:55:20.046 643 643 I ThermalEngine: sampling 1000
06-12 21:55:20.046 643 643 I ThermalEngine: sensor tsens_tz_sensor10
06-12 21:55:20.046 643 643 I ThermalEngine: thresholds 5000
06-12 21:55:20.046 643 643 I ThermalEngine: thresholds_clr 10000
06-12 21:55:20.046 643 643 I ThermalEngine: actions vdd_restriction
06-12 21:55:20.046 643 643 I ThermalEngine: action_info 1
06-12 21:55:20.046 643 643 I ThermalEngine: descending
06-12 21:55:20.046 643 643 I ThermalEngine: [VDD_RSTR_MONITOR-TSENS9]
06-12 21:55:20.046 643 643 I ThermalEngine: #algo_type monitor
06-12 21:55:20.046 643 643 I ThermalEngine: sampling 1000
06-12 21:55:20.046 643 643 I ThermalEngine: sensor tsens_tz_sensor9
06-12 21:55:20.046 643 643 I ThermalEngine: thresholds 5000
06-12 21:55:20.046 643 643 I ThermalEngine: thresholds_clr 10000
06-12 21:55:20.047 643 643 I ThermalEngine: actions vdd_restriction
06-12 21:55:20.047 643 643 I ThermalEngine: action_info 1
06-12 21:55:20.047 643 643 I ThermalEngine: descending
06-12 21:55:20.047 643 643 I ThermalEngine: [VDD_RSTR_MONITOR-TSENS8]
06-12 21:55:20.047 643 643 I ThermalEngine: #algo_type monitor
06-12 21:55:20.047 643 643 I ThermalEngine: sampling 1000
06-12 21:55:20.047 643 643 I ThermalEngine: sensor tsens_tz_sensor8
06-12 21:55:20.047 643 643 I ThermalEngine: thresholds 5000
06-12 21:55:20.047 643 643 I ThermalEngine: thresholds_clr 10000
06-12 21:55:20.047 643 643 I ThermalEngine: actions vdd_restriction
06-12 21:55:20.047 643 643 I ThermalEngine: action_info 1
06-12 21:55:20.047 643 643 I ThermalEngine: descending
06-12 21:55:20.047 643 643 I ThermalEngine: [VDD_RSTR_MONITOR-TSENS7]
06-12 21:55:20.047 643 643 I ThermalEngine: #algo_type monitor
06-12 21:55:20.047 643 643 I ThermalEngine: sampling 1000
06-12 21:55:20.047 643 643 I ThermalEngine: sensor tsens_tz_sensor7
06-12 21:55:20.047 643 643 I ThermalEngine: thresholds 5000
06-12 21:55:20.047 643 643 I ThermalEngine: thresholds_clr 10000
06-12 21:55:20.047 643 643 I ThermalEngine: actions vdd_restriction
06-12 21:55:20.047 643 643 I ThermalEngine: action_info 1
06-12 21:55:20.047 643 643 I ThermalEngine: descending
06-12 21:55:20.047 643 643 I ThermalEngine: [VDD_RSTR_MONITOR-TSENS6]
06-12 21:55:20.047 643 643 I ThermalEngine: #algo_type monitor
06-12 21:55:20.047 643 643 I ThermalEngine: sampling 1000
06-12 21:55:20.047 643 643 I ThermalEngine: sensor tsens_tz_sensor6
06-12 21:55:20.047 643 643 I ThermalEngine: thresholds 5000
06-12 21:55:20.047 643 643 I ThermalEngine: thresholds_clr 10000
06-12 21:55:20.047 643 643 I ThermalEngine: actions vdd_restriction
06-12 21:55:20.047 643 643 I ThermalEngine: action_info 1
06-12 21:55:20.047 643 643 I ThermalEngine: descending
06-12 21:55:20.047 643 643 I ThermalEngine: [VDD_RSTR_MONITOR-TSENS5]
06-12 21:55:20.047 643 643 I ThermalEngine: #algo_type monitor
06-12 21:55:20.047 643 643 I ThermalEngine: sampling 1000
06-12 21:55:20.047 643 643 I ThermalEngine: sensor tsens_tz_sensor5
06-12 21:55:20.047 643 643 I ThermalEngine: thresholds 5000
06-12 21:55:20.047 643 643 I ThermalEngine: thresholds_clr 10000
06-12 21:55:20.047 643 643 I ThermalEngine: actions vdd_restriction
06-12 21:55:20.047 643 643 I ThermalEngine: action_info 1
06-12 21:55:20.047 643 643 I ThermalEngine: descending
06-12 21:55:20.047 643 643 I ThermalEngine: [VDD_RSTR_MONITOR-TSENS4]
06-12 21:55:20.047 643 643 I ThermalEngine: #algo_type monitor
06-12 21:55:20.047 643 643 I ThermalEngine: sampling 1000
06-12 21:55:20.047 643 643 I ThermalEngine: sensor tsens_tz_sensor4
06-12 21:55:20.047 643 643 I ThermalEngine: thresholds 5000
06-12 21:55:20.047 643 643 I ThermalEngine: thresholds_clr 10000
06-12 21:55:20.047 643 643 I ThermalEngine: actions vdd_restriction
06-12 21:55:20.047 643 643 I ThermalEngine: action_info 1
06-12 21:55:20.048 643 643 I ThermalEngine: descending
06-12 21:55:20.048 643 643 I ThermalEngine: [VDD_RSTR_MONITOR-TSENS3]
06-12 21:55:20.048 643 643 I ThermalEngine: #algo_type monitor
06-12 21:55:20.048 643 643 I ThermalEngine: sampling 1000
06-12 21:55:20.048 643 643 I ThermalEngine: sensor tsens_tz_sensor3
06-12 21:55:20.048 643 643 I ThermalEngine: thresholds 5000
