adb logcat - waiting for device - --------- beginning of main
03-01 08:03:44.212 410 410 W auditd : type=2000 audit(0.0:1): initialized
03-01 08:03:45.971 410 410 I auditd : type=1403 audit(0.0:2): policy loaded auid=4294967295 ses=4294967295
03-01 08:03:49.331 392 392 I init : type=1400 audit(0.0:3): avc: denied { create } for name="schedtune.colocate" scontext=u:r:vendor_init:s0 tcontext=u:object_r:device:s0 tclass=file permissive=1
03-01 08:03:49.331 392 392 I init : type=1400 audit(0.0:4): avc: denied { write } for path="/dev/stune/top-app/schedtune.colocate" dev="tmpfs" ino=4406 scontext=u:r:vendor_init:s0 tcontext=u:object_r:device:s0 tclass=file permissive=1
03-01 08:03:49.332 411 411 I SELinux : SELinux: Loaded service_contexts from:
03-01 08:03:49.335 411 411 I SELinux : /system/etc/selinux/plat_service_contexts
03-01 08:03:49.337 413 413 I SELinux : SELinux: Loaded service_contexts from:
03-01 08:03:49.337 413 413 I SELinux : /vendor/etc/selinux/vndservice_contexts
03-01 08:03:49.381 412 412 I hwservicemanager: hwservicemanager is ready now. --------- beginning of system
03-01 08:03:49.486 420 420 I vold : Vold 3.0 (the awakening) firing up
03-01 08:03:49.487 420 420 D vold : Detected support for: ext4 f2fs ntfs vfat
03-01 08:03:49.496 420 420 W vold : Failed to LOOP_GET_STATUS64 /dev/block/loop6: No such device or address
03-01 08:03:49.496 420 420 W vold : Failed to LOOP_GET_STATUS64 /dev/block/loop3: No such device or address
03-01 08:03:49.496 420 420 W vold : Failed to LOOP_GET_STATUS64 /dev/block/loop7: No such device or address
03-01 08:03:49.496 420 420 W vold : Failed to LOOP_GET_STATUS64 /dev/block/loop2: No such device or address
03-01 08:03:49.496 420 420 W vold : Failed to LOOP_GET_STATUS64 /dev/block/loop1: No such device or address
03-01 08:03:49.496 420 420 W vold : Failed to LOOP_GET_STATUS64 /dev/block/loop0: No such device or address
03-01 08:03:49.496 420 420 W vold : Failed to LOOP_GET_STATUS64 /dev/block/loop5: No such device or address
03-01 08:03:49.496 420 420 W vold : Failed to LOOP_GET_STATUS64 /dev/block/loop4: No such device or address
03-01 08:03:49.501 420 420 D vold : VoldNativeService::start() completed OK
03-01 08:03:50.403 392 392 I init : type=1400 audit(0.0:5): avc: denied { write open } for path="/dev/ipa" dev="tmpfs" ino=15485 scontext=u:r:vendor_init:s0 tcontext=u:object_r:ipa_dev:s0 tclass=file permissive=1
03-01 08:03:50.443 420 420 I Checkpoint: cp_prepareCheckpoint called
03-01 08:03:50.453 444 444 I ServiceManagement: Registered android.system.suspend@1.0::ISystemSuspend/default (start delay of 43ms)
03-01 08:03:50.453 444 444 I ServiceManagement: Removing namespace from process name android.system.suspend@1.0-service to suspend@1.0-service.
03-01 08:03:50.496 443 443 D QSEECOMD: : qseecom listener services process entry PPID = 1
03-01 08:03:50.497 443 443 E QSEECOMD: : Listener: index = 0, hierarchy = 0
03-01 08:03:50.499 443 443 D QSEECOMD: : Init dlopen(librpmb.so, RTLD_NOW) succeeds
03-01 08:03:50.499 443 443 D QSEECOMD: : Init::Init dlsym(g_FSHandle rpmb_init_service) succeeds
03-01 08:03:50.499 443 443 I rpmb_emmc: RPMB Mult (512-bytes sector) = 8192, Rel_sec_cnt = 32
03-01 08:03:50.499 443 443 E DrmLibRpmb: rpmb_init succeeded! with ret = 0
03-01 08:03:50.500 443 443 D QSEECOMD: : Init rpmb_init_service ret = 0
03-01 08:03:50.500 443 443 D QSEECOMD: : RPMB system services: init (Listener ID = 8192)
03-01 08:03:50.500 443 443 E QSEECOMD: : Listener: index = 1, hierarchy = 0
03-01 08:03:50.501 443 443 D QSEECOMD: : Init dlopen(libssd.so, RTLD_NOW) succeeds
03-01 08:03:50.501 443 443 D QSEECOMD: : Init::Init dlsym(g_FSHandle ssd_init_service) succeeds
03-01 08:03:50.501 443 443 E SSD : ssd_init_service succeeded!
03-01 08:03:50.501 443 443 D QSEECOMD: : Init ssd_init_service ret = 0
03-01 08:03:50.501 443 443 D QSEECOMD: : SSD system services: init (Listener ID = 12288)
03-01 08:03:50.501 443 443 E QSEECOMD: : Listener: index = 2, hierarchy = 0
03-01 08:03:50.504 451 451 E fsverity_init: Failed to load /product/etc/security/fsverity/*.der
03-01 08:03:50.516 445 445 D vndksupport: Loading /vendor/lib64/hw/android.hardware.keymaster@3.0-impl.so from current namespace instead of sphal namespace.
03-01 08:03:50.518 443 443 D QSEECOMD: : Init dlopen(libsecureui.so, RTLD_NOW) succeeds
03-01 08:03:50.519 443 443 D QSEECOMD: : Init::Init dlsym(g_FSHandle secure_ui_init) succeeds
03-01 08:03:50.519 443 443 D QSEECOMD: : Init secure_ui_init ret = 0
03-01 08:03:50.519 443 443 D QSEECOMD: : secure UI services: init (Listener ID = 16384)
03-01 08:03:50.519 443 443 D QSEECOMD: : qseecom listener service threads starting!!!
03-01 08:03:50.519 443 443 D QSEECOMD: : Total listener services to start = 10
03-01 08:03:50.519 443 443 E QSEECOMD: : Listener: index = 0, hierarchy = 1
03-01 08:03:50.519 443 443 D QSEECOMD: : Init dlopen(librpmb.so, RTLD_NOW) succeeds
03-01 08:03:50.519 443 443 D QSEECOMD: : Init::Init dlsym(g_FSHandle rpmb_start) succeeds
03-01 08:03:50.519 443 443 D QSEECOMAPI: QSEECom_register_listener 8192 sb_length = 0x6400
03-01 08:03:50.519 452 452 E /system/bin/mini-keyctl: Failed to open /proc/keys: No such file or directory
03-01 08:03:50.519 452 452 E /system/bin/mini-keyctl: Cannot find keyring id
03-01 08:03:50.520 443 443 D QSEECOMD: : Init rpmb_start ret = 0
03-01 08:03:50.520 443 443 D QSEECOMD: : RPMB system services: Started (Listener ID = 8192)
03-01 08:03:50.520 443 443 E QSEECOMD: : Listener: index = 1, hierarchy = 1
03-01 08:03:50.521 443 443 D QSEECOMD: : Init dlopen(libssd.so, RTLD_NOW) succeeds
03-01 08:03:50.521 443 443 D QSEECOMD: : Init::Init dlsym(g_FSHandle ssd_start) succeeds
03-01 08:03:50.521 443 443 D QSEECOMAPI: QSEECom_register_listener 12288 sb_length = 0x5000
03-01 08:03:50.521 443 443 D QSEECOMD: : Init ssd_start ret = 0
03-01 08:03:50.521 443 443 D QSEECOMD: : SSD system services: Started (Listener ID = 12288)
03-01 08:03:50.521 443 443 E QSEECOMD: : Listener: index = 2, hierarchy = 1
03-01 08:03:50.522 443 443 D QSEECOMD: : Init dlopen(libsecureui.so, RTLD_NOW) succeeds
03-01 08:03:50.522 443 443 D QSEECOMD: : Init::Init dlsym(g_FSHandle secure_ui_start) succeeds
03-01 08:03:50.522 443 443 D QSEECOMAPI: QSEECom_register_listener 16384 sb_length = 0x10a8
03-01 08:03:50.523 443 443 D QSEECOMD: : Init secure_ui_start ret = 0
03-01 08:03:50.523 443 443 D QSEECOMD: : secure UI services: Started (Listener ID = 16384)
03-01 08:03:50.523 443 443 E QSEECOMD: : Listener: index = 3, hierarchy = 1
03-01 08:03:50.525 443 443 D QSEECOMD: : Init dlopen(libdrmtime.so, RTLD_NOW) succeeds
03-01 08:03:50.525 443 443 D QSEECOMD: : Init::Init dlsym(g_FSHandle atime_start) succeeds
03-01 08:03:50.525 443 443 D DrmLibTime: QSEE Time Listener: atime_start
03-01 08:03:50.525 443 443 D QSEECOMAPI: QSEECom_register_listener 11 sb_length = 0x5000
03-01 08:03:50.526 443 443 D DrmLibTime: registering fs service to QSEECom is done!
03-01 08:03:50.526 443 443 D DrmLibTime: begin to create a thread!
03-01 08:03:50.526 443 443 D DrmLibTime: Creating a pthread in atime_start is done! return 0
03-01 08:03:50.526 443 443 D QSEECOMD: : Init atime_start ret = 0
03-01 08:03:50.526 443 443 D QSEECOMD: : time services: Started (Listener ID = 11)
03-01 08:03:50.526 443 443 E QSEECOMD: : Listener: index = 4, hierarchy = 1
03-01 08:03:50.526 443 457 D DrmLibTime: QSEE Time Listener: dispatch
03-01 08:03:50.526 443 457 D DrmLibTime: before calling ioctl to read the next time_cmd
03-01 08:03:50.526 443 443 D QSEECOMD: : Init dlopen(libdrmfs.so, RTLD_NOW) succeeds
03-01 08:03:50.527 443 443 D QSEECOMD: : Init::Init dlsym(g_FSHandle fs_start) succeeds
03-01 08:03:50.527 443 443 D QSEECOMAPI: QSEECom_register_listener 10 sb_length = 0x5000
03-01 08:03:50.527 443 443 D QSEECOMD: : Init fs_start ret = 0
03-01 08:03:50.527 443 443 D QSEECOMD: : file system services: Started (Listener ID = 10)
03-01 08:03:50.527 443 443 E QSEECOMD: : Listener: index = 5, hierarchy = 1
03-01 08:03:50.527 443 443 D QSEECOMD: : Init dlopen(libdrmfs.so, RTLD_NOW) succeeds
03-01 08:03:50.527 443 443 D QSEECOMD: : Init::Init dlsym(g_FSHandle gpfs_start) succeeds
03-01 08:03:50.528 443 443 E DrmLibFs: Error: Invalid config file
03-01 08:03:50.529 443 443 E DrmLibFs: Data path not parsed: Using default data path: /data/vendor/tzstorage/
03-01 08:03:50.529 443 443 E DrmLibFs: Persist path not parsed: Using default persist path: /mnt/vendor/persist/data/
03-01 08:03:50.529 443 443 D QSEECOMAPI: QSEECom_register_listener 28672 sb_length = 0x7e000
03-01 08:03:50.531 443 443 D QSEECOMD: : Init gpfs_start ret = 0
03-01 08:03:50.531 443 443 D QSEECOMD: : gpfile system services: Started (Listener ID = 28672)
03-01 08:03:50.531 443 443 E QSEECOMD: : Listener: index = 6, hierarchy = 1
03-01 08:03:50.533 443 443 D QSEECOMD: : Init dlopen(libqisl.so, RTLD_NOW) succeeds
03-01 08:03:50.533 443 443 D QSEECOMD: : Init::Init dlsym(g_FSHandle qisl_start) succeeds
03-01 08:03:50.533 443 461 I QISL : QSEE Interrupt Service Listener Thread is started
03-01 08:03:50.533 443 461 D QSEECOMAPI: QSEECom_register_listener 36864 sb_length = 0x1f4
03-01 08:03:50.534 443 461 I QISL : QSEE Interrupt Service Listener was activated successfully
03-01 08:03:50.534 443 443 D QSEECOMD: : Init qisl_start ret = 0
03-01 08:03:50.534 443 443 D QSEECOMD: : interrupt services: Started (Listener ID = 36864)
03-01 08:03:50.534 443 443 E QSEECOMD: : Listener: index = 7, hierarchy = 1
03-01 08:03:50.535 443 443 E QSEECOMD: : Init dlopen(libspl.so, RLTD_NOW) is failed.... dlopen failed: library "libspl.so" not found
03-01 08:03:50.535 443 443 E QSEECOMD: : Listener: index = 8, hierarchy = 1
03-01 08:03:50.537 443 443 D QSEECOMD: : Init dlopen(libGPreqcancel.so, RTLD_NOW) succeeds
03-01 08:03:50.537 443 443 D QSEECOMD: : Init::Init dlsym(g_FSHandle gp_reqcancel_start) succeeds
03-01 08:03:50.537 443 443 D QSEECOMAPI: QSEECom_register_listener 4352 sb_length = 0x5000
03-01 08:03:50.538 443 443 D QSEECOMD: : Init gp_reqcancel_start ret = 0
03-01 08:03:50.538 445 445 I android.hardware.keymaster@3.0-impl: Fetching keymaster device name default
03-01 08:03:50.538 443 443 D QSEECOMD: : gp request cancellation services: Started (Listener ID = 4352)
03-01 08:03:50.538 443 443 E QSEECOMD: : Listener: index = 9, hierarchy = 1
03-01 08:03:50.539 455 455 E fsverity_init: Failed to restrict .fs-verity keyring
03-01 08:03:50.539 443 443 E QSEECOMD: : Init dlopen(libops.so, RLTD_NOW) is failed.... dlopen failed: library "libops.so" not found
03-01 08:03:50.540 445 445 D vndksupport: Loading /vendor/lib64/hw/keystore.msm8937.so from current namespace instead of sphal namespace.
03-01 08:03:50.540 443 443 D QSEECOMD: : QSEECOM DAEMON RUNNING
03-01 08:03:50.542 445 445 D QSEECOMAPI: QSEECom_get_handle sb_length = 0xa000
03-01 08:03:50.542 445 445 D QSEECOMAPI: App is already loaded QSEE and app id = 4
03-01 08:03:50.546 445 445 E keymaster1_device: Keymaster Initialized
03-01 08:03:50.546 445 445 E keymaster1_device: TA API Major Verion: 1
03-01 08:03:50.546 445 445 E keymaster1_device: TA API Minor Verion: 0
03-01 08:03:50.546 445 445 E keymaster1_device: TA Major Verion: 1
03-01 08:03:50.546 445 445 E keymaster1_device: TA Minor Verion: 10
03-01 08:03:50.546 445 445 E keymaster1_device: set_version_req->flags: 1
03-01 08:03:50.548 445 445 I ServiceManagement: Registered android.hardware.keymaster@3.0::IKeymasterDevice/default (start delay of 139ms)
03-01 08:03:50.548 445 445 I ServiceManagement: Removing namespace from process name android.hardware.keymaster@3.0-service to keymaster@3.0-service.
03-01 08:03:50.549 445 445 I android.hardware.keymaster@3.0-service: Registration complete for android.hardware.keymaster@3.0::IKeymasterDevice/default.
03-01 08:03:50.584 463 463 I apexd : Marking APEXd as starting
03-01 08:03:50.585 463 463 I apexd : Scanning /system/apex for embedded keys
03-01 08:03:50.587 463 463 I apexd : Scanning /product/apex for embedded keys
03-01 08:03:50.587 463 463 I apexd : ... does not exist. Skipping
03-01 08:03:50.587 463 463 I apexd : Populating APEX database from mounts...
03-01 08:03:50.588 463 463 E apexd : Failed to walk /product/apex : Can't open /product/apex for reading : No such file or directory
03-01 08:03:50.588 463 463 I apexd : Found "/apex/com.android.runtime@1"
03-01 08:03:50.588 463 463 I apexd : Found "/apex/com.android.tzdata@290000000"
03-01 08:03:50.589 463 463 I apexd : 2 packages restored.
03-01 08:03:50.589 463 463 I apexd : Scanning /data/apex/sessions looking for sessions to be activated.
03-01 08:03:50.589 463 463 I apexd : Scanning /data/apex/active looking for APEX packages.
03-01 08:03:50.590 463 463 I apexd : Activated 0 packages. Skipped: 0
03-01 08:03:50.590 463 463 I apexd : Scanning /system/apex looking for APEX packages.
03-01 08:03:50.591 463 463 I apexd : Found /system/apex/com.android.runtime.release
03-01 08:03:50.591 463 463 I apexd : Skipping activation of /system/apex/com.android.runtime.release same package with higher version 1 is already active
03-01 08:03:50.591 463 463 I apexd : Found /system/apex/com.android.media.swcodec
03-01 08:03:50.592 463 463 V apexd : Creating mount point: /apex/com.android.media.swcodec@290000000
03-01 08:03:50.592 463 463 I apexd : Successfully bind-mounted flattened package /system/apex/com.android.media.swcodec on /apex/com.android.media.swcodec@290000000
03-01 08:03:50.592 463 463 V apexd : Creating bind-mount for /apex/com.android.media.swcodec for /apex/com.android.media.swcodec@290000000
03-01 08:03:50.592 463 463 V apexd : Creating mountpoint /apex/com.android.media.swcodec
03-01 08:03:50.592 463 463 V apexd : Bind-mounting /apex/com.android.media.swcodec@290000000 to /apex/com.android.media.swcodec
03-01 08:03:50.592 463 463 D apexd : Successfully activated /system/apex/com.android.media.swcodec package_name: com.android.media.swcodec version: 290000000
03-01 08:03:50.592 463 463 I apexd : Found /system/apex/com.android.tzdata
03-01 08:03:50.593 463 463 I apexd : Skipping activation of /system/apex/com.android.tzdata same package with higher version 290000000 is already active
03-01 08:03:50.593 463 463 I apexd : Found /system/apex/com.android.resolv
03-01 08:03:50.593 463 463 V apexd : Creating mount point: /apex/com.android.resolv@290000000
03-01 08:03:50.593 463 463 I apexd : Successfully bind-mounted flattened package /system/apex/com.android.resolv on /apex/com.android.resolv@290000000
03-01 08:03:50.593 463 463 V apexd : Creating bind-mount for /apex/com.android.resolv for /apex/com.android.resolv@290000000
03-01 08:03:50.593 463 463 V apexd : Creating mountpoint /apex/com.android.resolv
03-01 08:03:50.593 463 463 V apexd : Bind-mounting /apex/com.android.resolv@290000000 to /apex/com.android.resolv
03-01 08:03:50.593 463 463 D apexd : Successfully activated /system/apex/com.android.resolv package_name: com.android.resolv version: 290000000
03-01 08:03:50.594 463 463 I apexd : Found /system/apex/com.android.conscrypt
03-01 08:03:50.594 463 463 V apexd : Creating mount point: /apex/com.android.conscrypt@290000000
03-01 08:03:50.594 463 463 I apexd : Successfully bind-mounted flattened package /system/apex/com.android.conscrypt on /apex/com.android.conscrypt@290000000
03-01 08:03:50.594 463 463 V apexd : Creating bind-mount for /apex/com.android.conscrypt for /apex/com.android.conscrypt@290000000
03-01 08:03:50.594 463 463 V apexd : Creating mountpoint /apex/com.android.conscrypt
03-01 08:03:50.594 463 463 V apexd : Bind-mounting /apex/com.android.conscrypt@290000000 to /apex/com.android.conscrypt
03-01 08:03:50.594 463 463 D apexd : Successfully activated /system/apex/com.android.conscrypt package_name: com.android.conscrypt version: 290000000
03-01 08:03:50.594 463 463 I apexd : Found /system/apex/com.android.media
03-01 08:03:50.595 463 463 V apexd : Creating mount point: /apex/com.android.media@290000000
03-01 08:03:50.595 463 463 I apexd : Successfully bind-mounted flattened package /system/apex/com.android.media on /apex/com.android.media@290000000
03-01 08:03:50.595 463 463 V apexd : Creating bind-mount for /apex/com.android.media for /apex/com.android.media@290000000
03-01 08:03:50.595 463 463 V apexd : Creating mountpoint /apex/com.android.media
03-01 08:03:50.595 463 463 V apexd : Bind-mounting /apex/com.android.media@290000000 to /apex/com.android.media
03-01 08:03:50.595 463 463 D apexd : Successfully activated /system/apex/com.android.media package_name: com.android.media version: 290000000
03-01 08:03:50.595 463 463 I apexd : Activated 4 packages. Skipped: 2
03-01 08:03:50.595 463 463 I apexd : Scanning /product/apex looking for APEX packages.
03-01 08:03:50.596 463 463 E apexd : Failed to activate packages from /product/apex : Failed to scan /product/apex : Can't open /product/apex for reading : No such file or directory
03-01 08:03:50.596 463 463 I apexd : Marking APEXd as ready
03-01 08:03:50.656 420 420 D vold : fscrypt_init_user0
03-01 08:03:50.656 420 420 D vold : fscrypt_prepare_user_storage for volume null, user 0, serial 0, flags 1
03-01 08:03:50.657 420 420 D vold : Preparing: /data/system/users/0
03-01 08:03:50.657 420 420 D vold : Preparing: /data/misc/profiles/cur/0
03-01 08:03:50.658 420 420 D vold : Preparing: /data/system_de/0
03-01 08:03:50.658 420 420 D vold : Preparing: /data/misc_de/0
03-01 08:03:50.659 420 420 D vold : Preparing: /data/vendor_de/0
03-01 08:03:50.659 420 420 D vold : Preparing: /data/user_de/0
03-01 08:03:50.660 420 420 D vold : /system/bin/vold_prepare_subdirs
03-01 08:03:50.660 420 420 D vold : prepare
03-01 08:03:50.660 420 420 D vold :
03-01 08:03:50.660 420 420 D vold : 0
03-01 08:03:50.660 420 420 D vold : 1
03-01 08:03:50.696 467 467 D vold_prepare_subdirs: Setting up mode 700 uid 0 gid 0 context u:object_r:vold_data_file:s0 on path: /data/misc_de/0/vold
03-01 08:03:50.698 467 467 D vold_prepare_subdirs: Setting up mode 700 uid 0 gid 0 context u:object_r:storaged_data_file:s0 on path: /data/misc_de/0/storaged
03-01 08:03:50.699 467 467 D vold_prepare_subdirs: Setting up mode 700 uid 0 gid 0 context u:object_r:rollback_data_file:s0 on path: /data/misc_de/0/rollback
03-01 08:03:50.699 467 467 D vold_prepare_subdirs: Setting up mode 700 uid 1000 gid 1000 context u:object_r:fingerprint_vendor_data_file:s0 on path: /data/vendor_de/0/fpdata
03-01 08:03:50.701 467 467 D vold_prepare_subdirs: Setting up mode 700 uid 1000 gid 1000 context u:object_r:face_vendor_data_file:s0 on path: /data/vendor_de/0/facedata
03-01 08:03:50.702 420 420 D vold : fscrypt_unlock_user_key 0 serial=0 token_present=0
03-01 08:03:50.727 469 469 I /system/bin/tzdatacheck: timezone distro dir /data/misc/zoneinfo/current does not exist. No action required.
03-01 08:03:50.779 392 392 I init : type=1400 audit(0.0:6): avc: denied { setattr } for name="nfc" dev="mmcblk0p48" ino=261636 scontext=u:r:vendor_init:s0 tcontext=u:object_r:nfc_data_file:s0 tclass=dir permissive=1
03-01 08:03:50.819 471 471 I art_apex: === ART pre-boot integrity checks ===
03-01 08:03:50.853 473 473 F art_apex: Device is not fsverity-enabled.
03-01 08:03:50.912 475 475 E /system/bin/recovery-persist: Failed to unlink /cache/recovery/last_install: No such file or directory
03-01 08:03:50.934 477 477 I /system/bin/flags_health_check: ServerConfigurableFlagsReset reset_mode value: 0
03-01 08:03:50.934 477 477 I /system/bin/flags_health_check: ServerConfigurableFlagsReset attempted boot count is under threshold, skipping reset.
03-01 08:03:51.015 481 481 I bootstat: Service started: /system/bin/bootstat --set_system_boot_reason
03-01 08:03:51.053 481 481 I bootstat: Canonical boot reason: kernel_panic,modem
03-01 08:03:51.053 481 481 I bootstat: Canonical boot reason: kernel_panic,modem
03-01 08:03:51.112 478 478 I netdClient: Skipping libnetd_client init since *we* are netd
03-01 08:03:51.114 478 478 I netd : netd 1.0 starting
03-01 08:03:51.117 491 491 I BOOT : MSM target '', SoC 'MTP', HwID '294', SoC ver '65536'
03-01 08:03:51.135 493 493 W DRM_BOOT: file: '/sys/module/drm/parameters/vblankoffdelay' or perms doesn't exist
03-01 08:03:51.142 478 478 I Netd : Loaded resolver library from /apex/com.android.resolv/lib64/libnetd_resolv.so
03-01 08:03:51.465 446 446 E vendor.qti.hardware.cryptfshw@1.0-impl-qti.qsee: Timed out waiting for QSEECom
03-01 08:03:51.465 446 446 E vendor.qti.hardware.cryptfshw@1.0-impl-qti.qsee: Timed out waiting for QSEECom listeners. Aborting FDE key operation
03-01 08:03:51.469 446 446 I ServiceManagement: Registered vendor.qti.hardware.cryptfshw@1.0::ICryptfsHw/default (start delay of 1049ms)
03-01 08:03:51.469 446 446 I ServiceManagement: Removing namespace from process name vendor.qti.hardware.cryptfshw@1.0-service-qti.qsee to cryptfshw@1.0-service-qti.qsee.
03-01 08:03:51.486 479 479 D AndroidRuntime: >>>>>> START com.android.internal.os.ZygoteInit uid 0 <<<<<<
03-01 08:03:51.528 479 479 I AndroidRuntime: Using default boot image
03-01 08:03:51.529 479 479 I AndroidRuntime: Leaving lock profiling enabled
03-01 08:03:51.537 479 479 I zygote64: option[0]=-Xzygote
03-01 08:03:51.537 479 479 I zygote64: option[1]=exit
03-01 08:03:51.538 479 479 I zygote64: option[2]=vfprintf
03-01 08:03:51.538 479 479 I zygote64: option[3]=sensitiveThread
03-01 08:03:51.538 479 479 I zygote64: option[4]=-verbose:gc
03-01 08:03:51.538 479 479 I zygote64: option[5]=-Xms16m
03-01 08:03:51.538 479 479 I zygote64: option[6]=-Xmx512m
03-01 08:03:51.538 479 479 I zygote64: option[7]=-XX:HeapGrowthLimit=192m
03-01 08:03:51.538 479 479 I zygote64: option[8]=-XX:HeapMinFree=2m
03-01 08:03:51.538 479 479 I zygote64: option[9]=-XX:HeapMaxFree=8m
03-01 08:03:51.538 479 479 I zygote64: option[10]=-XX:HeapTargetUtilization=0.75
03-01 08:03:51.538 479 479 I zygote64: option[11]=-Xusejit:true
03-01 08:03:51.538 479 479 I zygote64: option[12]=-XjdwpOptions:suspend=n,server=y
03-01 08:03:51.538 479 479 I zygote64: option[13]=-XjdwpProvider:default
03-01 08:03:51.538 479 479 I zygote64: option[14]=-Xlockprofthreshold:500
03-01 08:03:51.538 479 479 I zygote64: option[15]=-Ximage-compiler-option
03-01 08:03:51.538 479 479 I zygote64: option[16]=--runtime-arg
03-01 08:03:51.538 479 479 I zygote64: option[17]=-Ximage-compiler-option
03-01 08:03:51.538 479 479 I zygote64: option[18]=-Xms64m
03-01 08:03:51.539 479 479 I zygote64: option[19]=-Ximage-compiler-option
03-01 08:03:51.539 479 479 I zygote64: option[20]=--runtime-arg
03-01 08:03:51.539 479 479 I zygote64: option[21]=-Ximage-compiler-option
03-01 08:03:51.539 479 479 I zygote64: option[22]=-Xmx64m
03-01 08:03:51.539 479 479 I zygote64: option[23]=-Ximage-compiler-option
03-01 08:03:51.539 479 479 I zygote64: option[24]=--profile-file=/system/etc/boot-image.prof
03-01 08:03:51.539 479 479 I zygote64: option[25]=-Ximage-compiler-option
03-01 08:03:51.539 479 479 I zygote64: option[26]=--compiler-filter=speed-profile
03-01 08:03:51.539 479 479 I zygote64: option[27]=-Xcompiler-option
03-01 08:03:51.539 479 479 I zygote64: option[28]=--runtime-arg
03-01 08:03:51.539 479 479 I zygote64: option[29]=-Xcompiler-option
03-01 08:03:51.539 479 479 I zygote64: option[30]=-Xms64m
03-01 08:03:51.539 479 479 I zygote64: option[31]=-Xcompiler-option
03-01 08:03:51.539 479 479 I zygote64: option[32]=--runtime-arg
03-01 08:03:51.539 479 479 I zygote64: option[33]=-Xcompiler-option
03-01 08:03:51.539 479 479 I zygote64: option[34]=-Xmx512m
03-01 08:03:51.540 479 479 I zygote64: option[35]=-Ximage-compiler-option
03-01 08:03:51.540 479 479 I zygote64: option[36]=--instruction-set-variant=cortex-a53
03-01 08:03:51.540 479 479 I zygote64: option[37]=-Xcompiler-option
03-01 08:03:51.540 479 479 I zygote64: option[38]=--instruction-set-variant=cortex-a53
03-01 08:03:51.540 479 479 I zygote64: option[39]=-Ximage-compiler-option
03-01 08:03:51.540 479 479 I zygote64: option[40]=--instruction-set-features=default
03-01 08:03:51.540 479 479 I zygote64: option[41]=-Xcompiler-option
03-01 08:03:51.540 479 479 I zygote64: option[42]=--instruction-set-features=default
03-01 08:03:51.540 479 479 I zygote64: option[43]=-Duser.locale=en-US
03-01 08:03:51.540 479 479 I zygote64: option[44]=--cpu-abilist=arm64-v8a
03-01 08:03:51.540 479 479 I zygote64: option[45]=-Xcompiler-option
03-01 08:03:51.540 479 479 I zygote64: option[46]=--generate-mini-debug-info
03-01 08:03:51.540 479 479 I zygote64: option[47]=-Xcore-platform-api-policy:just-warn
03-01 08:03:51.540 479 479 I zygote64: option[48]=-Xfingerprint:Wileyfox/Swift2/marmite:8.1.0/OPM5.171019.017/38c792b31d:user/release-keys
03-01 08:03:51.542 530 530 I ServiceManagement: Registered android.hidl.allocator@1.0::IAllocator/ashmem (start delay of 32ms)
03-01 08:03:51.542 530 530 I ServiceManagement: Removing namespace from process name android.hidl.allocator@1.0-service to allocator@1.0-service.
03-01 08:03:51.562 531 531 I android.hardware.bluetooth@1.0-service: vendorEnhancedInfo: 0
03-01 08:03:51.562 531 531 I android.hardware.bluetooth@1.0-service: isVendorEnhancedFramework: 0
03-01 08:03:51.562 531 531 I android.hardware.bluetooth@1.0-service: Registering BT Service
03-01 08:03:51.565 531 531 D vndksupport: Loading /vendor/lib64/hw/android.hardware.bluetooth@1.0-impl-qti.so from current namespace instead of sphal namespace.
03-01 08:03:51.581 535 535 D vndksupport: Loading /vendor/lib64/hw/android.hardware.drm@1.0-impl.so from current namespace instead of sphal namespace.
03-01 08:03:51.586 479 479 I zygote64: Core platform API reporting enabled, enforcing=false
03-01 08:03:51.599 480 480 D AndroidRuntime: >>>>>> START com.android.internal.os.ZygoteInit uid 0 <<<<<<
03-01 08:03:51.617 535 535 I ServiceManagement: Registered android.hardware.drm@1.0::IDrmFactory/default (start delay of 88ms)
03-01 08:03:51.618 535 535 I ServiceManagement: Removing namespace from process name android.hardware.drm@1.0-service to drm@1.0-service.
03-01 08:03:51.618 535 535 I : Registration complete for android.hardware.drm@1.0::IDrmFactory/default.
03-01 08:03:51.620 535 535 D vndksupport: Loading /vendor/lib64/hw/android.hardware.drm@1.0-impl.so from current namespace instead of sphal namespace.
03-01 08:03:51.624 533 533 I ServiceManagement: Registered android.hardware.cas@1.1::IMediaCasService/default (start delay of 103ms)
03-01 08:03:51.624 533 533 I ServiceManagement: Removing namespace from process name android.hardware.cas@1.1-service to cas@1.1-service.
03-01 08:03:51.634 535 535 I ServiceManagement: Registered android.hardware.drm@1.0::ICryptoFactory/default (start delay of 105ms)
03-01 08:03:51.634 535 535 I ServiceManagement: Removing namespace from process name android.hardware.drm@1.0-service to drm@1.0-service.
03-01 08:03:51.634 532 532 I android.hardware.camera.provider@2.4-service: CameraProvider@2.4 legacy service is starting.
03-01 08:03:51.634 535 535 I : Registration complete for android.hardware.drm@1.0::ICryptoFactory/default.
03-01 08:03:51.642 540 540 D vndksupport: Loading /vendor/lib64/hw/android.hardware.gatekeeper@1.0-impl.so from current namespace instead of sphal namespace.
03-01 08:03:51.648 540 540 D vndksupport: Loading /vendor/lib64/hw/gatekeeper.msm8937.so from current namespace instead of sphal namespace.
03-01 08:03:51.650 540 540 D gatekeeper_device: HwGkOpen called
03-01 08:03:51.651 532 532 D vndksupport: Loading /vendor/lib/hw/android.hardware.camera.provider@2.4-impl.so from current namespace instead of sphal namespace.
03-01 08:03:51.651 540 540 D QSEECOMAPI: QSEECom_get_handle sb_length = 0xa000
03-01 08:03:51.651 540 540 D QSEECOMAPI: App is already loaded QSEE and app id = 4
03-01 08:03:51.660 542 542 D vndksupport: Loading /vendor/lib64/hw/android.hardware.graphics.allocator@2.0-impl.so from current namespace instead of sphal namespace.
03-01 08:03:51.663 480 480 I AndroidRuntime: Using default boot image
03-01 08:03:51.664 480 480 I AndroidRuntime: Leaving lock profiling enabled
03-01 08:03:51.666 534 534 W /vendor/bin/hw/android.hardware.configstore@1.1-service: libminijail[534]: allowing syscall: connect
03-01 08:03:51.666 534 534 W /vendor/bin/hw/android.hardware.configstore@1.1-service: libminijail[534]: allowing syscall: fcntl
03-01 08:03:51.666 534 534 W /vendor/bin/hw/android.hardware.configstore@1.1-service: libminijail[534]: allowing syscall: sendto
03-01 08:03:51.667 534 534 W /vendor/bin/hw/android.hardware.configstore@1.1-service: libminijail[534]: allowing syscall: socket
03-01 08:03:51.667 534 534 W /vendor/bin/hw/android.hardware.configstore@1.1-service: libminijail[534]: allowing syscall: writev
03-01 08:03:51.671 537 537 I ServiceManagement: Registered android.hardware.drm@1.2::IDrmFactory/clearkey (start delay of 131ms)
03-01 08:03:51.672 537 537 I ServiceManagement: Removing namespace from process name android.hardware.drm@1.2-service.clearkey to drm@1.2-service.clearkey.
03-01 08:03:51.672 480 480 I zygote : option[0]=-Xzygote
03-01 08:03:51.672 480 480 I zygote : option[1]=exit
03-01 08:03:51.672 480 480 I zygote : option[2]=vfprintf
03-01 08:03:51.672 480 480 I zygote : option[3]=sensitiveThread
03-01 08:03:51.672 480 480 I zygote : option[4]=-verbose:gc
03-01 08:03:51.672 480 480 I zygote : option[5]=-Xms16m
03-01 08:03:51.673 480 480 I zygote : option[6]=-Xmx512m
03-01 08:03:51.673 480 480 I zygote : option[7]=-XX:HeapGrowthLimit=192m
03-01 08:03:51.673 480 480 I zygote : option[8]=-XX:HeapMinFree=2m
03-01 08:03:51.673 480 480 I zygote : option[9]=-XX:HeapMaxFree=8m
03-01 08:03:51.673 480 480 I zygote : option[10]=-XX:HeapTargetUtilization=0.75
03-01 08:03:51.673 480 480 I zygote : option[11]=-Xusejit:true
03-01 08:03:51.673 480 480 I zygote : option[12]=-XjdwpOptions:suspend=n,server=y
03-01 08:03:51.673 480 480 I zygote : option[13]=-XjdwpProvider:default
03-01 08:03:51.673 480 480 I zygote : option[14]=-Xlockprofthreshold:500
03-01 08:03:51.673 480 480 I zygote : option[15]=-Ximage-compiler-option
03-01 08:03:51.673 480 480 I zygote : option[16]=--runtime-arg
03-01 08:03:51.673 480 480 I zygote : option[17]=-Ximage-compiler-option
03-01 08:03:51.673 480 480 I zygote : option[18]=-Xms64m
03-01 08:03:51.673 480 480 I zygote : option[19]=-Ximage-compiler-option
03-01 08:03:51.673 480 480 I zygote : option[20]=--runtime-arg
03-01 08:03:51.673 480 480 I zygote : option[21]=-Ximage-compiler-option
03-01 08:03:51.673 480 480 I zygote : option[22]=-Xmx64m
03-01 08:03:51.673 480 480 I zygote : option[23]=-Ximage-compiler-option
03-01 08:03:51.673 480 480 I zygote : option[24]=--profile-file=/system/etc/boot-image.prof
03-01 08:03:51.673 480 480 I zygote : option[25]=-Ximage-compiler-option
03-01 08:03:51.673 480 480 I zygote : option[26]=--compiler-filter=speed-profile
03-01 08:03:51.673 480 480 I zygote : option[27]=-Xcompiler-option
03-01 08:03:51.673 480 480 I zygote : option[28]=--runtime-arg
03-01 08:03:51.673 480 480 I zygote : option[29]=-Xcompiler-option
03-01 08:03:51.673 480 480 I zygote : option[30]=-Xms64m
03-01 08:03:51.673 480 480 I zygote : option[31]=-Xcompiler-option
03-01 08:03:51.674 480 480 I zygote : option[32]=--runtime-arg
03-01 08:03:51.674 480 480 I zygote : option[33]=-Xcompiler-option
03-01 08:03:51.674 480 480 I zygote : option[34]=-Xmx512m
03-01 08:03:51.674 480 480 I zygote : option[35]=-Ximage-compiler-option
03-01 08:03:51.674 480 480 I zygote : option[36]=--instruction-set-variant=cortex-a53
03-01 08:03:51.674 480 480 I zygote : option[37]=-Xcompiler-option
03-01 08:03:51.674 480 480 I zygote : option[38]=--instruction-set-variant=cortex-a53
03-01 08:03:51.674 480 480 I zygote : option[39]=-Ximage-compiler-option
03-01 08:03:51.674 480 480 I zygote : option[40]=--instruction-set-features=default
03-01 08:03:51.674 480 480 I zygote : option[41]=-Xcompiler-option
03-01 08:03:51.674 480 480 I zygote : option[42]=--instruction-set-features=default
03-01 08:03:51.674 480 480 I zygote : option[43]=-Duser.locale=en-US
03-01 08:03:51.674 480 480 I zygote : option[44]=--cpu-abilist=armeabi-v7a,armeabi
03-01 08:03:51.674 480 480 I zygote : option[45]=-Xcompiler-option
03-01 08:03:51.674 480 480 I zygote : option[46]=--generate-mini-debug-info
03-01 08:03:51.674 480 480 I zygote : option[47]=-Xcore-platform-api-policy:just-warn
03-01 08:03:51.674 480 480 I zygote : option[48]=-Xfingerprint:Wileyfox/Swift2/marmite:8.1.0/OPM5.171019.017/38c792b31d:user/release-keys
03-01 08:03:51.677 542 542 D vndksupport: Loading /vendor/lib64/hw/gralloc.msm8937.so from current namespace instead of sphal namespace.
03-01 08:03:51.679 549 549 D vndksupport: Loading /vendor/lib64/hw/android.hardware.light@2.0-impl.so from current namespace instead of sphal namespace.
03-01 08:03:51.682 549 549 D vndksupport: Loading /vendor/lib64/hw/lights.msm8937.so from current namespace instead of sphal namespace.
03-01 08:03:51.685 480 480 W zygote : Could not reserve sentinel fault page
03-01 08:03:51.685 480 480 I zygote : Core platform API reporting enabled, enforcing=false
03-01 08:03:51.685 540 540 E gatekeeper_device: Gatekeeper initialized
03-01 08:03:51.686 534 534 W /vendor/bin/hw/android.hardware.configstore@1.1-service: libminijail[534]: logging seccomp filter failures
03-01 08:03:51.687 549 549 D vndksupport: Loading /vendor/lib64/hw/lights.msm8937.so from current namespace instead of sphal namespace.
03-01 08:03:51.688 549 549 E light : light_open lights keyboard failed: -22
03-01 08:03:51.688 549 549 E light : Light passthrough failed to load legacy HAL.
03-01 08:03:51.689 549 549 D vndksupport: Loading /vendor/lib64/hw/lights.msm8937.so from current namespace instead of sphal namespace.
03-01 08:03:51.690 537 537 I ServiceManagement: Registered android.hardware.drm@1.2::ICryptoFactory/clearkey (start delay of 151ms)
03-01 08:03:51.690 537 537 I ServiceManagement: Removing namespace from process name android.hardware.drm@1.2-service.clearkey to drm@1.2-service.clearkey.
03-01 08:03:51.692 555 555 D vndksupport: Loading /vendor/lib64/hw/android.hardware.sensors@1.0-impl.so from current namespace instead of sphal namespace.
03-01 08:03:51.693 549 549 E light : light_open lights buttons failed: -22
03-01 08:03:51.693 549 549 E light : Light passthrough failed to load legacy HAL.
03-01 08:03:51.693 549 549 D vndksupport: Loading /vendor/lib64/hw/lights.msm8937.so from current namespace instead of sphal namespace.
03-01 08:03:51.694 549 549 I chatty : uid=1000(system) light@2.0-servi identical 1 line
03-01 08:03:51.700 549 549 D vndksupport: Loading /vendor/lib64/hw/lights.msm8937.so from current namespace instead of sphal namespace.
03-01 08:03:51.703 531 531 I ServiceManagement: Registered android.hardware.bluetooth@1.0::IBluetoothHci/default (start delay of 194ms)
03-01 08:03:51.703 549 549 D vndksupport: Loading /vendor/lib64/hw/lights.msm8937.so from current namespace instead of sphal namespace.
03-01 08:03:51.703 531 531 I ServiceManagement: Removing namespace from process name android.hardware.bluetooth@1.0-service-qti to bluetooth@1.0-service-qti.
03-01 08:03:51.703 531 531 I : Registration complete for android.hardware.bluetooth@1.0::IBluetoothHci/default.
03-01 08:03:51.704 549 549 E light : light_open lights bluetooth failed: -22
03-01 08:03:51.704 549 549 E light : Light passthrough failed to load legacy HAL.
03-01 08:03:51.704 549 549 D vndksupport: Loading /vendor/lib64/hw/lights.msm8937.so from current namespace instead of sphal namespace.
03-01 08:03:51.705 543 543 D vndksupport: Loading /vendor/lib64/hw/android.hardware.graphics.composer@2.1-impl.so from current namespace instead of sphal namespace.
03-01 08:03:51.705 549 549 E light : light_open lights wifi failed: -22
03-01 08:03:51.706 549 549 E light : Light passthrough failed to load legacy HAL.
03-01 08:03:51.710 545 545 I health@2.0/: health@2.0/default: Hal starting main loop...
03-01 08:03:51.710 545 545 I health@2.0/: health@2.0/default Hal is starting up...
03-01 08:03:51.724 534 534 I ServiceManagement: Registered android.hardware.configstore@1.1::ISurfaceFlingerConfigs/default (start delay of 194ms)
03-01 08:03:51.724 534 534 I ServiceManagement: Removing namespace from process name android.hardware.configstore@1.1-service to configstore@1.1-service.
03-01 08:03:51.728 531 531 D vndksupport: Loading /vendor/lib64/hw/vendor.qti.hardware.bluetooth_sar@1.0-impl.so from current namespace instead of sphal namespace.
03-01 08:03:51.729 540 540 I ServiceManagement: Registered android.hardware.gatekeeper@1.0::IGatekeeper/default (start delay of 180ms)
03-01 08:03:51.729 551 551 D vndksupport: Loading /vendor/lib64/hw/android.hardware.memtrack@1.0-impl.so from current namespace instead of sphal namespace.
03-01 08:03:51.729 540 540 I ServiceManagement: Removing namespace from process name android.hardware.gatekeeper@1.0-service to gatekeeper@1.0-service.
03-01 08:03:51.729 540 540 I android.hardware.gatekeeper@1.0-service: Registration complete for android.hardware.gatekeeper@1.0::IGatekeeper/default.
03-01 08:03:51.737 541 541 I android.hardware.gnss@2.0-service-qti: main
03-01 08:03:51.737 531 531 E vendor.qti.hardware.bluetooth_sar@1.0-BluetoothSar: HIDL_FETCH_IBluetoothSar
03-01 08:03:51.738 545 545 I ServiceManagement: Registered android.hardware.health@2.0::IHealth/default (start delay of 169ms)
03-01 08:03:51.738 545 545 I ServiceManagement: Removing namespace from process name android.hardware.health@2.0-service to health@2.0-service.
03-01 08:03:51.739 551 551 D vndksupport: Loading /vendor/lib64/hw/memtrack.msm8937.so from current namespace instead of sphal namespace.
03-01 08:03:51.742 558 558 D vndksupport: Loading /vendor/lib64/hw/android.hardware.thermal@1.0-impl.so from current namespace instead of sphal namespace.
03-01 08:03:51.743 545 545 I health@2.0/: health@2.0/default: Hal init done
03-01 08:03:51.743 553 553 I android.hardware.power@1.2-service-qti: Power HAL Service 1.2 is starting.
03-01 08:03:51.743 553 553 I QTI PowerHAL: Initing
03-01 08:03:51.745 558 558 D vndksupport: Loading /vendor/lib64/hw/thermal.msm8937.so from current namespace instead of sphal namespace.
03-01 08:03:51.745 559 559 I ServiceManagement: Registered android.hardware.usb@1.0::IUsb/default (start delay of 105ms)
03-01 08:03:51.746 559 559 I ServiceManagement: Removing namespace from process name android.hardware.usb@1.0-service.basic to usb@1.0-service.basic.
03-01 08:03:51.746 559 559 I /vendor/bin/hw/android.hardware.usb@1.0-service.basic: USB HAL Ready.
03-01 08:03:51.748 549 549 I ServiceManagement: Registered android.hardware.light@2.0::ILight/default (start delay of 168ms)
03-01 08:03:51.748 549 549 I ServiceManagement: Removing namespace from process name android.hardware.light@2.0-service to light@2.0-service.
03-01 08:03:51.748 549 549 I : Registration complete for android.hardware.light@2.0::ILight/default.
03-01 08:03:51.750 542 542 I ServiceManagement: Registered android.hardware.graphics.allocator@2.0::IAllocator/default (start delay of 191ms)
03-01 08:03:51.751 543 543 D vndksupport: Loading /vendor/lib64/hw/hwcomposer.msm8937.so from current namespace instead of sphal namespace.
03-01 08:03:51.752 542 542 I ServiceManagement: Removing namespace from process name android.hardware.graphics.allocator@2.0-service to allocator@2.0-service.
03-01 08:03:51.753 542 542 I android.hardware.graphics.allocator@2.0-service: Registration complete for android.hardware.graphics.allocator@2.0::IAllocator/default.
03-01 08:03:51.754 552 552 D nxpnfc@1.0-service: NFC HAL Service 1.1 is starting.
03-01 08:03:51.759 538 538 I ServiceManagement: Registered android.hardware.drm@1.2::IDrmFactory/widevine (start delay of 219ms)
03-01 08:03:51.759 538 538 I ServiceManagement: Removing namespace from process name android.hardware.drm@1.2-service.widevine to drm@1.2-service.widevine.
03-01 08:03:51.761 541 541 D vndksupport: Loading /vendor/lib64/hw/android.hardware.gnss@2.0-impl-qti.so from current namespace instead of sphal namespace.
03-01 08:03:51.763 560 560 D vndksupport: Loading /vendor/lib64/hw/android.hardware.vibrator@1.0-impl.so from current namespace instead of sphal namespace.
03-01 08:03:51.765 553 553 I ServiceManagement: Registered android.hardware.power@1.2::IPower/default (start delay of 166ms)
03-01 08:03:51.765 553 553 I ServiceManagement: Removing namespace from process name android.hardware.power@1.2-service-qti to power@1.2-service-qti.
03-01 08:03:51.765 553 553 I android.hardware.power@1.2-service-qti: Successfully registered IPower
03-01 08:03:51.767 529 529 D vndksupport: Loading /vendor/lib/hw/android.hardware.audio@5.0-impl.so from current namespace instead of sphal namespace.
03-01 08:03:51.767 531 531 I ServiceManagement: Registered vendor.qti.hardware.bluetooth_sar@1.0::IBluetoothSar/default (start delay of 258ms)
03-01 08:03:51.768 560 560 D vndksupport: Loading /vendor/lib64/hw/vibrator.default.so from current namespace instead of sphal namespace.
03-01 08:03:51.768 531 531 I : Registration complete for vendor.qti.hardware.bluetooth_sar@1.0::IBluetoothSar/default.
03-01 08:03:51.769 560 560 D : Vibrator using timed_output
03-01 08:03:51.770 552 552 I ServiceManagement: Registered android.hardware.nfc@1.1::INfc/default (start delay of 181ms)
03-01 08:03:51.770 552 552 I ServiceManagement: Removing namespace from process name android.hardware.nfc@1.1-service to nfc@1.1-service.
03-01 08:03:51.773 538 538 I ServiceManagement: Registered android.hardware.drm@1.2::ICryptoFactory/widevine (start delay of 234ms)
03-01 08:03:51.773 538 538 I ServiceManagement: Removing namespace from process name android.hardware.drm@1.2-service.widevine to drm@1.2-service.widevine.
03-01 08:03:51.776 558 558 I ServiceManagement: Registered android.hardware.thermal@1.0::IThermal/default (start delay of 147ms)
03-01 08:03:51.776 558 558 I ServiceManagement: Removing namespace from process name android.hardware.thermal@1.0-service to thermal@1.0-service.
03-01 08:03:51.776 553 553 I ServiceManagement: Registered vendor.lineage.power@1.0::ILineagePower/default (start delay of 177ms)
03-01 08:03:51.777 412 412 E SELinux : avc: denied { add } for interface=vendor.nxp.nxpnfc::INxpNfc sid=u:r:hal_nfc_default:s0 pid=552 scontext=u:r:hal_nfc_default:s0 tcontext=u:object_r:default_android_hwservice:s0 tclass=hwservice_manager permissive=1
03-01 08:03:51.777 553 553 I android.hardware.power@1.2-service-qti: Successfully registered ILineagePower
03-01 08:03:51.777 553 553 I android.hardware.power@1.2-service-qti: Power Service is ready
03-01 08:03:51.777 551 551 I ServiceManagement: Registered android.hardware.memtrack@1.0::IMemtrack/default (start delay of 188ms)
03-01 08:03:51.778 555 555 E libsensor1: check_sensors_enabled: Sensors enabled = true
03-01 08:03:51.779 558 558 I android.hardware.thermal@1.0-service: Registration complete for android.hardware.thermal@1.0::IThermal/default.
03-01 08:03:51.779 552 552 I ServiceManagement: Registered vendor.nxp.nxpnfc@1.0::INxpNfc/default (start delay of 190ms)
03-01 08:03:51.780 552 552 D nxpnfc@1.0-service: NFC service is ready
03-01 08:03:51.780 551 551 I ServiceManagement: Removing namespace from process name android.hardware.memtrack@1.0-service to memtrack@1.0-service.
03-01 08:03:51.780 551 551 I android.hardware.memtrack@1.0-service: Registration complete for android.hardware.memtrack@1.0::IMemtrack/default.
03-01 08:03:51.782 560 560 I ServiceManagement: Registered android.hardware.vibrator@1.0::IVibrator/default (start delay of 133ms)
03-01 08:03:51.783 560 560 I ServiceManagement: Removing namespace from process name android.hardware.vibrator@1.0-service to vibrator@1.0-service.
03-01 08:03:51.783 560 560 I android.hardware.vibrator@1.0-service: Registration complete for android.hardware.vibrator@1.0::IVibrator/default.
03-01 08:03:51.790 529 529 I ServiceManagement: Registered android.hardware.audio@5.0::IDevicesFactory/default (start delay of 291ms)
03-01 08:03:51.790 529 529 I ServiceManagement: Removing namespace from process name android.hardware.audio@2.0-service to audio@2.0-service.
03-01 08:03:51.791 529 529 I audiohalservice: Registration complete for android.hardware.audio@5.0::IDevicesFactory/default.
03-01 08:03:51.792 573 573 D : QdutilsDisp: svc service starting :)
03-01 08:03:51.793 529 529 D vndksupport: Loading /vendor/lib/hw/android.hardware.audio.effect@5.0-impl.so from current namespace instead of sphal namespace.
03-01 08:03:51.795 573 573 I ServiceManagement: Registered vendor.qti.hardware.qdutils_disp@1.0::IQdutilsDisp/default (start delay of 65ms)
03-01 08:03:51.795 573 573 I ServiceManagement: Removing namespace from process name vendor.qti.hardware.qdutils_disp@1.0-service-qti to qdutils_disp@1.0-service-qti.
03-01 08:03:51.796 573 573 E : Registered IQdutilsDisp HAL service success!
03-01 08:03:51.796 567 567 I ServiceManagement: Registered vendor.display.color@1.0::IDisplayColor/default (start delay of 116ms)
03-01 08:03:51.797 567 567 I ServiceManagement: Removing namespace from process name vendor.display.color@1.0-service to color@1.0-service.
03-01 08:03:51.799 567 567 I ServiceManagement: Registered vendor.display.postproc@1.0::IDisplayPostproc/default (start delay of 120ms)
03-01 08:03:51.804 580 580 I irsc_util: Starting irsc tool
03-01 08:03:51.810 580 580 I irsc_util: Num of entries:297
03-01 08:03:51.813 532 532 D vndksupport: Loading /vendor/lib/hw/camera.msm8937.so from current namespace instead of sphal namespace.
03-01 08:03:51.815 577 577 D : tui_comm: svc service starting :)
03-01 08:03:51.818 580 580 I irsc_util: Ending irsc tool
03-01 08:03:51.819 577 577 I ServiceManagement: Registered vendor.qti.hardware.tui_comm@1.0::ITuiComm/default (start delay of 80ms)
03-01 08:03:51.819 577 577 I ServiceManagement: Removing namespace from process name vendor.qti.hardware.tui_comm@1.0-service-qti to tui_comm@1.0-service-qti.
03-01 08:03:51.819 577 577 E : Registered ITuiComm HAL service success!
03-01 08:03:51.835 529 529 I ServiceManagement: Registered android.hardware.audio.effect@5.0::IEffectsFactory/default (start delay of 336ms)
03-01 08:03:51.836 529 529 I audiohalservice: Registration complete for android.hardware.audio.effect@5.0::IEffectsFactory/default.
03-01 08:03:51.838 529 529 D vndksupport: Loading /vendor/lib/hw/android.hardware.soundtrigger@2.2-impl.so from current namespace instead of sphal namespace.
03-01 08:03:51.841 585 585 I PerMgrSrv: Adding entry for modem : offTimeout : 500 ackTimeout : 200
03-01 08:03:51.847 585 585 I PerMgrSrv: Peripheral Mananager service start
03-01 08:03:51.847 585 585 I PerMgrSrv: power-off timeout 500,ms; event-ack timeout 200,ms; debug-mode false
03-01 08:03:51.847 585 585 I PerMgrSrv: Statistics for : modem
03-01 08:03:51.847 585 585 I PerMgrSrv: modem: Current State : is off-line
03-01 08:03:51.847 585 585 I PerMgrSrv: modem: Voter/Listener count : 0/0
03-01 08:03:51.847 585 585 I PerMgrSrv: modem: Power on count : 0
03-01 08:03:51.847 585 585 I PerMgrSrv: modem: Power off count: 0
03-01 08:03:51.847 585 585 I PerMgrSrv: modem: Client list:
03-01 08:03:51.849 529 529 D vndksupport: Loading /vendor/lib/hw/sound_trigger.primary.msm8937.so from current namespace instead of sphal namespace.
03-01 08:03:51.853 585 596 I PerMgrSrv: QMI service start
03-01 08:03:51.873 594 594 I vendor.rmt_storage: Modem subsystem found on target!
03-01 08:03:51.874 594 594 I vendor.rmt_storage: Shared memory initialised successfully.
03-01 08:03:51.875 594 594 I vendor.rmt_storage: Registering modemst1: 0x4a /boot/modem_fs1
03-01 08:03:51.875 594 594 I vendor.rmt_storage: Registering modemst2: 0x4b /boot/modem_fs2
03-01 08:03:51.875 594 594 I vendor.rmt_storage: Registering fsc: 0xff /boot/modem_fsc
03-01 08:03:51.875 594 594 I vendor.rmt_storage: Registering fsg: 0x58 /boot/modem_fsg
03-01 08:03:51.875 594 594 I vendor.rmt_storage: 4 GPT partitions found
03-01 08:03:51.875 594 594 I vendor.rmt_storage: [EFS_UNITARY] Begin --------------
03-01 08:03:51.880 572 572 I ServiceManagement: Registered vendor.qti.hardware.perf@2.0::IPerf/default (start delay of 170ms)
03-01 08:03:51.880 572 572 I ServiceManagement: Removing namespace from process name vendor.qti.hardware.perf@2.0-service to perf@2.0-service.
03-01 08:03:51.880 529 529 D sound_trigger_hw: stdev_open: Enter
03-01 08:03:51.881 529 529 E sound_trigger_hw: load_audio_hal: ERROR. /system/lib/hw/audio.primary.msm8953.so not found
03-01 08:03:51.881 529 529 D sound_trigger_hw: stdev_open: Exit status -2
03-01 08:03:51.881 529 529 E SoundTriggerHw: couldn't open sound trigger hw device in sound_trigger.primary (No such file or directory)
03-01 08:03:51.881 572 572 E vendor.qti.hardware.perf@2.0-service: Registered IPerf HAL service success!
03-01 08:03:51.884 592 592 I lowmemorykiller: Using in-kernel low memory killer interface
03-01 08:03:51.885 594 594 E vendor.rmt_storage: [EFS_UNITARY] NOT FINE EFS ALL IMAGE, now exit !
03-01 08:03:51.885 565 565 I android.hardware.wifi@1.0-service: Wifi Hal is booting up...
03-01 08:03:51.885 594 594 I vendor.rmt_storage: Capset success!
03-01 08:03:51.896 529 529 I ServiceManagement: Registered android.hardware.soundtrigger@2.2::ISoundTriggerHw/default (start delay of 397ms)
03-01 08:03:51.896 565 565 I ServiceManagement: Registered android.hardware.wifi@1.3::IWifi/default (start delay of 237ms)
03-01 08:03:51.897 529 529 I audiohalservice: Registration complete for android.hardware.soundtrigger@2.2::ISoundTriggerHw/default.
03-01 08:03:51.897 565 565 I ServiceManagement: Removing namespace from process name android.hardware.wifi@1.0-service to wifi@1.0-service.
03-01 08:03:51.899 529 529 D vndksupport: Loading /vendor/lib/hw/android.hardware.bluetooth.audio@2.0-impl.so from current namespace instead of sphal namespace.
03-01 08:03:51.900 392 392 W libc : Unable to set property "ro.telephony.call_ring.multiple" to "false": error code: 0xb
03-01 08:03:51.914 529 529 I BTAudioProviderA2dpSoftware: A2dpSoftwareAudioProvider - size of audio buffer 7168 byte(s)
03-01 08:03:51.923 529 529 E /vendor/bin/hw/android.hardware.audio@2.0-service: Failed to get IAshmemDeviceService.
