06-12 21:55:27.330 1154 1154 D SystemServerTiming: StartAppWidgetService took to complete: 4ms
06-12 21:55:27.330 1154 1154 I SystemServer: StartRoleManagerService
06-12 21:55:27.334 1154 1154 D SystemServerTiming: StartRoleManagerService took to complete: 3ms
06-12 21:55:27.334 1154 1154 I SystemServer: StartVoiceRecognitionManager
06-12 21:55:27.334 1154 1154 I SystemServiceManager: Starting com.android.server.voiceinteraction.VoiceInteractionManagerService
06-12 21:55:27.341 1154 1154 I RoleUserState: Read roles.xml successfully
06-12 21:55:27.342 1154 1154 W VoiceInteractionManagerService: Unable to resolve default voice recognition service.
06-12 21:55:27.343 1154 1154 D SystemServerTiming: StartVoiceRecognitionManager took to complete: 9ms
06-12 21:55:27.343 1154 1154 I SystemServer: StartGestureLauncher
06-12 21:55:27.343 1154 1154 I SystemServiceManager: Starting com.android.server.GestureLauncherService
06-12 21:55:27.344 1154 1154 D SystemServerTiming: StartGestureLauncher took to complete: 1ms
06-12 21:55:27.344 1154 1154 I SystemServer: StartSensorNotification
06-12 21:55:27.344 1154 1154 I SystemServiceManager: Starting com.android.server.SensorNotificationService
06-12 21:55:27.344 1154 1154 D SystemServerTiming: StartSensorNotification took to complete: 0ms
06-12 21:55:27.344 1154 1154 I SystemServer: StartContextHubSystemService
06-12 21:55:27.344 1154 1154 I SystemServiceManager: Starting com.android.server.ContextHubSystemService
06-12 21:55:27.345 1154 1154 D SystemServerTiming: StartContextHubSystemService took to complete: 1ms
06-12 21:55:27.345 1154 1186 D SystemServerInitThreadPool: Started executing Init ContextHubSystemService
06-12 21:55:27.345 1154 1154 I SystemServer: StartDiskStatsService
06-12 21:55:27.347 412 412 I hwservicemanager: getTransport: Cannot find entry android.hardware.contexthub@1.0::IContexthub/default in either framework or device manifest.
06-12 21:55:27.348 1154 1154 D SystemServerTiming: StartDiskStatsService took to complete: 3ms
06-12 21:55:27.348 1154 1154 I SystemServer: RuntimeService
06-12 21:55:27.348 1154 1186 I ContextHubService: Context Hub HAL service not found
06-12 21:55:27.348 1154 1186 D SystemServerInitThreadPool: Finished executing Init ContextHubSystemService
06-12 21:55:27.350 1154 1154 D SystemServerTiming: RuntimeService took to complete: 2ms
06-12 21:55:27.351 1154 1154 I SystemServer: StartNetworkTimeUpdateService
06-12 21:55:27.352 1154 1154 D SystemServer: Using networkTimeUpdater class=class com.android.server.NewNetworkTimeUpdateService
06-12 21:55:27.354 1154 1154 D SystemServerTiming: StartNetworkTimeUpdateService took to complete: 3ms
06-12 21:55:27.354 1154 1154 I SystemServer: CertBlacklister
06-12 21:55:27.355 1154 1154 D SystemServerTiming: CertBlacklister took to complete: 1ms
06-12 21:55:27.356 1154 1154 I SystemServer: StartEmergencyAffordanceService
06-12 21:55:27.356 1154 1154 I SystemServiceManager: Starting com.android.server.emergency.EmergencyAffordanceService
06-12 21:55:27.357 1154 1154 D SystemServerTiming: StartEmergencyAffordanceService took to complete: 0ms
06-12 21:55:27.357 1154 1154 I SystemServer: StartDreamManager
06-12 21:55:27.357 1154 1154 I SystemServiceManager: Starting com.android.server.dreams.DreamManagerService
06-12 21:55:27.360 1154 1154 D SystemServerTiming: StartDreamManager took to complete: 3ms
06-12 21:55:27.360 1154 1154 I SystemServer: AddGraphicsStatsService
06-12 21:55:27.364 1154 1154 D SystemServerTiming: AddGraphicsStatsService took to complete: 4ms
06-12 21:55:27.365 1154 1154 I SystemServer: StartPrintManager
06-12 21:55:27.365 1154 1154 I SystemServiceManager: Starting com.android.server.print.PrintManagerService
06-12 21:55:27.368 1154 1154 D SystemServerTiming: StartPrintManager took to complete: 3ms
06-12 21:55:27.368 1154 1154 I SystemServer: StartCompanionDeviceManager
06-12 21:55:27.369 1154 1154 I SystemServiceManager: Starting com.android.server.companion.CompanionDeviceManagerService
06-12 21:55:27.371 1154 1154 D SystemServerTiming: StartCompanionDeviceManager took to complete: 3ms
06-12 21:55:27.371 1154 1154 I SystemServer: StartRestrictionManager
06-12 21:55:27.371 1154 1154 I SystemServiceManager: Starting com.android.server.restrictions.RestrictionsManagerService
06-12 21:55:27.374 1154 1154 D SystemServerTiming: StartRestrictionManager took to complete: 3ms
06-12 21:55:27.374 1154 1154 I SystemServer: StartMediaSessionService
06-12 21:55:27.374 1154 1154 I SystemServiceManager: Starting com.android.server.media.MediaSessionService
06-12 21:55:27.396 1154 1154 D SystemServerTiming: StartMediaSessionService took to complete: 22ms
06-12 21:55:27.396 1154 1154 I SystemServer: StartMediaResourceMonitor
06-12 21:55:27.396 1154 1154 I SystemServiceManager: Starting com.android.server.media.MediaResourceMonitorService
06-12 21:55:27.397 1154 1154 D SystemServerTiming: StartMediaResourceMonitor took to complete: 1ms
06-12 21:55:27.397 1154 1154 I SystemServer: StartMediaRouterService
06-12 21:55:27.400 1154 1154 D SystemServerTiming: StartMediaRouterService took to complete: 3ms
06-12 21:55:27.401 1154 1154 I SystemServer: StartFingerprintSensor
06-12 21:55:27.401 1154 1154 I SystemServiceManager: Starting com.android.server.biometrics.fingerprint.FingerprintService
06-12 21:55:27.405 480 480 D libEGL : loaded /vendor/lib/egl/libGLESv1_CM_adreno.so
06-12 21:55:27.406 1154 1506 D SystemServerInitThreadPool: Started executing FingerprintService.onStart
06-12 21:55:27.406 1154 1154 D SystemServerTiming: StartFingerprintSensor took to complete: 5ms
06-12 21:55:27.406 1154 1154 I SystemServer: StartBiometricService
06-12 21:55:27.407 1154 1506 V FingerprintService: mDaemon was null, reconnect to fingerprint
06-12 21:55:27.407 1154 1154 I SystemServiceManager: Starting com.android.server.biometrics.BiometricService
06-12 21:55:27.411 1154 1506 W FingerprintService: fingerprint HIDL not available
06-12 21:55:27.411 1154 1506 D SystemServerInitThreadPool: Finished executing FingerprintService.onStart
06-12 21:55:27.411 1154 1154 D SystemServerTiming: StartBiometricService took to complete: 4ms
06-12 21:55:27.411 1154 1154 I SystemServer: StartBackgroundDexOptService
06-12 21:55:27.412 1154 1154 W BackgroundDexOptService: SysProp pm.dexopt.downgrade_after_inactive_days not set
06-12 21:55:27.412 1154 1154 D SystemServerTiming: StartBackgroundDexOptService took to complete: 1ms
06-12 21:55:27.413 1154 1154 I SystemServer: StartDynamicCodeLoggingService
06-12 21:55:27.414 1154 1154 D SystemServerTiming: StartDynamicCodeLoggingService took to complete: 1ms
06-12 21:55:27.414 1154 1154 I SystemServer: StartPruneInstantAppsJobService
06-12 21:55:27.414 480 480 D libEGL : loaded /vendor/lib/egl/libGLESv2_adreno.so
06-12 21:55:27.414 1154 1154 D SystemServerTiming: StartPruneInstantAppsJobService took to complete: 0ms
06-12 21:55:27.414 1154 1154 I SystemServer: StartShortcutServiceLifecycle
06-12 21:55:27.414 1154 1154 I SystemServiceManager: Starting com.android.server.pm.ShortcutService$Lifecycle
06-12 21:55:27.419 1154 1154 D SystemServerTiming: StartShortcutServiceLifecycle took to complete: 5ms
06-12 21:55:27.419 1154 1154 I SystemServer: StartLauncherAppsService
06-12 21:55:27.420 1154 1154 I SystemServiceManager: Starting com.android.server.pm.LauncherAppsService
06-12 21:55:27.422 1154 1154 D SystemServerTiming: StartLauncherAppsService took to complete: 3ms
06-12 21:55:27.422 1154 1154 I SystemServer: StartCrossProfileAppsService
06-12 21:55:27.422 1154 1154 I SystemServiceManager: Starting com.android.server.pm.CrossProfileAppsService
06-12 21:55:27.424 1154 1154 D SystemServerTiming: StartCrossProfileAppsService took to complete: 2ms
06-12 21:55:27.424 1154 1154 I SystemServer: StartPocketService
06-12 21:55:27.424 1154 1154 I SystemServiceManager: Starting com.android.server.pocket.PocketService
06-12 21:55:27.429 1154 1154 D SystemServerTiming: StartPocketService took to complete: 5ms
06-12 21:55:27.429 1154 1154 I SystemServer: Starting ScreenStabilization Service
06-12 21:55:27.429 1154 1154 I SystemServiceManager: Starting com.android.server.display.ScreenStabilization
06-12 21:55:27.442 1154 1154 D SystemServerTiming: Starting ScreenStabilization Service took to complete: 13ms
06-12 21:55:27.442 1154 1154 I SystemServer: StartMediaProjectionManager
06-12 21:55:27.442 1154 1154 I SystemServiceManager: Starting com.android.server.media.projection.MediaProjectionManagerService
06-12 21:55:27.448 1154 1154 V MediaRouter: Selecting route: RouteInfo{ name=Phone, description=null, status=null, category=RouteCategory{ name=System types=ROUTE_TYPE_LIVE_AUDIO ROUTE_TYPE_LIVE_VIDEO groupable=false }, supportedTypes=ROUTE_TYPE_LIVE_AUDIO ROUTE_TYPE_LIVE_VIDEO , presentationDisplay=null }
06-12 21:55:27.450 1154 1154 D SystemServerTiming: StartMediaProjectionManager took to complete: 8ms
06-12 21:55:27.450 1154 1154 I SystemServer: StartSliceManagerService
06-12 21:55:27.450 1154 1154 I SystemServiceManager: Starting com.android.server.slice.SliceManagerService$Lifecycle
06-12 21:55:27.454 1154 1154 D SystemServerTiming: StartSliceManagerService took to complete: 4ms
06-12 21:55:27.454 1154 1154 I SystemServer: StartCameraServiceProxy
06-12 21:55:27.454 1154 1154 I SystemServiceManager: Starting com.android.server.camera.CameraServiceProxy
06-12 21:55:27.457 1154 1154 D SystemServerTiming: StartCameraServiceProxy took to complete: 3ms
06-12 21:55:27.458 1154 1154 I SystemServer: StartStatsCompanionService
06-12 21:55:27.458 1154 1154 I SystemServiceManager: Starting com.android.server.stats.StatsCompanionService$Lifecycle
06-12 21:55:27.461 1154 1154 I StatsCompanionService: register thermal listener successfully
06-12 21:55:27.465 1154 1154 D SystemServerTiming: StartStatsCompanionService took to complete: 7ms
06-12 21:55:27.466 1154 1154 I SystemServer: StartIncidentCompanionService
06-12 21:55:27.466 1154 1154 I SystemServiceManager: Starting com.android.server.incident.IncidentCompanionService
06-12 21:55:27.468 1154 1154 D SystemServerTiming: StartIncidentCompanionService took to complete: 2ms
06-12 21:55:27.470 480 480 I Zygote : Preloading shared libraries...
06-12 21:55:27.482 480 480 I Zygote : Called ZygoteHooks.endPreload()
06-12 21:55:27.483 480 480 I Zygote : Installed AndroidKeyStoreProvider in 1ms.
06-12 21:55:27.488 1154 1154 I SyncManager: No initial accounts
06-12 21:55:27.488 1154 1154 I SyncManager: No initial status
06-12 21:55:27.489 1154 1154 I SyncManager: No initial statistics
06-12 21:55:27.494 1154 1154 I SystemServer: StartMmsService
06-12 21:55:27.494 1154 1154 I SystemServiceManager: Starting com.android.server.MmsServiceBroker
06-12 21:55:27.497 1154 1154 D SystemServerTiming: StartMmsService took to complete: 3ms
06-12 21:55:27.497 1154 1154 I SystemServer: StartAutoFillService
06-12 21:55:27.497 480 480 I Zygote : Warmed up JCA providers in 14ms.
06-12 21:55:27.497 480 480 D Zygote : end preload
06-12 21:55:27.498 1154 1520 D SystemServerTimingAsync: SecondaryZygotePreload took to complete: 1735ms
06-12 21:55:27.498 1154 1520 D SystemServerInitThreadPool: Finished executing SecondaryZygotePreload
06-12 21:55:27.498 1154 1154 I SystemServiceManager: Starting com.android.server.autofill.AutofillManagerService
06-12 21:55:27.501 1154 1154 D AutofillManagerService: setLogLevelFromSettings(): level=2, debug=true, verbose=false
06-12 21:55:27.502 1154 1154 D AutofillManagerService: setMaxPartitionsFromSettings(): 10
06-12 21:55:27.502 1154 1154 D AutofillManagerService: setMaxVisibleDatasetsFromSettings(): 0
06-12 21:55:27.504 1154 1180 D AutofillUI: destroySaveUiUiThread(): already destroyed
06-12 21:55:27.504 1154 1154 E AutofillManagerServiceImpl: Bad service name: com.google.android.gms/.autofill.service.AutofillService
06-12 21:55:27.504 1154 1154 D AutofillManagerServiceImpl: Reset component for user 0:com.google.android.gms/.autofill.service.AutofillService
06-12 21:55:27.506 1154 1154 D SystemServerTiming: StartAutoFillService took to complete: 9ms
06-12 21:55:27.506 1154 1154 I SystemServer: StartClipboardService
06-12 21:55:27.507 1154 1154 I SystemServiceManager: Starting com.android.server.clipboard.ClipboardService
06-12 21:55:27.509 1154 1154 D SystemServerTiming: StartClipboardService took to complete: 2ms
06-12 21:55:27.509 1154 1154 I SystemServer: AppServiceManager
06-12 21:55:27.509 1154 1154 I SystemServiceManager: Starting com.android.server.appbinding.AppBindingService$Lifecycle
06-12 21:55:27.518 1154 1154 D SystemServerTiming: AppServiceManager took to complete: 9ms
06-12 21:55:27.520 1154 1154 I LineageSystemServer: Attempting to start service org.lineageos.platform.internal.ProfileManagerService
06-12 21:55:27.531 1154 1154 I LineageSystemServer: Starting service org.lineageos.platform.internal.ProfileManagerService
06-12 21:55:27.531 1154 1154 I SystemServiceManager: Starting org.lineageos.platform.internal.ProfileManagerService
06-12 21:55:27.531 411 411 E ServiceManager: add_service('profile',9d) uid=1000 - ALREADY REGISTERED, OVERRIDE
06-12 21:55:27.531 411 411 I ServiceManager: service 'profile' died
06-12 21:55:27.535 1154 1154 V ProfileTriggerHelper: Enabling
06-12 21:55:27.539 1154 1154 D LineageProfileService: Found active: 0230226d-0d05-494a-a9bd-d222a1117655
06-12 21:55:27.544 1154 1154 D LineageProfileService: Set active profile to: 0230226d-0d05-494a-a9bd-d222a1117655 - Default
06-12 21:55:27.545 1154 1154 D LineageProfileService: Saving profile data...
06-12 21:55:27.548 1154 1154 D LineageProfileService: Save completed.
06-12 21:55:27.549 1154 1154 I LineageSystemServer: Attempting to start service org.lineageos.platform.internal.LineageHardwareService
06-12 21:55:27.554 1154 1154 I LineageSystemServer: Starting service org.lineageos.platform.internal.LineageHardwareService
06-12 21:55:27.554 1154 1154 I SystemServiceManager: Starting org.lineageos.platform.internal.LineageHardwareService
06-12 21:55:27.554 411 411 E ServiceManager: add_service('lineagehardware',9e) uid=1000 - ALREADY REGISTERED, OVERRIDE
06-12 21:55:27.554 411 411 I ServiceManager: service 'lineagehardware' died
06-12 21:55:27.555 1154 1154 I LineageSystemServer: Attempting to start service org.lineageos.platform.internal.PerformanceManagerService
06-12 21:55:27.560 1154 1154 I LineageSystemServer: Starting service org.lineageos.platform.internal.PerformanceManagerService
06-12 21:55:27.560 1154 1154 I SystemServiceManager: Starting org.lineageos.platform.internal.PerformanceManagerService
06-12 21:55:27.562 1154 1154 I LineageSystemServer: Attempting to start service org.lineageos.platform.internal.display.LiveDisplayService
06-12 21:55:27.570 1154 1154 I LineageSystemServer: Starting service org.lineageos.platform.internal.display.LiveDisplayService
06-12 21:55:27.570 1154 1154 I SystemServiceManager: Starting org.lineageos.platform.internal.display.LiveDisplayService
06-12 21:55:27.572 1154 1154 I LineageSystemServer: Attempting to start service org.lineageos.platform.internal.LineageAudioService
06-12 21:55:27.574 1154 1154 I LineageSystemServer: Starting service org.lineageos.platform.internal.LineageAudioService
06-12 21:55:27.574 1154 1154 I SystemServiceManager: Starting org.lineageos.platform.internal.LineageAudioService
06-12 21:55:27.578 1154 1154 I LineageSystemServer: Attempting to start service org.lineageos.platform.internal.TrustInterfaceService
06-12 21:55:27.582 1154 1154 I LineageSystemServer: Starting service org.lineageos.platform.internal.TrustInterfaceService
06-12 21:55:27.583 1154 1154 I SystemServiceManager: Starting org.lineageos.platform.internal.TrustInterfaceService
06-12 21:55:27.583 411 411 E ServiceManager: add_service('lineagetrust',a2) uid=1000 - ALREADY REGISTERED, OVERRIDE
06-12 21:55:27.583 411 411 I ServiceManager: service 'lineagetrust' died
06-12 21:55:27.585 412 412 I hwservicemanager: getTransport: Cannot find entry vendor.lineage.trust@1.0::IUsbRestrict/default in either framework or device manifest.
06-12 21:55:27.593 1154 1154 I LineageSystemServer: Attempting to start service org.lineageos.platform.internal.LineageSettingsService
06-12 21:55:27.593 1154 1154 I LineageSystemServer: Starting service org.lineageos.platform.internal.LineageSettingsService
06-12 21:55:27.594 1154 1154 I SystemServiceManager: Starting org.lineageos.platform.internal.LineageSettingsService
06-12 21:55:27.594 1154 1154 I SystemServer: MakeVibratorServiceReady
06-12 21:55:27.597 1154 1154 D SystemServerTiming: MakeVibratorServiceReady took to complete: 3ms
06-12 21:55:27.597 1154 1154 I SystemServer: MakeLockSettingsServiceReady
06-12 21:55:27.614 412 412 I hwservicemanager: getTransport: Cannot find entry android.hardware.weaver@1.0::IWeaver/default in either framework or device manifest.
06-12 21:55:27.614 1154 1154 I SyntheticPasswordManager: Device does not support weaver
06-12 21:55:27.615 412 412 I hwservicemanager: getTransport: Cannot find entry android.hardware.authsecret@1.0::IAuthSecret/default in either framework or device manifest.
06-12 21:55:27.616 1154 1154 I LockSettingsService: Device doesn't implement AuthSecret HAL
06-12 21:55:27.619 1154 1154 E LockSettingsStorage: Cannot read file java.io.FileNotFoundException: /data/system/gatekeeper.password.key: open failed: ENOENT (No such file or directory)
06-12 21:55:27.619 1154 1154 E LockSettingsStorage: Cannot read file java.io.FileNotFoundException: /data/system/password.key: open failed: ENOENT (No such file or directory)
06-12 21:55:27.619 1154 1154 E LockSettingsStorage: Cannot read file java.io.FileNotFoundException: /data/system/gatekeeper.pattern.key: open failed: ENOENT (No such file or directory)
06-12 21:55:27.620 1154 1154 E LockSettingsStorage: Cannot read file java.io.FileNotFoundException: /data/system/gatekeeper.gesture.key: open failed: ENOENT (No such file or directory)
06-12 21:55:27.620 1154 1154 E LockSettingsStorage: Cannot read file java.io.FileNotFoundException: /data/system/gesture.key: open failed: ENOENT (No such file or directory)
06-12 21:55:27.620 1154 1154 D SystemServerTiming: MakeLockSettingsServiceReady took to complete: 23ms
06-12 21:55:27.620 1154 1154 I SystemServer: StartBootPhaseLockSettingsReady
06-12 21:55:27.620 1154 1154 I SystemServiceManager: Starting phase 480
06-12 21:55:27.626 1154 1521 D SystemServerInitThreadPool: Started executing DevicePolicyManager
06-12 21:55:27.627 1154 1521 D SystemServerInitThreadPool: Finished executing DevicePolicyManager
06-12 21:55:27.629 1154 1154 W PocketService: Un-handled boot phase:480
06-12 21:55:27.629 1154 1154 D SystemServerTiming: StartBootPhaseLockSettingsReady took to complete: 9ms
06-12 21:55:27.629 1154 1154 I SystemServer: StartBootPhaseSystemServicesReady
06-12 21:55:27.629 1154 1154 I SystemServiceManager: Starting phase 500
06-12 21:55:27.631 1154 1154 D AppStandbyController: Setting app idle enabled state
06-12 21:55:27.646 1154 1154 D TestHarnessModeService: Setting up test harness mode
06-12 21:55:27.646 1154 1154 D TestHarnessModeService: Getting PersistentDataBlockManagerInternal from LocalServices
06-12 21:55:27.653 1154 1154 I WifiService: WifiService starting up with Wi-Fi enabled
06-12 21:55:27.658 1154 1548 I android_os_HwBinder: HwBinder: Starting thread pool for getting: android.hidl.manager@1.2::IServiceManager/default
06-12 21:55:27.661 1154 1201 D HalDevMgr: IWifi registration notification: fqName=android.hardware.wifi@1.0::IWifi, name=default, preexisting=true
06-12 21:55:27.663 1154 1548 I android_os_HwBinder: HwBinder: Starting thread pool for getting: android.hardware.wifi@1.0::IWifi/default
06-12 21:55:27.665 1154 1548 D WificondControl: tearing down interfaces in wificond
06-12 21:55:27.672 1154 1154 D WifiController: isAirplaneModeOn = false, isWifiEnabled = true, isScanningAvailable = false, isLocationModeActive = true
06-12 21:55:27.674 1154 1154 I WifiService: setWifiEnabled package=android uid=1000 enable=true
06-12 21:55:27.674 1154 1154 I WifiScanningService: Starting wifiscanner
06-12 21:55:27.677 1154 1154 I EthernetServiceImpl: Starting Ethernet service
06-12 21:55:27.682 1154 1154 D Ethernet: Registering NetworkFactory
06-12 21:55:27.682 1154 1551 D ConnectivityService: Got NetworkFactory Messenger for Ethernet
06-12 21:55:27.683 1154 1154 E IpConfigStore: Error opening configuration file: java.io.FileNotFoundException: /data/misc/ethernet/ipconfig.txt: open failed: ENOENT (No such file or directory)
06-12 21:55:27.684 1154 1589 D Ethernet: got request NetworkRequest [ REQUEST id=1, [ Capabilities: INTERNET&NOT_RESTRICTED&TRUSTED&NOT_VPN] ] with score 0 and serial -1
06-12 21:55:27.685 478 478 I netd : interfaceGetList() -> {["ip_vti0","ip6tnl0","lo","sit0","dummy0","ip6_vti0"]} <0.21ms>
06-12 21:55:27.685 1154 1589 I EthernetTracker: maybeTrackInterface ip_vti0
06-12 21:55:27.685 1154 1589 I EthernetTracker: maybeTrackInterface ip6tnl0
06-12 21:55:27.686 1154 1589 I EthernetTracker: maybeTrackInterface lo
06-12 21:55:27.686 1154 1589 I EthernetTracker: maybeTrackInterface sit0
06-12 21:55:27.686 1154 1589 I EthernetTracker: maybeTrackInterface dummy0
06-12 21:55:27.686 1154 1589 I EthernetTracker: maybeTrackInterface ip6_vti0
06-12 21:55:27.692 590 725 D PermissionCache: checking android.permission.CAPTURE_AUDIO_HOTWORD for uid=1000 => granted (144 us)
06-12 21:55:27.692 1154 1154 W SoundTriggerHelper: listModules status=0, # of modules=0
06-12 21:55:27.693 1154 1154 D ContextHubSystemService: onBootPhase: PHASE_SYSTEM_SERVICES_READY
06-12 21:55:27.695 412 412 I hwservicemanager: getTransport: Cannot find entry vendor.lineage.power@1.0::ILineagePower/default in either framework or device manifest.
06-12 21:55:27.695 1154 1154 I PowerManagerService-JNI: Couldn't load power HAL service
06-12 21:55:27.695 1154 1154 D SystemServerTiming: StartBootPhaseSystemServicesReady took to complete: 66ms
06-12 21:55:27.696 1154 1154 I SystemServer: MakeWindowManagerServiceReady
06-12 21:55:27.728 412 412 I hwservicemanager: getTransport: Cannot find entry vendor.lineage.touch@1.0::IKeyDisabler/default in either framework or device manifest.
06-12 21:55:27.745 1154 1182 I ActivityTaskManager: Config changes=20 {1.0 ?mcc?mnc [en_US] ldltr sw360dp w360dp h568dp 480dpi nrml port finger -keyb/v/h -nav/h winConfig={ mBounds=Rect(0, 0 - 1080, 1920) mAppBounds=Rect(0, 0 - 1080, 1776) mWindowingMode=fullscreen mDisplayWindowingMode=fullscreen mActivityType=undefined mAlwaysOnTop=undefined mRotation=ROTATION_0} s.6}
06-12 21:55:27.760 1154 1182 I ActivityTaskManager: Override config changes=20 {1.0 ?mcc?mnc [en_US] ldltr sw360dp w360dp h568dp 480dpi nrml port finger -keyb/v/h -nav/h winConfig={ mBounds=Rect(0, 0 - 1080, 1920) mAppBounds=Rect(0, 0 - 1080, 1776) mWindowingMode=fullscreen mDisplayWindowingMode=fullscreen mActivityType=undefined mAlwaysOnTop=undefined mRotation=ROTATION_0} s.6} for displayId=0
06-12 21:55:27.770 1154 1154 I android_os_HwBinder: HwBinder: Starting thread pool for getting: android.hardware.configstore@1.0::ISurfaceFlingerConfigs/default
06-12 21:55:27.775 1154 1154 D SystemServerTiming: MakeWindowManagerServiceReady took to complete: 79ms
06-12 21:55:27.776 1154 1154 I SystemServer: MakePowerManagerServiceReady
06-12 21:55:27.774 1154 1154 I android_os_HwBinder: HwBinder: Starting thread pool for getting: android.hardware.configstore@1.0::ISurfaceFlingerConfigs/default
06-12 21:55:27.785 1154 1547 D WifiController: WifiController msg { when=-111ms what=155656 target=com.android.internal.util.StateMachine$SmHandler } deferred for 500ms
06-12 21:55:27.785 1154 1548 D WifiActiveModeWarden: received a message in WifiDisabledState: { when=0 what=3 target=com.android.internal.util.StateMachine$SmHandler }
06-12 21:55:27.785 1154 1548 D WifiActiveModeWarden: Switching from WifiDisabledState to WifiDisabled
06-12 21:55:27.785 1154 1548 D WifiActiveModeWarden: Entering WifiDisabledState
06-12 21:55:27.789 1154 1181 I DropBoxManagerService: add tag=system_server_strictmode isTagEnabled=true flags=0x2
06-12 21:55:27.795 1154 1154 E DisplayPowerController: failed to set up display white-balance: java.lang.IllegalStateException: cannot find sensor com.google.sensor.color
06-12 21:55:27.795 1154 1181 I DropBoxManagerService: add tag=system_server_strictmode isTagEnabled=true flags=0x2
06-12 21:55:27.813 1154 1154 E LightsService: Light requested not available on this device. 2
06-12 21:55:27.812 1154 1181 I chatty : uid=1000(system) android.io identical 3 lines
06-12 21:55:27.816 1154 1181 I DropBoxManagerService: add tag=system_server_strictmode isTagEnabled=true flags=0x2
06-12 21:55:27.820 1154 1200 W KeyguardServiceDelegate: onScreenTurningOn(): no keyguard service!
06-12 21:55:27.821 1154 1181 I DropBoxManagerService: add tag=system_server_strictmode isTagEnabled=true flags=0x2
06-12 21:55:27.823 1154 1154 D SystemServerTiming: MakePowerManagerServiceReady took to complete: 47ms
06-12 21:55:27.823 1154 1154 I SystemServer: StartPermissionPolicyService
06-12 21:55:27.823 1154 1154 I SystemServiceManager: Starting com.android.server.policy.PermissionPolicyService
06-12 21:55:27.824 1154 1192 W KernelCpuProcStringReader: File not found. It's normal if not implemented: /proc/uid_concurrent_active_time
06-12 21:55:27.825 1154 1192 W KernelCpuProcStringReader: File not found. It's normal if not implemented: /proc/uid_concurrent_policy_time
06-12 21:55:27.826 1154 1181 I DropBoxManagerService: add tag=system_server_strictmode isTagEnabled=true flags=0x2
06-12 21:55:27.826 1154 1154 D SystemServerTiming: StartPermissionPolicyService took to complete: 3ms
06-12 21:55:27.826 1154 1154 I SystemServer: MakePackageManagerServiceReady
06-12 21:55:27.831 1154 1181 I DropBoxManagerService: add tag=system_server_strictmode isTagEnabled=true flags=0x2
06-12 21:55:27.833 1154 1200 V DisplayPowerController: Brightness [102] reason changing to: 'override', previous reason: '0'.
06-12 21:55:27.836 1154 1181 I DropBoxManagerService: add tag=system_server_strictmode isTagEnabled=true flags=0x2
06-12 21:55:27.849 1154 1154 I PackageManager: Un-granting permission android.permission.REQUEST_INSTALL_PACKAGES from package org.lineageos.jelly (protectionLevel=66 flags=0x30c8be45)
06-12 21:55:27.864 1154 1154 I PackageManager: Un-granting permission android.permission.CONNECTIVITY_USE_RESTRICTED_NETWORKS from package com.android.captiveportallogin (protectionLevel=18 flags=0x38c8be45)
06-12 21:55:27.864 1154 1154 I PackageManager: Un-granting permission android.permission.NETWORK_BYPASS_PRIVATE_DNS from package com.android.captiveportallogin (protectionLevel=2 flags=0x38c8be45)
06-12 21:55:27.876 1154 1154 V UserDataPreparer: Found /data/user_de/0 with serial number 0
06-12 21:55:27.876 1154 1154 V UserDataPreparer: Found /data/user/0 with serial number 0
06-12 21:55:27.876 1154 1154 V UserDataPreparer: Found /data/system_de/0 with serial number 0
06-12 21:55:27.876 1154 1154 V UserDataPreparer: Found /data/system_ce/0 with serial number 0
06-12 21:55:27.877 1154 1154 V UserDataPreparer: Found /data/misc_ce/0 with serial number 0
06-12 21:55:27.887 1154 1154 D SystemServerTiming: MakePackageManagerServiceReady took to complete: 61ms
06-12 21:55:27.887 1154 1154 I SystemServer: MakeDisplayManagerServiceReady
06-12 21:55:27.889 1154 1182 E DisplayModeDirector: Asked about unknown display, returning empty allowed set! (id=0)
06-12 21:55:27.889 1154 1182 E DisplayModeDirector: Asked about unknown display, returning empty allowed set! (id=0)
06-12 21:55:27.890 1154 1154 D SystemServerTiming: MakeDisplayManagerServiceReady took to complete: 3ms
06-12 21:55:27.890 1154 1154 I SystemServer: StartDeviceSpecificServices
06-12 21:55:27.890 1154 1154 D SystemServerTiming: StartDeviceSpecificServices took to complete: 0ms
06-12 21:55:27.890 1154 1154 I SystemServer: StartBootPhaseDeviceSpecificServicesReady
06-12 21:55:27.890 1154 1154 I SystemServiceManager: Starting phase 520
06-12 21:55:27.891 1154 1154 W PocketService: Un-handled boot phase:520
06-12 21:55:27.891 1154 1154 D SystemServerTiming: StartBootPhaseDeviceSpecificServicesReady took to complete: 1ms
06-12 21:55:27.892 1154 1154 W UsageStatsService: Event reported without a package name, eventType:15
06-12 21:55:27.893 1154 1154 I AppOps : Pruning old package system/com.android.server.appop.AppOpsService$UidState@d730953: new uid=-1
06-12 21:55:27.894 1154 1154 I ActivityManager: System now ready
06-12 21:55:27.903 1154 1154 I SystemServer: Making services ready
06-12 21:55:27.903 1154 1154 I SystemServer: StartActivityManagerReadyPhase
06-12 21:55:27.903 1154 1154 I SystemServiceManager: Starting phase 550
06-12 21:55:27.906 412 412 I hwservicemanager: getTransport: Cannot find entry android.hardware.thermal@2.0::IThermal/default in either framework or device manifest.
06-12 21:55:27.907 1154 1154 E ThermalHalWrapper: Thermal HAL 2.0 service not connected.
06-12 21:55:27.908 412 412 I hwservicemanager: getTransport: Cannot find entry android.hardware.thermal@1.1::IThermal/default in either framework or device manifest.
06-12 21:55:27.909 1154 1154 E ThermalHalWrapper: Thermal HAL 1.1 service not connected.
06-12 21:55:27.911 1154 1154 I android_os_HwBinder: HwBinder: Starting thread pool for getting: android.hardware.thermal@1.0::IThermal/default
06-12 21:55:27.913 1154 1154 I ThermalHalWrapper: Thermal HAL 1.0 service connected, no thermal call back will be called due to legacy API.
06-12 21:55:27.914 558 558 D ThermalHAL-TARGET: Entering get_temperatures
06-12 21:55:27.915 558 558 E ThermalHAL-TARGET: Unknown target identified with soc id 294
06-12 21:55:27.915 558 558 E ThermalHAL-TARGET: No target specific sensor config
06-12 21:55:27.915 558 558 D ThermalHAL-TARGET: Entering get_temperatures
06-12 21:55:27.915 558 558 E ThermalHAL-TARGET: Unknown target identified with soc id 294
06-12 21:55:27.915 558 558 E ThermalHAL-TARGET: No target specific sensor config
06-12 21:55:27.921 1154 1154 W ActivityManager: Too early to start/bind service in system_server: Phase=550 ComponentInfo{com.android.server.telecom/com.android.server.telecom.components.TelecomService}
06-12 21:55:27.921 1154 1154 W ActivityManager: Too early to start/bind service in system_server: Phase=550 ComponentInfo{com.android.server.telecom/com.android.server.telecom.components.TelecomService}
06-12 21:55:27.922 1154 1154 D BluetoothManagerService: Bluetooth boot completed
06-12 21:55:27.922 1154 1154 D BluetoothManagerService: Auto-enabling Bluetooth.
06-12 21:55:27.922 1154 1181 D BluetoothManagerService: MESSAGE_ENABLE(0): mBluetooth = null
06-12 21:55:27.924 1154 1154 D BluetoothA2dp: Binding service...
06-12 21:55:27.926 1154 1154 I BluetoothAirplaneModeListener: start
06-12 21:55:27.930 412 412 I hwservicemanager: getTransport: Cannot find entry vendor.lineage.touch@1.0::IStylusMode/default in either framework or device manifest.
06-12 21:55:27.931 412 412 I hwservicemanager: getTransport: Cannot find entry vendor.lineage.touch@1.0::IGloveMode/default in either framework or device manifest.
06-12 21:55:27.938 479 479 D Zygote : Forked child process 1593
06-12 21:55:27.942 1154 1189 I ActivityManager: Start proc 1593:com.android.bluetooth/1002 for service {com.android.bluetooth/com.android.bluetooth.btservice.AdapterService}
06-12 21:55:27.943 1593 1593 I Zygote : seccomp disabled by setenforce 0
06-12 21:55:28.066 1154 1154 W SystemServiceManager: Service com.android.server.inputmethod.InputMethodManagerService$Lifecycle took 138 ms in onBootPhase
06-12 21:55:28.070 1154 1154 I WallpaperManagerService: No static wallpaper imagery; defaults will be shown
06-12 21:55:28.070 1154 1154 V WallpaperManagerService: bindWallpaperComponentLocked: componentName=ComponentInfo{com.android.systemui/com.android.systemui.ImageWallpaper}
06-12 21:55:28.077 1154 1537 D StorageManagerService: Isolated storage local flag 0 and remote flag 0 resolved to true
06-12 21:55:28.078 1154 1154 E BitmapFactory: Unable to decode stream: java.io.FileNotFoundException: /data/system/users/0/wallpaper_orig: open failed: ENOENT (No such file or directory)
06-12 21:55:28.078 1154 1154 W WallpaperManagerService: Invalid wallpaper data
06-12 21:55:28.078 1154 1154 E WallpaperManagerService: Unable to apply new wallpaper
06-12 21:55:28.081 529 1562 D audio_hw_primary: adev_set_parameters: enter: A2dpSuspended=false
06-12 21:55:28.082 529 1562 D audio_hw_extn: audio_extn_set_anc_parameters: anc_enabled:0
06-12 21:55:28.082 529 1562 D audio_hw_spkr_prot: audio_extn_fbsp_set_parameters: Speaker protection disabled
06-12 21:55:28.082 1154 1154 W PocketService: Un-handled boot phase:550
06-12 21:55:28.083 529 1562 D audio_hw_primary: adev_set_parameters: enter: BT_SCO=off
06-12 21:55:28.083 1154 1201 I UsbPortManager: ClientCallback V1_0: otg_default
06-12 21:55:28.083 529 1562 D audio_hw_primary: route device to handset/mic when sco is off
06-12 21:55:28.083 529 1562 D audio_hw_extn: audio_extn_set_anc_parameters: anc_enabled:0
06-12 21:55:28.084 529 1562 D audio_hw_spkr_prot: audio_extn_fbsp_set_parameters: Speaker protection disabled
06-12 21:55:28.084 1154 1154 I AppBindingService: Updating constants with: null
06-12 21:55:28.085 1154 1561 D BluetoothManagerService: Creating new ProfileServiceConnections object for profile: 1
06-12 21:55:28.085 1154 1561 D BluetoothManagerService: Unable to bindService while Bluetooth is disabled
06-12 21:55:28.086 1154 1179 I UsbPortManager: USB port added: port=UsbPort{id=otg_default, supportedModes=ufpsupportedContaminantProtectionModes=0supportsEnableContaminantPresenceProtection=falsesupportsEnableContaminantPresenceDetection=false, status=UsbPortStatus{connected=true, currentMode=ufp, currentPowerRole=sink, currentDataRole=device, supportedRoleCombinations=[sink:device], contaminantDetectionStatus=0, contaminantProtectionStatus=0}, canChangeMode=false, canChangePowerRole=false, canChangeDataRole=false, connectedAtMillis=16756, lastConnectDurationMillis=0
06-12 21:55:28.092 479 479 D Zygote : Forked child process 1614
06-12 21:55:28.094 1614 1614 I Zygote : seccomp disabled by setenforce 0
06-12 21:55:28.112 1614 1614 W ndroid.systemu: Core platform API violation: Ljava/lang/reflect/Field;->accessFlags:I from Landroid/os/Build; using reflection
06-12 21:55:28.114 1154 1189 I ActivityManager: Start proc 1614:com.android.systemui/u0a170 for service {com.android.systemui/com.android.systemui.ImageWallpaper}
06-12 21:55:28.117 1154 1561 D BluetoothA2dp: Binding service...
06-12 21:55:28.131 1154 1154 I PackageManager: Un-granting permission android.permission.REQUEST_INSTALL_PACKAGES from package org.lineageos.jelly (protectionLevel=66 flags=0x30c8be45)
06-12 21:55:28.142 1154 1154 I PackageManager: Un-granting permission android.permission.CONNECTIVITY_USE_RESTRICTED_NETWORKS from package com.android.captiveportallogin (protectionLevel=18 flags=0x38c8be45)
06-12 21:55:28.142 1154 1154 I PackageManager: Un-granting permission android.permission.NETWORK_BYPASS_PRIVATE_DNS from package com.android.captiveportallogin (protectionLevel=2 flags=0x38c8be45)
06-12 21:55:28.142 1154 1154 W SystemServiceManager: Service com.android.server.policy.PermissionPolicyService took 57 ms in onBootPhase
06-12 21:55:28.142 1154 1154 D SystemServerTiming: StartActivityManagerReadyPhase took to complete: 239ms
06-12 21:55:28.142 1154 1154 I SystemServer: StartObservingNativeCrashes
06-12 21:55:28.143 590 724 D AudioPolicyManagerCustom: setForceUse() usage 0, config 0, mPhoneState 0
06-12 21:55:28.143 1154 1154 D SystemServerTiming: StartObservingNativeCrashes took to complete: 1ms
06-12 21:55:28.143 1154 1154 I SystemServer: StartSystemUI
06-12 21:55:28.143 1154 1532 D SystemServerInitThreadPool: Started executing WebViewFactoryPreparation
06-12 21:55:28.143 1154 1532 I SystemServer: WebViewFactoryPreparation
06-12 21:55:28.144 590 724 D AudioPolicyManagerCustom: setForceUse() usage 2, config 0, mPhoneState 0
06-12 21:55:28.145 590 724 I AudioFlinger: systemReady
06-12 21:55:28.158 1154 1154 D SystemServerTiming: StartSystemUI took to complete: 15ms
06-12 21:55:28.158 1154 1154 I SystemServer: MakeNetworkManagementServiceReady
06-12 21:55:28.159 1154 1532 D SystemServerTimingAsync: WebViewFactoryPreparation took to complete: 15ms
06-12 21:55:28.159 1154 1532 D SystemServerInitThreadPool: Finished executing WebViewFactoryPreparation
06-12 21:55:28.160 1154 1154 W NetworkManagement: setDataSaverMode(): already false
06-12 21:55:28.162 478 478 I netd : firewallSetFirewallType(1) <0.02ms>
06-12 21:55:28.164 1154 1154 D SystemServerTiming: MakeNetworkManagementServiceReady took to complete: 6ms
06-12 21:55:28.164 1154 1154 I SystemServer: MakeIpSecServiceReady
06-12 21:55:28.166 1154 1548 E WifiNative: Could not get Iface object for interface null
06-12 21:55:28.168 478 478 I netd : isAlive() -> {"true"} <0.01ms>
06-12 21:55:28.169 1154 1154 D IpSecService: IpSecService is ready
06-12 21:55:28.169 1154 1154 D SystemServerTiming: MakeIpSecServiceReady took to complete: 5ms
06-12 21:55:28.169 1154 1154 I SystemServer: MakeNetworkStatsServiceReady
06-12 21:55:28.172 1154 1192 E BatteryExternalStatsWorker: no controller energy info supplied for telephony
06-12 21:55:28.174 1154 1154 W BestClock: java.time.DateTimeException: Missing NTP fix
06-12 21:55:28.179 478 478 I netd : tetherGetStats() <3.04ms>
06-12 21:55:28.180 1593 1593 V AdapterServiceConfig: Adding HeadsetService
06-12 21:55:28.181 1593 1593 V AdapterServiceConfig: Adding A2dpService
06-12 21:55:28.181 1593 1593 V AdapterServiceConfig: Adding HidHostService
06-12 21:55:28.181 1593 1593 V AdapterServiceConfig: Adding PanService
06-12 21:55:28.181 1593 1593 V AdapterServiceConfig: Adding GattService
06-12 21:55:28.181 1593 1593 V AdapterServiceConfig: Adding BluetoothMapService
06-12 21:55:28.182 1593 1593 V AdapterServiceConfig: Adding HeadsetClientService
06-12 21:55:28.182 1593 1593 V AdapterServiceConfig: Adding AvrcpTargetService
06-12 21:55:28.182 1593 1593 V AdapterServiceConfig: Adding AvrcpControllerService
06-12 21:55:28.182 1593 1593 V AdapterServiceConfig: Adding SapService
06-12 21:55:28.182 1593 1593 V AdapterServiceConfig: Adding HidDeviceService
06-12 21:55:28.182 1593 1593 V AdapterServiceConfig: Adding BluetoothOppService
06-12 21:55:28.182 1593 1593 V AdapterServiceConfig: Adding BluetoothPbapService
06-12 21:55:28.184 1154 1545 W NetworkPolicy: setRestrictBackgroundUL: already false
06-12 21:55:28.194 478 478 I netd : bandwidthSetGlobalAlert(2097152) <4.74ms>
06-12 21:55:28.194 1154 1154 D SystemServerTiming: MakeNetworkStatsServiceReady took to complete: 25ms
06-12 21:55:28.195 1154 1154 I SystemServer: MakeConnectivityServiceReady
06-12 21:55:28.197 1154 1154 D ConnectivityService: requestNetwork for uid/pid:1000/1154 NetworkRequest [ REQUEST id=7, [ Capabilities: INTERNET&NOT_RESTRICTED&TRUSTED&NOT_VPN] ]
06-12 21:55:28.198 1154 1589 D Ethernet: got request NetworkRequest [ REQUEST id=7, [ Capabilities: INTERNET&NOT_RESTRICTED&TRUSTED&NOT_VPN] ] with score 0 and serial 0
06-12 21:55:28.199 1154 1154 D PermissionMonitor: Monitoring
06-12 21:55:28.200 1154 1589 D Ethernet: got request NetworkRequest [ BACKGROUND_REQUEST id=2, [ Transports: CELLULAR Capabilities: INTERNET&NOT_RESTRICTED&TRUSTED&NOT_VPN] ] with score 0 and serial 0
06-12 21:55:28.200 478 900 I netd : firewallReplaceUidChain("fw_standby", "false", []) -> {"true"} <9.33ms>
06-12 21:55:28.211 1154 1154 D PermissionMonitor: Users: 1, Apps: 20
06-12 21:55:28.212 478 900 I netd : networkSetPermissionForUser(1, [10175]) <0.03ms>
06-12 21:55:28.213 478 900 I netd : networkSetPermissionForUser(2, [10176,10177,10114,1027,10181,10182,10183,1000,1001,10122,1002,10126,10159,2000,1073,10163,10132,10165,10170]) <0.03ms>
06-12 21:55:28.213 478 900 I netd : trafficSetNetPermForUids(12, [1001,1002,1013,10114]) <0.02ms>
06-12 21:55:28.215 478 900 I netd : trafficSetNetPermForUids(4, [1000,1027,1073,2000,10111,10112,10118,10122,10127,10130,10132,10136,10140,10141,10144,10145,10153,10158,10159,10160,10165,10168,10173,10175,10177,10178,10182]) <0.01ms>
06-12 21:55:28.215 478 900 I netd : trafficSetNetPermForUids(8, [1041,1047]) <0.01ms>
06-12 21:55:28.217 478 900 I netd : trafficSetNetPermForUids(0, [1003,1063,1066,1067,1068,10000,10001,10002,10003,10004,10005,10006,10007,10008,10009,10010,10011,10012,10013,10014,10015,10016,10017,10018,10019,10020,10021,10022,10023,10024,10025,10026,10027,10028,10029,10030,10031,10032,10033,10034,10035,10036,10037,10038,10039,10040,10041,10042,10043,10044,10045,10046,10047,10048,10049,10050,10051,10052,10053,10054,10055,10056,10057,10058,10059,10060,10061,10062,10063,10064,10065,10066,10067,10068,10069,10070,10071,10072,10073,10074,10075,10076,10077,10078,10079,10080,10081,10082,10083,10084,10085,10086,10087,10088,10089,10090,10091,10092,10093,10094,10095,10096,10097,10098,10099,10100,10101,10102,10103,10104,10105,10106,10107,10108,10109,10110,10113,10115,10116,10117,10119,10120,10121,10123,10124,10125,10126,10128,10129,10131,10133,10134,10135,10137,10138,10139,10142,10143,10146,10147,10148,10149,10150,10151,10152,10154,10155,10156,10157,10161,10162,10163,10164,10166,10167,10169,10170,10171,10172,10174,10176,10179,10180,10181,10183]) <0.02ms
06-12 21:55:28.218 1154 1154 D SystemServerTiming: MakeConnectivityServiceReady took to complete: 23ms
06-12 21:55:28.218 1154 1154 I SystemServer: MakeNetworkPolicyServiceReady
06-12 21:55:28.222 751 893 D MediaCodecList: Allowing all OMX codecs
06-12 21:55:28.228 1154 1545 W BestClock: java.time.DateTimeException: Missing NTP fix
06-12 21:55:28.232 751 893 I OMXClient: IOmx service obtained
06-12 21:55:28.233 760 760 I OMXMaster: makeComponentInstance(OMX.google.aac.decoder) in android.hardwar process
06-12 21:55:28.237 478 900 I netd : firewallEnableChildChain(2, "true") <6.21ms>
06-12 21:55:28.248 751 893 I OMXClient: IOmx service obtained
06-12 21:55:28.249 760 917 I OMXMaster: makeComponentInstance(OMX.google.amrnb.decoder) in android.hardwar process
06-12 21:55:28.260 1593 1593 I : [0612/215528.260670:INFO:com_android_bluetooth_btservice_AdapterService.cpp(628)] hal_util_load_bt_library loaded HAL: btinterface=0x71c57b3440, handle=0x6c5ab552c9526935
06-12 21:55:28.262 1593 1593 D BluetoothAdapterService: onCreate()
06-12 21:55:28.262 751 893 I OMXClient: IOmx service obtained
06-12 21:55:28.263 760 917 I OMXMaster: makeComponentInstance(OMX.google.amrwb.decoder) in android.hardwar process
06-12 21:55:28.267 480 480 D Zygote : Forked child process 1650
06-12 21:55:28.269 1650 1650 I Zygote : seccomp disabled by setenforce 0
06-12 21:55:28.270 1593 1593 D AdapterState: make() - Creating AdapterState
06-12 21:55:28.271 751 893 I OMXClient: IOmx service obtained
06-12 21:55:28.272 760 917 I OMXMaster: makeComponentInstance(OMX.google.flac.decoder) in android.hardwar process
06-12 21:55:28.273 1154 1189 W ActivityManager: Slow operation: 116ms so far, now at startProcess: returned from zygote!
06-12 21:55:28.274 1154 1189 W ActivityManager: Slow operation: 117ms so far, now at startProcess: done updating battery stats
06-12 21:55:28.274 1154 1189 W ActivityManager: Slow operation: 118ms so far, now at startProcess: building log message
06-12 21:55:28.274 1154 1189 I ActivityManager: Start proc 1650:WebViewLoader-armeabi-v7a/1037 [android.webkit.WebViewLibraryLoader$RelroFileCreator] for null
06-12 21:55:28.274 1154 1189 W ActivityManager: Slow operation: 118ms so far, now at startProcess: starting to update pids map
06-12 21:55:28.274 1154 1189 W ActivityManager: Slow operation: 118ms so far, now at startProcess: done updating pids map
06-12 21:55:28.275 1154 1189 W ActivityManager: Slow operation: 118ms so far, now at startProcess: asking zygote to start proc
06-12 21:55:28.275 1593 1655 I AdapterState: OFF : entered
06-12 21:55:28.275 1593 1655 D AdapterProperties: Setting state to OFF
06-12 21:55:28.278 1593 1593 I bt_btif : init: start restricted = 0 ; niap = 0
06-12 21:55:28.278 1593 1593 D bt_osi_allocation_tracker: canary initialized
06-12 21:55:28.279 1593 1657 I : [0612/215528.279231:INFO:message_loop_thread.cc(175)] Run: message loop starting for thread bt_stack_manager_thread
06-12 21:55:28.281 1593 1657 I bt_stack_manager: event_init_stack is initializing the stack
06-12 21:55:28.286 751 893 I OMXClient: IOmx service obtained
06-12 21:55:28.287 760 917 I OMXMaster: makeComponentInstance(OMX.google.g711.alaw.decoder) in android.hardwar process
06-12 21:55:28.289 1593 1657 I : [0612/215528.289227:INFO:btif_config.cc(756)] hash_file: Disabled for multi-user
06-12 21:55:28.289 1593 1657 I : [0612/215528.289493:INFO:btif_config.cc(784)] read_checksum_file: Disabled for multi-user
06-12 21:55:28.291 1154 1547 D WifiController: DEFERRED_TOGGLE handled
06-12 21:55:28.291 1154 1547 D WifiController: StaEnabledState.enter()
06-12 21:55:28.292 1154 1548 D WifiActiveModeWarden: received a message in WifiDisabledState: { when=-1ms what=0 target=com.android.internal.util.StateMachine$SmHandler }
06-12 21:55:28.292 1154 1548 D WifiActiveModeWarden: Switching from WifiDisabledState to ClientMode
06-12 21:55:28.292 1154 1548 D WifiActiveModeWarden: Entering ClientModeActiveState
06-12 21:55:28.292 1593 1671 I bt_osi_thread: run_thread: thread id 1671, thread name alarm_default_ca started
06-12 21:55:28.293 1593 1672 I bt_osi_thread: run_thread: thread id 1672, thread name alarm_dispatcher started
06-12 21:55:28.295 1614 1614 V SystemUIService: SystemUIApplication constructed.
06-12 21:55:28.295 1154 1548 D WifiClientModeManager: entering IdleState
06-12 21:55:28.295 1154 1548 D WifiActiveModeWarden: State changed from client mode. state = 2
06-12 21:55:28.296 1593 1657 I bt_btif_core: btif_init_bluetooth entered
06-12 21:55:28.296 1593 1657 I bt_stack_config: init attempt to load stack conf from /etc/bluetooth/bt_stack.conf
06-12 21:55:28.296 751 893 I OMXClient: IOmx service obtained
06-12 21:55:28.297 760 760 I OMXMaster: makeComponentInstance(OMX.google.g711.mlaw.decoder) in android.hardwar process
06-12 21:55:28.298 479 479 D Zygote : Forked child process 1673
06-12 21:55:28.300 1593 1681 I : [0612/215528.300194:INFO:message_loop_thread.cc(175)] Run: message loop starting for thread bt_jni_thread
06-12 21:55:28.300 565 565 I android.hardware.wifi@1.0-service: Wifi HAL started
06-12 21:55:28.301 1593 1657 I bt_btif_core: btif_init_bluetooth finished
06-12 21:55:28.301 478 900 I netd : socketDestroy([]) <62.07ms>
06-12 21:55:28.301 1593 1657 I bt_stack_manager: event_init_stack finished
06-12 21:55:28.301 1593 1593 I bt_osi_wakelock: wakelock_set_os_callouts set to non-native
06-12 21:55:28.301 1593 1593 I bt_btif : get_profile_interface: id = socket
06-12 21:55:28.302 1154 1548 I WifiVendorHal: Vendor Hal started successfully
06-12 21:55:28.302 1673 1673 I Zygote : seccomp disabled by setenforce 0
06-12 21:55:28.302 1154 1549 I WifiP2pNative: Registering for interface available listener
06-12 21:55:28.302 1593 1681 E bt_btif_storage: btif_storage_get_adapter_property: Controller not ready! Unable to return Bluetooth Address
06-12 21:55:28.302 1593 1681 E BluetoothServiceJni: adapter_properties_callback: Status 1 is incorrect
06-12 21:55:28.303 1154 1154 D SystemServerTiming: MakeNetworkPolicyServiceReady took to complete: 85ms
06-12 21:55:28.303 1593 1593 I bt_btif : get_profile_interface: id = sdp
06-12 21:55:28.304 1593 1681 D AdapterProperties: Name is: Swift 2 X
06-12 21:55:28.304 1593 1681 D AdapterProperties: BT Class:5a020c
06-12 21:55:28.305 1154 1548 I android_os_HwBinder: HwBinder: Starting thread pool for getting: android.hidl.manager@1.0::IServiceManager/default
06-12 21:55:28.307 1593 1593 I BluetoothAdapterService: Phone policy enabled
06-12 21:55:28.309 1154 1549 D WifiP2pNative: P2P InterfaceAvailableListener true
06-12 21:55:28.309 1154 1549 D WifiP2pService: Wifi enabled=false, P2P Interface availability=true, Number of clients=0
06-12 21:55:28.309 1154 1549 D WifiP2pService: Wifi enabled=false, P2P Interface availability=true
06-12 21:55:28.309 1593 1593 D BluetoothActiveDeviceManager: start()
06-12 21:55:28.310 751 893 I OMXClient: IOmx service obtained
06-12 21:55:28.310 760 760 I OMXMaster: makeComponentInstance(OMX.google.gsm.decoder) in android.hardwar process
06-12 21:55:28.310 1154 1548 I SupplicantStaIfaceHal: Starting supplicant using HIDL
06-12 21:55:28.311 1154 1189 W ActivityManager: Slow operation: 154ms so far, now at startProcess: returned from zygote!
06-12 21:55:28.311 1154 1189 W ActivityManager: Slow operation: 154ms so far, now at startProcess: done updating battery stats
06-12 21:55:28.312 1154 1189 W ActivityManager: Slow operation: 155ms so far, now at startProcess: building log message
06-12 21:55:28.312 1154 1189 I ActivityManager: Start proc 1673:WebViewLoader-arm64-v8a/1037 [android.webkit.WebViewLibraryLoader$RelroFileCreator] for null
06-12 21:55:28.312 1154 1189 W ActivityManager: Slow operation: 155ms so far, now at startProcess: starting to update pids map
06-12 21:55:28.312 1154 1189 W ActivityManager: Slow operation: 155ms so far, now at startProcess: done updating pids map
06-12 21:55:28.314 1154 1548 D SupplicantStaIfaceHal: Successfully triggered start of supplicant using HIDL
06-12 21:55:28.318 1593 1686 D BluetoothActiveDeviceManager: onAudioDevicesAdded
06-12 21:55:28.319 1593 1686 D BluetoothActiveDeviceManager: Audio device added: Swift 2 X type: 1
06-12 21:55:28.319 1593 1686 D BluetoothActiveDeviceManager: Audio device added: Swift 2 X type: 2
06-12 21:55:28.319 1593 1686 D BluetoothActiveDeviceManager: Audio device added: Swift 2 X type: 18
06-12 21:55:28.319 1593 1686 D BluetoothActiveDeviceManager: Audio device added: Swift 2 X type: 15
06-12 21:55:28.319 1593 1686 D BluetoothActiveDeviceManager: Audio device added: Swift 2 X type: 15
06-12 21:55:28.319 1593 1686 D BluetoothActiveDeviceManager: Audio device added: Swift 2 X type: 16
06-12 21:55:28.319 1593 1686 D BluetoothActiveDeviceManager: Audio device added: Swift 2 X type: 18
