06-12 21:55:20.048 643 643 I ThermalEngine: thresholds_clr 10000
06-12 21:55:20.048 643 643 I ThermalEngine: actions vdd_restriction
06-12 21:55:20.048 643 643 I ThermalEngine: action_info 1
06-12 21:55:20.048 643 643 I ThermalEngine: descending
06-12 21:55:20.048 643 643 I ThermalEngine: [VDD_RSTR_MONITOR-TSENS2]
06-12 21:55:20.048 643 643 I ThermalEngine: #algo_type monitor
06-12 21:55:20.048 643 643 I ThermalEngine: sampling 1000
06-12 21:55:20.048 643 643 I ThermalEngine: sensor tsens_tz_sensor2
06-12 21:55:20.048 643 643 I ThermalEngine: thresholds 5000
06-12 21:55:20.048 643 643 I ThermalEngine: thresholds_clr 10000
06-12 21:55:20.048 643 643 I ThermalEngine: actions vdd_restriction
06-12 21:55:20.048 643 643 I ThermalEngine: action_info 1
06-12 21:55:20.048 643 643 I ThermalEngine: descending
06-12 21:55:20.048 643 643 I ThermalEngine: [VDD_RSTR_MONITOR-TSENS1]
06-12 21:55:20.048 643 643 I ThermalEngine: #algo_type monitor
06-12 21:55:20.048 643 643 I ThermalEngine: sampling 1000
06-12 21:55:20.048 643 643 I ThermalEngine: sensor tsens_tz_sensor1
06-12 21:55:20.048 643 643 I ThermalEngine: thresholds 5000
06-12 21:55:20.048 643 643 I ThermalEngine: thresholds_clr 10000
06-12 21:55:20.048 643 643 I ThermalEngine: actions vdd_restriction
06-12 21:55:20.048 643 643 I ThermalEngine: action_info 1
06-12 21:55:20.048 643 643 I ThermalEngine: descending
06-12 21:55:20.048 643 643 I ThermalEngine: [VDD_RSTR_MONITOR-TSENS0]
06-12 21:55:20.048 643 643 I ThermalEngine: #algo_type monitor
06-12 21:55:20.048 643 643 I ThermalEngine: sampling 1000
06-12 21:55:20.048 643 643 I ThermalEngine: sensor tsens_tz_sensor0
06-12 21:55:20.048 643 643 I ThermalEngine: thresholds 5000
06-12 21:55:20.048 643 643 I ThermalEngine: thresholds_clr 10000
06-12 21:55:20.048 643 643 I ThermalEngine: actions vdd_restriction
06-12 21:55:20.048 643 643 I ThermalEngine: action_info 1
06-12 21:55:20.048 643 643 I ThermalEngine: descending
06-12 21:55:20.049 643 643 I ThermalEngine: [SS-GPU]
06-12 21:55:20.049 643 643 I ThermalEngine: #algo_type ss
06-12 21:55:20.049 643 643 I ThermalEngine: temp_range 6000 10000 2000
06-12 21:55:20.049 643 643 I ThermalEngine: max_temp 45000
06-12 21:55:20.049 643 643 I ThermalEngine: offset -4000
06-12 21:55:20.050 529 529 D audio_hw_primary: adev_open: enter
06-12 21:55:20.053 529 529 D audio_hw_utils: audio_extn_utils_open_snd_mixer: snd_card_name: msm8952-snd-card-mtp
06-12 21:55:20.053 529 529 D audio_hw_utils: audio_extn_utils_open_snd_mixer: Opened sound card:0
06-12 21:55:20.053 529 529 D msm8916_platform: platform_init: Opened sound card:0
06-12 21:55:20.053 529 529 D msm8916_platform: platform_init: snd_card_name: msm8952-snd-card-mtp
06-12 21:55:20.053 529 529 D msm8916_platform: platform_init: mixer path file is /vendor/etc/mixer_paths_mtp.xml
06-12 21:55:20.055 593 593 D libEGL : loaded /vendor/lib64/egl/libGLESv1_CM_adreno.so
06-12 21:55:20.061 593 593 D libEGL : loaded /vendor/lib64/egl/libGLESv2_adreno.so
06-12 21:55:20.100 593 593 I AdrenoGLES: QUALCOMM build : 1129882, Ia9f6d49891
06-12 21:55:20.100 593 593 I AdrenoGLES: Build Date : 01/24/20
06-12 21:55:20.100 593 593 I AdrenoGLES: OpenGL ES Shader Compiler Version: EV031.27.05.03
06-12 21:55:20.100 593 593 I AdrenoGLES: Local Branch :
06-12 21:55:20.100 593 593 I AdrenoGLES: Remote Branch :
06-12 21:55:20.100 593 593 I AdrenoGLES: Remote Branch :
06-12 21:55:20.100 593 593 I AdrenoGLES: Reconstruct Branch :
06-12 21:55:20.100 593 593 I AdrenoGLES: Build Config : S L 8.0.12 AArch64
06-12 21:55:20.101 643 741 I ThermalEngine: vdd_restriction[MODEM]:0 is recorded and waiting for completing QMI registration
06-12 21:55:20.101 643 741 I ThermalEngine: vdd_restriction[ADSP]:0 is recorded and waiting for completing QMI registration
06-12 21:55:20.101 643 741 I ThermalEngine: hotplug_ktm_disable_cb: write out 0
06-12 21:55:20.121 478 478 I netd : Creating child chains: 108.8ms
06-12 21:55:20.121 478 478 I netd : Setting up OEM hooks: 0.5ms
06-12 21:55:20.153 726 726 I installd: installd firing up
06-12 21:55:20.164 649 649 E RTPServiceImpl: qpLogDiagInit <== result : 1; log_write_mutex is Initialized
06-12 21:55:20.164 649 649 E Diag_Lib: bLogRTPMSgs =0,rtpdata=0,adblog=0
06-12 21:55:20.164 649 649 E RTPServiceImpl: [IMS_AP_RTP]"RTPService callback Registraton"
06-12 21:55:20.165 649 649 I ServiceManagement: Registered vendor.qti.imsrtpservice@1.0::IRTPService/imsrtpservice (start delay of 276ms)
06-12 21:55:20.174 478 478 I netd : Setting up FirewallController hooks: 52.9ms
06-12 21:55:20.194 480 480 W zygote : JNI RegisterNativeMethods: attempt to register 0 native methods for android.media.AudioAttributes
06-12 21:55:20.197 479 479 W zygote64: JNI RegisterNativeMethods: attempt to register 0 native methods for android.media.AudioAttributes
06-12 21:55:20.221 478 478 I netd : Setting up TetherController hooks: 46.9ms
06-12 21:55:20.229 745 745 V MediaUtils: physMem: 2971750400
06-12 21:55:20.229 745 745 V MediaUtils: requested limit: 594350080
06-12 21:55:20.230 745 745 I libc : malloc_limit: Allocation limit enabled, max size 594350080 bytes
06-12 21:55:20.232 479 479 D Zygote : begin preload
06-12 21:55:20.235 479 479 I Zygote : Calling ZygoteHooks.beginPreload()
06-12 21:55:20.236 759 759 I wificond: wificond is starting up...
06-12 21:55:20.243 745 745 W /system/bin/mediaextractor: libminijail[745]: failed to get path of fd 5: No such file or directory
06-12 21:55:20.243 745 745 W /system/bin/mediaextractor: libminijail[745]: allowing syscall: connect
06-12 21:55:20.243 745 745 W /system/bin/mediaextractor: libminijail[745]: allowing syscall: fcntl
06-12 21:55:20.243 745 745 W /system/bin/mediaextractor: libminijail[745]: allowing syscall: sendto
06-12 21:55:20.244 745 745 W /system/bin/mediaextractor: libminijail[745]: allowing syscall: socket
06-12 21:55:20.244 745 745 W /system/bin/mediaextractor: libminijail[745]: allowing syscall: writev
06-12 21:55:20.245 478 478 I netd : Setting up BandwidthController hooks: 24.3ms
06-12 21:55:20.245 478 478 I netd : Setting up IdletimerController hooks: 0.2ms
06-12 21:55:20.254 745 745 W /system/bin/mediaextractor: libminijail[745]: logging seccomp filter failures
06-12 21:55:20.259 480 480 I zygote : Explicit concurrent copying GC freed 312(38KB) AllocSpace objects, 0(0B) LOS objects, 99% free, 25KB/6169KB, paused 139us total 28.734ms
06-12 21:55:20.270 480 480 I zygote : Explicit concurrent copying GC freed 9(32KB) AllocSpace objects, 0(0B) LOS objects, 99% free, 25KB/6169KB, paused 70us total 10.680ms
06-12 21:55:20.271 480 480 D Zygote32Timing: PostZygoteInitGC took to complete: 41ms
06-12 21:55:20.271 480 480 D Zygote32Timing: ZygoteInit took to complete: 41ms
06-12 21:55:20.288 480 480 I Zygote : Accepting command socket connections
06-12 21:55:20.288 478 478 I netd : Setting up StrictController hooks: 42.9ms
06-12 21:55:20.289 478 478 I ClatdController: Pre-4.9 kernel or pre-P api shipping level - disabling clat ebpf.
06-12 21:55:20.289 478 478 I netd : Initializing ClatdController: 0.1ms
06-12 21:55:20.289 478 478 I netd : Initializing traffic control: 0.1ms
06-12 21:55:20.289 479 479 D Zygote64Timing: BeginPreload took to complete: 57ms
06-12 21:55:20.290 479 479 I Zygote : Preloading classes...
06-12 21:55:20.294 479 479 W Zygote : Class not found for preloading: android.app.-$$Lambda$ActivityThread$ZXDWm3IBeFmLnFVblhB-IOZCr9o
06-12 21:55:20.364 776 789 D QCALOG : [location-mq] SRV Socket-Opend
06-12 21:55:20.366 760 760 I media.codec: mediacodecservice starting
06-12 21:55:20.371 760 760 W media.codec: libminijail[760]: failed to get path of fd 5: No such file or directory
06-12 21:55:20.372 760 760 W media.codec: libminijail[760]: allowing syscall: clock_gettime
06-12 21:55:20.372 760 760 W media.codec: libminijail[760]: allowing syscall: connect
06-12 21:55:20.372 760 760 W media.codec: libminijail[760]: allowing syscall: fcntl64
06-12 21:55:20.372 760 760 W media.codec: libminijail[760]: allowing syscall: socket
06-12 21:55:20.372 760 760 W media.codec: libminijail[760]: allowing syscall: writev
06-12 21:55:20.380 760 760 W media.codec: libminijail[760]: logging seccomp filter failures
06-12 21:55:20.399 479 479 W Zygote : Class not found for preloading: android.bluetooth.BluetoothA2dp$2
06-12 21:55:20.403 779 779 I Atfwd_Daemon: *** Starting ATFWD-daemon ***
06-12 21:55:20.408 765 765 E wifidisplayhal-service: Start with vendor binder
06-12 21:55:20.411 479 479 I PackageBackwardCompatibility: Could not find android.content.pm.AndroidTestBaseUpdater, ignoring
06-12 21:55:20.414 478 478 I netd : Enabling bandwidth control: 125.2ms
06-12 21:55:20.449 788 788 I /system/bin/tombstoned: tombstoned successfully initialized
06-12 21:55:20.457 808 808 I init.goodix.sh: type=1400 audit(0.0:11): avc: denied { execute_no_trans } for path="/vendor/bin/toybox_vendor" dev="mmcblk0p30" ino=241 scontext=u:r:init:s0 tcontext=u:object_r:vendor_toolbox_exec:s0 tclass=file permissive=1
06-12 21:55:20.461 793 793 I LOWI-8.6.0.70: [MessageQ_Client] connecting to server [/dev/socket/location/mq/location-mq-s]
06-12 21:55:20.462 793 793 I LOWI-8.6.0.70: [MessageQ_Client] connected
06-12 21:55:20.462 793 793 I LOWI-8.6.0.70: [LOWIController] loadConfigItems: Log level = 2, Cache Records = 100, max queue size = 255, fresh scan threshold = 500
06-12 21:55:20.474 787 787 I gatekeeperd: Starting gatekeeperd...
06-12 21:55:20.480 799 799 I android.hardware.biometrics.fingerprint@2.0-service-marmite: Start biometrics
06-12 21:55:20.480 799 799 D android.hardware.biometrics.fingerprint@2.0-service-marmite: Opening fingerprint hal library...
06-12 21:55:20.481 799 799 D vndksupport: Loading /vendor/lib64/hw/fingerprint.msm8937.so from current namespace instead of sphal namespace.
06-12 21:55:20.491 796 796 D LocSvc_LBSProxy: checkIfLocationExtendedClientExists] File does not Exist
06-12 21:55:20.493 805 805 I NetUtilsWrapper: Unexpected command: /system/bin/iptables -w -W 10000 -t mangle -A PREROUTING -m mark --mark 0x20 -j ACCEPT
06-12 21:55:20.514 796 817 E QMI_FW : QMUXD: WARNING qmi_qmux_if_pwr_up_init failed! rc=-6
06-12 21:55:20.569 823 823 I NetUtilsWrapper: Unexpected command: /system/bin/iptables -w -W 10000 -t mangle -D PREROUTING -m mark --mark 0x20 -j ACCEPT
06-12 21:55:20.592 478 478 I netd : Initializing RouteController: 178.1ms
06-12 21:55:20.593 478 478 D XfrmController: XfrmController::ipSecAddXfrmInterface, line=1379
06-12 21:55:20.609 529 529 E audio_route: Control 'HPHL Volume' doesn't exist - skipping
06-12 21:55:20.610 529 529 E audio_route: Control 'HPHR Volume' doesn't exist - skipping
06-12 21:55:20.611 529 529 E audio_route: Control 'RX2 MIX2 INP2' doesn't exist - skipping
06-12 21:55:20.611 529 529 E audio_route: Control 'RX1 MIX2 INP2' doesn't exist - skipping
06-12 21:55:20.612 529 529 E audio_route: Control 'SpkrMono WSA_RDAC' doesn't exist - skipping
06-12 21:55:20.612 529 529 E audio_route: Control 'SpkrMono BOOST Switch' doesn't exist - skipping
06-12 21:55:20.612 529 529 E audio_route: Control 'SpkrMono VISENSE Switch' doesn't exist - skipping
06-12 21:55:20.612 529 529 E audio_route: Control 'ADC1_INP1 Switch' doesn't exist - skipping
06-12 21:55:20.613 478 478 D XfrmController: XfrmController::ipSecRemoveTunnelInterface, line=1592
06-12 21:55:20.613 478 478 D XfrmController: deviceName=ipsec_test
06-12 21:55:20.613 529 529 E audio_route: Control 'PRI_MI2S_RX Port Mixer INT_BT_SCO_TX' doesn't exist - skipping
06-12 21:55:20.614 478 478 D XfrmController: Sending Netlink XFRM Message: XFRM_MSG_FLUSHSA
06-12 21:55:20.614 478 478 D XfrmController: Sending Netlink XFRM Message: XFRM_MSG_FLUSHPOLICY
06-12 21:55:20.614 529 529 E audio_route: Control 'INTERNAL_BT_SCO_RX Audio Mixer Multimedia6' doesn't exist - skipping
06-12 21:55:20.616 529 529 E audio_route: Control 'MI2S_DL_HL Switch' doesn't exist - skipping
06-12 21:55:20.617 529 529 E audio_route: Control 'MI2S_DL_HL Switch' doesn't exist - skipping
06-12 21:55:20.617 529 529 E audio_route: unknown enum value string 16000 for ctl Internal BTSCO SampleRate
06-12 21:55:20.620 529 529 E audio_route: unable to find sub path 'compress-offload-playback4 speaker-and-bt-sco'
06-12 21:55:20.620 529 529 E audio_route: unable to find sub path 'compress-offload-playback4 speaker-and-bt-sco-wb'
06-12 21:55:20.621 529 529 E audio_route: unable to find sub path 'compress-offload-playback5 speaker-and-bt-sco'
06-12 21:55:20.621 529 529 E audio_route: unable to find sub path 'compress-offload-playback5 speaker-and-bt-sco-wb'
06-12 21:55:20.623 529 529 E audio_route: Control 'MultiMedia8 Mixer TERT_MI2S_TX' doesn't exist - skipping
06-12 21:55:20.624 529 529 E audio_route: unknown enum value string 16000 for ctl Internal BTSCO SampleRate
06-12 21:55:20.624 529 529 E audio_route: unknown enum value string 16000 for ctl Internal BTSCO SampleRate
06-12 21:55:20.626 529 529 E audio_route: Control 'MI2S_DL_HL Switch' doesn't exist - skipping
06-12 21:55:20.626 529 529 E audio_route: unknown enum value string 16000 for ctl Internal BTSCO SampleRate
06-12 21:55:20.627 529 529 E audio_route: unknown enum value string 16000 for ctl Internal BTSCO SampleRate
06-12 21:55:20.630 529 529 E audio_route: Control 'ADC1_INP1 Switch' doesn't exist - skipping
06-12 21:55:20.630 529 529 E audio_route: Control 'SpkrMono WSA_RDAC' doesn't exist - skipping
06-12 21:55:20.631 529 529 E audio_route: Control 'SpkrMono VISENSE Switch' doesn't exist - skipping
06-12 21:55:20.634 529 529 E audio_route: Control 'MI2S_DL_HL Switch' doesn't exist - skipping
06-12 21:55:20.637 478 478 I netd : Initializing XfrmController: 44.7ms
06-12 21:55:20.640 478 478 E Netd : Unable to create netlink socket for family 5: Protocol not supported
06-12 21:55:20.640 478 478 W Netd : Unable to open qlog quota socket, check if xt_quota2 can send via UeventHandler
06-12 21:55:20.642 478 478 I libnetd_resolv: resolv_init: Initializing resolver
06-12 21:55:20.659 768 768 E QMI_FW : QMUXD: WARNING qmi_qmux_if_pwr_up_init failed! rc=-6
06-12 21:55:20.676 529 529 D msm8916_platform: Opening /sys/class/thermal/thermal_zone0/type
06-12 21:55:20.676 529 529 D msm8916_platform: Opening /sys/class/thermal/thermal_zone1/type
06-12 21:55:20.677 529 529 D msm8916_platform: Opening /sys/class/thermal/thermal_zone2/type
06-12 21:55:20.677 529 529 D msm8916_platform: Opening /sys/class/thermal/thermal_zone3/type
06-12 21:55:20.677 529 529 D msm8916_platform: Opening /sys/class/thermal/thermal_zone4/type
06-12 21:55:20.677 529 529 D msm8916_platform: Opening /sys/class/thermal/thermal_zone5/type
06-12 21:55:20.678 529 529 D msm8916_platform: Opening /sys/class/thermal/thermal_zone6/type
06-12 21:55:20.678 529 529 D msm8916_platform: Opening /sys/class/thermal/thermal_zone7/type
06-12 21:55:20.678 529 529 D msm8916_platform: Opening /sys/class/thermal/thermal_zone8/type
06-12 21:55:20.678 529 529 D msm8916_platform: Opening /sys/class/thermal/thermal_zone9/type
06-12 21:55:20.679 529 529 D msm8916_platform: Opening /sys/class/thermal/thermal_zone10/type
06-12 21:55:20.679 529 529 D msm8916_platform: Opening /sys/class/thermal/thermal_zone11/type
06-12 21:55:20.679 529 529 D msm8916_platform: Opening /sys/class/thermal/thermal_zone12/type
06-12 21:55:20.680 529 529 D msm8916_platform: Opening /sys/class/thermal/thermal_zone13/type
06-12 21:55:20.680 529 529 D msm8916_platform: Opening /sys/class/thermal/thermal_zone14/type
06-12 21:55:20.680 529 529 D msm8916_platform: Opening /sys/class/thermal/thermal_zone15/type
06-12 21:55:20.681 529 529 D msm8916_platform: Opening /sys/class/thermal/thermal_zone16/type
06-12 21:55:20.681 529 529 D msm8916_platform: Opening /sys/class/thermal/thermal_zone17/type
06-12 21:55:20.681 529 529 D msm8916_platform: Opening /sys/class/thermal/thermal_zone18/type
06-12 21:55:20.681 529 529 D msm8916_platform: Opening /sys/class/thermal/thermal_zone19/type
06-12 21:55:20.681 529 529 D audio_hw_extn: audio_extn_can_use_vbat: vbat.enabled property is set to 0
06-12 21:55:20.682 529 529 D msm8916_platform: Alac software decoder is available...removing alac from DSP decoder list
06-12 21:55:20.682 529 529 D msm8916_platform: APE software decoder is available...removing ape from DSP decoder list
06-12 21:55:20.683 529 529 D msm8916_platform: platform_set_audio_device_interface: Enter, device name:AUDIO_DEVICE_IN_BUILTIN_MIC, intf name:SLIMBUS_0, codec_type:external
06-12 21:55:20.683 529 529 E msm8916_platform: Invalid codec_type specified. Ignoring this interface entry.
06-12 21:55:20.683 529 529 D msm8916_platform: platform_set_audio_device_interface: Enter, device name:AUDIO_DEVICE_IN_BACK_MIC, intf name:SLIMBUS_0, codec_type:external
06-12 21:55:20.683 529 529 E msm8916_platform: Invalid codec_type specified. Ignoring this interface entry.
06-12 21:55:20.683 529 529 D msm8916_platform: platform_set_audio_device_interface: Enter, device name:AUDIO_DEVICE_IN_BUILTIN_MIC, intf name:TERT_MI2S, codec_type:internal
06-12 21:55:20.684 529 529 D msm8916_platform: platform_set_audio_device_interface: Matched device name:AUDIO_DEVICE_IN_BUILTIN_MIC, overwrite intf name with TERT_MI2S
06-12 21:55:20.684 529 529 D msm8916_platform: platform_set_audio_device_interface: Enter, device name:AUDIO_DEVICE_IN_BACK_MIC, intf name:TERT_MI2S, codec_type:internal
06-12 21:55:20.684 529 529 D msm8916_platform: platform_set_audio_device_interface: Matched device name:AUDIO_DEVICE_IN_BACK_MIC, overwrite intf name with TERT_MI2S
06-12 21:55:20.684 529 529 D msm8916_platform: platform_set_snd_device_backend: backend_tag_table[headphones]: old = null new = (null)
06-12 21:55:20.684 529 529 D msm8916_platform: platform_set_snd_device_backend: hw_interface_table[9] = PRI_MI2S_RX
06-12 21:55:20.684 529 529 D msm8916_platform: platform_set_snd_device_backend: backend_tag_table[bt-sco-headset-wb]: old = bt-sco-wb new = (null)
06-12 21:55:20.684 529 529 D msm8916_platform: platform_set_snd_device_backend: hw_interface_table[31] = INT_BT_SCO_RX
06-12 21:55:20.684 529 529 D msm8916_platform: platform_set_snd_device_backend: backend_tag_table[bt-sco-headset]: old = bt-sco new = (null)
06-12 21:55:20.684 529 529 D msm8916_platform: platform_set_snd_device_backend: hw_interface_table[30] = INT_BT_SCO_RX
06-12 21:55:20.684 529 529 D msm8916_platform: platform_set_snd_device_backend: backend_tag_table[line]: old = null new = (null)
06-12 21:55:20.684 529 529 D msm8916_platform: platform_set_snd_device_backend: hw_interface_table[8] = PRI_MI2S_RX
06-12 21:55:20.684 529 529 D msm8916_platform: platform_set_snd_device_backend: backend_tag_table[anc-headphones]: old = null new = (null)
06-12 21:55:20.684 529 529 D msm8916_platform: platform_set_snd_device_backend: hw_interface_table[49] = PRI_MI2S_RX
06-12 21:55:20.684 529 529 D msm8916_platform: platform_set_snd_device_backend: backend_tag_table[speaker-and-headphones]: old = null new = (null)
06-12 21:55:20.685 529 529 D msm8916_platform: platform_set_snd_device_backend: hw_interface_table[12] = PRI_MI2S_RX
06-12 21:55:20.685 529 529 D msm8916_platform: platform_set_snd_device_backend: backend_tag_table[speaker-and-line]: old = null new = (null)
06-12 21:55:20.685 529 529 D msm8916_platform: platform_set_snd_device_backend: hw_interface_table[13] = PRI_MI2S_RX
06-12 21:55:20.685 529 529 D msm8916_platform: platform_set_snd_device_backend: backend_tag_table[speaker-and-anc-headphones]: old = null new = (null)
06-12 21:55:20.685 529 529 D msm8916_platform: platform_set_snd_device_backend: hw_interface_table[53] = PRI_MI2S_RX
06-12 21:55:20.685 529 529 D msm8916_platform: platform_set_snd_device_backend: backend_tag_table[voice-headphones]: old = null new = (null)
06-12 21:55:20.685 529 529 D msm8916_platform: platform_set_snd_device_backend: hw_interface_table[24] = PRI_MI2S_RX
06-12 21:55:20.685 529 529 D msm8916_platform: platform_set_snd_device_backend: backend_tag_table[voice-anc-headphones]: old = null new = (null)
06-12 21:55:20.685 529 529 D msm8916_platform: platform_set_snd_device_backend: hw_interface_table[51] = PRI_MI2S_RX
06-12 21:55:20.685 529 529 D msm8916_platform: platform_set_snd_device_backend: backend_tag_table[voice-line]: old = null new = (null)
06-12 21:55:20.685 529 529 D msm8916_platform: platform_set_snd_device_backend: hw_interface_table[25] = PRI_MI2S_RX
06-12 21:55:20.685 529 529 D msm8916_platform: platform_set_snd_device_backend: backend_tag_table[voice-tty-full-headphones]: old = null new = (null)
06-12 21:55:20.685 529 529 D msm8916_platform: platform_set_snd_device_backend: hw_interface_table[38] = PRI_MI2S_RX
06-12 21:55:20.685 529 529 D msm8916_platform: platform_set_snd_device_backend: backend_tag_table[voice-tty-vco-headphones]: old = null new = (null)
06-12 21:55:20.685 529 529 D msm8916_platform: platform_set_snd_device_backend: hw_interface_table[39] = PRI_MI2S_RX
06-12 21:55:20.685 529 529 D msm8916_platform: platform_set_snd_device_backend: backend_tag_table[handset]: old = null new = (null)
06-12 21:55:20.685 529 529 D msm8916_platform: platform_set_snd_device_backend: hw_interface_table[1] = PRI_MI2S_RX
06-12 21:55:20.685 529 529 D msm8916_platform: platform_set_snd_device_backend: backend_tag_table[speaker]: old = null new = (null)
06-12 21:55:20.685 529 529 D msm8916_platform: platform_set_snd_device_backend: hw_interface_table[2] = PRI_MI2S_RX
06-12 21:55:20.685 529 529 D msm8916_platform: platform_set_snd_device_backend: backend_tag_table[speaker-reverse]: old = null new = (null)
06-12 21:55:20.685 529 529 D msm8916_platform: platform_set_snd_device_backend: hw_interface_table[5] = PRI_MI2S_RX
06-12 21:55:20.685 529 529 D msm8916_platform: platform_set_snd_device_backend: backend_tag_table[vbat-speaker]: old = null new = (null)
06-12 21:55:20.685 529 529 D msm8916_platform: platform_set_snd_device_backend: hw_interface_table[7] = PRI_MI2S_RX
06-12 21:55:20.685 529 529 D msm8916_platform: platform_set_snd_device_backend: backend_tag_table[voice-handset]: old = null new = (null)
06-12 21:55:20.685 529 529 D msm8916_platform: platform_set_snd_device_backend: hw_interface_table[16] = PRI_MI2S_RX
06-12 21:55:20.685 529 529 D msm8916_platform: platform_set_snd_device_backend: backend_tag_table[voice-speaker]: old = null new = (null)
06-12 21:55:20.686 529 529 D msm8916_platform: platform_set_snd_device_backend: hw_interface_table[17] = PRI_MI2S_RX
06-12 21:55:20.686 529 529 D msm8916_platform: platform_set_snd_device_backend: backend_tag_table[vbat-voice-speaker]: old = vbat-voice-speaker new = (null)
06-12 21:55:20.686 529 529 D msm8916_platform: platform_set_snd_device_backend: hw_interface_table[20] = PRI_MI2S_RX
06-12 21:55:20.686 529 529 D msm8916_platform: platform_set_snd_device_backend: backend_tag_table[voice-speaker-2]: old = null new = (null)
06-12 21:55:20.686 529 529 D msm8916_platform: platform_set_snd_device_backend: hw_interface_table[21] = PRI_MI2S_RX
06-12 21:55:20.686 529 529 D msm8916_platform: platform_set_snd_device_backend: backend_tag_table[vbat-voice-speaker-2]: old = vbat-voice-speaker-2 new = (null)
06-12 21:55:20.686 529 529 D msm8916_platform: platform_set_snd_device_backend: hw_interface_table[23] = PRI_MI2S_RX
06-12 21:55:20.686 529 529 D msm8916_platform: platform_set_snd_device_backend: backend_tag_table[voice-tty-hco-handset]: old = null new = (null)
06-12 21:55:20.686 529 529 D msm8916_platform: platform_set_snd_device_backend: hw_interface_table[40] = PRI_MI2S_RX
06-12 21:55:20.686 529 529 D msm8916_platform: platform_set_snd_device_backend: backend_tag_table[anc-fb-headphones]: old = null new = (null)
06-12 21:55:20.686 529 529 D msm8916_platform: platform_set_snd_device_backend: hw_interface_table[50] = PRI_MI2S_RX
06-12 21:55:20.686 529 529 D msm8916_platform: platform_set_snd_device_backend: backend_tag_table[voice-anc-fb-headphones]: old = null new = (null)
06-12 21:55:20.686 529 529 D msm8916_platform: platform_set_snd_device_backend: hw_interface_table[52] = PRI_MI2S_RX
06-12 21:55:20.686 529 529 D msm8916_platform: platform_set_snd_device_backend: backend_tag_table[anc-handset]: old = null new = (null)
06-12 21:55:20.686 529 529 D msm8916_platform: platform_set_snd_device_backend: hw_interface_table[54] = PRI_MI2S_RX
06-12 21:55:20.686 529 529 D msm8916_platform: platform_set_snd_device_backend: backend_tag_table[speaker-protected]: old = null new = (null)
06-12 21:55:20.686 529 529 D msm8916_platform: platform_set_snd_device_backend: hw_interface_table[55] = PRI_MI2S_RX
06-12 21:55:20.686 529 529 D msm8916_platform: platform_set_snd_device_backend: backend_tag_table[voice-speaker-protected]: old = null new = (null)
06-12 21:55:20.686 529 529 D msm8916_platform: platform_set_snd_device_backend: hw_interface_table[56] = PRI_MI2S_RX
06-12 21:55:20.686 529 529 D msm8916_platform: platform_set_snd_device_backend: backend_tag_table[voice-speaker-2-protected]: old = null new = (null)
06-12 21:55:20.686 529 529 D msm8916_platform: platform_set_snd_device_backend: hw_interface_table[57] = PRI_MI2S_RX
06-12 21:55:20.686 529 529 D msm8916_platform: platform_set_snd_device_backend: backend_tag_table[speaker-protected-vbat]: old = null new = (null)
06-12 21:55:20.686 529 529 D msm8916_platform: platform_set_snd_device_backend: hw_interface_table[59] = PRI_MI2S_RX
06-12 21:55:20.686 529 529 D msm8916_platform: platform_set_snd_device_backend: backend_tag_table[voice-speaker-protected-vbat]: old = null new = (null)
06-12 21:55:20.686 529 529 D msm8916_platform: platform_set_snd_device_backend: hw_interface_table[60] = PRI_MI2S_RX
06-12 21:55:20.686 529 529 D msm8916_platform: platform_set_snd_device_backend: backend_tag_table[voice-speaker-2-protected-vbat]: old = null new = (null)
06-12 21:55:20.687 529 529 D msm8916_platform: platform_set_snd_device_backend: hw_interface_table[61] = PRI_MI2S_RX
06-12 21:55:20.687 529 529 D msm8916_platform: platform_set_snd_device_backend: backend_tag_table[wsa-speaker]: old = null new = (null)
06-12 21:55:20.687 529 529 D msm8916_platform: platform_set_snd_device_backend: hw_interface_table[6] = PRI_MI2S_RX
06-12 21:55:20.687 529 529 D msm8916_platform: platform_set_snd_device_backend: backend_tag_table[wsa-voice-speaker]: old = null new = (null)
06-12 21:55:20.687 529 529 D msm8916_platform: platform_set_snd_device_backend: hw_interface_table[19] = PRI_MI2S_RX
06-12 21:55:20.687 529 529 D msm8916_platform: platform_set_snd_device_backend: backend_tag_table[wsa-voice-speaker-2]: old = null new = (null)
06-12 21:55:20.687 529 529 D msm8916_platform: platform_set_snd_device_backend: hw_interface_table[22] = PRI_MI2S_RX
06-12 21:55:20.687 529 529 D msm8916_platform: platform_set_snd_device_backend: backend_tag_table[handset-mic]: old = null new = (null)
06-12 21:55:20.687 529 529 D msm8916_platform: platform_set_snd_device_backend: hw_interface_table[68] = TERT_MI2S_TX
06-12 21:55:20.687 529 529 D msm8916_platform: platform_set_snd_device_backend: backend_tag_table[handset-mic-ext]: old = null new = (null)
06-12 21:55:20.687 529 529 D msm8916_platform: platform_set_snd_device_backend: hw_interface_table[69] = TERT_MI2S_TX
06-12 21:55:20.687 529 529 D msm8916_platform: platform_set_snd_device_backend: backend_tag_table[handset-mic]: old = null new = (null)
06-12 21:55:20.687 529 529 D msm8916_platform: platform_set_snd_device_backend: hw_interface_table[70] = TERT_MI2S_TX
06-12 21:55:20.687 529 529 D msm8916_platform: platform_set_snd_device_backend: backend_tag_table[handset-mic]: old = null new = (null)
06-12 21:55:20.687 529 529 D msm8916_platform: platform_set_snd_device_backend: hw_interface_table[71] = TERT_MI2S_TX
06-12 21:55:20.687 529 529 D msm8916_platform: platform_set_snd_device_backend: backend_tag_table[handset-mic]: old = null new = (null)
06-12 21:55:20.687 529 529 D msm8916_platform: platform_set_snd_device_backend: hw_interface_table[72] = TERT_MI2S_TX
06-12 21:55:20.687 529 529 D msm8916_platform: platform_set_snd_device_backend: backend_tag_table[dmic-endfire]: old = null new = (null)
06-12 21:55:20.687 529 529 D msm8916_platform: platform_set_snd_device_backend: hw_interface_table[73] = TERT_MI2S_TX
06-12 21:55:20.687 529 529 D msm8916_platform: platform_set_snd_device_backend: backend_tag_table[dmic-endfire]: old = null new = (null)
06-12 21:55:20.687 529 529 D msm8916_platform: platform_set_snd_device_backend: hw_interface_table[74] = TERT_MI2S_TX
06-12 21:55:20.687 529 529 D msm8916_platform: platform_set_snd_device_backend: backend_tag_table[dmic-endfire]: old = null new = (null)
06-12 21:55:20.687 529 529 D msm8916_platform: platform_set_snd_device_backend: hw_interface_table[75] = TERT_MI2S_TX
06-12 21:55:20.687 529 529 D msm8916_platform: platform_set_snd_device_backend: backend_tag_table[dmic-endfire]: old = null new = (null)
06-12 21:55:20.687 529 529 D msm8916_platform: platform_set_snd_device_backend: hw_interface_table[76] = TERT_MI2S_TX
06-12 21:55:20.687 529 529 D msm8916_platform: platform_set_snd_device_backend: backend_tag_table[speaker-mic]: old = null new = (null)
06-12 21:55:20.688 529 529 D msm8916_platform: platform_set_snd_device_backend: hw_interface_table[77] = TERT_MI2S_TX
06-12 21:55:20.688 529 529 D msm8916_platform: platform_set_snd_device_backend: backend_tag_table[speaker-mic]: old = null new = (null)
06-12 21:55:20.688 529 529 D msm8916_platform: platform_set_snd_device_backend: hw_interface_table[78] = TERT_MI2S_TX
06-12 21:55:20.688 529 529 D msm8916_platform: platform_set_snd_device_backend: backend_tag_table[speaker-mic]: old = null new = (null)
06-12 21:55:20.688 529 529 D msm8916_platform: platform_set_snd_device_backend: hw_interface_table[79] = TERT_MI2S_TX
06-12 21:55:20.688 529 529 D msm8916_platform: platform_set_snd_device_backend: backend_tag_table[speaker-mic]: old = null new = (null)
06-12 21:55:20.688 529 529 D msm8916_platform: platform_set_snd_device_backend: hw_interface_table[80] = TERT_MI2S_TX
06-12 21:55:20.688 529 529 D msm8916_platform: platform_set_snd_device_backend: backend_tag_table[speaker-dmic-endfire]: old = null new = (null)
06-12 21:55:20.688 529 529 D msm8916_platform: platform_set_snd_device_backend: hw_interface_table[81] = TERT_MI2S_TX
06-12 21:55:20.688 529 529 D msm8916_platform: platform_set_snd_device_backend: backend_tag_table[speaker-dmic-endfire]: old = null new = (null)
06-12 21:55:20.688 529 529 D msm8916_platform: platform_set_snd_device_backend: hw_interface_table[82] = TERT_MI2S_TX
06-12 21:55:20.688 529 529 D msm8916_platform: platform_set_snd_device_backend: backend_tag_table[speaker-dmic-endfire]: old = null new = (null)
06-12 21:55:20.688 529 529 D msm8916_platform: platform_set_snd_device_backend: hw_interface_table[83] = TERT_MI2S_TX
06-12 21:55:20.688 529 529 D msm8916_platform: platform_set_snd_device_backend: backend_tag_table[speaker-dmic-endfire]: old = null new = (null)
06-12 21:55:20.688 529 529 D msm8916_platform: platform_set_snd_device_backend: hw_interface_table[84] = TERT_MI2S_TX
06-12 21:55:20.688 529 529 D msm8916_platform: platform_set_snd_device_backend: backend_tag_table[headset-mic]: old = null new = (null)
06-12 21:55:20.688 529 529 D msm8916_platform: platform_set_snd_device_backend: hw_interface_table[85] = TERT_MI2S_TX
06-12 21:55:20.688 529 529 D msm8916_platform: platform_set_snd_device_backend: backend_tag_table[headset-mic]: old = null new = (null)
06-12 21:55:20.688 529 529 D msm8916_platform: platform_set_snd_device_backend: hw_interface_table[86] = TERT_MI2S_TX
06-12 21:55:20.688 529 529 D msm8916_platform: platform_set_snd_device_backend: backend_tag_table[voice-speaker-mic]: old = null new = (null)
06-12 21:55:20.688 529 529 D msm8916_platform: platform_set_snd_device_backend: hw_interface_table[87] = TERT_MI2S_TX
06-12 21:55:20.688 529 529 D msm8916_platform: platform_set_snd_device_backend: backend_tag_table[voice-headset-mic]: old = null new = (null)
06-12 21:55:20.689 529 529 D msm8916_platform: platform_set_snd_device_backend: hw_interface_table[88] = TERT_MI2S_TX
06-12 21:55:20.689 529 529 D msm8916_platform: platform_set_snd_device_backend: backend_tag_table[camcorder-mic]: old = null new = (null)
06-12 21:55:20.689 529 529 D msm8916_platform: platform_set_snd_device_backend: hw_interface_table[94] = TERT_MI2S_TX
06-12 21:55:20.689 529 529 D msm8916_platform: platform_set_snd_device_backend: backend_tag_table[voice-dmic-ef]: old = null new = (null)
06-12 21:55:20.689 529 529 D msm8916_platform: platform_set_snd_device_backend: hw_interface_table[95] = TERT_MI2S_TX
06-12 21:55:20.689 529 529 D msm8916_platform: platform_set_snd_device_backend: backend_tag_table[voice-speaker-dmic-ef]: old = null new = (null)
06-12 21:55:20.689 529 529 D msm8916_platform: platform_set_snd_device_backend: hw_interface_table[96] = TERT_MI2S_TX
06-12 21:55:20.689 529 529 D msm8916_platform: platform_set_snd_device_backend: backend_tag_table[voice-speaker-qmic]: old = null new = (null)
06-12 21:55:20.689 529 529 D msm8916_platform: platform_set_snd_device_backend: hw_interface_table[98] = TERT_MI2S_TX
06-12 21:55:20.689 529 529 D msm8916_platform: platform_set_snd_device_backend: backend_tag_table[voice-tty-full-headset-mic]: old = null new = (null)
06-12 21:55:20.689 529 529 D msm8916_platform: platform_set_snd_device_backend: hw_interface_table[99] = TERT_MI2S_TX
06-12 21:55:20.689 529 529 D msm8916_platform: platform_set_snd_device_backend: backend_tag_table[voice-tty-vco-handset-mic]: old = null new = (null)
06-12 21:55:20.689 529 529 D msm8916_platform: platform_set_snd_device_backend: hw_interface_table[100] = TERT_MI2S_TX
06-12 21:55:20.689 529 529 D msm8916_platform: platform_set_snd_device_backend: backend_tag_table[voice-tty-hco-headset-mic]: old = null new = (null)
06-12 21:55:20.689 529 529 D msm8916_platform: platform_set_snd_device_backend: hw_interface_table[101] = TERT_MI2S_TX
06-12 21:55:20.689 529 529 D msm8916_platform: platform_set_snd_device_backend: backend_tag_table[voice-rec-mic]: old = null new = (null)
06-12 21:55:20.689 529 529 D msm8916_platform: platform_set_snd_device_backend: hw_interface_table[102] = TERT_MI2S_TX
06-12 21:55:20.689 529 529 D msm8916_platform: platform_set_snd_device_backend: backend_tag_table[voice-rec-mic]: old = null new = (null)
06-12 21:55:20.689 529 529 D msm8916_platform: platform_set_snd_device_backend: hw_interface_table[103] = TERT_MI2S_TX
06-12 21:55:20.689 529 529 D msm8916_platform: platform_set_snd_device_backend: backend_tag_table[voice-rec-dmic-ef]: old = null new = (null)
06-12 21:55:20.689 529 529 D msm8916_platform: platform_set_snd_device_backend: hw_interface_table[104] = TERT_MI2S_TX
06-12 21:55:20.689 529 529 D msm8916_platform: platform_set_snd_device_backend: backend_tag_table[voice-rec-dmic-ef-fluence]: old = null new = (null)
06-12 21:55:20.690 529 529 D msm8916_platform: platform_set_snd_device_backend: hw_interface_table[105] = TERT_MI2S_TX
06-12 21:55:20.690 529 529 D msm8916_platform: platform_set_snd_device_backend: backend_tag_table[aanc-handset-mic]: old = null new = (null)
06-12 21:55:20.690 529 529 D msm8916_platform: platform_set_snd_device_backend: hw_interface_table[113] = TERT_MI2S_TX
06-12 21:55:20.690 529 529 D msm8916_platform: platform_set_snd_device_backend: backend_tag_table[quad-mic]: old = null new = (null)
06-12 21:55:20.690 529 529 D msm8916_platform: platform_set_snd_device_backend: hw_interface_table[114] = TERT_MI2S_TX
06-12 21:55:20.690 529 529 D msm8916_platform: platform_set_snd_device_backend: backend_tag_table[handset-stereo-dmic-ef]: old = null new = (null)
06-12 21:55:20.690 529 529 D msm8916_platform: platform_set_snd_device_backend: hw_interface_table[115] = TERT_MI2S_TX
06-12 21:55:20.690 529 529 D msm8916_platform: platform_set_snd_device_backend: backend_tag_table[speaker-stereo-dmic-ef]: old = null new = (null)
06-12 21:55:20.690 529 529 D msm8916_platform: platform_set_snd_device_backend: hw_interface_table[116] = TERT_MI2S_TX
06-12 21:55:20.690 529 529 D msm8916_platform: platform_set_snd_device_backend: backend_tag_table[vi-feedback]: old = null new = (null)
06-12 21:55:20.690 529 529 D msm8916_platform: platform_set_snd_device_backend: hw_interface_table[117] = SENARY_MI2S_TX
06-12 21:55:20.690 529 529 D msm8916_platform: platform_set_snd_device_backend: backend_tag_table[vi-feedback-mono-1]: old = null new = (null)
06-12 21:55:20.690 529 529 D msm8916_platform: platform_set_snd_device_backend: hw_interface_table[118] = SENARY_MI2S_TX
06-12 21:55:20.690 529 529 D msm8916_platform: platform_set_snd_device_backend: backend_tag_table[vi-feedback-mono-2]: old = null new = (null)
06-12 21:55:20.690 529 529 D msm8916_platform: platform_set_snd_device_backend: hw_interface_table[119] = SENARY_MI2S_TX
06-12 21:55:20.690 529 529 D msm8916_platform: platform_set_snd_device_backend: backend_tag_table[voice-speaker-dmic-broadside]: old = null new = (null)
06-12 21:55:20.690 529 529 D msm8916_platform: platform_set_snd_device_backend: hw_interface_table[120] = TERT_MI2S_TX
06-12 21:55:20.690 529 529 D msm8916_platform: platform_set_snd_device_backend: backend_tag_table[speaker-dmic-broadside]: old = null new = (null)
06-12 21:55:20.690 529 529 D msm8916_platform: platform_set_snd_device_backend: hw_interface_table[121] = TERT_MI2S_TX
06-12 21:55:20.690 529 529 D msm8916_platform: platform_set_snd_device_backend: backend_tag_table[speaker-dmic-broadside]: old = null new = (null)
06-12 21:55:20.690 529 529 D msm8916_platform: platform_set_snd_device_backend: hw_interface_table[122] = TERT_MI2S_TX
06-12 21:55:20.690 529 529 D msm8916_platform: platform_set_snd_device_backend: backend_tag_table[speaker-dmic-broadside]: old = null new = (null)
06-12 21:55:20.691 529 529 D msm8916_platform: platform_set_snd_device_backend: hw_interface_table[123] = TERT_MI2S_TX
06-12 21:55:20.691 529 529 D msm8916_platform: platform_set_snd_device_backend: backend_tag_table[speaker-dmic-broadside]: old = null new = (null)
06-12 21:55:20.691 529 529 D msm8916_platform: platform_set_snd_device_backend: hw_interface_table[124] = TERT_MI2S_TX
06-12 21:55:20.691 529 529 D msm8916_platform: platform_set_snd_device_backend: backend_tag_table[aanc-fluence-dmic-handset]: old = null new = (null)
06-12 21:55:20.691 529 529 D msm8916_platform: platform_set_snd_device_backend: hw_interface_table[125] = TERT_MI2S_TX
06-12 21:55:20.691 529 529 D msm8916_platform: platform_set_snd_device_backend: backend_tag_table[quad-mic]: old = null new = (null)
06-12 21:55:20.691 529 529 D msm8916_platform: platform_set_snd_device_backend: hw_interface_table[126] = TERT_MI2S_TX
06-12 21:55:20.691 529 529 D msm8916_platform: platform_set_snd_device_backend: backend_tag_table[quad-mic]: old = null new = (null)
06-12 21:55:20.691 529 529 D msm8916_platform: platform_set_snd_device_backend: hw_interface_table[127] = TERT_MI2S_TX
06-12 21:55:20.691 529 529 D msm8916_platform: platform_set_snd_device_backend: backend_tag_table[quad-mic]: old = null new = (null)
06-12 21:55:20.691 529 529 D msm8916_platform: platform_set_snd_device_backend: hw_interface_table[128] = TERT_MI2S_TX
06-12 21:55:20.691 529 529 D msm8916_platform: platform_set_snd_device_backend: backend_tag_table[quad-mic]: old = null new = (null)
06-12 21:55:20.691 529 529 D msm8916_platform: platform_set_snd_device_backend: hw_interface_table[129] = TERT_MI2S_TX
06-12 21:55:20.691 529 529 D msm8916_platform: platform_set_snd_device_backend: backend_tag_table[three-mic]: old = null new = (null)
06-12 21:55:20.691 529 529 D msm8916_platform: platform_set_snd_device_backend: hw_interface_table[130] = TERT_MI2S_TX
06-12 21:55:20.691 529 529 D msm8916_platform: platform_set_snd_device_backend: backend_tag_table[three-mic]: old = null new = (null)
06-12 21:55:20.691 529 529 D msm8916_platform: platform_set_snd_device_backend: hw_interface_table[132] = TERT_MI2S_TX
06-12 21:55:20.691 529 529 D msm8916_platform: platform_set_snd_device_backend: backend_tag_table[three-mic]: old = null new = (null)
06-12 21:55:20.691 529 529 D msm8916_platform: platform_set_snd_device_backend: hw_interface_table[136] = TERT_MI2S_TX
06-12 21:55:20.691 529 529 D msm8916_platform: platform_set_snd_device_backend: backend_tag_table[unprocessed-mic]: old = null new = (null)
06-12 21:55:20.691 529 529 D msm8916_platform: platform_set_snd_device_backend: hw_interface_table[137] = TERT_MI2S_TX
06-12 21:55:20.691 529 529 D msm8916_platform: platform_set_snd_device_backend: backend_tag_table[voice-rec-dmic-ef]: old = null new = (null)
06-12 21:55:20.692 529 529 D msm8916_platform: platform_set_snd_device_backend: hw_interface_table[138] = TERT_MI2S_TX
06-12 21:55:20.692 529 529 D msm8916_platform: platform_set_snd_device_backend: backend_tag_table[three-mic]: old = null new = (null)
06-12 21:55:20.692 529 529 D msm8916_platform: platform_set_snd_device_backend: hw_interface_table[139] = TERT_MI2S_TX
06-12 21:55:20.692 529 529 D msm8916_platform: platform_set_snd_device_backend: backend_tag_table[quad-mic]: old = null new = (null)
06-12 21:55:20.692 529 529 D msm8916_platform: platform_set_snd_device_backend: hw_interface_table[140] = TERT_MI2S_TX
06-12 21:55:20.692 529 529 D msm8916_platform: platform_set_snd_device_backend: backend_tag_table[headset-mic]: old = null new = (null)
06-12 21:55:20.692 529 529 D msm8916_platform: platform_set_snd_device_backend: hw_interface_table[141] = TERT_MI2S_TX
06-12 21:55:20.692 529 529 D msm8916_platform: platform_set_snd_device_backend: backend_tag_table[voice-speaker-and-voice-headphones]: old = speaker-and-headphones new = (null)
06-12 21:55:20.692 529 529 D msm8916_platform: platform_set_snd_device_backend: hw_interface_table[64] = PRI_MI2S_RX
06-12 21:55:20.692 529 529 D msm8916_platform: platform_set_snd_device_backend: backend_tag_table[voice-speaker-and-voice-anc-headphones]: old = speaker-and-headphones new = (null)
06-12 21:55:20.692 529 529 D msm8916_platform: platform_set_snd_device_backend: hw_interface_table[65] = PRI_MI2S_RX
06-12 21:55:20.692 529 529 D msm8916_platform: platform_set_snd_device_backend: backend_tag_table[speaker-and-bt-sco]: old = null new = speaker-and-bt-sco
06-12 21:55:20.692 529 529 D msm8916_platform: platform_set_snd_device_backend: hw_interface_table[34] = PRI_MI2S_RX-and-INT_BT_SCO_RX
06-12 21:55:20.692 529 529 D msm8916_platform: platform_set_snd_device_backend: backend_tag_table[speaker-and-bt-sco-wb]: old = null new = speaker-and-bt-sco-wb
06-12 21:55:20.692 529 529 D msm8916_platform: platform_set_snd_device_backend: hw_interface_table[35] = PRI_MI2S_RX-and-INT_BT_SCO_RX
06-12 21:55:20.692 529 529 D msm8916_platform: platform_set_snd_device_backend: backend_tag_table[wsa-speaker-and-bt-sco]: old = null new = wsa-speaker-and-bt-sco
06-12 21:55:20.692 529 529 D msm8916_platform: platform_set_snd_device_backend: hw_interface_table[36] = PRI_MI2S_RX-and-INT_BT_SCO_RX
06-12 21:55:20.692 529 529 D msm8916_platform: platform_set_snd_device_backend: backend_tag_table[wsa-speaker-and-bt-sco-wb]: old = null new = wsa-speaker-and-bt-sco-wb
06-12 21:55:20.692 529 529 D msm8916_platform: platform_set_snd_device_backend: hw_interface_table[37] = PRI_MI2S_RX-and-INT_BT_SCO_RX
06-12 21:55:20.697 784 784 I mm-camera: < INFO> 420: init: memleak lib init.
06-12 21:55:20.697 784 784 I mm-camera: < INFO> 439: init: memleak tracer not attached
06-12 21:55:20.708 773 773 I /apex/com.android.media.swcodec/bin/mediaswcodec: media swcodec service starting
06-12 21:55:20.713 773 773 W /apex/com.android.media.swcodec/bin/mediaswcodec: Could not read additional policy file '/vendor/etc/seccomp_policy/mediaswcodec.policy'
06-12 21:55:20.714 773 773 W /apex/com.android.media.swcodec/bin/mediaswcodec: libminijail[773]: failed to get path of fd 5: No such file or directory
06-12 21:55:20.714 773 773 W /apex/com.android.media.swcodec/bin/mediaswcodec: libminijail[773]: allowing syscall: connect
06-12 21:55:20.714 773 773 W /apex/com.android.media.swcodec/bin/mediaswcodec: libminijail[773]: allowing syscall: fcntl
06-12 21:55:20.714 773 773 W /apex/com.android.media.swcodec/bin/mediaswcodec: libminijail[773]: allowing syscall: sendto
06-12 21:55:20.714 773 773 W /apex/com.android.media.swcodec/bin/mediaswcodec: libminijail[773]: allowing syscall: socket
06-12 21:55:20.714 773 773 W /apex/com.android.media.swcodec/bin/mediaswcodec: libminijail[773]: allowing syscall: writev
06-12 21:55:20.715 773 773 W /apex/com.android.media.swcodec/bin/mediaswcodec: libminijail[773]: logging seccomp filter failures
06-12 21:55:20.718 784 784 E mm-camera: 385: eebin_read: failed!
06-12 21:55:20.718 784 784 E mm-camera: 385: eebin_read: failed!
06-12 21:55:20.718 784 784 E mm-camera: 607: sensor_init_probe: failed: to probe eeprom bin sensors (non-fatal)
06-12 21:55:20.720 529 529 E msm8916_platform: platform_init: dlsym error undefined symbol: acdb_loader_init_v4 for acdb_loader_init_v4
06-12 21:55:20.721 529 529 E platform_info: param tag only supported with CONFIG_PARAMS section
06-12 21:55:20.721 529 529 E platform_info: param tag only supported with CONFIG_PARAMS section
06-12 21:55:20.725 529 529 E audio_hw_acdb: acdb_init_v2: dlsym error undefined symbol: acdb_loader_init_v4 for acdb_loader_init_v4
06-12 21:55:20.726 529 529 D ACDB-LOADER: ACDB -> No .acdb files found in /vendor/etc/acdbdata!
06-12 21:55:20.726 529 529 D ACDB-LOADER: ACDB -> found 0 form factor & soundcard independant files
06-12 21:55:20.726 529 529 D ACDB-LOADER: ACDB -> Load file: /vendor/etc/acdbdata/MTP/MTP_Bluetooth_cal.acdb
06-12 21:55:20.726 529 529 D ACDB-LOADER: ACDB -> Load file: /vendor/etc/acdbdata/MTP/MTP_General_cal.acdb
06-12 21:55:20.727 529 529 D ACDB-LOADER: ACDB -> Load file: /vendor/etc/acdbdata/MTP/MTP_Global_cal.acdb
06-12 21:55:20.727 529 529 D ACDB-LOADER: ACDB -> Load file: /vendor/etc/acdbdata/MTP/MTP_Handset_cal.acdb
06-12 21:55:20.727 529 529 D ACDB-LOADER: ACDB -> Load file: /vendor/etc/acdbdata/MTP/MTP_Hdmi_cal.acdb
06-12 21:55:20.727 529 529 D ACDB-LOADER: ACDB -> Load file: /vendor/etc/acdbdata/MTP/MTP_Headset_cal.acdb
06-12 21:55:20.727 529 529 D ACDB-LOADER: ACDB -> Load file: /vendor/etc/acdbdata/MTP/MTP_Speaker_cal.acdb
06-12 21:55:20.727 529 529 D ACDB-LOADER: ACDB -> ACDB_CMD_INITIALIZE_V2
06-12 21:55:20.730 529 529 D : [ACDB Command]->SW Minor/Major/Revision version info for /vendor/etc/acdbdata/MTP/MTP_Bluetooth_cal.acdb
06-12 21:55:20.730 529 529 D : [ACDB Command]->ACDB Sw Major = 9, ACDB Sw Minor = 0, ACDB Sw Revision = 4, ACDB Sw Cpl Number = 0
06-12 21:55:20.730 529 529 D : [ACDB Command]->ACDB File Major = 8, ACDB File Minor = 0, ACDB File Revision = 0, ACDB File Cpl Number = 0
06-12 21:55:20.735 529 529 D : [ACDB Command]->SW Minor/Major/Revision version info for /vendor/etc/acdbdata/MTP/MTP_General_cal.acdb
06-12 21:55:20.735 529 529 D : [ACDB Command]->ACDB Sw Major = 9, ACDB Sw Minor = 0, ACDB Sw Revision = 4, ACDB Sw Cpl Number = 0
06-12 21:55:20.735 529 529 D : [ACDB Command]->ACDB File Major = 8, ACDB File Minor = 0, ACDB File Revision = 0, ACDB File Cpl Number = 0
06-12 21:55:20.738 784 784 E mm-camera: 241: sensor_probe: slave_info->sensor_ic_name =
06-12 21:55:20.740 529 529 D : [ACDB Command]->SW Minor/Major/Revision version info for /vendor/etc/acdbdata/MTP/MTP_Global_cal.acdb
06-12 21:55:20.740 529 529 D : [ACDB Command]->ACDB Sw Major = 9, ACDB Sw Minor = 0, ACDB Sw Revision = 4, ACDB Sw Cpl Number = 0
06-12 21:55:20.740 529 529 D : [ACDB Command]->ACDB File Major = 8, ACDB File Minor = 0, ACDB File Revision = 0, ACDB File Cpl Number = 0
06-12 21:55:20.743 529 529 D : [ACDB Command]->SW Minor/Major/Revision version info for /vendor/etc/acdbdata/MTP/MTP_Handset_cal.acdb
06-12 21:55:20.744 529 529 D : [ACDB Command]->ACDB Sw Major = 9, ACDB Sw Minor = 0, ACDB Sw Revision = 4, ACDB Sw Cpl Number = 0
06-12 21:55:20.744 529 529 D : [ACDB Command]->ACDB File Major = 8, ACDB File Minor = 0, ACDB File Revision = 0, ACDB File Cpl Number = 0
06-12 21:55:20.745 529 529 D : [ACDB Command]->SW Minor/Major/Revision version info for /vendor/etc/acdbdata/MTP/MTP_Hdmi_cal.acdb
06-12 21:55:20.745 529 529 D : [ACDB Command]->ACDB Sw Major = 9, ACDB Sw Minor = 0, ACDB Sw Revision = 4, ACDB Sw Cpl Number = 0
06-12 21:55:20.745 529 529 D : [ACDB Command]->ACDB File Major = 8, ACDB File Minor = 0, ACDB File Revision = 0, ACDB File Cpl Number = 0
06-12 21:55:20.749 529 529 D : [ACDB Command]->SW Minor/Major/Revision version info for /vendor/etc/acdbdata/MTP/MTP_Headset_cal.acdb
06-12 21:55:20.749 529 529 D : [ACDB Command]->ACDB Sw Major = 9, ACDB Sw Minor = 0, ACDB Sw Revision = 4, ACDB Sw Cpl Number = 0
06-12 21:55:20.749 529 529 D : [ACDB Command]->ACDB File Major = 8, ACDB File Minor = 0, ACDB File Revision = 0, ACDB File Cpl Number = 0
06-12 21:55:20.755 529 529 D : [ACDB Command]->SW Minor/Major/Revision version info for /vendor/etc/acdbdata/MTP/MTP_Speaker_cal.acdb
06-12 21:55:20.755 529 529 D : [ACDB Command]->ACDB Sw Major = 9, ACDB Sw Minor = 0, ACDB Sw Revision = 4, ACDB Sw Cpl Number = 0
06-12 21:55:20.755 529 529 D : [ACDB Command]->ACDB File Major = 8, ACDB File Minor = 0, ACDB File Revision = 0, ACDB File Cpl Number = 0
06-12 21:55:20.756 529 529 D ACDB-LOADER: ACDB -> ACPH INIT
06-12 21:55:20.756 529 529 D : [ACPH]->Online service registered with ACPH
06-12 21:55:20.759 529 529 D : [ACPH]->ACPH init success
06-12 21:55:20.764 854 854 I MSM-irqbalance: msm-irq_balance (1.3) initialized
06-12 21:55:20.764 854 854 I MSM-irqbalance: Configuration
06-12 21:55:20.764 854 854 I MSM-irqbalance: Rate: 0.2 Hz
06-12 21:55:20.764 854 854 I MSM-irqbalance: Decay Factor: 75.0
06-12 21:55:20.764 854 854 I MSM-irqbalance: Balancing Factor: 0.1
06-12 21:55:20.764 854 854 I MSM-irqbalance: Debug Log: OFF
06-12 21:55:20.764 854 854 I MSM-irqbalance: Cfg file: /system/vendor/etc/msm_irqbalance.conf
06-12 21:55:20.764 854 854 I MSM-irqbalance: CPU PRIO: CPU0: 0 CPU1: 0 CPU2: 0 CPU3: 0 CPU4: 1 CPU5: 1 CPU6: 1 CPU7: 1
06-12 21:55:20.764 854 854 I MSM-irqbalance: Ignored IRQs: 3 5
06-12 21:55:20.769 784 784 E mm-camera: 241: sensor_probe: slave_info->sensor_ic_name = OV8856
