06-12 21:55:21.089 760 760 I MediaCodecsXmlParser: limit: bitrate-range = 1-40000000
06-12 21:55:21.089 760 760 I MediaCodecsXmlParser: limit: feature-adaptive-playback = 0
06-12 21:55:21.089 760 760 I MediaCodecsXmlParser: limit: size-range = 2x2-1280x1280
06-12 21:55:21.089 760 760 I MediaCodecsXmlParser: limit: alignment = 2x2
06-12 21:55:21.089 760 760 I MediaCodecsXmlParser: limit: block-size = 16x16
06-12 21:55:21.089 760 760 I MediaCodecsXmlParser: limit: block-count-range = 1-3600
06-12 21:55:21.089 760 760 I MediaCodecsXmlParser: limit: blocks-per-second-range = 1-108000
06-12 21:55:21.090 760 760 I MediaCodecsXmlParser: limit: bitrate-range = 1-5000000
06-12 21:55:21.090 760 760 I MediaCodecsXmlParser: limit: feature-adaptive-playback = 0
06-12 21:55:21.090 760 760 I MediaCodecsXmlParser: limit: size-range = 176x144-176x144
06-12 21:55:21.090 760 760 I MediaCodecsXmlParser: limit: alignment = 16x16
06-12 21:55:21.090 760 760 I MediaCodecsXmlParser: limit: bitrate-range = 1-128000
06-12 21:55:21.090 760 760 I MediaCodecsXmlParser: limit: size-range = 16x16-1808x1808
06-12 21:55:21.090 760 760 I MediaCodecsXmlParser: limit: alignment = 2x2
06-12 21:55:21.090 760 760 I MediaCodecsXmlParser: limit: block-size = 16x16
06-12 21:55:21.090 760 760 I MediaCodecsXmlParser: limit: block-count-range = 1-1620
06-12 21:55:21.090 760 760 I MediaCodecsXmlParser: limit: blocks-per-second-range = 1-40500
06-12 21:55:21.090 760 760 I MediaCodecsXmlParser: limit: bitrate-range = 1-2000000
06-12 21:55:21.090 760 760 I MediaCodecsXmlParser: limit: feature-intra-refresh = 0
06-12 21:55:21.090 760 760 I MediaCodecsXmlParser: limit: size-range = 16x16-176x144
06-12 21:55:21.090 760 760 I MediaCodecsXmlParser: limit: alignment = 16x16
06-12 21:55:21.090 760 760 I MediaCodecsXmlParser: limit: block-size = 16x16
06-12 21:55:21.090 760 760 I MediaCodecsXmlParser: limit: blocks-per-second-range = 12-1485
06-12 21:55:21.090 760 760 I MediaCodecsXmlParser: limit: bitrate-range = 1-64000
06-12 21:55:21.090 760 760 I MediaCodecsXmlParser: limit: size-range = 2x2-1280x1280
06-12 21:55:21.090 760 760 I MediaCodecsXmlParser: limit: alignment = 2x2
06-12 21:55:21.090 760 760 I MediaCodecsXmlParser: limit: block-size = 16x16
06-12 21:55:21.090 760 760 I MediaCodecsXmlParser: limit: block-count-range = 1-3600
06-12 21:55:21.090 760 760 I MediaCodecsXmlParser: limit: bitrate-range = 1-20000000
06-12 21:55:21.091 760 760 I MediaCodecsXmlParser: limit: feature-bitrate-modes = VBR,CBR
06-12 21:55:21.091 760 760 D MediaCodecsXmlParser: parsing /vendor/etc/media_codecs_performance.xml...
06-12 21:55:21.092 760 760 I MediaCodecsXmlParser: limit: measured-frame-rate-320x240-range = 130-130
06-12 21:55:21.092 760 760 I MediaCodecsXmlParser: limit: measured-frame-rate-720x480-range = 50-50
06-12 21:55:21.092 760 760 I MediaCodecsXmlParser: limit: measured-frame-rate-1280x720-range = 33-33
06-12 21:55:21.092 760 760 I MediaCodecsXmlParser: limit: measured-frame-rate-1920x1080-range = 18-18
06-12 21:55:21.092 760 760 I MediaCodecsXmlParser: limit: measured-frame-rate-176x144-range = 394-394
06-12 21:55:21.092 760 760 I MediaCodecsXmlParser: limit: measured-frame-rate-352x288-range = 86-86
06-12 21:55:21.092 760 760 I MediaCodecsXmlParser: limit: measured-frame-rate-176x144-range = 179-179
06-12 21:55:21.092 760 760 I MediaCodecsXmlParser: limit: measured-frame-rate-352x288-range = 84-84
06-12 21:55:21.093 760 760 I MediaCodecsXmlParser: limit: measured-frame-rate-640x480-range = 54-54
06-12 21:55:21.093 760 760 I MediaCodecsXmlParser: limit: measured-frame-rate-320x240-range = 208-208
06-12 21:55:21.093 760 760 I MediaCodecsXmlParser: limit: measured-frame-rate-720x480-range = 98-98
06-12 21:55:21.093 760 760 I MediaCodecsXmlParser: limit: measured-frame-rate-1280x720-range = 44-44
06-12 21:55:21.093 760 760 I MediaCodecsXmlParser: limit: measured-frame-rate-1920x1080-range = 21-21
06-12 21:55:21.093 760 760 D MediaCodecsXmlParser: MediaCodec: cannot update non-existing codec at line 44 of /vendor/etc/media_codecs_performance.xml
06-12 21:55:21.093 760 760 I MediaCodecsXmlParser: limit: measured-frame-rate-176x144-range = 397-397
06-12 21:55:21.093 760 760 D MediaCodecsXmlParser: MediaCodec: cannot update non-existing codec at line 53 of /vendor/etc/media_codecs_performance.xml
06-12 21:55:21.093 760 760 I MediaCodecsXmlParser: limit: measured-frame-rate-176x144-range = 413-413
06-12 21:55:21.093 760 760 D MediaCodecsXmlParser: MediaCodec: cannot update non-existing codec at line 59 of /vendor/etc/media_codecs_performance.xml
06-12 21:55:21.093 760 760 I MediaCodecsXmlParser: limit: measured-frame-rate-320x180-range = 71-71
06-12 21:55:21.093 760 760 I MediaCodecsXmlParser: limit: measured-frame-rate-640x360-range = 37-37
06-12 21:55:21.093 412 412 I hwservicemanager: getTransport: Cannot find entry android.hardware.graphics.mapper@3.0::IMapper/default in either framework or device manifest.
06-12 21:55:21.093 760 760 I MediaCodecsXmlParser: limit: measured-frame-rate-1280x720-range = 21-21
06-12 21:55:21.093 760 760 I MediaCodecsXmlParser: limit: measured-frame-rate-1920x1080-range = 12-12
06-12 21:55:21.093 760 760 D MediaCodecsXmlParser: MediaCodec: cannot update non-existing codec at line 68 of /vendor/etc/media_codecs_performance.xml
06-12 21:55:21.094 760 760 I MediaCodecsXmlParser: limit: measured-frame-rate-320x240-range = 396-405
06-12 21:55:21.094 760 760 I MediaCodecsXmlParser: limit: measured-frame-rate-720x480-range = 280-280
06-12 21:55:21.094 543 543 D ComposerHal: failed to get mapper 3.0 service, falling back to mapper 2.0
06-12 21:55:21.094 760 760 I MediaCodecsXmlParser: limit: measured-frame-rate-1280x720-range = 155-155
06-12 21:55:21.094 760 760 I MediaCodecsXmlParser: limit: measured-frame-rate-1920x1088-range = 57-57
06-12 21:55:21.094 760 760 I MediaCodecsXmlParser: limit: measured-frame-rate-1920x1080-range = 57-57
06-12 21:55:21.094 760 760 I MediaCodecsXmlParser: limit: measured-frame-rate-352x288-range = 337-337
06-12 21:55:21.094 760 760 I MediaCodecsXmlParser: limit: measured-frame-rate-640x360-range = 253-253
06-12 21:55:21.094 760 760 I MediaCodecsXmlParser: limit: measured-frame-rate-720x480-range = 200-200
06-12 21:55:21.094 760 760 I MediaCodecsXmlParser: limit: measured-frame-rate-1280x720-range = 91-91
06-12 21:55:21.094 760 760 I MediaCodecsXmlParser: limit: measured-frame-rate-1920x1088-range = 63-63
06-12 21:55:21.094 529 529 D msm8916_platform: platform_get_mixer_control: mixer ctl not obtained
06-12 21:55:21.094 760 760 I MediaCodecsXmlParser: limit: measured-frame-rate-176x144-range = 392-394
06-12 21:55:21.094 760 760 I MediaCodecsXmlParser: limit: measured-frame-rate-352x288-range = 251-251
06-12 21:55:21.094 760 760 I MediaCodecsXmlParser: limit: measured-frame-rate-320x180-range = 360-360
06-12 21:55:21.094 760 760 I MediaCodecsXmlParser: limit: measured-frame-rate-320x240-range = 659-659
06-12 21:55:21.094 760 760 I MediaCodecsXmlParser: limit: measured-frame-rate-640x360-range = 370-370
06-12 21:55:21.094 529 529 D msm8916_platform: platform_get_mixer_control: mixer ctl not obtained
06-12 21:55:21.094 760 760 I MediaCodecsXmlParser: limit: measured-frame-rate-1280x720-range = 162-162
06-12 21:55:21.094 760 760 I MediaCodecsXmlParser: limit: measured-frame-rate-1920x1080-range = 87-87
06-12 21:55:21.094 529 529 D msm8916_platform: platform_get_mixer_control: mixer ctl not obtained
06-12 21:55:21.094 760 760 I MediaCodecsXmlParser: limit: measured-frame-rate-480x360-range = 232-232
06-12 21:55:21.094 529 529 D msm8916_platform: platform_get_mixer_control: mixer ctl not obtained
06-12 21:55:21.094 760 760 I MediaCodecsXmlParser: limit: measured-frame-rate-176x144-range = 322-322
06-12 21:55:21.094 529 529 D msm8916_platform: platform_get_mixer_control: mixer ctl not obtained
06-12 21:55:21.094 760 760 I MediaCodecsXmlParser: limit: measured-frame-rate-320x240-range = 250-250
06-12 21:55:21.094 760 760 I MediaCodecsXmlParser: limit: measured-frame-rate-720x480-range = 92-92
06-12 21:55:21.095 529 529 D msm8916_platform: platform_get_mixer_control: mixer ctl not obtained
06-12 21:55:21.095 760 760 I MediaCodecsXmlParser: limit: measured-frame-rate-1280x720-range = 35-35
06-12 21:55:21.095 760 760 I MediaCodecsXmlParser: limit: measured-frame-rate-1920x1080-range = 15-15
06-12 21:55:21.095 529 529 D msm8916_platform: platform_get_mixer_control: mixer ctl not obtained
06-12 21:55:21.095 760 760 D MediaCodecsXmlParser: MediaCodec: cannot update non-existing codec at line 111 of /vendor/etc/media_codecs_performance.xml
06-12 21:55:21.095 529 529 D msm8916_platform: platform_get_mixer_control: mixer ctl not obtained
06-12 21:55:21.095 760 760 I MediaCodecsXmlParser: limit: measured-frame-rate-352x288-range = 226-226
06-12 21:55:21.095 529 529 D msm8916_platform: platform_get_mixer_control: mixer ctl not obtained
06-12 21:55:21.095 760 760 I MediaCodecsXmlParser: limit: measured-frame-rate-640x360-range = 146-132
06-12 21:55:21.095 529 529 D msm8916_platform: platform_get_mixer_control: mixer ctl not obtained
06-12 21:55:21.095 760 760 I MediaCodecsXmlParser: limit: measured-frame-rate-720x480-range = 183-183
06-12 21:55:21.095 760 760 I MediaCodecsXmlParser: limit: measured-frame-rate-1280x720-range = 83-83
06-12 21:55:21.095 529 529 D msm8916_platform: platform_get_mixer_control: mixer ctl not obtained
06-12 21:55:21.095 760 760 I MediaCodecsXmlParser: limit: measured-frame-rate-1920x1080-range = 11-11
06-12 21:55:21.095 760 760 D MediaCodecsXmlParser: MediaCodec: cannot update non-existing codec at line 124 of /vendor/etc/media_codecs_performance.xml
06-12 21:55:21.095 760 760 I MediaCodecsXmlParser: limit: measured-frame-rate-176x144-range = 430-450
06-12 21:55:21.095 760 760 D MediaCodecsXmlParser: MediaCodec: cannot update non-existing codec at line 134 of /vendor/etc/media_codecs_performance.xml
06-12 21:55:21.095 760 760 I MediaCodecsXmlParser: limit: measured-frame-rate-176x144-range = 212-241
06-12 21:55:21.095 760 760 I MediaCodecsXmlParser: limit: measured-frame-rate-352x288-range = 172-175
06-12 21:55:21.095 760 760 D MediaCodecsXmlParser: MediaCodec: cannot update non-existing codec at line 143 of /vendor/etc/media_codecs_performance.xml
06-12 21:55:21.095 760 760 I MediaCodecsXmlParser: limit: measured-frame-rate-320x240-range = 1330-1330
06-12 21:55:21.095 760 760 I MediaCodecsXmlParser: limit: measured-frame-rate-320x180-range = 495-500
06-12 21:55:21.095 760 760 I MediaCodecsXmlParser: limit: measured-frame-rate-640x360-range = 146-149
06-12 21:55:21.095 760 760 I MediaCodecsXmlParser: limit: measured-frame-rate-1280x720-range = 31-31
06-12 21:55:21.096 760 760 I MediaCodecsXmlParser: limit: measured-frame-rate-1920x1080-range = 12-13
06-12 21:55:21.096 760 760 D MediaCodecsXmlParser: MediaCodec: cannot update non-existing codec at line 154 of /vendor/etc/media_codecs_performance.xml
06-12 21:55:21.096 760 760 I MediaCodecsXmlParser: limit: measured-frame-rate-320x180-range = 304-304
06-12 21:55:21.096 760 760 I MediaCodecsXmlParser: limit: measured-frame-rate-320x240-range = 511-511
06-12 21:55:21.096 760 760 I MediaCodecsXmlParser: limit: measured-frame-rate-640x360-range = 103-105
06-12 21:55:21.096 760 760 I MediaCodecsXmlParser: limit: measured-frame-rate-1280x720-range = 53-53
06-12 21:55:21.096 760 760 I MediaCodecsXmlParser: limit: measured-frame-rate-1920x1080-range = 29-31
06-12 21:55:21.096 760 760 D MediaCodecsXmlParser: MediaCodec: cannot update non-existing codec at line 167 of /vendor/etc/media_codecs_performance.xml
06-12 21:55:21.096 529 529 D msm8916_platform: platform_get_mixer_control: mixer ctl not obtained
06-12 21:55:21.096 529 529 I chatty : uid=1041(audioserver) audio@2.0-servi identical 1 line
06-12 21:55:21.096 529 529 D msm8916_platform: platform_get_mixer_control: mixer ctl not obtained
06-12 21:55:21.096 760 760 D MediaCodecsXmlParser: Cannot find /data/misc/media/media_codecs_profiling_results.xml
06-12 21:55:21.096 529 529 D msm8916_platform: platform_get_mixer_control: mixer ctl not obtained
06-12 21:55:21.096 543 543 D vndksupport: Loading /vendor/lib64/hw/android.hardware.graphics.mapper@2.0-impl.so from current namespace instead of sphal namespace.
06-12 21:55:21.096 529 529 D msm8916_platform: platform_get_mixer_control: mixer ctl not obtained
06-12 21:55:21.096 529 529 I chatty : uid=1041(audioserver) audio@2.0-servi identical 1 line
06-12 21:55:21.096 529 529 D msm8916_platform: platform_get_mixer_control: mixer ctl not obtained
06-12 21:55:21.098 727 727 I keystore: found android.hardware.keymaster@3.0::IKeymasterDevice with interface name default and seclevel TRUSTED_ENVIRONMENT
06-12 21:55:21.099 684 684 I ServiceManagement: getService: Trying again for android.hardware.camera.provider@2.4::ICameraProvider/legacy/0...
06-12 21:55:21.100 529 529 E DAP_HAL : dap_hal_set_hw_info: dmid=0
06-12 21:55:21.100 529 529 E DAP_HAL : key 00x
06-12 21:55:21.101 543 543 D vndksupport: Loading /vendor/lib64/hw/gralloc.msm8937.so from current namespace instead of sphal namespace.
06-12 21:55:21.103 760 760 I ServiceManagement: Registered android.hardware.media.omx@1.0::IOmx/default (start delay of 964ms)
06-12 21:55:21.104 760 760 I ServiceManagement: Removing namespace from process name android.hardware.media.omx@1.0-service to omx@1.0-service.
06-12 21:55:21.105 543 543 D SDM : HWCSession::RegisterCallback: Registering callback: Hotplug
06-12 21:55:21.106 593 593 I HWComposer: Switching to legacy multi-display mode
06-12 21:55:21.106 760 760 I media.codec: IOmx HAL service created.
06-12 21:55:21.107 636 918 I adbd : opening control endpoint /dev/usb-ffs/adb/ep0
06-12 21:55:21.108 656 865 W /system/vendor/bin/adsprpcd: vendor/qcom/proprietary/commonsys-intf/adsprpc/src/apps_std_imp.c:750: Warning: apps_std_fopen_with_env failed with 0x2 for custom_sm_ecns_1.so.1 (No such file or directory)
06-12 21:55:21.108 543 543 I SDM : HWCDisplay::GetHdrCapabilities: HDR is not supported
06-12 21:55:21.108 543 543 I SDM : HWCDisplay::GetHdrCapabilities: HDR is not supported
06-12 21:55:21.109 650 650 I imsrcsd : Starting Service for First Time imsbaseimpl
06-12 21:55:21.110 760 760 D MediaCodecsXmlParser: parsing /vendor/etc/media_codecs.xml...
06-12 21:55:21.110 650 650 I ServiceManagement: Registered com.qualcomm.qti.uceservice@2.0::IUceService/com.qualcomm.qti.uceservice (start delay of 1221ms)
06-12 21:55:21.111 412 412 I hwservicemanager: getTransport: Cannot find entry android.hardware.graphics.mapper@3.0::IMapper/default in either framework or device manifest.
06-12 21:55:21.111 656 865 W /system/vendor/bin/adsprpcd: vendor/qcom/proprietary/commonsys-intf/adsprpc/src/apps_std_imp.c:750: Warning: apps_std_fopen_with_env failed with 0x2 for custom_sm_ecns_2.so.1 (No such file or directory)
06-12 21:55:21.111 593 593 W Gralloc3: mapper 3.x is not supported
06-12 21:55:21.112 760 760 D MediaCodecsXmlParser: parsing /vendor/etc/media_codecs_google_audio.xml...
06-12 21:55:21.112 760 760 I MediaCodecsXmlParser: limit: max-channel-count = 2
06-12 21:55:21.112 760 760 I MediaCodecsXmlParser: limit: sample-rate-ranges = 8000,11025,12000,16000,22050,24000,32000,44100,48000
06-12 21:55:21.112 760 760 I MediaCodecsXmlParser: limit: bitrate-range = 8000-320000
06-12 21:55:21.112 760 760 I MediaCodecsXmlParser: limit: max-channel-count = 1
06-12 21:55:21.112 760 760 I MediaCodecsXmlParser: limit: sample-rate-ranges = 8000
06-12 21:55:21.112 760 760 I MediaCodecsXmlParser: limit: bitrate-range = 4750-12200
06-12 21:55:21.112 760 760 I MediaCodecsXmlParser: limit: max-channel-count = 1
06-12 21:55:21.113 760 760 I MediaCodecsXmlParser: limit: sample-rate-ranges = 16000
06-12 21:55:21.113 760 760 I MediaCodecsXmlParser: limit: bitrate-range = 6600-23850
06-12 21:55:21.113 656 865 W /system/vendor/bin/adsprpcd: vendor/qcom/proprietary/commonsys-intf/adsprpc/src/apps_std_imp.c:750: Warning: apps_std_fopen_with_env failed with 0x2 for custom_dm_ecns_1.so.1 (No such file or directory)
06-12 21:55:21.113 760 760 I MediaCodecsXmlParser: limit: max-channel-count = 8
06-12 21:55:21.113 760 760 I MediaCodecsXmlParser: limit: sample-rate-ranges = 7350,8000,11025,12000,16000,22050,24000,32000,44100,48000
06-12 21:55:21.113 760 760 I MediaCodecsXmlParser: limit: bitrate-range = 8000-960000
06-12 21:55:21.113 760 760 I MediaCodecsXmlParser: limit: max-channel-count = 1
06-12 21:55:21.113 760 760 I MediaCodecsXmlParser: limit: sample-rate-ranges = 8000-48000
06-12 21:55:21.113 760 760 I MediaCodecsXmlParser: limit: bitrate-range = 64000
06-12 21:55:21.113 529 529 D audio_hw_dolby: audio_extn_ds2_enable:ds2_enabled 1
06-12 21:55:21.113 760 760 I MediaCodecsXmlParser: limit: max-channel-count = 1
06-12 21:55:21.113 760 760 I MediaCodecsXmlParser: limit: sample-rate-ranges = 8000-48000
06-12 21:55:21.113 760 760 I MediaCodecsXmlParser: limit: bitrate-range = 64000
06-12 21:55:21.113 760 760 I MediaCodecsXmlParser: limit: max-channel-count = 8
06-12 21:55:21.113 760 760 I MediaCodecsXmlParser: limit: sample-rate-ranges = 8000-96000
06-12 21:55:21.113 760 760 I MediaCodecsXmlParser: limit: bitrate-range = 32000-500000
06-12 21:55:21.113 760 760 I MediaCodecsXmlParser: limit: max-channel-count = 8
06-12 21:55:21.113 760 760 I MediaCodecsXmlParser: limit: sample-rate-ranges = 48000
06-12 21:55:21.113 760 760 I MediaCodecsXmlParser: limit: bitrate-range = 6000-510000
06-12 21:55:21.113 760 760 I MediaCodecsXmlParser: limit: max-channel-count = 8
06-12 21:55:21.113 760 760 I MediaCodecsXmlParser: limit: sample-rate-ranges = 8000-192000
06-12 21:55:21.113 760 760 I MediaCodecsXmlParser: limit: bitrate-range = 1-10000000
06-12 21:55:21.114 760 760 I MediaCodecsXmlParser: limit: max-channel-count = 8
06-12 21:55:21.114 760 760 I MediaCodecsXmlParser: limit: sample-rate-ranges = 1-655350
06-12 21:55:21.114 760 760 I MediaCodecsXmlParser: limit: bitrate-range = 1-21000000
06-12 21:55:21.114 760 760 I MediaCodecsXmlParser: limit: max-channel-count = 6
06-12 21:55:21.115 760 760 I MediaCodecsXmlParser: limit: sample-rate-ranges = 8000,11025,12000,16000,22050,24000,32000,44100,48000
06-12 21:55:21.115 760 760 I MediaCodecsXmlParser: limit: bitrate-range = 8000-960000
06-12 21:55:21.115 760 760 I MediaCodecsXmlParser: limit: max-channel-count = 1
06-12 21:55:21.115 760 760 I MediaCodecsXmlParser: limit: sample-rate-ranges = 8000
06-12 21:55:21.115 760 760 I MediaCodecsXmlParser: limit: bitrate-range = 4750-12200
06-12 21:55:21.115 760 760 I MediaCodecsXmlParser: limit: feature-bitrate-modes = CBR
06-12 21:55:21.115 760 760 I MediaCodecsXmlParser: limit: max-channel-count = 1
06-12 21:55:21.115 760 760 I MediaCodecsXmlParser: limit: sample-rate-ranges = 16000
06-12 21:55:21.115 760 760 I MediaCodecsXmlParser: limit: bitrate-range = 6600-23850
06-12 21:55:21.115 760 760 I MediaCodecsXmlParser: limit: feature-bitrate-modes = CBR
06-12 21:55:21.116 760 760 I MediaCodecsXmlParser: limit: max-channel-count = 2
06-12 21:55:21.116 760 760 I MediaCodecsXmlParser: limit: sample-rate-ranges = 1-655350
06-12 21:55:21.116 760 760 I MediaCodecsXmlParser: limit: bitrate-range = 1-21000000
06-12 21:55:21.116 760 760 I MediaCodecsXmlParser: limit: complexity-default = 5
06-12 21:55:21.116 760 760 I MediaCodecsXmlParser: limit: complexity-range = 0-8
06-12 21:55:21.116 760 760 I MediaCodecsXmlParser: limit: feature-bitrate-modes = CQ
06-12 21:55:21.116 529 529 D vndksupport: Loading /vendor/lib/hw/audio_amplifier.msm8937.so from current namespace instead of sphal namespace.
06-12 21:55:21.116 760 760 D MediaCodecsXmlParser: parsing /vendor/etc/media_codecs_google_telephony.xml...
06-12 21:55:21.116 650 650 I imsrcsd : ImsRcsBaseImpl CM_IMSCONNECTIONMANAGER_CREATE_CONNECTION Before Registering Service
06-12 21:55:21.116 760 760 I MediaCodecsXmlParser: limit: max-channel-count = 1
06-12 21:55:21.116 760 760 I MediaCodecsXmlParser: limit: sample-rate-ranges = 8000
06-12 21:55:21.116 760 760 I MediaCodecsXmlParser: limit: bitrate-range = 13000
06-12 21:55:21.116 650 650 I ServiceManagement: Registered com.qualcomm.qti.imscmservice@2.1::IImsCmService/qti.ims.connectionmanagerservice (start delay of 1227ms)
06-12 21:55:21.117 656 865 W /system/vendor/bin/adsprpcd: vendor/qcom/proprietary/commonsys-intf/adsprpc/src/apps_std_imp.c:750: Warning: apps_std_fopen_with_env failed with 0x2 for custom_dm_ecns_2.so.1 (No such file or directory)
06-12 21:55:21.117 760 760 I MediaCodecsXmlParser: limit: size-range = 96x96-1920x1088
06-12 21:55:21.117 760 760 I MediaCodecsXmlParser: limit: alignment = 2x2
06-12 21:55:21.117 760 760 I MediaCodecsXmlParser: limit: block-size = 16x16
06-12 21:55:21.117 760 760 I MediaCodecsXmlParser: limit: blocks-per-second-range = 1-244800
06-12 21:55:21.117 760 760 I MediaCodecsXmlParser: limit: bitrate-range = 1-20000000
06-12 21:55:21.117 760 760 I MediaCodecsXmlParser: limit: max-concurrent-instances = 8
06-12 21:55:21.117 760 760 I MediaCodecsXmlParser: limit: feature-can-swap-width-height = 0
06-12 21:55:21.117 760 760 I MediaCodecsXmlParser: limit: performance-point-1920x1088-range = 30-30
06-12 21:55:21.117 760 760 I MediaCodecsXmlParser: limit: size-range = 32x32-864x480
06-12 21:55:21.117 760 760 I MediaCodecsXmlParser: limit: alignment = 2x2
06-12 21:55:21.117 760 760 I MediaCodecsXmlParser: limit: block-size = 16x16
06-12 21:55:21.117 760 760 I MediaCodecsXmlParser: limit: blocks-per-second-range = 1-48600
06-12 21:55:21.117 760 760 I MediaCodecsXmlParser: limit: bitrate-range = 1-2000000
06-12 21:55:21.117 760 760 I MediaCodecsXmlParser: limit: max-concurrent-instances = 16
06-12 21:55:21.117 760 760 I MediaCodecsXmlParser: limit: performance-point-720x480-range = 30-30
06-12 21:55:21.117 760 760 I MediaCodecsXmlParser: limit: performance-point-720x576-range = 25-25
06-12 21:55:21.117 760 760 I MediaCodecsXmlParser: limit: size-range = 32x32-864x480
06-12 21:55:21.117 760 760 I MediaCodecsXmlParser: limit: alignment = 4x4
06-12 21:55:21.118 760 760 I MediaCodecsXmlParser: limit: block-size = 16x16
06-12 21:55:21.118 760 760 I MediaCodecsXmlParser: limit: blocks-per-second-range = 1-48600
06-12 21:55:21.118 760 760 I MediaCodecsXmlParser: limit: bitrate-range = 1-2000000
06-12 21:55:21.118 760 760 I MediaCodecsXmlParser: limit: max-concurrent-instances = 16
06-12 21:55:21.118 760 760 I MediaCodecsXmlParser: limit: performance-point-720x480-range = 30-30
06-12 21:55:21.118 760 760 I MediaCodecsXmlParser: limit: performance-point-720x576-range = 25-25
06-12 21:55:21.118 760 760 I MediaCodecsXmlParser: limit: size-range = 64x64-1920x1088
06-12 21:55:21.118 760 760 I MediaCodecsXmlParser: limit: alignment = 2x2
06-12 21:55:21.118 760 760 I MediaCodecsXmlParser: limit: block-size = 16x16
06-12 21:55:21.118 760 760 I MediaCodecsXmlParser: limit: blocks-per-second-range = 1-244800
06-12 21:55:21.118 760 760 I MediaCodecsXmlParser: limit: bitrate-range = 1-20000000
06-12 21:55:21.118 760 760 I MediaCodecsXmlParser: limit: feature-adaptive-playback = 0
06-12 21:55:21.118 760 760 I MediaCodecsXmlParser: limit: max-concurrent-instances = 8
06-12 21:55:21.118 760 760 I MediaCodecsXmlParser: limit: feature-can-swap-width-height = 0
06-12 21:55:21.118 656 865 W /system/vendor/bin/adsprpcd: vendor/qcom/proprietary/commonsys-intf/adsprpc/src/apps_std_imp.c:750: Warning: apps_std_fopen_with_env failed with 0x2 for custom_qm_ecns_1.so.1 (No such file or directory)
06-12 21:55:21.118 760 760 I MediaCodecsXmlParser: limit: performance-point-1920x1088-range = 30-30
06-12 21:55:21.118 760 760 I MediaCodecsXmlParser: limit: size-range = 64x64-1920x1088
06-12 21:55:21.118 760 760 I MediaCodecsXmlParser: limit: alignment = 2x2
06-12 21:55:21.118 760 760 I MediaCodecsXmlParser: limit: block-size = 16x16
06-12 21:55:21.118 760 760 I MediaCodecsXmlParser: limit: blocks-per-second-range = 1-244800
06-12 21:55:21.118 760 760 I MediaCodecsXmlParser: limit: bitrate-range = 1-20000000
06-12 21:55:21.118 760 760 I MediaCodecsXmlParser: limit: feature-adaptive-playback = 0
06-12 21:55:21.118 760 760 I MediaCodecsXmlParser: limit: max-concurrent-instances = 8
06-12 21:55:21.119 760 760 I MediaCodecsXmlParser: limit: performance-point-1920x1088-range = 30-30
06-12 21:55:21.119 760 760 I MediaCodecsXmlParser: limit: size-range = 64x64-1920x1088
06-12 21:55:21.119 760 760 I MediaCodecsXmlParser: limit: alignment = 2x2
06-12 21:55:21.119 760 760 I MediaCodecsXmlParser: limit: block-size = 16x16
06-12 21:55:21.119 760 760 I MediaCodecsXmlParser: limit: blocks-per-second-range = 1-244800
06-12 21:55:21.119 760 760 I MediaCodecsXmlParser: limit: bitrate-range = 1-20000000
06-12 21:55:21.119 760 760 I MediaCodecsXmlParser: limit: feature-adaptive-playback = 0
06-12 21:55:21.119 760 760 I MediaCodecsXmlParser: limit: max-concurrent-instances = 8
06-12 21:55:21.119 760 760 I MediaCodecsXmlParser: limit: performance-point-1920x1088-range = 30-30
06-12 21:55:21.119 760 760 I MediaCodecsXmlParser: limit: size-range = 16x16-1920x1088
06-12 21:55:21.119 760 760 I MediaCodecsXmlParser: limit: alignment = 2x2
06-12 21:55:21.119 760 760 I MediaCodecsXmlParser: limit: block-size = 16x16
06-12 21:55:21.119 760 760 I MediaCodecsXmlParser: limit: blocks-per-second-range = 1-244800
06-12 21:55:21.119 656 865 W /system/vendor/bin/adsprpcd: vendor/qcom/proprietary/commonsys-intf/adsprpc/src/apps_std_imp.c:750: Warning: apps_std_fopen_with_env failed with 0x2 for custom_qm_ecns_2.so.1 (No such file or directory)
06-12 21:55:21.119 760 760 I MediaCodecsXmlParser: limit: bitrate-range = 1-6000000
06-12 21:55:21.119 760 760 I MediaCodecsXmlParser: limit: max-concurrent-instances = 16
06-12 21:55:21.119 760 760 I MediaCodecsXmlParser: limit: performance-point-1920x1088-range = 30-30
06-12 21:55:21.119 764 764 E QMI_FW : QMUXD: WARNING qmi_qmux_if_pwr_up_init failed! rc=-6
06-12 21:55:21.119 760 760 I MediaCodecsXmlParser: limit: size-range = 16x16-1920x1088
06-12 21:55:21.119 760 760 I MediaCodecsXmlParser: limit: alignment = 2x2
06-12 21:55:21.119 760 760 I MediaCodecsXmlParser: limit: block-size = 16x16
06-12 21:55:21.119 760 760 I MediaCodecsXmlParser: limit: blocks-per-second-range = 1-244800
06-12 21:55:21.120 760 760 I MediaCodecsXmlParser: limit: bitrate-range = 1-6000000
06-12 21:55:21.120 760 760 I MediaCodecsXmlParser: limit: max-concurrent-instances = 16
06-12 21:55:21.120 760 760 I MediaCodecsXmlParser: limit: performance-point-1920x1088-range = 30-30
06-12 21:55:21.120 760 760 I MediaCodecsXmlParser: limit: size-range = 16x16-1920x1088
06-12 21:55:21.120 760 760 I MediaCodecsXmlParser: limit: alignment = 2x2
06-12 21:55:21.120 760 760 I MediaCodecsXmlParser: limit: block-size = 16x16
06-12 21:55:21.120 760 760 I MediaCodecsXmlParser: limit: blocks-per-second-range = 1-244800
06-12 21:55:21.120 760 760 I MediaCodecsXmlParser: limit: bitrate-range = 1-6000000
06-12 21:55:21.120 760 760 I MediaCodecsXmlParser: limit: max-concurrent-instances = 16
06-12 21:55:21.120 760 760 I MediaCodecsXmlParser: limit: performance-point-1920x1088-range = 30-30
06-12 21:55:21.120 760 760 I MediaCodecsXmlParser: limit: size-range = 16x16-1920x1088
06-12 21:55:21.120 760 760 I MediaCodecsXmlParser: limit: alignment = 2x2
06-12 21:55:21.120 529 529 D audio_hw_utils: audio_extn_utils_update_streams_cfg_lists: failed to open io config file(/vendor/etc/audio_io_policy.conf), trying older config file
06-12 21:55:21.120 760 760 I MediaCodecsXmlParser: limit: block-size = 16x16
06-12 21:55:21.120 760 760 I MediaCodecsXmlParser: limit: blocks-per-second-range = 1-244800
06-12 21:55:21.120 760 760 I MediaCodecsXmlParser: limit: bitrate-range = 1-6000000
06-12 21:55:21.120 760 760 I MediaCodecsXmlParser: limit: max-concurrent-instances = 16
06-12 21:55:21.120 760 760 I MediaCodecsXmlParser: limit: performance-point-1920x1088-range = 30-30
06-12 21:55:21.120 760 760 I MediaCodecsXmlParser: limit: size-range = 16x16-864x480
06-12 21:55:21.120 760 760 I MediaCodecsXmlParser: limit: alignment = 4x4
06-12 21:55:21.120 760 760 I MediaCodecsXmlParser: limit: block-size = 16x16
06-12 21:55:21.121 760 760 I MediaCodecsXmlParser: limit: blocks-per-second-range = 1-48600
06-12 21:55:21.121 760 760 I MediaCodecsXmlParser: limit: bitrate-range = 1-2000000
06-12 21:55:21.121 760 760 I MediaCodecsXmlParser: limit: max-concurrent-instances = 16
06-12 21:55:21.121 760 760 I MediaCodecsXmlParser: limit: performance-point-720x480-range = 30-30
06-12 21:55:21.121 760 760 I MediaCodecsXmlParser: limit: performance-point-720x576-range = 25-25
06-12 21:55:21.121 760 760 D MediaCodecsXmlParser: parsing /vendor/etc/media_codecs_google_video_le.xml...
06-12 21:55:21.121 760 760 I MediaCodecsXmlParser: limit: size-range = 2x2-352x288
06-12 21:55:21.121 760 760 I MediaCodecsXmlParser: limit: alignment = 2x2
06-12 21:55:21.121 760 760 I MediaCodecsXmlParser: limit: block-size = 16x16
06-12 21:55:21.121 760 760 I MediaCodecsXmlParser: limit: blocks-per-second-range = 12-11880
06-12 21:55:21.121 760 760 I MediaCodecsXmlParser: limit: bitrate-range = 1-384000
06-12 21:55:21.121 760 760 I MediaCodecsXmlParser: limit: feature-adaptive-playback = 0
06-12 21:55:21.121 760 760 I MediaCodecsXmlParser: limit: size-range = 2x2-352x288
06-12 21:55:21.121 760 760 I MediaCodecsXmlParser: limit: alignment = 2x2
06-12 21:55:21.122 760 760 I MediaCodecsXmlParser: limit: bitrate-range = 1-384000
06-12 21:55:21.122 529 529 I audio_hw_utils: load_cfg_list: could not load input, node is NULL
06-12 21:55:21.122 760 760 I MediaCodecsXmlParser: limit: feature-adaptive-playback = 0
06-12 21:55:21.122 760 760 I MediaCodecsXmlParser: limit: size-range = 2x2-2048x2048
06-12 21:55:21.122 760 760 I MediaCodecsXmlParser: limit: alignment = 2x2
06-12 21:55:21.122 656 865 W /system/vendor/bin/adsprpcd: vendor/qcom/proprietary/commonsys-intf/adsprpc/src/apps_std_imp.c:750: Warning: apps_std_fopen_with_env failed with 0x2 for voiceproc_tx.so (No such file or directory)
06-12 21:55:21.122 760 760 I MediaCodecsXmlParser: limit: block-size = 16x16
06-12 21:55:21.122 760 760 I MediaCodecsXmlParser: limit: block-count-range = 1-16384
06-12 21:55:21.122 760 760 I MediaCodecsXmlParser: limit: blocks-per-second-range = 1-491520
06-12 21:55:21.122 760 760 I MediaCodecsXmlParser: limit: bitrate-range = 1-40000000
06-12 21:55:21.122 760 760 I MediaCodecsXmlParser: limit: feature-adaptive-playback = 0
06-12 21:55:21.122 760 760 I MediaCodecsXmlParser: limit: size-range = 2x2-2048x2048
06-12 21:55:21.122 760 760 I MediaCodecsXmlParser: limit: alignment = 2x2
06-12 21:55:21.122 760 760 I MediaCodecsXmlParser: limit: block-size = 8x8
06-12 21:55:21.122 760 760 I MediaCodecsXmlParser: limit: block-count-range = 1-65536
06-12 21:55:21.122 760 760 I MediaCodecsXmlParser: limit: blocks-per-second-range = 1-491520
06-12 21:55:21.122 760 760 I MediaCodecsXmlParser: limit: bitrate-range = 1-5000000
06-12 21:55:21.122 760 760 I MediaCodecsXmlParser: limit: feature-adaptive-playback = 0
06-12 21:55:21.122 760 760 I MediaCodecsXmlParser: limit: size-range = 2x2-2048x2048
06-12 21:55:21.122 760 760 I MediaCodecsXmlParser: limit: alignment = 2x2
06-12 21:55:21.122 760 760 I MediaCodecsXmlParser: limit: block-size = 16x16
06-12 21:55:21.122 760 760 I MediaCodecsXmlParser: limit: block-count-range = 1-8192
06-12 21:55:21.122 760 760 I MediaCodecsXmlParser: limit: blocks-per-second-range = 1-500000
06-12 21:55:21.122 760 760 I MediaCodecsXmlParser: limit: bitrate-range = 1-40000000
06-12 21:55:21.122 760 760 I MediaCodecsXmlParser: limit: feature-adaptive-playback = 0
06-12 21:55:21.123 760 760 I MediaCodecsXmlParser: limit: size-range = 2x2-1280x1280
06-12 21:55:21.123 760 760 I MediaCodecsXmlParser: limit: alignment = 2x2
06-12 21:55:21.123 760 760 I MediaCodecsXmlParser: limit: block-size = 16x16
06-12 21:55:21.123 760 760 I MediaCodecsXmlParser: limit: block-count-range = 1-3600
06-12 21:55:21.123 760 760 I MediaCodecsXmlParser: limit: blocks-per-second-range = 1-108000
06-12 21:55:21.123 760 760 I MediaCodecsXmlParser: limit: bitrate-range = 1-5000000
06-12 21:55:21.123 760 760 I MediaCodecsXmlParser: limit: feature-adaptive-playback = 0
06-12 21:55:21.123 760 760 I MediaCodecsXmlParser: limit: size-range = 176x144-176x144
06-12 21:55:21.123 760 760 I MediaCodecsXmlParser: limit: alignment = 16x16
06-12 21:55:21.123 760 760 I MediaCodecsXmlParser: limit: bitrate-range = 1-128000
06-12 21:55:21.123 760 760 I MediaCodecsXmlParser: limit: size-range = 16x16-1808x1808
06-12 21:55:21.123 760 760 I MediaCodecsXmlParser: limit: alignment = 2x2
06-12 21:55:21.123 760 760 I MediaCodecsXmlParser: limit: block-size = 16x16
06-12 21:55:21.123 760 760 I MediaCodecsXmlParser: limit: block-count-range = 1-1620
06-12 21:55:21.123 760 760 I MediaCodecsXmlParser: limit: blocks-per-second-range = 1-40500
06-12 21:55:21.123 760 760 I MediaCodecsXmlParser: limit: bitrate-range = 1-2000000
06-12 21:55:21.123 760 760 I MediaCodecsXmlParser: limit: feature-intra-refresh = 0
06-12 21:55:21.123 760 760 I MediaCodecsXmlParser: limit: size-range = 16x16-176x144
06-12 21:55:21.123 760 760 I MediaCodecsXmlParser: limit: alignment = 16x16
06-12 21:55:21.123 760 760 I MediaCodecsXmlParser: limit: block-size = 16x16
06-12 21:55:21.124 760 760 I MediaCodecsXmlParser: limit: blocks-per-second-range = 12-1485
06-12 21:55:21.124 760 760 I MediaCodecsXmlParser: limit: bitrate-range = 1-64000
06-12 21:55:21.124 760 760 I MediaCodecsXmlParser: limit: size-range = 2x2-1280x1280
06-12 21:55:21.124 760 760 I MediaCodecsXmlParser: limit: alignment = 2x2
06-12 21:55:21.124 760 760 I MediaCodecsXmlParser: limit: block-size = 16x16
06-12 21:55:21.124 760 760 I MediaCodecsXmlParser: limit: block-count-range = 1-3600
06-12 21:55:21.124 760 760 I MediaCodecsXmlParser: limit: bitrate-range = 1-20000000
06-12 21:55:21.124 636 918 I adbd : UsbFfsConnection constructed
06-12 21:55:21.124 760 760 I MediaCodecsXmlParser: limit: feature-bitrate-modes = VBR,CBR
06-12 21:55:21.124 760 760 D MediaCodecsXmlParser: parsing /vendor/etc/media_codecs_performance.xml...
06-12 21:55:21.124 760 760 I MediaCodecsXmlParser: limit: measured-frame-rate-320x240-range = 130-130
06-12 21:55:21.124 760 760 I MediaCodecsXmlParser: limit: measured-frame-rate-720x480-range = 50-50
06-12 21:55:21.125 760 760 I MediaCodecsXmlParser: limit: measured-frame-rate-1280x720-range = 33-33
06-12 21:55:21.125 760 760 I MediaCodecsXmlParser: limit: measured-frame-rate-1920x1080-range = 18-18
06-12 21:55:21.125 760 760 I MediaCodecsXmlParser: limit: measured-frame-rate-176x144-range = 394-394
06-12 21:55:21.125 760 760 I MediaCodecsXmlParser: limit: measured-frame-rate-352x288-range = 86-86
06-12 21:55:21.125 760 760 I MediaCodecsXmlParser: limit: measured-frame-rate-176x144-range = 179-179
06-12 21:55:21.125 760 760 I MediaCodecsXmlParser: limit: measured-frame-rate-352x288-range = 84-84
06-12 21:55:21.125 760 760 I MediaCodecsXmlParser: limit: measured-frame-rate-640x480-range = 54-54
06-12 21:55:21.125 760 760 I MediaCodecsXmlParser: limit: measured-frame-rate-320x240-range = 208-208
06-12 21:55:21.125 760 760 I MediaCodecsXmlParser: limit: measured-frame-rate-720x480-range = 98-98
06-12 21:55:21.125 760 760 I MediaCodecsXmlParser: limit: measured-frame-rate-1280x720-range = 44-44
06-12 21:55:21.125 760 760 I MediaCodecsXmlParser: limit: measured-frame-rate-1920x1080-range = 21-21
06-12 21:55:21.125 760 760 D MediaCodecsXmlParser: MediaCodec: cannot update non-existing codec at line 44 of /vendor/etc/media_codecs_performance.xml
06-12 21:55:21.125 760 760 I MediaCodecsXmlParser: limit: measured-frame-rate-176x144-range = 397-397
06-12 21:55:21.125 760 760 D MediaCodecsXmlParser: MediaCodec: cannot update non-existing codec at line 53 of /vendor/etc/media_codecs_performance.xml
06-12 21:55:21.125 760 760 I MediaCodecsXmlParser: limit: measured-frame-rate-176x144-range = 413-413
06-12 21:55:21.125 760 760 D MediaCodecsXmlParser: MediaCodec: cannot update non-existing codec at line 59 of /vendor/etc/media_codecs_performance.xml
06-12 21:55:21.125 760 760 I MediaCodecsXmlParser: limit: measured-frame-rate-320x180-range = 71-71
06-12 21:55:21.125 760 760 I MediaCodecsXmlParser: limit: measured-frame-rate-640x360-range = 37-37
06-12 21:55:21.126 760 760 I MediaCodecsXmlParser: limit: measured-frame-rate-1280x720-range = 21-21
06-12 21:55:21.126 760 760 I MediaCodecsXmlParser: limit: measured-frame-rate-1920x1080-range = 12-12
06-12 21:55:21.126 760 760 D MediaCodecsXmlParser: MediaCodec: cannot update non-existing codec at line 68 of /vendor/etc/media_codecs_performance.xml
06-12 21:55:21.126 760 760 I MediaCodecsXmlParser: limit: measured-frame-rate-320x240-range = 396-405
06-12 21:55:21.126 760 760 I MediaCodecsXmlParser: limit: measured-frame-rate-720x480-range = 280-280
06-12 21:55:21.126 760 760 I MediaCodecsXmlParser: limit: measured-frame-rate-1280x720-range = 155-155
06-12 21:55:21.126 760 760 I MediaCodecsXmlParser: limit: measured-frame-rate-1920x1088-range = 57-57
06-12 21:55:21.126 760 760 I MediaCodecsXmlParser: limit: measured-frame-rate-1920x1080-range = 57-57
06-12 21:55:21.126 760 760 I MediaCodecsXmlParser: limit: measured-frame-rate-352x288-range = 337-337
06-12 21:55:21.126 760 760 I MediaCodecsXmlParser: limit: measured-frame-rate-640x360-range = 253-253
06-12 21:55:21.126 760 760 I MediaCodecsXmlParser: limit: measured-frame-rate-720x480-range = 200-200
06-12 21:55:21.126 760 760 I MediaCodecsXmlParser: limit: measured-frame-rate-1280x720-range = 91-91
06-12 21:55:21.126 760 760 I MediaCodecsXmlParser: limit: measured-frame-rate-1920x1088-range = 63-63
06-12 21:55:21.126 760 760 I MediaCodecsXmlParser: limit: measured-frame-rate-176x144-range = 392-394
06-12 21:55:21.126 760 760 I MediaCodecsXmlParser: limit: measured-frame-rate-352x288-range = 251-251
06-12 21:55:21.126 760 760 I MediaCodecsXmlParser: limit: measured-frame-rate-320x180-range = 360-360
06-12 21:55:21.126 760 760 I MediaCodecsXmlParser: limit: measured-frame-rate-320x240-range = 659-659
06-12 21:55:21.126 760 760 I MediaCodecsXmlParser: limit: measured-frame-rate-640x360-range = 370-370
06-12 21:55:21.126 656 865 W /system/vendor/bin/adsprpcd: vendor/qcom/proprietary/commonsys-intf/adsprpc/src/apps_std_imp.c:750: Warning: apps_std_fopen_with_env failed with 0x2 for voiceproc_rx.so (No such file or directory)
06-12 21:55:21.126 760 760 I MediaCodecsXmlParser: limit: measured-frame-rate-1280x720-range = 162-162
06-12 21:55:21.126 760 760 I MediaCodecsXmlParser: limit: measured-frame-rate-1920x1080-range = 87-87
06-12 21:55:21.127 760 760 I MediaCodecsXmlParser: limit: measured-frame-rate-480x360-range = 232-232
06-12 21:55:21.127 760 760 I MediaCodecsXmlParser: limit: measured-frame-rate-176x144-range = 322-322
06-12 21:55:21.127 760 760 I MediaCodecsXmlParser: limit: measured-frame-rate-320x240-range = 250-250
06-12 21:55:21.127 760 760 I MediaCodecsXmlParser: limit: measured-frame-rate-720x480-range = 92-92
06-12 21:55:21.127 760 760 I MediaCodecsXmlParser: limit: measured-frame-rate-1280x720-range = 35-35
06-12 21:55:21.127 760 760 I MediaCodecsXmlParser: limit: measured-frame-rate-1920x1080-range = 15-15
06-12 21:55:21.127 760 760 D MediaCodecsXmlParser: MediaCodec: cannot update non-existing codec at line 111 of /vendor/etc/media_codecs_performance.xml
06-12 21:55:21.127 760 760 I MediaCodecsXmlParser: limit: measured-frame-rate-352x288-range = 226-226
06-12 21:55:21.127 760 760 I MediaCodecsXmlParser: limit: measured-frame-rate-640x360-range = 146-132
06-12 21:55:21.127 760 760 I MediaCodecsXmlParser: limit: measured-frame-rate-720x480-range = 183-183
06-12 21:55:21.127 760 760 I MediaCodecsXmlParser: limit: measured-frame-rate-1280x720-range = 83-83
06-12 21:55:21.127 760 760 I MediaCodecsXmlParser: limit: measured-frame-rate-1920x1080-range = 11-11
06-12 21:55:21.127 760 760 D MediaCodecsXmlParser: MediaCodec: cannot update non-existing codec at line 124 of /vendor/etc/media_codecs_performance.xml
06-12 21:55:21.127 760 760 I MediaCodecsXmlParser: limit: measured-frame-rate-176x144-range = 430-450
06-12 21:55:21.127 760 760 D MediaCodecsXmlParser: MediaCodec: cannot update non-existing codec at line 134 of /vendor/etc/media_codecs_performance.xml
06-12 21:55:21.127 636 925 I adbd : USB event: FUNCTIONFS_BIND
06-12 21:55:21.127 760 760 I MediaCodecsXmlParser: limit: measured-frame-rate-176x144-range = 212-241
06-12 21:55:21.127 760 760 I MediaCodecsXmlParser: limit: measured-frame-rate-352x288-range = 172-175
06-12 21:55:21.127 760 760 D MediaCodecsXmlParser: MediaCodec: cannot update non-existing codec at line 143 of /vendor/etc/media_codecs_performance.xml
06-12 21:55:21.128 760 760 I MediaCodecsXmlParser: limit: measured-frame-rate-320x240-range = 1330-1330
06-12 21:55:21.128 760 760 I MediaCodecsXmlParser: limit: measured-frame-rate-320x180-range = 495-500
06-12 21:55:21.128 760 760 I MediaCodecsXmlParser: limit: measured-frame-rate-640x360-range = 146-149
06-12 21:55:21.128 760 760 I MediaCodecsXmlParser: limit: measured-frame-rate-1280x720-range = 31-31
06-12 21:55:21.128 760 760 I MediaCodecsXmlParser: limit: measured-frame-rate-1920x1080-range = 12-13
06-12 21:55:21.128 760 760 D MediaCodecsXmlParser: MediaCodec: cannot update non-existing codec at line 154 of /vendor/etc/media_codecs_performance.xml
06-12 21:55:21.128 760 760 I MediaCodecsXmlParser: limit: measured-frame-rate-320x180-range = 304-304
06-12 21:55:21.128 760 760 I MediaCodecsXmlParser: limit: measured-frame-rate-320x240-range = 511-511
06-12 21:55:21.128 760 760 I MediaCodecsXmlParser: limit: measured-frame-rate-640x360-range = 103-105
06-12 21:55:21.128 760 760 I MediaCodecsXmlParser: limit: measured-frame-rate-1280x720-range = 53-53
06-12 21:55:21.128 760 760 I MediaCodecsXmlParser: limit: measured-frame-rate-1920x1080-range = 29-31
06-12 21:55:21.128 760 760 D MediaCodecsXmlParser: MediaCodec: cannot update non-existing codec at line 167 of /vendor/etc/media_codecs_performance.xml
06-12 21:55:21.128 650 650 I imsrcsd : ImsRcsBaseImpl CM_IMSCONNECTIONMANAGER_CREATE_CONNECTION After Registering Service
06-12 21:55:21.128 760 760 D MediaCodecsXmlParser: Cannot find /data/misc/media/media_codecs_profiling_results.xml
06-12 21:55:21.128 650 650 E : [IMS_COM] |ImsCom.cpp | 53 | | 650 |Com Fd: 8
06-12 21:55:21.128 650 650 E : [IMS_COM] |ImsCom.cpp | 158 | | 650 |ImsCom::addComEventHandler(int 8, ComEventCallback 0x7b89016294, void* 0x0, ComCloseCallback 0x0, events 17) EX
06-12 21:55:21.129 650 650 E : [IMS_COM] |ImsCom.cpp | 170 | | 650 |ImsCom::addComEventHandler epoll_ctl returns: 0
06-12 21:55:21.129 650 650 E : [IMS_COM] |ImsCom.cpp | 56 | | 650 |ImsCom is ready. epollFd:7
06-12 21:55:21.129 650 650 E : [IMS_COM] |ImsQmiSvc.cpp | 27 | | 650 |ImsQmiSvc: Xtor
06-12 21:55:21.129 650 650 E : [IMS_COM] |ImsQmiSvc.cpp | 29 | | 650 |ImsQmiSvc: qmiimssvcfd : 9
06-12 21:55:21.129 650 650 E : [IMS_COM] |ImsCom.cpp | 158 | | 650 |ImsCom::addComEventHandler(int 9, ComEventCallback 0x7b8901ae7c, void* 0x7b89837000, ComCloseCallback 0x0, events 1) EX
06-12 21:55:21.129 650 650 E : [IMS_COM] |ImsCom.cpp | 170 | | 650 |ImsCom::addComEventHandler epoll_ctl returns: 0
06-12 21:55:21.129 760 760 E MediaCodecsXmlParser: Cannot find the role for a decoder of type video/divx4
06-12 21:55:21.129 760 760 E MediaCodecsXmlParser: Cannot find the role for a decoder of type video/divx
06-12 21:55:21.129 760 760 E MediaCodecsXmlParser: Cannot find the role for a decoder of type video/mp4v-esdp
06-12 21:55:21.132 650 650 E QMI_FW : QMUXD: WARNING qmi_qmux_if_pwr_up_init failed! rc=-6
06-12 21:55:21.132 650 650 E : [IMS_COM] |ImsQmiSvc.cpp | 100 | | 650 |ImsQmiSvc: registerForQmiSvcUp
06-12 21:55:21.132 650 650 E : [IMS_COM] |ImsQmiPrivate.cpp | 119 | | 650 |ImsQmiPrivate Xtor
06-12 21:55:21.133 650 650 E : [IMS_COM] |ImsCom.cpp | 158 | | 650 |ImsCom::addComEventHandler(int 14, ComEventCallback 0x7b890192d0, void* 0x7b89837000, ComCloseCallback 0x0, events 1) EX
06-12 21:55:21.133 650 650 E : [IMS_COM] |ImsCom.cpp | 170 | | 650 |ImsCom::addComEventHandler epoll_ctl returns: 0
06-12 21:55:21.133 650 650 E : [IMS_COM] |ImsQmiPrivate.cpp | 226 | | 650 |QMI IMS Private listener added 0x7b8980a300
06-12 21:55:21.133 650 650 I : ImsCallInfoService - registerServiceImpl: Registering for vendor.qti.ims.callinfo
06-12 21:55:21.133 650 650 I ServiceManagement: Registered vendor.qti.ims.callinfo@1.0::IService/default (start delay of 1244ms)
06-12 21:55:21.133 764 764 I ServiceManagement: Registered vendor.qti.data.factory@2.1::IFactory/default (start delay of 964ms)
06-12 21:55:21.134 412 412 I hwservicemanager: getTransport: Cannot find entry android.hardware.graphics.allocator@3.0::IAllocator/default in either framework or device manifest.
06-12 21:55:21.134 593 593 W Gralloc3: allocator 3.x is not supported
06-12 21:55:21.135 529 529 E audio_hw_extn: audio_extn_perf_lock_init: Perf lock handles Success
06-12 21:55:21.135 529 529 I soundtrigger: audio_extn_sound_trigger_init: Enter
06-12 21:55:21.136 529 529 I soundtrigger: audio_extn_sound_trigger_init: DLOPEN successful for /vendor/lib/hw/sound_trigger.primary.msm8937.so
06-12 21:55:21.136 529 529 D soundtrigger: audio_extn_sound_trigger_init: sthal is using proprietary API version 0x0101
06-12 21:55:21.136 760 760 I ServiceManagement: Registered android.hardware.media.omx@1.0::IOmxStore/default (start delay of 997ms)
06-12 21:55:21.136 529 529 E audio_hw_primary: adev_open: ERROR. Could not get ctl for mixer cmd - AudStr 0 ChMixer Weight Ch 1
06-12 21:55:21.137 760 760 I ServiceManagement: Removing namespace from process name android.hardware.media.omx@1.0-service to omx@1.0-service.
06-12 21:55:21.138 650 650 I imsrcsd : ImsRcsBaseImpl ImsCallInfo After Registering Service
06-12 21:55:21.138 529 587 W DeviceHAL: Error from HAL Device in function get_master_volume: Function not implemented
06-12 21:55:21.138 529 587 W DeviceHAL: Error from HAL Device in function get_master_mute: Function not implemented
06-12 21:55:21.139 529 587 W DeviceHAL: Error from HAL Device in function set_master_volume: Function not implemented
06-12 21:55:21.139 529 587 W DeviceHAL: Error from HAL Device in function set_master_mute: Function not implemented
06-12 21:55:21.139 590 590 I AudioFlinger: loadHwModule() Loaded primary audio interface, handle 10
06-12 21:55:21.139 590 590 I AudioFlinger: openOutput() this 0x79c87d5c00, module 10 Device 0x2, SamplingRate 48000, Format 0x000001, Channels 0x3, flags 0x6
06-12 21:55:21.139 529 587 D audio_hw_primary: adev_open_output_stream: enter: format(0x1) sample_rate(48000) channel_mask(0x3) devices(0x2) flags(0x6) stream_handle(0xf1eee000)
06-12 21:55:21.140 529 587 I audio_hw_primary: adev_open_output_stream: dynamic qos voting not enabled for platform
06-12 21:55:21.140 529 587 D audio_hw_primary: adev_open_output_stream: Stream (0xf1eee000) picks up usecase (low-latency-playback)
06-12 21:55:21.140 593 593 I Gralloc2: Adding additional valid usage bits: 0x202400
06-12 21:55:21.141 590 590 I AudioFlinger: HAL output buffer size 192 frames, normal sink buffer size 960 frames
06-12 21:55:21.144 727 727 I ServiceManagement: Registered android.system.wifi.keystore@1.0::IKeystore/default (start delay of 1125ms)
06-12 21:55:21.161 757 774 I ServiceManager: Waiting for service 'package_native' on '/dev/binder'...
06-12 21:55:21.162 594 594 I vendor.rmt_storage: rmt_storage_connect_cb: clnt_h=0x1 conn_h=0x7b7fa08010
06-12 21:55:21.162 594 594 I vendor.rmt_storage: rmt_storage_open_cb: /boot/modem_fs1: req_h=0x1 msg_id=1: Client found
06-12 21:55:21.162 594 928 I vendor.rmt_storage: rmt_storage_client_thread: /boot/modem_fs1: Worker thread started
06-12 21:55:21.162 594 594 I vendor.rmt_storage: rmt_storage_open_cb: /boot/modem_fs1: req_h=0x1 msg_id=1: Send response: res=0 err=0
06-12 21:55:21.163 594 928 I vendor.rmt_storage: wake lock name: rmt_storage_530416385360, name creation success: 24
06-12 21:55:21.164 543 543 D SDM : HWCSession::RegisterCallback: Registering callback: Refresh
06-12 21:55:21.164 543 543 D SDM : HWCSession::RegisterCallback: Registering callback: Vsync
06-12 21:55:21.167 594 594 I vendor.rmt_storage: rmt_storage_connect_cb: clnt_h=0x2 conn_h=0x7b7fa08020
06-12 21:55:21.167 594 594 I vendor.rmt_storage: rmt_storage_open_cb: /boot/modem_fs2: req_h=0x2 msg_id=1: Client found
06-12 21:55:21.167 594 929 I vendor.rmt_storage: rmt_storage_client_thread: /boot/modem_fs2: Worker thread started
06-12 21:55:21.167 594 594 I vendor.rmt_storage: rmt_storage_open_cb: /boot/modem_fs2: req_h=0x2 msg_id=1: Send response: res=0 err=0
06-12 21:55:21.167 594 929 I vendor.rmt_storage: wake lock name: rmt_storage_530398571856, name creation success: 24
06-12 21:55:21.167 594 594 I vendor.rmt_storage: rmt_storage_disconnect_cb: clnt_h=0x1 conn_h=0x7b7fa08010
06-12 21:55:21.170 594 594 I vendor.rmt_storage: rmt_storage_connect_cb: clnt_h=0x3 conn_h=0x7b7fa08010
06-12 21:55:21.170 594 594 I vendor.rmt_storage: rmt_storage_open_cb: /boot/modem_fsg: req_h=0x3 msg_id=1: Client found
06-12 21:55:21.170 594 594 I vendor.rmt_storage: rmt_storage_open_cb: /boot/modem_fsg: req_h=0x3 msg_id=1: Send response: res=0 err=0
06-12 21:55:21.170 594 594 I vendor.rmt_storage: rmt_storage_disconnect_cb: clnt_h=0x2 conn_h=0x7b7fa08020
06-12 21:55:21.171 594 594 I vendor.rmt_storage: rmt_storage_disconnect_cb: clnt_h=0x3 conn_h=0x7b7fa08010
06-12 21:55:21.174 594 930 I vendor.rmt_storage: rmt_storage_client_thread: /boot/modem_fsg: Worker thread started
06-12 21:55:21.174 594 594 I vendor.rmt_storage: rmt_storage_connect_cb: clnt_h=0x4 conn_h=0x7b7fa08010
06-12 21:55:21.174 594 930 I vendor.rmt_storage: wake lock name: rmt_storage_530380758352, name creation success: 24
06-12 21:55:21.174 594 594 I vendor.rmt_storage: rmt_storage_open_cb: /boot/modem_fsc: req_h=0x4 msg_id=1: Client found
06-12 21:55:21.174 594 594 I vendor.rmt_storage: rmt_storage_open_cb: /boot/modem_fsc: req_h=0x4 msg_id=1: Send response: res=0 err=0
