06-12 21:55:40.716 2242 2242 D FingerGoodix: FingerPrint::init mstatus to OK
06-12 21:55:40.716 2242 2242 D FingerGoodix: go into FingerPrint,getFingerPrintService()
06-12 21:55:40.717 2242 2242 D FingerGoodix: go into while FingerPrint,getFingerPrintService()
06-12 21:55:40.717 2242 2242 D FingerGoodix: Success to get FingerPrint Service
06-12 21:55:40.717 852 993 D FingerGoodix: server,connect
06-12 21:55:40.718 852 993 D FingerGoodix: finger print service is connecting,client id is 0,pid = 123
06-12 21:55:40.718 852 993 D FingerGoodix: FingerPrintService::connect X(pid 123),client is exist.
06-12 21:55:40.718 852 993 D FingerGoodix: FingerPrintService::connect client is busy, disconnect it and reset busy flag.
06-12 21:55:40.718 852 993 D FingerGoodix: Client::disconnect E (pid 123)
06-12 21:55:40.718 852 993 D FingerGoodix: reset2KeyMode
06-12 21:55:40.718 852 993 D FingerGoodix: wait to prepare FpEnv
06-12 21:55:40.718 852 993 D FingerGoodix: start to prepare FpEnv
06-12 21:55:40.718 852 993 D FingerGoodix: prepare FpEnv, active client=0x76ba02b000
06-12 21:55:40.718 852 993 D FingerGoodix: failed to reset2KeyMode
06-12 21:55:40.718 852 993 D FingerGoodix: fingerprint cancel wait finger command.
06-12 21:55:40.718 852 993 D FingerGoodix: device_cancel_waitfinger
06-12 21:55:40.718 852 993 D FingerGoodix: mCurStatus = 1 , nextStatus = 1
06-12 21:55:40.718 852 993 D FingerGoodix: FingerPrintService::removeClient,pid=123
06-12 21:55:40.718 852 993 D FingerGoodix: FingerPrintService, removeClient
06-12 21:55:40.718 852 993 D FingerGoodix: FingerPrintService, check binder
06-12 21:55:40.718 852 993 D FingerGoodix: found fingerprint client,remove it now
06-12 21:55:40.718 852 993 D FingerGoodix: Client::~Client X (pid 123)
06-12 21:55:40.718 852 993 D FingerGoodix: FingerPrintService::connect X(pid 123),client is exist. but not same
06-12 21:55:40.718 852 993 D FingerGoodix: FingerPrintService client(class:FingerPrint) is constructing,clientID = 0
06-12 21:55:40.718 852 993 D FingerGoodix: Set finger print busy flag in client construct
06-12 21:55:40.718 2242 2242 F libc : stack corruption detected (-fstack-protector)
06-12 21:55:40.719 2242 2242 F libc : Fatal signal 6 (SIGABRT), code -1 (SI_QUEUE) in tid 2242 (android.hardwar), pid 2242 (android.hardwar)
06-12 21:55:40.749 2248 2248 I crash_dump64: obtaining output fd from tombstoned, type: kDebuggerdTombstone
06-12 21:55:40.749 788 788 I /system/bin/tombstoned: received crash request for pid 2242
06-12 21:55:40.750 2248 2248 I crash_dump64: performing dump of process 2242 (target tid = 2242)
06-12 21:55:40.751 1154 1182 I WindowManager: ******* TELLING SURFACE FLINGER WE ARE BOOTED!
06-12 21:55:40.752 593 618 I SurfaceFlinger: Boot is finished (21015 ms)
06-12 21:55:40.757 2248 2248 F DEBUG : *** *** *** *** *** *** *** *** *** *** *** *** *** *** *** ***
06-12 21:55:40.757 2248 2248 F DEBUG : crDroid Version: '6.6'
06-12 21:55:40.757 2248 2248 F DEBUG : Build fingerprint: 'Wileyfox/Swift2/marmite:8.1.0/OPM5.171019.017/38c792b31d:user/release-keys'
06-12 21:55:40.757 2248 2248 F DEBUG : Revision: '0'
06-12 21:55:40.757 2248 2248 F DEBUG : ABI: 'arm64'
06-12 21:55:40.758 1154 1182 I ActivityManager: About to commit checkpoint
06-12 21:55:40.758 2248 2248 F DEBUG : Timestamp: 2020-06-12 21:55:40+0200
06-12 21:55:40.758 2248 2248 F DEBUG : pid: 2242, tid: 2242, name: android.hardwar >>> /vendor/bin/hw/android.hardware.biometrics.fingerprint@2.0-service-marmite <<<
06-12 21:55:40.758 2248 2248 F DEBUG : uid: 1000
06-12 21:55:40.758 2248 2248 F DEBUG : signal 6 (SIGABRT), code -1 (SI_QUEUE), fault addr --------
06-12 21:55:40.759 2248 2248 F DEBUG : Abort message: 'stack corruption detected (-fstack-protector)'
06-12 21:55:40.759 1154 1182 I SystemServiceManager: Starting phase 1000
06-12 21:55:40.759 2248 2248 F DEBUG : x0 0000000000000000 x1 00000000000008c2 x2 0000000000000006 x3 0000007ff4ba5990
06-12 21:55:40.759 2248 2248 F DEBUG : x4 0000000000808080 x5 0000000000808080 x6 0000000000808080 x7 8080800000000000
06-12 21:55:40.759 2248 2248 F DEBUG : x8 00000000000000f0 x9 e716da0441dded2d x10 0000000000000001 x11 0000000000000000
06-12 21:55:40.759 2248 2248 F DEBUG : x12 fffffff0ffffffdf x13 000000005ee3ddbc x14 002a8ec678131800 x15 0000000000000070
06-12 21:55:40.759 2248 2248 F DEBUG : x16 00000078a75e0cf8 x17 00000078a75bcc00 x18 00000078a8eee000 x19 00000000000008c2
06-12 21:55:40.759 2248 2248 F DEBUG : x20 00000000000008c2 x21 00000000ffffffff x22 0000007ff4ba5b20 x23 0000007ff4ba5aa8
06-12 21:55:40.759 2248 2248 F DEBUG : x24 0000007ff4ba5bf0 x25 00000078a6e68740 x26 0000000000000000 x27 00000078a62f6e54
06-12 21:55:40.759 2248 2248 F DEBUG : x28 0000000000000000 x29 0000007ff4ba5a30
06-12 21:55:40.759 2248 2248 F DEBUG : sp 0000007ff4ba5970 lr 00000078a756f6b8 pc 00000078a756f6e4
06-12 21:55:40.760 553 553 E QTI PowerHAL: Failed to acquire lock.
06-12 21:55:40.761 1154 1182 E LightsService: Light requested not available on this device. 2
06-12 21:55:40.762 2248 2248 F DEBUG :
06-12 21:55:40.762 2248 2248 F DEBUG : backtrace:
06-12 21:55:40.762 1154 1200 V DisplayPowerController: Brightness [102] reason changing to: 'manual', previous reason: 'override'.
06-12 21:55:40.763 2248 2248 F DEBUG : #00 pc 000000000006f6e4 /apex/com.android.runtime/lib64/bionic/libc.so (abort+160) (BuildId: 308f02874a8dee87ce6f24f6c1fd93cd)
06-12 21:55:40.763 2248 2248 F DEBUG : #01 pc 00000000000bb48c /apex/com.android.runtime/lib64/bionic/libc.so (__stack_chk_fail+20) (BuildId: 308f02874a8dee87ce6f24f6c1fd93cd)
06-12 21:55:40.763 2248 2248 F DEBUG : #02 pc 0000000000015fd4 /vendor/lib64/libfp_client.so (BpFingerPrintService::connect(android::sp const&, int)+384)
06-12 21:55:40.763 2248 2248 F DEBUG : #03 pc 0000000000011c48 /vendor/lib64/libfp_client.so (android::Fp::connect(android::FpClientType)+188)
06-12 21:55:40.763 2248 2248 F DEBUG : #04 pc 000000000000a694 /vendor/lib64/hw/fingerprint.msm8937.so (goodix_sensor_init+336)
06-12 21:55:40.763 2248 2248 F DEBUG : #05 pc 000000000000a82c /vendor/lib64/hw/fingerprint.msm8937.so (goodix_sensor_set_active_group+92)
06-12 21:55:40.763 2248 2248 F DEBUG : #06 pc 0000000000006f3c /vendor/lib64/hw/fingerprint.msm8937.so
06-12 21:55:40.763 2248 2248 F DEBUG : #07 pc 0000000000003260 /vendor/bin/hw/android.hardware.biometrics.fingerprint@2.0-service-marmite (android::hardware::biometrics::fingerprint::V2_1::implementation::BiometricsFingerprint::openHal()+144) (BuildId: 540ca78e3b8f22ea3c6d9c19f747cae5)
06-12 21:55:40.763 2248 2248 F DEBUG : #08 pc 0000000000003fa8 /vendor/bin/hw/android.hardware.biometrics.fingerprint@2.0-service-marmite (android::hardware::biometrics::fingerprint::V2_1::implementation::BiometricsFingerprint::getInstance()+84) (BuildId: 540ca78e3b8f22ea3c6d9c19f747cae5)
06-12 21:55:40.763 2248 2248 F DEBUG : #09 pc 0000000000003084 /vendor/bin/hw/android.hardware.biometrics.fingerprint@2.0-service-marmite (main+52) (BuildId: 540ca78e3b8f22ea3c6d9c19f747cae5)
06-12 21:55:40.764 2248 2248 F DEBUG : #10 pc 000000000006a834 /apex/com.android.runtime/lib64/bionic/libc.so (__libc_init+108) (BuildId: 308f02874a8dee87ce6f24f6c1fd93cd)
06-12 21:55:40.770 1154 1537 D StorageManagerService: Thinking about init, mBootCompleted=true, mDaemonConnected=true
06-12 21:55:40.770 1154 1182 D TestHarnessModeService: Completing Test Harness Mode setup.
06-12 21:55:40.770 1154 1537 D StorageManagerService: Setting up emulation state, initlocked=false
06-12 21:55:40.770 420 420 D vold : fscrypt_unlock_user_key 0 serial=0 token_present=0
06-12 21:55:40.770 1154 1537 D StorageManagerService: Thinking about reset, mBootCompleted=true, mDaemonConnected=true
06-12 21:55:40.771 1154 1188 I ActivityManager: Force stopping com.android.providers.media appid=10114 user=-1: vold reset
06-12 21:55:40.772 1154 1635 V StorageManagerService: Found primary storage at VolumeInfo{emulated}:
06-12 21:55:40.772 1154 1635 V StorageManagerService: type=EMULATED diskId=null partGuid= mountFlags=0 mountUserId=-10000
06-12 21:55:40.772 1154 1635 V StorageManagerService: state=UNMOUNTED
06-12 21:55:40.772 1154 1635 V StorageManagerService: fsType=null fsUuid=null fsLabel=null
06-12 21:55:40.772 1154 1635 V StorageManagerService: path=null internalPath=null
06-12 21:55:40.775 420 420 D vold : Waiting for FUSE to spin up...
06-12 21:55:40.775 1154 1182 D WifiService: Handle boot completed
06-12 21:55:40.777 1154 1179 I UsbDeviceManager: Setting USB config to adb