06-12 21:55:30.829 1154 2138 I DropBoxManagerService: add tag=system_app_wtf isTagEnabled=true flags=0x2
06-12 21:55:30.830 529 586 D audio_hw_primary: adev_set_parameters: enter: A2dpSuspended=false
06-12 21:55:30.830 529 586 D audio_hw_extn: audio_extn_set_anc_parameters: anc_enabled:0
06-12 21:55:30.830 529 586 D audio_hw_spkr_prot: audio_extn_fbsp_set_parameters: Speaker protection disabled
06-12 21:55:30.837 2139 2139 I crash_dump64: type=1400 audit(0.0:40): avc: denied { ptrace } for scontext=u:r:crash_dump:s0 tcontext=u:r:init:s0 tclass=process permissive=1
06-12 21:55:30.851 2139 2139 I crash_dump64: obtaining output fd from tombstoned, type: kDebuggerdTombstone
06-12 21:55:30.852 788 788 I /system/bin/tombstoned: received crash request for pid 2067
06-12 21:55:30.853 2139 2139 I crash_dump64: performing dump of process 2067 (target tid = 2067)
06-12 21:55:30.860 2139 2139 F DEBUG : *** *** *** *** *** *** *** *** *** *** *** *** *** *** *** ***
06-12 21:55:30.860 2139 2139 F DEBUG : crDroid Version: '6.6'
06-12 21:55:30.860 2139 2139 F DEBUG : Build fingerprint: 'Wileyfox/Swift2/marmite:8.1.0/OPM5.171019.017/38c792b31d:user/release-keys'
06-12 21:55:30.860 2139 2139 F DEBUG : Revision: '0'
06-12 21:55:30.860 2139 2139 F DEBUG : ABI: 'arm64'
06-12 21:55:30.862 2139 2139 F DEBUG : Timestamp: 2020-06-12 21:55:30+0200
06-12 21:55:30.862 2139 2139 F DEBUG : pid: 2067, tid: 2067, name: android.hardwar >>> /vendor/bin/hw/android.hardware.biometrics.fingerprint@2.0-service-marmite <<<
06-12 21:55:30.862 2139 2139 F DEBUG : uid: 1000
06-12 21:55:30.862 2139 2139 F DEBUG : signal 6 (SIGABRT), code -1 (SI_QUEUE), fault addr --------
06-12 21:55:30.862 2139 2139 F DEBUG : Abort message: 'stack corruption detected (-fstack-protector)'
06-12 21:55:30.862 2139 2139 F DEBUG : x0 0000000000000000 x1 0000000000000813 x2 0000000000000006 x3 0000007feaa2cc70
06-12 21:55:30.862 2139 2139 F DEBUG : x4 0000000000808080 x5 0000000000808080 x6 0000000000808080 x7 8080800000000000
06-12 21:55:30.862 2139 2139 F DEBUG : x8 00000000000000f0 x9 a8a6ed71b3f60946 x10 0000000000000001 x11 0000000000000000
06-12 21:55:30.862 2139 2139 F DEBUG : x12 fffffff0ffffffdf x13 000000005ee3ddb2 x14 0030479e7bda4800 x15 0000000000000070
06-12 21:55:30.862 2139 2139 F DEBUG : x16 0000007a2bba2cf8 x17 0000007a2bb7ec00 x18 0000007a2c7c6000 x19 0000000000000813
06-12 21:55:30.862 2139 2139 F DEBUG : x20 0000000000000813 x21 00000000ffffffff x22 0000007feaa2ce00 x23 0000007feaa2cd88
06-12 21:55:30.863 2139 2139 F DEBUG : x24 0000007feaa2ced0 x25 0000007a2b468740 x26 0000000000000000 x27 0000007a2a82ce54
06-12 21:55:30.863 2139 2139 F DEBUG : x28 0000000000000000 x29 0000007feaa2cd10
06-12 21:55:30.863 2139 2139 F DEBUG : sp 0000007feaa2cc50 lr 0000007a2bb316b8 pc 0000007a2bb316e4
06-12 21:55:30.867 2139 2139 F DEBUG :
06-12 21:55:30.867 2139 2139 F DEBUG : backtrace:
06-12 21:55:30.868 2139 2139 F DEBUG : #00 pc 000000000006f6e4 /apex/com.android.runtime/lib64/bionic/libc.so (abort+160) (BuildId: 308f02874a8dee87ce6f24f6c1fd93cd)
06-12 21:55:30.868 2139 2139 F DEBUG : #01 pc 00000000000bb48c /apex/com.android.runtime/lib64/bionic/libc.so (__stack_chk_fail+20) (BuildId: 308f02874a8dee87ce6f24f6c1fd93cd)
06-12 21:55:30.868 2139 2139 F DEBUG : #02 pc 0000000000015fd4 /vendor/lib64/libfp_client.so (BpFingerPrintService::connect(android::sp const&, int)+384)
06-12 21:55:30.868 2139 2139 F DEBUG : #03 pc 0000000000011c48 /vendor/lib64/libfp_client.so (android::Fp::connect(android::FpClientType)+188)
06-12 21:55:30.868 2139 2139 F DEBUG : #04 pc 000000000000a694 /vendor/lib64/hw/fingerprint.msm8937.so (goodix_sensor_init+336)
06-12 21:55:30.868 2139 2139 F DEBUG : #05 pc 000000000000a82c /vendor/lib64/hw/fingerprint.msm8937.so (goodix_sensor_set_active_group+92)
06-12 21:55:30.868 2139 2139 F DEBUG : #06 pc 0000000000006f3c /vendor/lib64/hw/fingerprint.msm8937.so
06-12 21:55:30.868 2139 2139 F DEBUG : #07 pc 0000000000003260 /vendor/bin/hw/android.hardware.biometrics.fingerprint@2.0-service-marmite (android::hardware::biometrics::fingerprint::V2_1::implementation::BiometricsFingerprint::openHal()+144) (BuildId: 540ca78e3b8f22ea3c6d9c19f747cae5)
06-12 21:55:30.868 2139 2139 F DEBUG : #08 pc 0000000000003fa8 /vendor/bin/hw/android.hardware.biometrics.fingerprint@2.0-service-marmite (android::hardware::biometrics::fingerprint::V2_1::implementation::BiometricsFingerprint::getInstance()+84) (BuildId: 540ca78e3b8f22ea3c6d9c19f747cae5)
06-12 21:55:30.869 2139 2139 F DEBUG : #09 pc 0000000000003084 /vendor/bin/hw/android.hardware.biometrics.fingerprint@2.0-service-marmite (main+52) (BuildId: 540ca78e3b8f22ea3c6d9c19f747cae5)
06-12 21:55:30.869 2139 2139 F DEBUG : #10 pc 000000000006a834 /apex/com.android.runtime/lib64/bionic/libc.so (__libc_init+108) (BuildId: 308f02874a8dee87ce6f24f6c1fd93cd)
06-12 21:55:30.887 1958 1958 W SystemConfig: No directory /product_services/etc/sysconfig, skipping
06-12 21:55:30.888 1958 1958 W SystemConfig: No directory /product_services/etc/permissions, skipping
06-12 21:55:30.890 1958 1958 I ImsResolver: Initializing cache and binding.
06-12 21:55:30.893 1958 1958 D ImsExternalCallTracker: Registering: Handler (com.android.internal.telephony.imsphone.ImsPhone) {98a94a}
06-12 21:55:30.903 1958 1958 D ImsExternalCallTracker: Registering: Handler (com.android.internal.telephony.imsphone.ImsPhone) {401016}
06-12 21:55:30.912 1958 1958 D PhoneSwitcherNetworkRequstListener: Registering NetworkFactory
06-12 21:55:30.912 1154 1551 D ConnectivityService: Got NetworkFactory Messenger for PhoneSwitcherNetworkRequstListener
06-12 21:55:30.926 1154 1551 D ConnectivityService: Got NetworkFactory Messenger for TelephonyNetworkFactory[0]
06-12 21:55:30.927 1154 1551 D ConnectivityService: Got NetworkFactory Messenger for TelephonyNetworkFactory[1]
06-12 21:55:30.939 1958 2144 W CallerInfoCache: cursor is null
06-12 21:55:30.946 1958 1958 D CarrierConfigLoader: CarrierConfigLoader has started
06-12 21:55:30.983 1154 1814 I DefaultPermGrantPolicy: Revoking permissions from disabled data services for user:0
06-12 21:55:30.984 1154 1814 I DefaultPermGrantPolicy: Granting permissions to enabled data services for user:0
06-12 21:55:30.991 1614 1614 I CameraManagerGlobal: Connecting to camera service
06-12 21:55:31.010 1154 1633 W NativeCrashListener: Couldn't find ProcessRecord for pid 2067
06-12 21:55:31.011 788 788 E /system/bin/tombstoned: Tombstone written to: /data/tombstones/tombstone_44
06-12 21:55:31.038 1958 1958 D TelephonyProvider: subIdString = -1 subId = -1
06-12 21:55:31.039 1958 1958 D TelephonyProvider: getPreferredApnIdFromApn: for subId -1
06-12 21:55:31.050 1958 2143 D BluetoothHeadset: Proxy object connected
06-12 21:55:31.070 1154 1814 I DefaultPermGrantPolicy: Revoking permissions from disabled data services for user:0
06-12 21:55:31.070 1154 1814 I DefaultPermGrantPolicy: Granting permissions to enabled data services for user:0
06-12 21:55:31.113 1958 1958 D TelephonyProvider: subIdString = -1 subId = -1
06-12 21:55:31.114 1958 1958 D TelephonyProvider: getPreferredApnIdFromApn: for subId -1
06-12 21:55:31.125 1958 1958 D ImsResolver: maybeAddedImsService, packageName: null
06-12 21:55:31.126 1958 1958 I ImsResolver: service name: ComponentInfo{org.codeaurora.ims/org.codeaurora.ims.ImsService}, manifest query: true
06-12 21:55:31.126 1958 1958 I ImsResolver: Adding newly added ImsService to cache: ComponentInfo{org.codeaurora.ims/org.codeaurora.ims.ImsService}
06-12 21:55:31.127 1958 1958 I ImsResolver: Binding ImsService: ComponentInfo{org.codeaurora.ims/org.codeaurora.ims.ImsService} with features: [{s=0, f=0}, {s=1, f=1}, {s=0, f=1}, {s=1, f=0}]
06-12 21:55:31.127 1958 1958 I ImsServiceController: Granting Runtime permissions to:ComponentInfo{org.codeaurora.ims/org.codeaurora.ims.ImsService}
06-12 21:55:31.128 1154 1814 I DefaultPermGrantPolicy: Granting permissions to enabled ImsServices for user:0
06-12 21:55:31.128 1958 1958 I ImsServiceController: Binding ImsService:ComponentInfo{org.codeaurora.ims/org.codeaurora.ims.ImsService}
06-12 21:55:31.131 1958 1958 I ImsExternalCallTracker: handleVideoCapabilitiesChanged : isVideoCapable = false
06-12 21:55:31.131 1958 1958 D ImsExternalCallTracker: refreshCallPullState
06-12 21:55:31.138 1958 1958 I ImsExternalCallTracker: handleVideoCapabilitiesChanged : isVideoCapable = false
06-12 21:55:31.138 1958 1958 D ImsExternalCallTracker: refreshCallPullState
06-12 21:55:31.151 1154 1814 D ConnectivityService: requestNetwork for uid/pid:1001/1958 NetworkRequest [ TRACK_DEFAULT id=16, [ Capabilities: INTERNET&NOT_RESTRICTED&TRUSTED Uid: 1001] ]
06-12 21:55:31.151 1154 1589 D Ethernet: got request NetworkRequest [ TRACK_DEFAULT id=16, [ Capabilities: INTERNET&NOT_RESTRICTED&TRUSTED Uid: 1001] ] with score 0 and serial 0
06-12 21:55:31.152 1958 1958 D PhoneSwitcherNetworkRequstListener: got request NetworkRequest [ TRACK_DEFAULT id=10, [ Capabilities: INTERNET&NOT_RESTRICTED&TRUSTED Uid: 1000] ] with score 0 and serial -1
06-12 21:55:31.152 1958 1958 D PhoneSwitcherNetworkRequstListener: got request NetworkRequest [ BACKGROUND_REQUEST id=2, [ Transports: CELLULAR Capabilities: INTERNET&NOT_RESTRICTED&TRUSTED&NOT_VPN] ] with score 0 and serial -1
06-12 21:55:31.153 1958 1958 D PhoneSwitcherNetworkRequstListener: got request NetworkRequest [ REQUEST id=7, [ Capabilities: INTERNET&NOT_RESTRICTED&TRUSTED&NOT_VPN] ] with score 0 and serial -1
06-12 21:55:31.153 1958 1958 D PhoneSwitcherNetworkRequstListener: got request NetworkRequest [ TRACK_DEFAULT id=14, [ Capabilities: INTERNET&NOT_RESTRICTED&TRUSTED Uid: 10170] ] with score 0 and serial -1
06-12 21:55:31.153 1958 1958 D PhoneSwitcherNetworkRequstListener: got request NetworkRequest [ REQUEST id=1, [ Capabilities: INTERNET&NOT_RESTRICTED&TRUSTED&NOT_VPN] ] with score 0 and serial -1
06-12 21:55:31.154 1958 1958 D TelephonyDebugService: TelephonyDebugService()
06-12 21:55:31.156 1958 1958 D CarrierConfigLoader: mHandler: 12 phoneId: 0
06-12 21:55:31.156 479 479 D Zygote : Forked child process 2155
06-12 21:55:31.159 1154 1189 I ActivityManager: Start proc 2155:com.android.cellbroadcastreceiver/u0a120 for broadcast {com.android.cellbroadcastreceiver/com.android.cellbroadcastreceiver.CellBroadcastReceiver}
06-12 21:55:31.160 2155 2155 I Zygote : seccomp disabled by setenforce 0
06-12 21:55:31.180 2155 2155 W oadcastreceive: Core platform API violation: Ljava/lang/reflect/Field;->accessFlags:I from Landroid/os/Build; using reflection
06-12 21:55:31.193 1958 1958 I QImsService: ImsService : ImsService created!
06-12 21:55:31.210 1958 1958 I android_os_HwBinder: HwBinder: Starting thread pool for getting: android.hidl.manager@1.0::IServiceManager/default
06-12 21:55:31.216 1958 1958 I android_os_HwBinder: HwBinder: Starting thread pool for getting: android.hidl.manager@1.0::IServiceManager/default
06-12 21:55:31.216 1958 2042 I android_os_HwBinder: HwBinder: Starting thread pool for getting: vendor.qti.hardware.radio.ims@1.0::IImsRadio/imsradio0
06-12 21:55:31.219 1958 2042 I QImsService: ImsSenderRxr : initImsRadio: imsRadioV10 availability: available
06-12 21:55:31.221 1958 2042 I QImsService: ImsSenderRxr : initImsRadio: imsRadioV11 availability: unavailable
06-12 21:55:31.221 1614 1614 D StatusBar: mUserSetupObserver - DeviceProvisionedListener called for user 0
06-12 21:55:31.222 1614 1614 D StatusBar: mUserSetupObserver - DeviceProvisionedListener called for user 0
06-12 21:55:31.223 1958 2042 I QImsService: ImsSenderRxr : initImsRadio: imsRadioV12 availability: unavailable
06-12 21:55:31.223 1614 1820 D OpenGLRenderer: profile bars disabled
06-12 21:55:31.223 1614 1820 D OpenGLRenderer: ambientRatio = 1.50
06-12 21:55:31.224 1958 1958 I QImsService: ImsSubController : onServiceDown :: phoneId=0
06-12 21:55:31.225 1958 2042 I QImsService: ImsSenderRxr : initImsRadio: imsRadioV13 availability: unavailable
06-12 21:55:31.226 1958 1958 I QImsService: ImsSubController : onServiceDown :: phoneId=1
06-12 21:55:31.227 1958 1958 I QImsService: ImsServiceSub : [0] [phoneId=0] Constructor :: Registering with Sub Controller.
06-12 21:55:31.227 1958 2042 I QImsService: ImsSenderRxr : initImsRadio: imsRadioV14 availability: unavailable
06-12 21:55:31.228 1958 1958 I QImsService: ImsServiceSub : [0] onStackConfigChanged :: activeStacks[0]=false
06-12 21:55:31.229 1958 1958 I QImsService: ImsServiceSub : [0] oldFeatureState = 1
06-12 21:55:31.231 1958 2042 I QImsService: ImsSenderRxr : initImsRadio: imsRadioV15 availability: unavailable
06-12 21:55:31.233 1958 2042 I QImsService: ImsSenderRxr : initImsRadio: imsRadioV16 availability: unavailable
06-12 21:55:31.238 1958 2042 I QImsService: ImsSenderRxr : onServiceUp : imsradio0
06-12 21:55:31.238 1958 2042 I QImsService: ImsSubController : onServiceUp :: phoneId=0
06-12 21:55:31.239 1958 1958 I QImsService: ImsServiceStateReceiver : updateHDIcon isVideo : false isVoice : false phoneId: 0 show HD Icon: true
06-12 21:55:31.244 1958 1958 I QImsService: ImsSenderRxr : [0000]> REQUEST_QUERY_SERVICE_STATUS [SUB0]
06-12 21:55:31.244 1958 2042 I android_os_HwBinder: HwBinder: Starting thread pool for getting: vendor.qti.hardware.radio.ims@1.0::IImsRadio/imsradio1
06-12 21:55:31.244 1958 2042 I QImsService: ImsSenderRxr : initImsRadio: imsRadioV10 availability: available
06-12 21:55:31.245 1958 2042 I QImsService: ImsSenderRxr : initImsRadio: imsRadioV11 availability: unavailable
06-12 21:55:31.246 1958 2042 I QImsService: ImsSenderRxr : initImsRadio: imsRadioV12 availability: unavailable
06-12 21:55:31.246 1958 2042 I QImsService: ImsSenderRxr : initImsRadio: imsRadioV13 availability: unavailable
06-12 21:55:31.246 1958 1958 I QImsService: ImsServiceSub : [1] [phoneId=1] Constructor :: Registering with Sub Controller.
06-12 21:55:31.247 1958 2042 I QImsService: ImsSenderRxr : initImsRadio: imsRadioV14 availability: unavailable
06-12 21:55:31.247 1958 2042 I QImsService: ImsSenderRxr : initImsRadio: imsRadioV15 availability: unavailable
06-12 21:55:31.247 1958 2042 I QImsService: ImsSenderRxr : initImsRadio: imsRadioV16 availability: unavailable
06-12 21:55:31.248 1958 1958 I QImsService: ImsServiceSub : [1] onStackConfigChanged :: activeStacks[1]=false
06-12 21:55:31.248 1958 1958 I QImsService: ImsServiceSub : [1] oldFeatureState = 1
06-12 21:55:31.248 1958 2042 I QImsService: ImsSenderRxr : onServiceUp : imsradio1
06-12 21:55:31.248 1958 2042 I QImsService: ImsSubController : onServiceUp :: phoneId=1
06-12 21:55:31.248 1958 2042 I QImsService: ImsSenderRxr : [UNSL]< UNSOL_RADIO_STATE_CHANGED 1[SUB0]
06-12 21:55:31.249 1958 2042 I QImsService: ImsRadioResponse : queryServiceStatusResponse()
06-12 21:55:31.250 1958 2042 I QImsService: ImsRadioResponse : queryServiceStatusResponse_1_6()
06-12 21:55:31.250 1958 2042 I QImsService: IFRequest : [0000]< REQUEST_QUERY_SERVICE_STATUS error: 2
06-12 21:55:31.251 1958 2042 I QImsService: ImsSenderRxr : [UNSL]< UNSOL_RADIO_STATE_CHANGED 1[SUB1]
06-12 21:55:31.255 1958 1958 I QImsService: ImsServiceStateReceiver : updateHDIcon isVideo : false isVoice : false phoneId: 1 show HD Icon: true
06-12 21:55:31.259 1958 1958 I QImsService: ImsSenderRxr : [0001]> REQUEST_QUERY_SERVICE_STATUS [SUB1]
06-12 21:55:31.261 1958 2042 I QImsService: ImsRadioResponse : queryServiceStatusResponse()
06-12 21:55:31.261 1958 2042 I QImsService: ImsRadioResponse : queryServiceStatusResponse_1_6()
06-12 21:55:31.261 1958 2042 I QImsService: IFRequest : [0001]< REQUEST_QUERY_SERVICE_STATUS error: 2
06-12 21:55:31.266 1958 1958 D : JNI_OnLoad
06-12 21:55:31.266 1958 1958 D : JvmPtr initialized to 492590064064
06-12 21:55:31.266 1958 1958 D ims_media_jni: register_ims_media
06-12 21:55:31.275 2155 2155 D CellBroadcastReceiver: onReceive Intent { act=android.intent.action.SERVICE_STATE flg=0x1000010 cmp=com.android.cellbroadcastreceiver/.CellBroadcastReceiver (has extras) }
06-12 21:55:31.275 1614 1614 D LocalBluetoothProfileManager: LocalBluetoothProfileManager construction complete
06-12 21:55:31.276 1614 1614 D LocalBluetoothProfileManager: Adding local A2DP profile
06-12 21:55:31.277 1614 1614 D BluetoothA2dp: Binding service...
06-12 21:55:31.279 2155 2155 D CellBroadcastReceiver: onReceive Intent { act=android.intent.action.SERVICE_STATE flg=0x1000010 cmp=com.android.cellbroadcastreceiver/.CellBroadcastReceiver (has extras) }
06-12 21:55:31.280 1614 1614 D LocalBluetoothProfileManager: Adding local HEADSET profile
06-12 21:55:31.285 1614 1614 D LocalBluetoothProfileManager: Adding local HfpClient profile
06-12 21:55:31.287 1614 1614 D BluetoothHeadsetClient: Binding service...
06-12 21:55:31.289 1614 1614 D LocalBluetoothProfileManager: Adding local MAP profile
06-12 21:55:31.290 1614 1614 D BluetoothMap: Create BluetoothMap proxy object
06-12 21:55:31.291 1614 1614 D BluetoothMap: Binding service...
06-12 21:55:31.293 1614 1614 D LocalBluetoothProfileManager: Adding local OPP profile
06-12 21:55:31.293 1614 1614 D LocalBluetoothProfileManager: Adding local HID_HOST profile
06-12 21:55:31.294 1614 1614 D BluetoothHidHost: Binding service...
06-12 21:55:31.297 1614 1614 D LocalBluetoothProfileManager: Adding local HID_DEVICE profile
06-12 21:55:31.299 1614 1614 D BluetoothHidDevice: Binding service...
06-12 21:55:31.301 1958 1958 E ims_media_jni: Error loading library lib-imsvt.so: dlopen failed: cannot locate symbol "_ZN7android13GraphicBuffer4lockEjPPv" referenced by "/system/lib64/lib-imsvideocodec.so"...
06-12 21:55:31.301 1614 1614 D LocalBluetoothProfileManager: Adding local PAN profile
06-12 21:55:31.303 1614 1614 D BluetoothPan: Binding service...
06-12 21:55:31.305 1614 1614 D LocalBluetoothProfileManager: Adding local PBAP profile
06-12 21:55:31.306 1958 1958 D VideoCall_ImsMedia: Registering for Media Listener
06-12 21:55:31.309 1614 1614 D LocalBluetoothProfileManager: Adding local SAP profile
06-12 21:55:31.309 1614 1614 D BluetoothSap: Create BluetoothSap proxy object
06-12 21:55:31.310 1614 1614 D BluetoothSap: Binding service...
06-12 21:55:31.311 1154 1176 I WifiService: WifiService trying to set country code to
06-12 21:55:31.311 1154 1176 I WifiService: setCountryCode uid=1001
06-12 21:55:31.311 1154 1176 D WifiCountryCode: Receive set country code request:
06-12 21:55:31.311 1154 1176 D WifiCountryCode: updateCountryCode to null
06-12 21:55:31.314 1958 1958 W PhoneGlobals: Can't get phone with sub id = -1
06-12 21:55:31.315 1154 1175 I WifiService: WifiService trying to set country code to
06-12 21:55:31.315 1154 1175 I WifiService: setCountryCode uid=1001
06-12 21:55:31.315 1154 1175 D WifiCountryCode: Receive set country code request:
06-12 21:55:31.315 1154 1175 D WifiCountryCode: updateCountryCode to null
06-12 21:55:31.317 1958 1958 W PhoneGlobals: Can't get phone with sub id = -1
06-12 21:55:31.317 1958 1958 D PhoneSwitcherNetworkRequstListener: got request NetworkRequest [ TRACK_DEFAULT id=16, [ Capabilities: INTERNET&NOT_RESTRICTED&TRUSTED Uid: 1001] ] with score 0 and serial 0
06-12 21:55:31.317 1154 1635 W ActivityManager: Receiver with filter android.content.IntentFilter@ca93716 already registered for pid 1614, callerPackage is com.android.systemui
06-12 21:55:31.326 1958 1958 I QImsService: ImsSubControllerHandler : Message received: what = 6
06-12 21:55:31.326 1958 1958 I QImsService: ImsSubControllerHandler : Received EVENT_RADIO_NOT_AVAILABLE phoneId = 0
06-12 21:55:31.326 1958 1958 W QImsService: ImsSubController : updateStackConfig Stacks are not yet initialized
06-12 21:55:31.326 1958 1958 I QImsService: ImsSubControllerHandler : Message received: what = 4
06-12 21:55:31.326 1958 1958 I QImsService: ImsSubControllerHandler : Received EVENT_IMS_SERVICE_DOWN phoneId = 0
06-12 21:55:31.326 1958 1958 W QImsService: ImsSubController : updateStackConfig Stacks are not yet initialized
06-12 21:55:31.326 1958 1958 I QImsService: ImsSubControllerHandler : Message received: what = 6
06-12 21:55:31.326 1958 1958 I QImsService: ImsSubControllerHandler : Received EVENT_RADIO_NOT_AVAILABLE phoneId = 1
06-12 21:55:31.327 1958 1958 W QImsService: ImsSubController : updateStackConfig Stacks are not yet initialized
06-12 21:55:31.327 1958 1958 I QImsService: ImsSubControllerHandler : Message received: what = 4
06-12 21:55:31.327 1958 1958 I QImsService: ImsSubControllerHandler : Received EVENT_IMS_SERVICE_DOWN phoneId = 1
06-12 21:55:31.327 1958 1958 W QImsService: ImsSubController : updateStackConfig Stacks are not yet initialized
06-12 21:55:31.327 1958 1958 I QImsService: ImsServiceSubHandler : Message received: what = 37
06-12 21:55:31.327 1958 1958 I QImsService: ImsSubControllerHandler : Message received: what = 3
06-12 21:55:31.327 1958 1958 I QImsService: ImsSubControllerHandler : Received EVENT_IMS_SERVICE_UP phoneId = 0
06-12 21:55:31.327 1958 1958 W QImsService: ImsSubControllerHandler : radio not available
06-12 21:55:31.327 1958 1958 I QImsService: ImsSubControllerHandler : Message received: what = 3
06-12 21:55:31.327 1958 1958 I QImsService: ImsSubControllerHandler : Received EVENT_IMS_SERVICE_UP phoneId = 1
06-12 21:55:31.327 1958 1958 W QImsService: ImsSubControllerHandler : radio not available
06-12 21:55:31.328 1958 1958 I QImsService: ImsServiceSubHandler : Message received: what = 37
06-12 21:55:31.328 1958 1958 I QImsService: ImsServiceSubHandler : Message received: what = 5
06-12 21:55:31.328 1958 1958 I QImsService: ImsServiceSub : [0] Received event: EVENT_GET_STATUS_UPDATE
06-12 21:55:31.328 1958 1958 E QImsService: ImsServiceSub : [0] IMS Service Status Update failed!
06-12 21:55:31.328 1958 1958 I QImsService: ImsServiceSubHandler : Message received: what = 5
06-12 21:55:31.328 1958 1958 I QImsService: ImsServiceSub : [1] Received event: EVENT_GET_STATUS_UPDATE
06-12 21:55:31.328 1958 1958 E QImsService: ImsServiceSub : [1] IMS Service Status Update failed!
06-12 21:55:31.330 1958 1958 D QtiCarrierConfigHelper: WARNING, no carrier configs on phone Id: 0
06-12 21:55:31.331 1958 1958 D ImsServiceController: ImsService(ComponentInfo{org.codeaurora.ims/org.codeaurora.ims.ImsService}): onServiceConnected with binder: android.telephony.ims.ImsService$1@9e70426
06-12 21:55:31.331 1958 1958 D ImsServiceController: notifyImsServiceReady
06-12 21:55:31.331 1958 1958 I QImsService: ImsService : readyForFeatureCreation :: No-op
06-12 21:55:31.331 1958 1958 I ImsServiceController: supports emergency calling on slot 0
06-12 21:55:31.331 1958 1958 I ImsServiceController: notifyImsFeatureStatus: slot=1, feature=1, status=0
06-12 21:55:31.331 1958 1958 I ImsResolver: ImsServiceController added on slot: 1 with feature: 1 using package: ComponentInfo{org.codeaurora.ims/org.codeaurora.ims.ImsService}
06-12 21:55:31.331 1958 1958 I ImsServiceController: notifyImsFeatureStatus: slot=0, feature=1, status=0
06-12 21:55:31.332 1958 1958 I ImsResolver: ImsServiceController added on slot: 0 with feature: 1 using package: ComponentInfo{org.codeaurora.ims/org.codeaurora.ims.ImsService}
06-12 21:55:31.332 1958 1958 I ImsServiceController: supports emergency calling on slot 1
06-12 21:55:31.346 1614 1614 E NFC : could not retrieve NFC service
06-12 21:55:31.351 1614 1614 V WifiManager: registerSoftApCallback: callback=com.android.systemui.statusbar.policy.HotspotControllerImpl@b77fb2b, handler=Handler (android.os.Handler) {edf3b88}
06-12 21:55:31.359 1614 2126 I SecurityController: failed to get CA certs
06-12 21:55:31.359 1614 2126 I SecurityController: java.lang.AssertionError: could not bind to KeyChainService
06-12 21:55:31.359 1614 2126 I SecurityController: at android.security.KeyChain.bindAsUser(KeyChain.java:814)
06-12 21:55:31.359 1614 2126 I SecurityController: at com.android.systemui.statusbar.policy.SecurityControllerImpl$CACertLoader.doInBackground(SecurityControllerImpl.java:499)
06-12 21:55:31.359 1614 2126 I SecurityController: at com.android.systemui.statusbar.policy.SecurityControllerImpl$CACertLoader.doInBackground(SecurityControllerImpl.java:495)
06-12 21:55:31.359 1614 2126 I SecurityController: at android.os.AsyncTask$3.call(AsyncTask.java:378)
06-12 21:55:31.359 1614 2126 I SecurityController: at java.util.concurrent.FutureTask.run(FutureTask.java:266)
06-12 21:55:31.359 1614 2126 I SecurityController: at android.os.AsyncTask$SerialExecutor$1.run(AsyncTask.java:289)
06-12 21:55:31.359 1614 2126 I SecurityController: at java.util.concurrent.ThreadPoolExecutor.runWorker(ThreadPoolExecutor.java:1167)
06-12 21:55:31.359 1614 2126 I SecurityController: at java.util.concurrent.ThreadPoolExecutor$Worker.run(ThreadPoolExecutor.java:641)
06-12 21:55:31.359 1614 2126 I SecurityController: at java.lang.Thread.run(Thread.java:919)
06-12 21:55:31.385 1614 1830 D BluetoothHeadset: Proxy object connected
06-12 21:55:31.405 1614 1614 D SystemUIBootTiming: StartServicescom.android.systemui.SystemBars took to complete: 2332ms
06-12 21:55:31.405 1614 1614 W SystemUIService: Initialization of com.android.systemui.SystemBars took 2332 ms
06-12 21:55:31.409 1614 1614 D StorageNotification: Notifying about private volume: VolumeInfo{private}:
06-12 21:55:31.409 1614 1614 D StorageNotification: type=PRIVATE diskId=null partGuid=null mountFlags=0 mountUserId=-10000
06-12 21:55:31.409 1614 1614 D StorageNotification: state=MOUNTED
06-12 21:55:31.409 1614 1614 D StorageNotification: fsType=null fsUuid=null fsLabel=null
06-12 21:55:31.409 1614 1614 D StorageNotification: path=/data internalPath=null
06-12 21:55:31.411 1614 1614 D SystemUIBootTiming: StartServicescom.android.systemui.usb.StorageNotification took to complete: 6ms
06-12 21:55:31.427 1614 1614 D SystemUIBootTiming: StartServicescom.android.systemui.power.PowerUI took to complete: 16ms
06-12 21:55:31.428 1614 1614 D SystemUIBootTiming: StartServicescom.android.systemui.media.RingtonePlayer took to complete: 1ms
06-12 21:55:31.429 1614 1614 D SystemUIBootTiming: StartServicescom.android.systemui.keyboard.KeyboardUI took to complete: 1ms
06-12 21:55:31.440 1614 1614 D SystemUIBootTiming: StartServicescom.android.systemui.pip.PipUI took to complete: 11ms
06-12 21:55:31.442 1614 1614 D SystemUIBootTiming: StartServicescom.android.systemui.shortcut.ShortcutKeyDispatcher took to complete: 2ms
06-12 21:55:31.442 1614 1614 D SystemUIBootTiming: StartServicescom.android.systemui.VendorServices took to complete: 0ms
06-12 21:55:31.444 1614 1614 D SystemUIBootTiming: StartServicescom.android.systemui.util.leak.GarbageMonitor$Service took to complete: 2ms
06-12 21:55:31.446 1614 1614 D SystemUIBootTiming: StartServicescom.android.systemui.LatencyTester took to complete: 1ms
06-12 21:55:31.450 1614 1614 D SystemUIBootTiming: StartServicescom.android.systemui.globalactions.GlobalActionsComponent took to complete: 4ms
06-12 21:55:31.457 1614 1614 D SystemUIBootTiming: StartServicescom.android.systemui.ScreenDecorations took to complete: 7ms
06-12 21:55:31.459 1614 1614 D SystemUIBootTiming: StartServicescom.android.systemui.biometrics.BiometricDialogImpl took to complete: 2ms
06-12 21:55:31.460 1614 1614 D SystemUIBootTiming: StartServicescom.android.systemui.biometrics.FODCircleViewImpl took to complete: 1ms
06-12 21:55:31.462 1614 1614 D SystemUIBootTiming: StartServicescom.android.systemui.SliceBroadcastRelayHandler took to complete: 2ms
06-12 21:55:31.463 1614 1614 D SystemUIBootTiming: StartServicescom.android.systemui.SizeCompatModeActivityController took to complete: 1ms
06-12 21:55:31.468 1614 1614 D SystemUIBootTiming: StartServicescom.android.systemui.statusbar.notification.InstantAppNotifier took to complete: 5ms
06-12 21:55:31.469 1958 1958 I MmTelFeatureConnection: getFeatureState - returning 0
06-12 21:55:31.469 1958 1958 I MmTelFeatureConnection: Emergency calling enabled on slotId: 0
06-12 21:55:31.472 1614 1614 D SystemUIBootTiming: StartServicescom.android.systemui.theme.ThemeOverlayController took to complete: 4ms
06-12 21:55:31.474 1614 1614 D InterruptionStateProvider: heads up is enabled
06-12 21:55:31.483 1614 1614 D StatusBar: disable disable2
06-12 21:55:31.484 1614 1614 D SystemUIBootTiming: StartServices took to complete: 2864ms
06-12 21:55:31.489 412 412 I hwservicemanager: getTransport: Cannot find entry vendor.lineage.trust@1.0::IUsbRestrict/default in either framework or device manifest.
06-12 21:55:31.516 1614 1614 D Tonal : Tonal Palette - index: 5. Main color: ff0f6f9c
06-12 21:55:31.516 1614 1614 D Tonal : Colors: ff01090c, ff031923, ff062d3b, ff084257, ff0c6179, ff0f6f9c, ff1288bf, ff39a5d8, ff4aaeee, ff67b7f0, ff87c1f4, ffb6d8f8, ffd6ebfb
06-12 21:55:31.516 1614 1614 D Tonal : Gradients:
06-12 21:55:31.516 1614 1614 D Tonal : Normal GradientColors(ff0f6f9c, ff0f6f9c)
06-12 21:55:31.516 1614 1614 D Tonal : Dark GradientColors(ff084257, ff084257)
06-12 21:55:31.516 1614 1614 D Tonal : Extra dark: GradientColors(ff062d3b, ff062d3b)
06-12 21:55:31.516 1614 1614 D Tonal : Tonal Palette - index: 5. Main color: ff0f6f9c
06-12 21:55:31.516 1614 1614 D Tonal : Colors: ff01090c, ff031923, ff062d3b, ff084257, ff0c6179, ff0f6f9c, ff1288bf, ff39a5d8, ff4aaeee, ff67b7f0, ff87c1f4, ffb6d8f8, ffd6ebfb
06-12 21:55:31.516 1614 1614 D Tonal : Gradients:
06-12 21:55:31.516 1614 1614 D Tonal : Normal GradientColors(ff0f6f9c, ff0f6f9c)
06-12 21:55:31.516 1614 1614 D Tonal : Dark GradientColors(ff084257, ff084257)
06-12 21:55:31.516 1614 1614 D Tonal : Extra dark: GradientColors(ff062d3b, ff062d3b)
06-12 21:55:31.519 1614 1614 I Choreographer: Skipped 139 frames! The application may be doing too much work on its main thread.
06-12 21:55:31.540 1614 1820 I AdrenoGLES: QUALCOMM build : 1129882, Ia9f6d49891
06-12 21:55:31.540 1614 1820 I AdrenoGLES: Build Date : 01/24/20
06-12 21:55:31.540 1614 1820 I AdrenoGLES: OpenGL ES Shader Compiler Version: EV031.27.05.03
06-12 21:55:31.540 1614 1820 I AdrenoGLES: Local Branch :
06-12 21:55:31.540 1614 1820 I AdrenoGLES: Remote Branch :
06-12 21:55:31.540 1614 1820 I AdrenoGLES: Remote Branch :
06-12 21:55:31.540 1614 1820 I AdrenoGLES: Reconstruct Branch :
06-12 21:55:31.541 1614 1820 I AdrenoGLES: Build Config : S L 8.0.12 AArch64
06-12 21:55:31.550 1614 1820 I AdrenoGLES: PFP: 0x005ff110, ME: 0x005ff066
06-12 21:55:31.558 1958 1958 I MmTelFeatureConnection: getFeatureState - returning 0
06-12 21:55:31.558 1958 1958 I MmTelFeatureConnection: Emergency calling enabled on slotId: 1
06-12 21:55:31.575 412 412 I hwservicemanager: getTransport: Cannot find entry android.hardware.graphics.mapper@3.0::IMapper/default in either framework or device manifest.
06-12 21:55:31.575 1614 1820 W Gralloc3: mapper 3.x is not supported
06-12 21:55:31.583 1614 1820 I OpenGLRenderer: Davey! duration=2508ms; Flags=1, IntendedVsync=17745611924, Vsync=20184208186, OldestInputEvent=9223372036854775807, NewestInputEvent=0, HandleInputStart=20190114574, AnimationStart=20190169990, PerformTraversalsStart=20190450095, DrawStart=20243482074, SyncQueued=20243690095, SyncStart=20244144730, IssueDrawCommandsStart=20244206292, SwapBuffers=20252556136, FrameCompleted=20254300667, DequeueBufferDuration=530000, QueueBufferDuration=468000,
06-12 21:55:31.668 1614 1614 D StatusBar: updateQsExpansionEnabled - QS Expand enabled: false
06-12 21:55:31.669 1614 1614 D KeyguardClockSwitch: Updating clock: 9:55
06-12 21:55:31.908 1614 1614 D StatusBar: disable disable2
06-12 21:55:31.910 1614 1614 W View : requestLayout() improperly called by com.android.systemui.statusbar.policy.StatusBarNetworkTraffic{4803379 V.ED..... ......ID 0,60-0,60} during layout: running second layout pass
06-12 21:55:31.910 1614 1614 W View : requestLayout() improperly called by com.android.systemui.statusbar.policy.StatusBarNetworkTraffic{2daf8be V.ED..... ......ID 0,60-0,60} during layout: running second layout pass
06-12 21:55:31.940 1614 1614 D Tonal : Tonal Palette - index: 5. Main color: ff0f6f9c
06-12 21:55:31.940 1614 1614 D Tonal : Colors: ff01090c, ff031923, ff062d3b, ff084257, ff0c6179, ff0f6f9c, ff1288bf, ff39a5d8, ff4aaeee, ff67b7f0, ff87c1f4, ffb6d8f8, ffd6ebfb
06-12 21:55:31.941 1614 1614 D Tonal : Gradients:
06-12 21:55:31.941 1614 1614 D Tonal : Normal GradientColors(ff0f6f9c, ff0f6f9c)
06-12 21:55:31.941 1614 1614 D Tonal : Dark GradientColors(ff084257, ff084257)
06-12 21:55:31.941 1614 1614 D Tonal : Extra dark: GradientColors(ff062d3b, ff062d3b)
06-12 21:55:31.944 1614 1614 D Tonal : Tonal Palette - index: 5. Main color: ff0f6f9c
06-12 21:55:31.944 1614 1614 D Tonal : Colors: ff01090c, ff031923, ff062d3b, ff084257, ff0c6179, ff0f6f9c, ff1288bf, ff39a5d8, ff4aaeee, ff67b7f0, ff87c1f4, ffb6d8f8, ffd6ebfb
06-12 21:55:31.944 1614 1614 D Tonal : Gradients:
06-12 21:55:31.944 1614 1614 D Tonal : Normal GradientColors(ff0f6f9c, ff0f6f9c)
06-12 21:55:31.944 1614 1614 D Tonal : Dark GradientColors(ff084257, ff084257)
06-12 21:55:31.944 1614 1614 D Tonal : Extra dark: GradientColors(ff062d3b, ff062d3b)
06-12 21:55:31.947 1614 1614 W AlarmManager: Unrecognized alarm listener com.android.systemui.keyguard.-$$Lambda$KeyguardSliceProvider$IhzByd8TsqFuOrSyuGurVskyPLo@c40d1bb
06-12 21:55:31.995 1614 1614 D StatusBar: updateQsExpansionEnabled - QS Expand enabled: false
06-12 21:55:32.001 1614 1614 D ImageWallpaperRenderer: loadBitmap: mBitmap=null
06-12 21:55:32.042 1614 1614 D ImageWallpaperRenderer: loadBitmap done, surface size=Rect(0, 0 - 960, 1920)
06-12 21:55:32.057 1614 1614 D ImageWallpaper: wallpaper visibility changes to: true
06-12 21:55:32.057 1614 1614 D ImageWallpaper: wallpaper visibility changes to: false
06-12 21:55:32.074 1614 1758 D ImageWallpaperRenderer: loadBitmap: mBitmap=android.graphics.Bitmap@3f6fba4
06-12 21:55:32.074 1614 1758 D ImageWallpaperRenderer: loadBitmap done, surface size=Rect(0, 0 - 960, 1920)
06-12 21:55:32.074 1614 1758 W ndroid.systemu: Core platform API violation: Ljava/nio/Buffer;->position:I from Landroid/opengl/GLES20; using JNI
06-12 21:55:32.074 1614 1758 W ndroid.systemu: Core platform API violation: Ljava/nio/Buffer;->limit:I from Landroid/opengl/GLES20; using JNI
06-12 21:55:32.074 1614 1758 W ndroid.systemu: Core platform API violation: Ljava/nio/Buffer;->_elementSizeShift:I from Landroid/opengl/GLES20; using JNI
06-12 21:55:32.074 1614 1758 W ndroid.systemu: Core platform API violation: Ljava/nio/Buffer;->address:J from Landroid/opengl/GLES20; using JNI
06-12 21:55:32.075 1958 1975 W System : A resource failed to call end.
06-12 21:55:32.075 1958 1975 W System : A resource failed to call end.
06-12 21:55:32.080 1614 1758 D ImageWallpaper: onSurfaceChanged: w=960, h=1920
06-12 21:55:32.080 1614 1758 D ImageWallpaper: onSurfaceRedrawNeeded: mNeedRedraw=true
06-12 21:55:32.080 1614 1758 D ImageWallpaper: preRender start
06-12 21:55:32.080 1614 1758 D ImageWallpaper: preRender end
06-12 21:55:32.090 1614 1758 D ImageWallpaper: postRender start
06-12 21:55:32.090 1614 1758 D ImageWallpaper: postRender end
06-12 21:55:32.516 1614 1759 E NFC : could not retrieve NFC service
06-12 21:55:32.561 1614 1759 I chatty : uid=10170(com.android.systemui) SysUiBg identical 4 lines
06-12 21:55:32.562 1614 1759 E NFC : could not retrieve NFC service
06-12 21:55:32.572 1614 1614 D BluetoothA2dp: Proxy object connected
06-12 21:55:32.575 1614 1614 D BluetoothHeadsetClient: Proxy object connected
06-12 21:55:32.578 1614 1614 D BluetoothMap: Proxy object connected
06-12 21:55:32.578 1614 1614 D BluetoothMap: getConnectedDevices()
06-12 21:55:32.581 1614 1614 D BluetoothHidHost: Proxy object connected
06-12 21:55:32.583 1614 1614 D BluetoothHidDevice: Proxy object connected
06-12 21:55:32.585 1614 1614 D BluetoothPan: Proxy object connected
06-12 21:55:32.585 1614 1614 D BluetoothSap: Proxy object connected
06-12 21:55:32.585 1614 1614 D BluetoothSap: getConnectedDevices()
06-12 21:55:32.586 1593 2091 V SapService: getConnectedDevices()
06-12 21:55:32.621 1154 1192 W KernelCpuProcStringReader: File not found. It's normal if not implemented: /proc/uid_concurrent_active_time
06-12 21:55:32.622 1154 1192 W KernelCpuProcStringReader: File not found. It's normal if not implemented: /proc/uid_concurrent_policy_time
06-12 21:55:32.623 1614 1614 D KeyguardClockSwitch: Updating clock: 9:55
06-12 21:55:32.625 1614 1759 E NFC : could not retrieve NFC service
06-12 21:55:32.626 1614 1759 E NFC : could not retrieve NFC service
06-12 21:55:32.641 1614 1614 D StatusBar: disable disable2
06-12 21:55:32.763 1614 1614 I Choreographer: Skipped 69 frames! The application may be doing too much work on its main thread.
06-12 21:55:32.845 1614 1614 W View : requestLayout() improperly called by com.android.systemui.statusbar.policy.StatusBarNetworkTraffic{aafddc9 V.ED..... ......ID 0,24-0,24} during layout: running second layout pass
06-12 21:55:32.863 412 412 I hwservicemanager: getTransport: Cannot find entry android.hardware.graphics.allocator@3.0::IAllocator/default in either framework or device manifest.
06-12 21:55:32.863 1614 1614 W Gralloc3: allocator 3.x is not supported
06-12 21:55:32.865 1614 1614 I Gralloc2: Adding additional valid usage bits: 0x202400
06-12 21:55:32.892 1614 1820 I OpenGLRenderer: Davey! duration=1354ms; Flags=0, IntendedVsync=20207968276, Vsync=21418494478, OldestInputEvent=9223372036854775807, NewestInputEvent=0, HandleInputStart=21434211761, AnimationStart=21434243792, PerformTraversalsStart=21435313011, DrawStart=21531029052, SyncQueued=21553856084, SyncStart=21554193479, IssueDrawCommandsStart=21554296761, SwapBuffers=21561815094, FrameCompleted=21563123011, DequeueBufferDuration=126000, QueueBufferDuration=363000,
06-12 21:55:32.904 1614 1758 D ImageWallpaper: onSurfaceRedrawNeeded: mNeedRedraw=false
06-12 21:55:32.952 1614 1614 W KeyguardUpdateMonitor: invalid subId in handleServiceStateChange()
06-12 21:55:32.952 1614 1614 W KeyguardUpdateMonitor: invalid subId in handleServiceStateChange()
06-12 21:55:32.952 1614 1614 V KeyguardUpdateMonitor: onSubscriptionInfoChanged()
06-12 21:55:32.989 1154 1635 V FingerprintService: mDaemon was null, reconnect to fingerprint
06-12 21:55:32.991 1154 1635 W FingerprintService: fingerprint HIDL not available
06-12 21:55:32.977 1614 1614 I chatty : uid=10170(com.android.systemui) identical 2 lines
06-12 21:55:32.981 1614 1614 V KeyguardUpdateMonitor: onSubscriptionInfoChanged()
06-12 21:55:32.995 1614 1614 D StatusBar: updateQsExpansionEnabled - QS Expand enabled: false
06-12 21:55:33.090 1614 1758 D ImageWallpaper: finishRendering, preserve=false
06-12 21:55:34.742 1593 2217 D BluetoothPbapUtils: Failed to fetch contacts data from database..
06-12 21:55:35.469 2218 2218 I android.hardware.biometrics.fingerprint@2.0-service-marmite: Start biometrics
06-12 21:55:35.469 2218 2218 D android.hardware.biometrics.fingerprint@2.0-service-marmite: Opening fingerprint hal library...
06-12 21:55:35.470 2218 2218 D vndksupport: Loading /vendor/lib64/hw/fingerprint.msm8937.so from current namespace instead of sphal namespace.
06-12 21:55:35.659 411 411 I ServiceManager: service 'idmap' died
06-12 21:55:35.659 1154 1635 W OverlayManager: service 'idmap' died
06-12 21:55:35.701 2218 2218 D FingerGoodix: fpcode, fingerprint_open(), merged
06-12 21:55:35.701 2218 2218 D FingerGoodix: fingerprint open
06-12 21:55:35.701 2218 2218 D FingerGoodix: Max fp number: 8
06-12 21:55:35.701 2218 2218 D FingerGoodix: fpcode, loadFingerPrintPlatformDataIfNeed(), gFPExtDataFilePath=''
06-12 21:55:35.701 2218 2218 E FingerGoodix: fpcode, loadFingerPrintPlatformData(), gFPExtDataFilePath need init first!
06-12 21:55:35.701 2218 2218 D FingerGoodix: fpcode, set_active_group_to_channel(0, '/data/system/users/0/fpdata/')
06-12 21:55:35.701 2218 2221 D FingerGoodix: fpcode, listenerFunction(0x7035a5d280)
06-12 21:55:35.701 2218 2221 D FingerGoodix: fpcode, recv_fp_scan_data(0x703210cc80)
06-12 21:55:35.701 2218 2221 D FingerGoodix: fpcode, recv_fp_scan_data(), receiving
06-12 21:55:35.701 2218 2218 D FingerGoodix: fpcode, data dir exist.
06-12 21:55:35.701 2218 2218 D FingerGoodix: fpcode, loadFingerPrintPlatformDataIfNeed(), gFPExtDataFilePath='/data/system/users/0/fpdata/fpdb'
06-12 21:55:35.701 2218 2218 D FingerGoodix: fpcode, loadFingerPrintPlatformData(), fopen(gFPExtDataFilePath, "r") errno=2
06-12 21:55:35.701 2218 2218 D FingerGoodix: fpcode, loadFingerPrintPlatformData(), fopen(gFPExtDataFilePath, "a")=0x0, errno=2
06-12 21:55:35.701 2218 2218 D FingerGoodix: fpcode, goodix sensor need to init. merged
06-12 21:55:35.702 2218 2218 D FingerGoodix: Begin to connect FingerPrint...
06-12 21:55:35.702 2218 2218 D FingerGoodix: FingerPrint::init mstatus to OK
06-12 21:55:35.702 2218 2218 D FingerGoodix: go into FingerPrint,getFingerPrintService()
06-12 21:55:35.702 2218 2218 D FingerGoodix: go into while FingerPrint,getFingerPrintService()
06-12 21:55:35.703 2218 2218 D FingerGoodix: Success to get FingerPrint Service
06-12 21:55:35.703 852 993 D FingerGoodix: server,connect
06-12 21:55:35.697 2218 2218 I android.hardwar: type=1400 audit(0.0:41): avc: denied { call } for scontext=u:r:init:s0 tcontext=u:r:gx_fpd:s0 tclass=binder permissive=1
06-12 21:55:35.703 852 993 D FingerGoodix: finger print service is connecting,client id is 0,pid = 123
06-12 21:55:35.703 852 993 D FingerGoodix: FingerPrintService::connect X(pid 123),client is exist.
06-12 21:55:35.703 852 993 D FingerGoodix: FingerPrintService::connect client is busy, disconnect it and reset busy flag.
06-12 21:55:35.703 852 993 D FingerGoodix: Client::disconnect E (pid 123)
06-12 21:55:35.703 852 993 D FingerGoodix: reset2KeyMode
06-12 21:55:35.697 2218 2218 I android.hardwar: type=1400 audit(0.0:42): avc: denied { transfer } for scontext=u:r:init:s0 tcontext=u:r:gx_fpd:s0 tclass=binder permissive=1
06-12 21:55:35.703 852 993 D FingerGoodix: wait to prepare FpEnv
06-12 21:55:35.703 852 993 D FingerGoodix: start to prepare FpEnv
06-12 21:55:35.703 852 993 D FingerGoodix: prepare FpEnv, active client=0x76ba02b000
06-12 21:55:35.703 852 993 D FingerGoodix: failed to reset2KeyMode
06-12 21:55:35.703 852 993 D FingerGoodix: fingerprint cancel wait finger command.
06-12 21:55:35.703 852 993 D FingerGoodix: device_cancel_waitfinger
06-12 21:55:35.703 852 993 D FingerGoodix: mCurStatus = 1 , nextStatus = 1
06-12 21:55:35.703 852 993 D FingerGoodix: FingerPrintService::removeClient,pid=123
06-12 21:55:35.703 852 993 D FingerGoodix: FingerPrintService, removeClient
06-12 21:55:35.703 852 993 D FingerGoodix: FingerPrintService, check binder
06-12 21:55:35.697 852 852 I Binder:852_1: type=1400 audit(0.0:43): avc: denied { transfer } for scontext=u:r:gx_fpd:s0 tcontext=u:r:init:s0 tclass=binder permissive=1
06-12 21:55:35.703 852 993 D FingerGoodix: found fingerprint client,remove it now
06-12 21:55:35.703 852 993 D FingerGoodix: Client::~Client X (pid 123)
06-12 21:55:35.703 852 993 D FingerGoodix: FingerPrintService::connect X(pid 123),client is exist. but not same
06-12 21:55:35.704 852 993 D FingerGoodix: FingerPrintService client(class:FingerPrint) is constructing,clientID = 0
06-12 21:55:35.704 852 993 D FingerGoodix: Set finger print busy flag in client construct
06-12 21:55:35.704 2218 2218 F libc : stack corruption detected (-fstack-protector)
06-12 21:55:35.704 2218 2218 F libc : Fatal signal 6 (SIGABRT), code -1 (SI_QUEUE) in tid 2218 (android.hardwar), pid 2218 (android.hardwar)
06-12 21:55:35.735 2224 2224 I crash_dump64: obtaining output fd from tombstoned, type: kDebuggerdTombstone
06-12 21:55:35.736 788 788 I /system/bin/tombstoned: received crash request for pid 2218
06-12 21:55:35.737 2224 2224 I crash_dump64: performing dump of process 2218 (target tid = 2218)
06-12 21:55:35.743 2224 2224 F DEBUG : *** *** *** *** *** *** *** *** *** *** *** *** *** *** *** ***
06-12 21:55:35.744 2224 2224 F DEBUG : crDroid Version: '6.6'
06-12 21:55:35.744 2224 2224 F DEBUG : Build fingerprint: 'Wileyfox/Swift2/marmite:8.1.0/OPM5.171019.017/38c792b31d:user/release-keys'
06-12 21:55:35.744 2224 2224 F DEBUG : Revision: '0'
06-12 21:55:35.744 2224 2224 F DEBUG : ABI: 'arm64'
06-12 21:55:35.745 2224 2224 F DEBUG : Timestamp: 2020-06-12 21:55:35+0200
06-12 21:55:35.745 2224 2224 F DEBUG : pid: 2218, tid: 2218, name: android.hardwar >>> /vendor/bin/hw/android.hardware.biometrics.fingerprint@2.0-service-marmite <<<
06-12 21:55:35.746 2224 2224 F DEBUG : uid: 1000
06-12 21:55:35.746 2224 2224 F DEBUG : signal 6 (SIGABRT), code -1 (SI_QUEUE), fault addr --------
06-12 21:55:35.746 2224 2224 F DEBUG : Abort message: 'stack corruption detected (-fstack-protector)'
06-12 21:55:35.746 2224 2224 F DEBUG : x0 0000000000000000 x1 00000000000008aa x2 0000000000000006 x3 0000007ff4708b80
06-12 21:55:35.746 2224 2224 F DEBUG : x4 0000000000808080 x5 0000000000808080 x6 0000000000808080 x7 8080800000000000
06-12 21:55:35.741 2224 2224 I crash_dump64: type=1400 audit(0.0:44): avc: denied { ptrace } for scontext=u:r:crash_dump:s0 tcontext=u:r:init:s0 tclass=process permissive=1
06-12 21:55:35.746 2224 2224 F DEBUG : x8 00000000000000f0 x9 a7ef6c9ac76e84a6 x10 0000000000000001 x11 0000000000000000
06-12 21:55:35.746 2224 2224 F DEBUG : x12 fffffff0ffffffdf x13 000000005ee3ddb7 x14 00299aa279fcf000 x15 0000000000000070
06-12 21:55:35.746 2224 2224 F DEBUG : x16 0000007036025cf8 x17 0000007036001c00 x18 00000070373c4000 x19 00000000000008aa
06-12 21:55:35.746 2224 2224 F DEBUG : x20 00000000000008aa x21 00000000ffffffff x22 0000007ff4708d10 x23 0000007ff4708c98
06-12 21:55:35.746 2224 2224 F DEBUG : x24 0000007ff4708de0 x25 0000007035a68740 x26 0000000000000000 x27 00000070352a7e54
06-12 21:55:35.746 2224 2224 F DEBUG : x28 0000000000000000 x29 0000007ff4708c20
06-12 21:55:35.746 2224 2224 F DEBUG : sp 0000007ff4708b60 lr 0000007035fb46b8 pc 0000007035fb46e4
06-12 21:55:35.750 2224 2224 F DEBUG :
06-12 21:55:35.750 2224 2224 F DEBUG : backtrace:
06-12 21:55:35.750 2224 2224 F DEBUG : #00 pc 000000000006f6e4 /apex/com.android.runtime/lib64/bionic/libc.so (abort+160) (BuildId: 308f02874a8dee87ce6f24f6c1fd93cd)
06-12 21:55:35.750 2224 2224 F DEBUG : #01 pc 00000000000bb48c /apex/com.android.runtime/lib64/bionic/libc.so (__stack_chk_fail+20) (BuildId: 308f02874a8dee87ce6f24f6c1fd93cd)
06-12 21:55:35.750 2224 2224 F DEBUG : #02 pc 0000000000015fd4 /vendor/lib64/libfp_client.so (BpFingerPrintService::connect(android::sp const&, int)+384)
06-12 21:55:35.750 2224 2224 F DEBUG : #03 pc 0000000000011c48 /vendor/lib64/libfp_client.so (android::Fp::connect(android::FpClientType)+188)
06-12 21:55:35.750 2224 2224 F DEBUG : #04 pc 000000000000a694 /vendor/lib64/hw/fingerprint.msm8937.so (goodix_sensor_init+336)
06-12 21:55:35.750 2224 2224 F DEBUG : #05 pc 000000000000a82c /vendor/lib64/hw/fingerprint.msm8937.so (goodix_sensor_set_active_group+92)
06-12 21:55:35.750 2224 2224 F DEBUG : #06 pc 0000000000006f3c /vendor/lib64/hw/fingerprint.msm8937.so
06-12 21:55:35.750 2224 2224 F DEBUG : #07 pc 0000000000003260 /vendor/bin/hw/android.hardware.biometrics.fingerprint@2.0-service-marmite (android::hardware::biometrics::fingerprint::V2_1::implementation::BiometricsFingerprint::openHal()+144) (BuildId: 540ca78e3b8f22ea3c6d9c19f747cae5)
06-12 21:55:35.751 2224 2224 F DEBUG : #08 pc 0000000000003fa8 /vendor/bin/hw/android.hardware.biometrics.fingerprint@2.0-service-marmite (android::hardware::biometrics::fingerprint::V2_1::implementation::BiometricsFingerprint::getInstance()+84) (BuildId: 540ca78e3b8f22ea3c6d9c19f747cae5)
06-12 21:55:35.751 2224 2224 F DEBUG : #09 pc 0000000000003084 /vendor/bin/hw/android.hardware.biometrics.fingerprint@2.0-service-marmite (main+52) (BuildId: 540ca78e3b8f22ea3c6d9c19f747cae5)
06-12 21:55:35.751 2224 2224 F DEBUG : #10 pc 000000000006a834 /apex/com.android.runtime/lib64/bionic/libc.so (__libc_init+108) (BuildId: 308f02874a8dee87ce6f24f6c1fd93cd)
06-12 21:55:35.886 1154 1633 W NativeCrashListener: Couldn't find ProcessRecord for pid 2218
06-12 21:55:35.887 788 788 E /system/bin/tombstoned: Tombstone written to: /data/tombstones/tombstone_45
06-12 21:55:36.153 1154 1551 D ConnectivityService: releasing NetworkRequest [ TRACK_DEFAULT id=16, [ Capabilities: INTERNET&NOT_RESTRICTED&TRUSTED Uid: 1001] ] (release request)
06-12 21:55:38.748 1593 2239 D BluetoothPbapUtils: Failed to fetch contacts data from database..
06-12 21:55:40.476 2242 2242 I android.hardware.biometrics.fingerprint@2.0-service-marmite: Start biometrics
06-12 21:55:40.476 2242 2242 D android.hardware.biometrics.fingerprint@2.0-service-marmite: Opening fingerprint hal library...
06-12 21:55:40.476 2242 2242 D vndksupport: Loading /vendor/lib64/hw/fingerprint.msm8937.so from current namespace instead of sphal namespace.
06-12 21:55:40.689 1115 1115 D BootAnimation: BootAnimationStopTiming start time: 29360ms
06-12 21:55:40.716 2242 2242 D FingerGoodix: fpcode, fingerprint_open(), merged
06-12 21:55:40.716 2242 2242 D FingerGoodix: fingerprint open
06-12 21:55:40.716 2242 2242 D FingerGoodix: Max fp number: 8
06-12 21:55:40.716 2242 2242 D FingerGoodix: fpcode, loadFingerPrintPlatformDataIfNeed(), gFPExtDataFilePath=''
06-12 21:55:40.716 2242 2242 E FingerGoodix: fpcode, loadFingerPrintPlatformData(), gFPExtDataFilePath need init first!
06-12 21:55:40.716 2242 2242 D FingerGoodix: fpcode, set_active_group_to_channel(0, '/data/system/users/0/fpdata/')
06-12 21:55:40.716 2242 2245 D FingerGoodix: fpcode, listenerFunction(0x78a6e5d280)
06-12 21:55:40.716 2242 2245 D FingerGoodix: fpcode, recv_fp_scan_data(0x78a730bc80)
06-12 21:55:40.716 2242 2242 D FingerGoodix: fpcode, data dir exist.
06-12 21:55:40.716 2242 2245 D FingerGoodix: fpcode, recv_fp_scan_data(), receiving
06-12 21:55:40.716 2242 2242 D FingerGoodix: fpcode, loadFingerPrintPlatformDataIfNeed(), gFPExtDataFilePath='/data/system/users/0/fpdata/fpdb'
06-12 21:55:40.716 2242 2242 D FingerGoodix: fpcode, loadFingerPrintPlatformData(), fopen(gFPExtDataFilePath, "r") errno=2
06-12 21:55:40.716 2242 2242 D FingerGoodix: fpcode, loadFingerPrintPlatformData(), fopen(gFPExtDataFilePath, "a")=0x0, errno=2
06-12 21:55:40.716 2242 2242 D FingerGoodix: fpcode, goodix sensor need to init. merged
06-12 21:55:40.716 2242 2242 D FingerGoodix: Begin to connect FingerPrint...
