06-12 21:55:29.061 1699 1699 D wpa_supplicant: TDLS: Driver does not support TDLS channel switching
06-12 21:55:29.061 1699 1699 D wpa_supplicant: wlan0: WPS: UUID based on MAC address: 80e54e2b-e25a-53f4-a032-61bb7b99d154
06-12 21:55:29.061 1699 1699 D wpa_supplicant: EAPOL: SUPP_PAE entering state DISCONNECTED
06-12 21:55:29.061 1699 1699 D wpa_supplicant: EAPOL: Supplicant port status: Unauthorized
06-12 21:55:29.061 1699 1699 D wpa_supplicant: nl80211: Skip set_supp_port(unauthorized) while not associated
06-12 21:55:29.061 1699 1699 D wpa_supplicant: EAPOL: KEY_RX entering state NO_KEY_RECEIVE
06-12 21:55:29.061 1699 1699 D wpa_supplicant: EAPOL: SUPP_BE entering state INITIALIZE
06-12 21:55:29.061 1699 1699 D wpa_supplicant: EAP: EAP entering state DISABLED
06-12 21:55:29.062 1699 1699 D wpa_supplicant: Using existing control interface directory.
06-12 21:55:29.062 1699 1699 D wpa_supplicant: ctrl_iface bind(PF_UNIX) failed: Address already in use
06-12 21:55:29.062 1699 1699 D wpa_supplicant: ctrl_iface exists, but does not allow connections - assuming it was leftover from forced program termination
06-12 21:55:29.063 1699 1699 D wpa_supplicant: Successfully replaced leftover ctrl_iface socket '/data/vendor/wifi/wpa/sockets/wlan0'
06-12 21:55:29.063 1699 1699 D wpa_supplicant: nl80211: Setting wowlan
06-12 21:55:29.063 1699 1699 D wpa_supplicant: nl80211: Scan default IEs - hexdump(len=8): 7f 06 00 00 0a 82 00 40
06-12 21:55:29.063 1699 1699 E wpa_supplicant: nl80211: Set scan default IEs failed: ret=-524 (Unknown error 524)
06-12 21:55:29.063 1699 1699 D wpa_supplicant: Registering interface to hidl control: wlan0
06-12 21:55:29.063 1699 1699 D wpa_supplicant: wlan0: Added interface wlan0
06-12 21:55:29.063 1699 1699 D wpa_supplicant: wlan0: State: INACTIVE -> DISCONNECTED
06-12 21:55:29.063 1699 1699 D wpa_supplicant: nl80211: Set wlan0 operstate 0->0 (DORMANT)
06-12 21:55:29.063 1699 1699 D wpa_supplicant: netlink: Operstate: ifindex=7 linkmode=-1 (no change), operstate=5 (IF_OPER_DORMANT)
06-12 21:55:29.063 1699 1699 D wpa_supplicant: Notifying state change event to hidl control: 0
06-12 21:55:29.064 1699 1699 D wpa_supplicant: RTM_NEWLINK: ifi_index=7 ifname=wlan0 operstate=2 linkmode=1 ifi_family=0 ifi_flags=0x1003 ([UP])
06-12 21:55:29.067 773 773 V C2Store : in ~ComponentModule
06-12 21:55:29.067 773 773 V C2Store : unloading dll
06-12 21:55:29.067 773 773 V C2Store : in init
06-12 21:55:29.067 773 773 V C2Store : loading dll
06-12 21:55:29.070 478 900 I netd : interfaceGetCfg("wlan0") <0.78ms>
06-12 21:55:29.071 1154 1548 I WifiNative: Interface state changed on Iface:{Name=wlan0,Id=0,Type=STA_CONNECTIVITY}, isUp=true
06-12 21:55:29.072 478 900 I netd : interfaceClearAddrs("wlan0") <0.59ms>
06-12 21:55:29.072 1614 1614 D SystemUIBootTiming: StartServicescom.android.systemui.stackdivider.Divider took to complete: 45ms
06-12 21:55:29.073 478 900 I netd : interfaceSetIPv6PrivacyExtensions("wlan0", "true") <0.42ms>
06-12 21:55:29.074 478 900 I netd : interfaceSetEnableIPv6("wlan0", "false") <0.22ms>
06-12 21:55:29.075 1154 1548 I WifiNative: Successfully setup Iface:{Name=wlan0,Id=0,Type=STA_CONNECTIVITY}
06-12 21:55:29.075 773 773 V C2Store : in ~ComponentModule
06-12 21:55:29.075 773 773 V C2Store : unloading dll
06-12 21:55:29.075 773 773 V C2Store : in init
06-12 21:55:29.075 773 773 V C2Store : loading dll
06-12 21:55:29.081 773 773 V C2Store : in ~ComponentModule
06-12 21:55:29.081 773 773 V C2Store : unloading dll
06-12 21:55:29.081 773 773 V C2Store : in init
06-12 21:55:29.081 773 773 V C2Store : loading dll
06-12 21:55:29.083 1154 1548 D WifiClientModeManager: entering StartedState
06-12 21:55:29.084 478 900 I netd : interfaceGetCfg("wlan0") <0.57ms>
06-12 21:55:29.085 1154 1548 D WifiClientModeManager: Wifi is ready to use for client mode
06-12 21:55:29.085 1154 1548 D WifiActiveModeWarden: State changed from client mode. state = 3
06-12 21:55:29.085 1154 1548 D WifiActiveModeWarden: client mode active
06-12 21:55:29.086 773 773 V C2Store : in ~ComponentModule
06-12 21:55:29.086 773 773 V C2Store : unloading dll
06-12 21:55:29.086 773 773 V C2Store : in init
06-12 21:55:29.086 773 773 V C2Store : loading dll
06-12 21:55:29.087 1154 1548 D WifiScanRequestProxy: Sending scan available broadcast: true
06-12 21:55:29.088 1154 1548 I WifiScanRequestProxy: Scanning is enabled
06-12 21:55:29.088 1154 1548 I WifiScanRequestProxy: Scanning for hidden networks is enabled
06-12 21:55:29.088 1154 1548 D WifiClientModeImpl: entering ConnectModeState: ifaceName = wlan0
06-12 21:55:29.089 1154 1548 D WifiClientModeImpl: setupClientMode() ifacename = wlan0
06-12 21:55:29.093 773 773 V C2Store : in ~ComponentModule
06-12 21:55:29.093 773 773 V C2Store : unloading dll
06-12 21:55:29.093 773 773 V C2Store : in init
06-12 21:55:29.093 773 773 V C2Store : loading dll
06-12 21:55:29.099 1154 1550 I WifiScanningService: wifi driver loaded with scan capabilities: max buckets=16
06-12 21:55:29.101 773 773 V C2Store : in ~ComponentModule
06-12 21:55:29.102 773 773 V C2Store : unloading dll
06-12 21:55:29.102 773 773 V C2Store : in init
06-12 21:55:29.102 773 773 V C2Store : loading dll
06-12 21:55:29.105 773 773 I C2SoftVp8Enc: setting temporal layering 0 + 0
06-12 21:55:29.106 773 773 V C2Store : in ~ComponentModule
06-12 21:55:29.106 773 773 V C2Store : unloading dll
06-12 21:55:29.106 773 773 V C2Store : in init
06-12 21:55:29.106 773 773 V C2Store : loading dll
06-12 21:55:29.111 773 773 V C2Store : in ~ComponentModule
06-12 21:55:29.111 773 773 V C2Store : unloading dll
06-12 21:55:29.111 773 773 V C2Store : in init
06-12 21:55:29.111 773 773 V C2Store : loading dll
06-12 21:55:29.115 773 773 I C2SoftVp9Enc: setting temporal layering 0 + 0
06-12 21:55:29.116 773 773 V C2Store : in ~ComponentModule
06-12 21:55:29.116 773 773 V C2Store : unloading dll
06-12 21:55:29.117 751 893 D MediaCodecsXmlParser: parsing /apex/com.android.media.swcodec/etc/media_codecs.xml...
06-12 21:55:29.118 751 893 I MediaCodecsXmlParser: limit: max-channel-count = 2
06-12 21:55:29.118 751 893 I MediaCodecsXmlParser: limit: sample-rate-ranges = 8000,11025,12000,16000,22050,24000,32000,44100,48000
06-12 21:55:29.118 751 893 I MediaCodecsXmlParser: limit: bitrate-range = 8000-320000
06-12 21:55:29.118 751 893 I MediaCodecsXmlParser: limit: max-channel-count = 1
06-12 21:55:29.118 751 893 I MediaCodecsXmlParser: limit: sample-rate-ranges = 8000
06-12 21:55:29.118 751 893 I MediaCodecsXmlParser: limit: bitrate-range = 4750-12200
06-12 21:55:29.118 751 893 I MediaCodecsXmlParser: limit: max-channel-count = 1
06-12 21:55:29.118 751 893 I MediaCodecsXmlParser: limit: sample-rate-ranges = 16000
06-12 21:55:29.118 751 893 I MediaCodecsXmlParser: limit: bitrate-range = 6600-23850
06-12 21:55:29.119 751 893 I MediaCodecsXmlParser: limit: max-channel-count = 8
06-12 21:55:29.119 751 893 I MediaCodecsXmlParser: limit: sample-rate-ranges = 7350,8000,11025,12000,16000,22050,24000,32000,44100,48000
06-12 21:55:29.119 751 893 I MediaCodecsXmlParser: limit: bitrate-range = 8000-960000
06-12 21:55:29.119 751 893 I MediaCodecsXmlParser: limit: max-channel-count = 1
06-12 21:55:29.119 751 893 I MediaCodecsXmlParser: limit: sample-rate-ranges = 8000-48000
06-12 21:55:29.119 751 893 I MediaCodecsXmlParser: limit: bitrate-range = 64000
06-12 21:55:29.119 751 893 I MediaCodecsXmlParser: limit: max-channel-count = 1
06-12 21:55:29.119 751 893 I MediaCodecsXmlParser: limit: sample-rate-ranges = 8000-48000
06-12 21:55:29.119 751 893 I MediaCodecsXmlParser: limit: bitrate-range = 64000
06-12 21:55:29.119 751 893 I MediaCodecsXmlParser: limit: max-channel-count = 8
06-12 21:55:29.119 751 893 I MediaCodecsXmlParser: limit: sample-rate-ranges = 8000-96000
06-12 21:55:29.119 751 893 I MediaCodecsXmlParser: limit: bitrate-range = 32000-500000
06-12 21:55:29.119 751 893 I MediaCodecsXmlParser: limit: max-channel-count = 8
06-12 21:55:29.119 751 893 I MediaCodecsXmlParser: limit: sample-rate-ranges = 48000
06-12 21:55:29.119 751 893 I MediaCodecsXmlParser: limit: bitrate-range = 6000-510000
06-12 21:55:29.119 751 893 I MediaCodecsXmlParser: limit: max-channel-count = 8
06-12 21:55:29.119 751 893 I MediaCodecsXmlParser: limit: sample-rate-ranges = 8000-96000
06-12 21:55:29.119 751 893 I MediaCodecsXmlParser: limit: bitrate-range = 1-10000000
06-12 21:55:29.119 751 893 I MediaCodecsXmlParser: limit: max-channel-count = 8
06-12 21:55:29.120 751 893 I MediaCodecsXmlParser: limit: sample-rate-ranges = 1-655350
06-12 21:55:29.120 751 893 I MediaCodecsXmlParser: limit: bitrate-range = 1-21000000
06-12 21:55:29.120 751 893 D MediaCodecsXmlParser: disabling c2.android.gsm.decoder
06-12 21:55:29.120 751 893 I MediaCodecsXmlParser: limit: max-channel-count = 1
06-12 21:55:29.120 751 893 I MediaCodecsXmlParser: limit: sample-rate-ranges = 8000
06-12 21:55:29.120 751 893 I MediaCodecsXmlParser: limit: bitrate-range = 13000
06-12 21:55:29.120 751 893 I MediaCodecsXmlParser: limit: size-range = 2x2-352x288
06-12 21:55:29.120 751 893 I MediaCodecsXmlParser: limit: alignment = 2x2
06-12 21:55:29.120 751 893 I MediaCodecsXmlParser: limit: block-size = 16x16
06-12 21:55:29.120 751 893 I MediaCodecsXmlParser: limit: blocks-per-second-range = 12-11880
06-12 21:55:29.120 751 893 I MediaCodecsXmlParser: limit: bitrate-range = 1-384000
06-12 21:55:29.120 751 893 I MediaCodecsXmlParser: limit: feature-adaptive-playback = 0
06-12 21:55:29.120 751 893 I MediaCodecsXmlParser: limit: size-range = 2x2-352x288
06-12 21:55:29.120 751 893 I MediaCodecsXmlParser: limit: alignment = 2x2
06-12 21:55:29.120 751 893 I MediaCodecsXmlParser: limit: bitrate-range = 1-384000
06-12 21:55:29.120 751 893 I MediaCodecsXmlParser: limit: feature-adaptive-playback = 0
06-12 21:55:29.120 751 893 I MediaCodecsXmlParser: limit: alignment = 2x2
06-12 21:55:29.121 751 893 I MediaCodecsXmlParser: limit: block-size = 16x16
06-12 21:55:29.121 751 893 I MediaCodecsXmlParser: limit: size-range = 2x2-4080x4080
06-12 21:55:29.121 751 893 I MediaCodecsXmlParser: limit: block-count-range = 1-32768
06-12 21:55:29.121 751 893 I MediaCodecsXmlParser: limit: blocks-per-second-range = 1-1966080
06-12 21:55:29.121 751 893 I MediaCodecsXmlParser: limit: bitrate-range = 1-48000000
06-12 21:55:29.121 751 893 I MediaCodecsXmlParser: limit: size-range = 2x2-2048x2048
06-12 21:55:29.121 751 893 I MediaCodecsXmlParser: limit: block-count-range = 1-16384
06-12 21:55:29.121 751 893 I MediaCodecsXmlParser: limit: blocks-per-second-range = 1-491520
06-12 21:55:29.121 751 893 I MediaCodecsXmlParser: limit: bitrate-range = 1-40000000
06-12 21:55:29.121 751 893 I MediaCodecsXmlParser: limit: feature-adaptive-playback = 0
06-12 21:55:29.121 751 893 I MediaCodecsXmlParser: limit: alignment = 2x2
06-12 21:55:29.121 751 893 I MediaCodecsXmlParser: limit: block-size = 8x8
06-12 21:55:29.121 751 893 I MediaCodecsXmlParser: limit: size-range = 2x2-4096x4096
06-12 21:55:29.121 751 893 I MediaCodecsXmlParser: limit: block-count-range = 1-196608
06-12 21:55:29.121 751 893 I MediaCodecsXmlParser: limit: blocks-per-second-range = 1-2000000
06-12 21:55:29.121 751 893 I MediaCodecsXmlParser: limit: bitrate-range = 1-10000000
06-12 21:55:29.121 751 893 I MediaCodecsXmlParser: limit: size-range = 2x2-2048x2048
06-12 21:55:29.121 751 893 I MediaCodecsXmlParser: limit: block-count-range = 1-65536
06-12 21:55:29.121 751 893 I MediaCodecsXmlParser: limit: blocks-per-second-range = 1-491520
06-12 21:55:29.121 751 893 I MediaCodecsXmlParser: limit: bitrate-range = 1-5000000
06-12 21:55:29.121 751 893 I MediaCodecsXmlParser: limit: feature-adaptive-playback = 0
06-12 21:55:29.122 751 893 I MediaCodecsXmlParser: limit: size-range = 2x2-2048x2048
06-12 21:55:29.122 751 893 I MediaCodecsXmlParser: limit: alignment = 2x2
06-12 21:55:29.122 751 893 I MediaCodecsXmlParser: limit: block-size = 16x16
06-12 21:55:29.122 751 893 I MediaCodecsXmlParser: limit: block-count-range = 1-16384
06-12 21:55:29.122 751 893 I MediaCodecsXmlParser: limit: blocks-per-second-range = 1-1000000
06-12 21:55:29.122 751 893 I MediaCodecsXmlParser: limit: bitrate-range = 1-40000000
06-12 21:55:29.122 751 893 I MediaCodecsXmlParser: limit: block-count-range = 1-8192
06-12 21:55:29.122 751 893 I MediaCodecsXmlParser: limit: blocks-per-second-range = 1-1000000
06-12 21:55:29.122 751 893 I MediaCodecsXmlParser: limit: bitrate-range = 1-40000000
06-12 21:55:29.122 751 893 I MediaCodecsXmlParser: limit: feature-adaptive-playback = 0
06-12 21:55:29.122 751 893 I MediaCodecsXmlParser: limit: alignment = 2x2
06-12 21:55:29.122 751 893 I MediaCodecsXmlParser: limit: block-size = 16x16
06-12 21:55:29.122 751 893 I MediaCodecsXmlParser: limit: size-range = 2x2-2048x2048
06-12 21:55:29.122 751 893 I MediaCodecsXmlParser: limit: block-count-range = 1-16384
06-12 21:55:29.122 751 893 I MediaCodecsXmlParser: limit: blocks-per-second-range = 1-500000
06-12 21:55:29.122 751 893 I MediaCodecsXmlParser: limit: bitrate-range = 1-40000000
06-12 21:55:29.122 751 893 I MediaCodecsXmlParser: limit: size-range = 2x2-1280x1280
06-12 21:55:29.122 751 893 I MediaCodecsXmlParser: limit: block-count-range = 1-3600
06-12 21:55:29.122 751 893 I MediaCodecsXmlParser: limit: blocks-per-second-range = 1-108000
06-12 21:55:29.123 751 893 I MediaCodecsXmlParser: limit: bitrate-range = 1-5000000
06-12 21:55:29.123 751 893 I MediaCodecsXmlParser: limit: feature-adaptive-playback = 0
06-12 21:55:29.123 751 893 I MediaCodecsXmlParser: limit: size-range = 2x2-1920x1080
06-12 21:55:29.123 751 893 I MediaCodecsXmlParser: limit: alignment = 2x2
06-12 21:55:29.123 751 893 I MediaCodecsXmlParser: limit: block-size = 16x16
06-12 21:55:29.123 751 893 I MediaCodecsXmlParser: limit: block-count-range = 1-16384
06-12 21:55:29.123 751 893 I MediaCodecsXmlParser: limit: blocks-per-second-range = 1-2073600
06-12 21:55:29.123 751 893 I MediaCodecsXmlParser: limit: bitrate-range = 1-120000000
06-12 21:55:29.123 751 893 I MediaCodecsXmlParser: limit: feature-adaptive-playback = 0
06-12 21:55:29.123 751 893 D MediaCodecsXmlParser: disabling c2.android.mpeg2.decoder
06-12 21:55:29.123 751 893 I MediaCodecsXmlParser: limit: size-range = 16x16-1920x1088
06-12 21:55:29.123 751 893 I MediaCodecsXmlParser: limit: alignment = 2x2
06-12 21:55:29.123 751 893 I MediaCodecsXmlParser: limit: block-size = 16x16
06-12 21:55:29.123 751 893 I MediaCodecsXmlParser: limit: blocks-per-second-range = 1-244800
06-12 21:55:29.123 751 893 I MediaCodecsXmlParser: limit: bitrate-range = 1-20000000
06-12 21:55:29.123 751 893 I MediaCodecsXmlParser: limit: feature-adaptive-playback = 0
06-12 21:55:29.123 751 893 I MediaCodecsXmlParser: limit: max-channel-count = 6
06-12 21:55:29.123 751 893 I MediaCodecsXmlParser: limit: sample-rate-ranges = 8000,11025,12000,16000,22050,24000,32000,44100,48000
06-12 21:55:29.123 751 893 I MediaCodecsXmlParser: limit: bitrate-range = 8000-960000
06-12 21:55:29.123 751 893 I MediaCodecsXmlParser: limit: max-channel-count = 1
06-12 21:55:29.123 751 893 I MediaCodecsXmlParser: limit: sample-rate-ranges = 8000
06-12 21:55:29.123 751 893 I MediaCodecsXmlParser: limit: bitrate-range = 4750-12200
06-12 21:55:29.124 751 893 I MediaCodecsXmlParser: limit: feature-bitrate-modes = CBR
06-12 21:55:29.124 751 893 I MediaCodecsXmlParser: limit: max-channel-count = 1
06-12 21:55:29.124 751 893 I MediaCodecsXmlParser: limit: sample-rate-ranges = 16000
06-12 21:55:29.124 751 893 I MediaCodecsXmlParser: limit: bitrate-range = 6600-23850
06-12 21:55:29.124 751 893 I MediaCodecsXmlParser: limit: feature-bitrate-modes = CBR
06-12 21:55:29.124 751 893 I MediaCodecsXmlParser: limit: max-channel-count = 2
06-12 21:55:29.124 751 893 I MediaCodecsXmlParser: limit: sample-rate-ranges = 1-655350
06-12 21:55:29.124 751 893 I MediaCodecsXmlParser: limit: bitrate-range = 1-21000000
06-12 21:55:29.124 751 893 I MediaCodecsXmlParser: limit: complexity-default = 5
06-12 21:55:29.124 751 893 I MediaCodecsXmlParser: limit: complexity-range = 0-8
06-12 21:55:29.124 751 893 I MediaCodecsXmlParser: limit: feature-bitrate-modes = CQ
06-12 21:55:29.124 751 893 I MediaCodecsXmlParser: limit: max-channel-count = 2
06-12 21:55:29.124 751 893 I MediaCodecsXmlParser: limit: sample-rate-ranges = 8000,12000,16000,24000,48000
06-12 21:55:29.124 751 893 I MediaCodecsXmlParser: limit: bitrate-range = 500-512000
06-12 21:55:29.124 751 893 I MediaCodecsXmlParser: limit: complexity-default = 5
06-12 21:55:29.124 751 893 I MediaCodecsXmlParser: limit: complexity-range = 0-10
06-12 21:55:29.124 751 893 I MediaCodecsXmlParser: limit: feature-bitrate-modes = CBR
06-12 21:55:29.124 751 893 I MediaCodecsXmlParser: limit: size-range = 176x144-176x144
06-12 21:55:29.124 751 893 I MediaCodecsXmlParser: limit: alignment = 16x16
06-12 21:55:29.124 751 893 I MediaCodecsXmlParser: limit: bitrate-range = 1-128000
06-12 21:55:29.125 751 893 I MediaCodecsXmlParser: limit: size-range = 16x16-176x144
06-12 21:55:29.125 751 893 I MediaCodecsXmlParser: limit: alignment = 16x16
06-12 21:55:29.125 751 893 I MediaCodecsXmlParser: limit: block-size = 16x16
06-12 21:55:29.125 751 893 I MediaCodecsXmlParser: limit: blocks-per-second-range = 12-1485
06-12 21:55:29.125 751 893 I MediaCodecsXmlParser: limit: bitrate-range = 1-64000
06-12 21:55:29.125 751 893 I MediaCodecsXmlParser: limit: alignment = 2x2
06-12 21:55:29.125 751 893 I MediaCodecsXmlParser: limit: block-size = 16x16
06-12 21:55:29.125 751 893 I MediaCodecsXmlParser: limit: size-range = 16x16-2048x2048
06-12 21:55:29.125 751 893 I MediaCodecsXmlParser: limit: block-count-range = 1-8192
06-12 21:55:29.125 751 893 I MediaCodecsXmlParser: limit: blocks-per-second-range = 1-245760
06-12 21:55:29.125 751 893 I MediaCodecsXmlParser: limit: bitrate-range = 1-12000000
06-12 21:55:29.125 751 893 I MediaCodecsXmlParser: limit: size-range = 16x16-1808x1808
06-12 21:55:29.125 751 893 I MediaCodecsXmlParser: limit: block-count-range = 1-1620
06-12 21:55:29.125 751 893 I MediaCodecsXmlParser: limit: blocks-per-second-range = 1-40500
06-12 21:55:29.125 751 893 I MediaCodecsXmlParser: limit: bitrate-range = 1-2000000
06-12 21:55:29.125 751 893 I MediaCodecsXmlParser: limit: feature-intra-refresh = 0
06-12 21:55:29.125 751 893 I MediaCodecsXmlParser: limit: alignment = 2x2
06-12 21:55:29.125 751 893 I MediaCodecsXmlParser: limit: block-size = 16x16
06-12 21:55:29.125 751 893 I MediaCodecsXmlParser: limit: size-range = 2x2-2048x2048
06-12 21:55:29.125 751 893 I MediaCodecsXmlParser: limit: block-count-range = 1-16384
06-12 21:55:29.125 751 893 I MediaCodecsXmlParser: limit: bitrate-range = 1-40000000
06-12 21:55:29.126 751 893 I MediaCodecsXmlParser: limit: size-range = 2x2-1280x1280
06-12 21:55:29.126 751 893 I MediaCodecsXmlParser: limit: block-count-range = 1-3600
06-12 21:55:29.126 751 893 I MediaCodecsXmlParser: limit: bitrate-range = 1-20000000
06-12 21:55:29.126 751 893 I MediaCodecsXmlParser: limit: feature-bitrate-modes = VBR,CBR
06-12 21:55:29.126 751 893 I MediaCodecsXmlParser: limit: size-range = 2x2-512x512
06-12 21:55:29.126 751 893 I MediaCodecsXmlParser: limit: alignment = 2x2
06-12 21:55:29.126 751 893 I MediaCodecsXmlParser: limit: block-size = 8x8
06-12 21:55:29.126 751 893 I MediaCodecsXmlParser: limit: block-count-range = 1-4096
06-12 21:55:29.126 751 893 I MediaCodecsXmlParser: limit: blocks-per-second-range = 1-122880
06-12 21:55:29.126 751 893 I MediaCodecsXmlParser: limit: frame-rate-range = 1-120
06-12 21:55:29.126 751 893 I MediaCodecsXmlParser: limit: bitrate-range = 1-10000000
06-12 21:55:29.126 751 893 I MediaCodecsXmlParser: limit: complexity-default = 0
06-12 21:55:29.126 751 893 I MediaCodecsXmlParser: limit: complexity-range = 0-10
06-12 21:55:29.126 751 893 I MediaCodecsXmlParser: limit: quality-scale = linear
06-12 21:55:29.126 751 893 I MediaCodecsXmlParser: limit: quality-default = 80
06-12 21:55:29.126 751 893 I MediaCodecsXmlParser: limit: quality-range = 0-100
06-12 21:55:29.126 751 893 I MediaCodecsXmlParser: limit: feature-bitrate-modes = VBR,CBR,CQ
06-12 21:55:29.126 751 893 I MediaCodecsXmlParser: limit: size-range = 2x2-2048x2048
06-12 21:55:29.126 751 893 I MediaCodecsXmlParser: limit: alignment = 2x2
06-12 21:55:29.126 751 893 I MediaCodecsXmlParser: limit: block-size = 16x16
06-12 21:55:29.126 751 893 I MediaCodecsXmlParser: limit: block-count-range = 1-3600
06-12 21:55:29.126 751 893 I MediaCodecsXmlParser: limit: bitrate-range = 1-40000000
06-12 21:55:29.126 751 893 I MediaCodecsXmlParser: limit: feature-bitrate-modes = VBR,CBR
06-12 21:55:29.127 751 893 D MediaCodecsXmlParser: Cannot find
06-12 21:55:29.127 751 893 I chatty : uid=1013(media) Binder:751_1 identical 1 line
06-12 21:55:29.127 751 893 D MediaCodecsXmlParser: Cannot find
06-12 21:55:29.127 751 893 D MediaCodecsXmlParser: parsing /vendor/etc/media_codecs.xml...
06-12 21:55:29.128 751 893 D MediaCodecsXmlParser: parsing /vendor/etc/media_codecs_google_audio.xml...
06-12 21:55:29.128 751 893 I MediaCodecsXmlParser: limit: max-channel-count = 2
06-12 21:55:29.128 751 893 I MediaCodecsXmlParser: limit: sample-rate-ranges = 8000,11025,12000,16000,22050,24000,32000,44100,48000
06-12 21:55:29.128 751 893 I MediaCodecsXmlParser: limit: bitrate-range = 8000-320000
06-12 21:55:29.128 751 893 I MediaCodecsXmlParser: limit: max-channel-count = 1
06-12 21:55:29.128 751 893 I MediaCodecsXmlParser: limit: sample-rate-ranges = 8000
06-12 21:55:29.128 751 893 I MediaCodecsXmlParser: limit: bitrate-range = 4750-12200
06-12 21:55:29.128 751 893 I MediaCodecsXmlParser: limit: max-channel-count = 1
06-12 21:55:29.129 751 893 I MediaCodecsXmlParser: limit: sample-rate-ranges = 16000
06-12 21:55:29.129 751 893 I MediaCodecsXmlParser: limit: bitrate-range = 6600-23850
06-12 21:55:29.129 751 893 I MediaCodecsXmlParser: limit: max-channel-count = 8
06-12 21:55:29.129 751 893 I MediaCodecsXmlParser: limit: sample-rate-ranges = 7350,8000,11025,12000,16000,22050,24000,32000,44100,48000
06-12 21:55:29.129 751 893 I MediaCodecsXmlParser: limit: bitrate-range = 8000-960000
06-12 21:55:29.129 751 893 I MediaCodecsXmlParser: limit: max-channel-count = 1
06-12 21:55:29.129 751 893 I MediaCodecsXmlParser: limit: sample-rate-ranges = 8000-48000
06-12 21:55:29.129 751 893 I MediaCodecsXmlParser: limit: bitrate-range = 64000
06-12 21:55:29.129 751 893 I MediaCodecsXmlParser: limit: max-channel-count = 1
06-12 21:55:29.129 751 893 I MediaCodecsXmlParser: limit: sample-rate-ranges = 8000-48000
06-12 21:55:29.129 751 893 I MediaCodecsXmlParser: limit: bitrate-range = 64000
06-12 21:55:29.129 751 893 I MediaCodecsXmlParser: limit: max-channel-count = 8
06-12 21:55:29.129 751 893 I MediaCodecsXmlParser: limit: sample-rate-ranges = 8000-96000
06-12 21:55:29.129 751 893 I MediaCodecsXmlParser: limit: bitrate-range = 32000-500000
06-12 21:55:29.129 751 893 I MediaCodecsXmlParser: limit: max-channel-count = 8
06-12 21:55:29.129 751 893 I MediaCodecsXmlParser: limit: sample-rate-ranges = 48000
06-12 21:55:29.129 751 893 I MediaCodecsXmlParser: limit: bitrate-range = 6000-510000
06-12 21:55:29.129 751 893 I MediaCodecsXmlParser: limit: max-channel-count = 8
06-12 21:55:29.129 751 893 I MediaCodecsXmlParser: limit: sample-rate-ranges = 8000-192000
06-12 21:55:29.130 751 893 I MediaCodecsXmlParser: limit: bitrate-range = 1-10000000
06-12 21:55:29.130 751 893 I MediaCodecsXmlParser: limit: max-channel-count = 8
06-12 21:55:29.130 751 893 I MediaCodecsXmlParser: limit: sample-rate-ranges = 1-655350
06-12 21:55:29.130 751 893 I MediaCodecsXmlParser: limit: bitrate-range = 1-21000000
06-12 21:55:29.130 751 893 I MediaCodecsXmlParser: limit: max-channel-count = 6
06-12 21:55:29.130 751 893 I MediaCodecsXmlParser: limit: sample-rate-ranges = 8000,11025,12000,16000,22050,24000,32000,44100,48000
06-12 21:55:29.130 751 893 I MediaCodecsXmlParser: limit: bitrate-range = 8000-960000
06-12 21:55:29.130 751 893 I MediaCodecsXmlParser: limit: max-channel-count = 1
06-12 21:55:29.130 751 893 I MediaCodecsXmlParser: limit: sample-rate-ranges = 8000
06-12 21:55:29.130 751 893 I MediaCodecsXmlParser: limit: bitrate-range = 4750-12200
06-12 21:55:29.130 751 893 I MediaCodecsXmlParser: limit: feature-bitrate-modes = CBR
06-12 21:55:29.130 751 893 I MediaCodecsXmlParser: limit: max-channel-count = 1
06-12 21:55:29.130 751 893 I MediaCodecsXmlParser: limit: sample-rate-ranges = 16000
06-12 21:55:29.130 751 893 I MediaCodecsXmlParser: limit: bitrate-range = 6600-23850
06-12 21:55:29.130 751 893 I MediaCodecsXmlParser: limit: feature-bitrate-modes = CBR
06-12 21:55:29.130 751 893 I MediaCodecsXmlParser: limit: max-channel-count = 2
06-12 21:55:29.130 751 893 I MediaCodecsXmlParser: limit: sample-rate-ranges = 1-655350
06-12 21:55:29.130 751 893 I MediaCodecsXmlParser: limit: bitrate-range = 1-21000000
06-12 21:55:29.130 751 893 I MediaCodecsXmlParser: limit: complexity-default = 5
06-12 21:55:29.130 751 893 I MediaCodecsXmlParser: limit: complexity-range = 0-8
06-12 21:55:29.130 751 893 I MediaCodecsXmlParser: limit: feature-bitrate-modes = CQ
06-12 21:55:29.130 751 893 D MediaCodecsXmlParser: parsing /vendor/etc/media_codecs_google_telephony.xml...
06-12 21:55:29.131 751 893 I MediaCodecsXmlParser: limit: max-channel-count = 1
06-12 21:55:29.131 751 893 I MediaCodecsXmlParser: limit: sample-rate-ranges = 8000
06-12 21:55:29.131 751 893 I MediaCodecsXmlParser: limit: bitrate-range = 13000
06-12 21:55:29.131 751 893 D MediaCodecsXmlParser: Setting: updating existing setting at line 117 of /vendor/etc/media_codecs.xml
06-12 21:55:29.131 751 893 I MediaCodecsXmlParser: limit: size-range = 96x96-1920x1088
06-12 21:55:29.131 751 893 I MediaCodecsXmlParser: limit: alignment = 2x2
06-12 21:55:29.131 751 893 I MediaCodecsXmlParser: limit: block-size = 16x16
06-12 21:55:29.131 751 893 I MediaCodecsXmlParser: limit: blocks-per-second-range = 1-244800
06-12 21:55:29.131 751 893 I MediaCodecsXmlParser: limit: bitrate-range = 1-20000000
06-12 21:55:29.131 751 893 I MediaCodecsXmlParser: limit: max-concurrent-instances = 8
06-12 21:55:29.131 751 893 I MediaCodecsXmlParser: limit: feature-can-swap-width-height = 0
06-12 21:55:29.131 751 893 I MediaCodecsXmlParser: limit: performance-point-1920x1088-range = 30-30
06-12 21:55:29.131 751 893 I MediaCodecsXmlParser: limit: size-range = 32x32-864x480
06-12 21:55:29.131 751 893 I MediaCodecsXmlParser: limit: alignment = 2x2
06-12 21:55:29.131 751 893 I MediaCodecsXmlParser: limit: block-size = 16x16
06-12 21:55:29.131 751 893 I MediaCodecsXmlParser: limit: blocks-per-second-range = 1-48600
06-12 21:55:29.131 751 893 I MediaCodecsXmlParser: limit: bitrate-range = 1-2000000
06-12 21:55:29.131 751 893 I MediaCodecsXmlParser: limit: max-concurrent-instances = 16
06-12 21:55:29.131 751 893 I MediaCodecsXmlParser: limit: performance-point-720x480-range = 30-30
06-12 21:55:29.132 751 893 I MediaCodecsXmlParser: limit: performance-point-720x576-range = 25-25
06-12 21:55:29.132 751 893 I MediaCodecsXmlParser: limit: size-range = 32x32-864x480
06-12 21:55:29.132 751 893 I MediaCodecsXmlParser: limit: alignment = 4x4
06-12 21:55:29.132 751 893 I MediaCodecsXmlParser: limit: block-size = 16x16
06-12 21:55:29.132 751 893 I MediaCodecsXmlParser: limit: blocks-per-second-range = 1-48600
06-12 21:55:29.132 751 893 I MediaCodecsXmlParser: limit: bitrate-range = 1-2000000
06-12 21:55:29.132 751 893 I MediaCodecsXmlParser: limit: max-concurrent-instances = 16
06-12 21:55:29.132 751 893 I MediaCodecsXmlParser: limit: performance-point-720x480-range = 30-30
06-12 21:55:29.132 751 893 I MediaCodecsXmlParser: limit: performance-point-720x576-range = 25-25
06-12 21:55:29.132 751 893 I MediaCodecsXmlParser: limit: size-range = 64x64-1920x1088
06-12 21:55:29.132 751 893 I MediaCodecsXmlParser: limit: alignment = 2x2
06-12 21:55:29.132 751 893 I MediaCodecsXmlParser: limit: block-size = 16x16
06-12 21:55:29.132 751 893 I MediaCodecsXmlParser: limit: blocks-per-second-range = 1-244800
06-12 21:55:29.132 751 893 I MediaCodecsXmlParser: limit: bitrate-range = 1-20000000
06-12 21:55:29.132 751 893 I MediaCodecsXmlParser: limit: feature-adaptive-playback = 0
06-12 21:55:29.132 751 893 I MediaCodecsXmlParser: limit: max-concurrent-instances = 8
06-12 21:55:29.132 751 893 I MediaCodecsXmlParser: limit: feature-can-swap-width-height = 0
06-12 21:55:29.132 751 893 I MediaCodecsXmlParser: limit: performance-point-1920x1088-range = 30-30
06-12 21:55:29.132 751 893 I MediaCodecsXmlParser: limit: size-range = 64x64-1920x1088
06-12 21:55:29.132 751 893 I MediaCodecsXmlParser: limit: alignment = 2x2
06-12 21:55:29.132 751 893 I MediaCodecsXmlParser: limit: block-size = 16x16
06-12 21:55:29.132 751 893 I MediaCodecsXmlParser: limit: blocks-per-second-range = 1-244800
06-12 21:55:29.132 751 893 I MediaCodecsXmlParser: limit: bitrate-range = 1-20000000
06-12 21:55:29.133 751 893 I MediaCodecsXmlParser: limit: feature-adaptive-playback = 0
06-12 21:55:29.133 751 893 I MediaCodecsXmlParser: limit: max-concurrent-instances = 8
06-12 21:55:29.133 751 893 I MediaCodecsXmlParser: limit: performance-point-1920x1088-range = 30-30
06-12 21:55:29.133 751 893 I MediaCodecsXmlParser: limit: size-range = 64x64-1920x1088
06-12 21:55:29.133 751 893 I MediaCodecsXmlParser: limit: alignment = 2x2
06-12 21:55:29.133 751 893 I MediaCodecsXmlParser: limit: block-size = 16x16
06-12 21:55:29.133 751 893 I MediaCodecsXmlParser: limit: blocks-per-second-range = 1-244800
06-12 21:55:29.133 751 893 I MediaCodecsXmlParser: limit: bitrate-range = 1-20000000
06-12 21:55:29.133 751 893 I MediaCodecsXmlParser: limit: feature-adaptive-playback = 0
06-12 21:55:29.133 751 893 I MediaCodecsXmlParser: limit: max-concurrent-instances = 8
06-12 21:55:29.133 751 893 I MediaCodecsXmlParser: limit: performance-point-1920x1088-range = 30-30
06-12 21:55:29.133 751 893 I MediaCodecsXmlParser: limit: size-range = 16x16-1920x1088
06-12 21:55:29.133 751 893 I MediaCodecsXmlParser: limit: alignment = 2x2
06-12 21:55:29.133 751 893 I MediaCodecsXmlParser: limit: block-size = 16x16
06-12 21:55:29.133 751 893 I MediaCodecsXmlParser: limit: blocks-per-second-range = 1-244800
06-12 21:55:29.133 751 893 I MediaCodecsXmlParser: limit: bitrate-range = 1-6000000
06-12 21:55:29.133 751 893 I MediaCodecsXmlParser: limit: max-concurrent-instances = 16
06-12 21:55:29.133 751 893 I MediaCodecsXmlParser: limit: performance-point-1920x1088-range = 30-30
06-12 21:55:29.133 751 893 I MediaCodecsXmlParser: limit: size-range = 16x16-1920x1088
06-12 21:55:29.133 751 893 I MediaCodecsXmlParser: limit: alignment = 2x2
06-12 21:55:29.133 751 893 I MediaCodecsXmlParser: limit: block-size = 16x16
06-12 21:55:29.133 751 893 I MediaCodecsXmlParser: limit: blocks-per-second-range = 1-244800
06-12 21:55:29.133 751 893 I MediaCodecsXmlParser: limit: bitrate-range = 1-6000000
06-12 21:55:29.134 751 893 I MediaCodecsXmlParser: limit: max-concurrent-instances = 16
06-12 21:55:29.134 751 893 I MediaCodecsXmlParser: limit: performance-point-1920x1088-range = 30-30
06-12 21:55:29.134 751 893 I MediaCodecsXmlParser: limit: size-range = 16x16-1920x1088
06-12 21:55:29.134 751 893 I MediaCodecsXmlParser: limit: alignment = 2x2
06-12 21:55:29.134 751 893 I MediaCodecsXmlParser: limit: block-size = 16x16
06-12 21:55:29.134 751 893 I MediaCodecsXmlParser: limit: blocks-per-second-range = 1-244800
06-12 21:55:29.134 751 893 I MediaCodecsXmlParser: limit: bitrate-range = 1-6000000
06-12 21:55:29.134 751 893 I MediaCodecsXmlParser: limit: max-concurrent-instances = 16
06-12 21:55:29.134 751 893 I MediaCodecsXmlParser: limit: performance-point-1920x1088-range = 30-30
06-12 21:55:29.134 751 893 I MediaCodecsXmlParser: limit: size-range = 16x16-1920x1088
06-12 21:55:29.134 751 893 I MediaCodecsXmlParser: limit: alignment = 2x2
06-12 21:55:29.134 751 893 I MediaCodecsXmlParser: limit: block-size = 16x16
06-12 21:55:29.134 751 893 I MediaCodecsXmlParser: limit: blocks-per-second-range = 1-244800
06-12 21:55:29.134 751 893 I MediaCodecsXmlParser: limit: bitrate-range = 1-6000000
06-12 21:55:29.134 751 893 I MediaCodecsXmlParser: limit: max-concurrent-instances = 16
06-12 21:55:29.134 751 893 I MediaCodecsXmlParser: limit: performance-point-1920x1088-range = 30-30
06-12 21:55:29.134 751 893 I MediaCodecsXmlParser: limit: size-range = 16x16-864x480
06-12 21:55:29.134 751 893 I MediaCodecsXmlParser: limit: alignment = 4x4
06-12 21:55:29.134 751 893 I MediaCodecsXmlParser: limit: block-size = 16x16
06-12 21:55:29.134 751 893 I MediaCodecsXmlParser: limit: blocks-per-second-range = 1-48600
06-12 21:55:29.134 751 893 I MediaCodecsXmlParser: limit: bitrate-range = 1-2000000
06-12 21:55:29.134 751 893 I MediaCodecsXmlParser: limit: max-concurrent-instances = 16
06-12 21:55:29.134 751 893 I MediaCodecsXmlParser: limit: performance-point-720x480-range = 30-30
06-12 21:55:29.134 751 893 I MediaCodecsXmlParser: limit: performance-point-720x576-range = 25-25
06-12 21:55:29.135 751 893 D MediaCodecsXmlParser: parsing /vendor/etc/media_codecs_google_video_le.xml...
06-12 21:55:29.135 751 893 I MediaCodecsXmlParser: limit: size-range = 2x2-352x288
06-12 21:55:29.135 751 893 I MediaCodecsXmlParser: limit: alignment = 2x2
06-12 21:55:29.135 751 893 I MediaCodecsXmlParser: limit: block-size = 16x16
06-12 21:55:29.135 751 893 I MediaCodecsXmlParser: limit: blocks-per-second-range = 12-11880
06-12 21:55:29.135 751 893 I MediaCodecsXmlParser: limit: bitrate-range = 1-384000
06-12 21:55:29.135 751 893 I MediaCodecsXmlParser: limit: feature-adaptive-playback = 0
06-12 21:55:29.135 751 893 I MediaCodecsXmlParser: limit: size-range = 2x2-352x288
06-12 21:55:29.135 751 893 I MediaCodecsXmlParser: limit: alignment = 2x2
06-12 21:55:29.135 751 893 I MediaCodecsXmlParser: limit: bitrate-range = 1-384000
06-12 21:55:29.135 751 893 I MediaCodecsXmlParser: limit: feature-adaptive-playback = 0
06-12 21:55:29.135 751 893 I MediaCodecsXmlParser: limit: size-range = 2x2-2048x2048
06-12 21:55:29.135 751 893 I MediaCodecsXmlParser: limit: alignment = 2x2
06-12 21:55:29.135 751 893 I MediaCodecsXmlParser: limit: block-size = 16x16
06-12 21:55:29.135 751 893 I MediaCodecsXmlParser: limit: block-count-range = 1-16384
06-12 21:55:29.135 751 893 I MediaCodecsXmlParser: limit: blocks-per-second-range = 1-491520
06-12 21:55:29.135 751 893 I MediaCodecsXmlParser: limit: bitrate-range = 1-40000000
06-12 21:55:29.135 751 893 I MediaCodecsXmlParser: limit: feature-adaptive-playback = 0
06-12 21:55:29.135 751 893 I MediaCodecsXmlParser: limit: size-range = 2x2-2048x2048
06-12 21:55:29.135 751 893 I MediaCodecsXmlParser: limit: alignment = 2x2
06-12 21:55:29.135 751 893 I MediaCodecsXmlParser: limit: block-size = 8x8
06-12 21:55:29.135 751 893 I MediaCodecsXmlParser: limit: block-count-range = 1-65536
06-12 21:55:29.136 751 893 I MediaCodecsXmlParser: limit: blocks-per-second-range = 1-491520
06-12 21:55:29.136 751 893 I MediaCodecsXmlParser: limit: bitrate-range = 1-5000000
06-12 21:55:29.136 751 893 I MediaCodecsXmlParser: limit: feature-adaptive-playback = 0
06-12 21:55:29.136 751 893 I MediaCodecsXmlParser: limit: size-range = 2x2-2048x2048
06-12 21:55:29.136 751 893 I MediaCodecsXmlParser: limit: alignment = 2x2
06-12 21:55:29.136 751 893 I MediaCodecsXmlParser: limit: block-size = 16x16
06-12 21:55:29.136 751 893 I MediaCodecsXmlParser: limit: block-count-range = 1-8192
06-12 21:55:29.136 751 893 I MediaCodecsXmlParser: limit: blocks-per-second-range = 1-500000
06-12 21:55:29.136 751 893 I MediaCodecsXmlParser: limit: bitrate-range = 1-40000000
06-12 21:55:29.136 751 893 I MediaCodecsXmlParser: limit: feature-adaptive-playback = 0
06-12 21:55:29.136 751 893 I MediaCodecsXmlParser: limit: size-range = 2x2-1280x1280
06-12 21:55:29.136 751 893 I MediaCodecsXmlParser: limit: alignment = 2x2
06-12 21:55:29.136 751 893 I MediaCodecsXmlParser: limit: block-size = 16x16
06-12 21:55:29.136 751 893 I MediaCodecsXmlParser: limit: block-count-range = 1-3600
06-12 21:55:29.136 751 893 I MediaCodecsXmlParser: limit: blocks-per-second-range = 1-108000
06-12 21:55:29.136 751 893 I MediaCodecsXmlParser: limit: bitrate-range = 1-5000000
06-12 21:55:29.136 751 893 I MediaCodecsXmlParser: limit: feature-adaptive-playback = 0
06-12 21:55:29.136 751 893 I MediaCodecsXmlParser: limit: size-range = 176x144-176x144
06-12 21:55:29.136 751 893 I MediaCodecsXmlParser: limit: alignment = 16x16
06-12 21:55:29.136 751 893 I MediaCodecsXmlParser: limit: bitrate-range = 1-128000
06-12 21:55:29.136 751 893 I MediaCodecsXmlParser: limit: size-range = 16x16-1808x1808
06-12 21:55:29.137 751 893 I MediaCodecsXmlParser: limit: alignment = 2x2
06-12 21:55:29.137 751 893 I MediaCodecsXmlParser: limit: block-size = 16x16
06-12 21:55:29.137 751 893 I MediaCodecsXmlParser: limit: block-count-range = 1-1620
06-12 21:55:29.137 751 893 I MediaCodecsXmlParser: limit: blocks-per-second-range = 1-40500
06-12 21:55:29.137 751 893 I MediaCodecsXmlParser: limit: bitrate-range = 1-2000000
06-12 21:55:29.137 751 893 I MediaCodecsXmlParser: limit: feature-intra-refresh = 0
06-12 21:55:29.137 751 893 I MediaCodecsXmlParser: limit: size-range = 16x16-176x144
06-12 21:55:29.137 751 893 I MediaCodecsXmlParser: limit: alignment = 16x16
06-12 21:55:29.137 751 893 I MediaCodecsXmlParser: limit: block-size = 16x16
06-12 21:55:29.137 751 893 I MediaCodecsXmlParser: limit: blocks-per-second-range = 12-1485
06-12 21:55:29.137 751 893 I MediaCodecsXmlParser: limit: bitrate-range = 1-64000
06-12 21:55:29.137 751 893 I MediaCodecsXmlParser: limit: size-range = 2x2-1280x1280
06-12 21:55:29.137 751 893 I MediaCodecsXmlParser: limit: alignment = 2x2
06-12 21:55:29.137 751 893 I MediaCodecsXmlParser: limit: block-size = 16x16
06-12 21:55:29.137 751 893 I MediaCodecsXmlParser: limit: block-count-range = 1-3600
06-12 21:55:29.137 751 893 I MediaCodecsXmlParser: limit: bitrate-range = 1-20000000
06-12 21:55:29.137 751 893 I MediaCodecsXmlParser: limit: feature-bitrate-modes = VBR,CBR
06-12 21:55:29.137 751 893 D MediaCodecsXmlParser: parsing /vendor/etc/media_codecs_performance.xml...
06-12 21:55:29.138 751 893 I MediaCodecsXmlParser: limit: measured-frame-rate-320x240-range = 130-130
06-12 21:55:29.138 751 893 I MediaCodecsXmlParser: limit: measured-frame-rate-720x480-range = 50-50
06-12 21:55:29.138 751 893 I MediaCodecsXmlParser: limit: measured-frame-rate-1280x720-range = 33-33
06-12 21:55:29.138 751 893 I MediaCodecsXmlParser: limit: measured-frame-rate-1920x1080-range = 18-18
06-12 21:55:29.138 751 893 I MediaCodecsXmlParser: limit: measured-frame-rate-176x144-range = 394-394
06-12 21:55:29.138 751 893 I MediaCodecsXmlParser: limit: measured-frame-rate-352x288-range = 86-86
06-12 21:55:29.138 751 893 I MediaCodecsXmlParser: limit: measured-frame-rate-176x144-range = 179-179
06-12 21:55:29.138 751 893 I MediaCodecsXmlParser: limit: measured-frame-rate-352x288-range = 84-84
06-12 21:55:29.138 751 893 I MediaCodecsXmlParser: limit: measured-frame-rate-640x480-range = 54-54
06-12 21:55:29.138 751 893 I MediaCodecsXmlParser: limit: measured-frame-rate-320x240-range = 208-208
06-12 21:55:29.138 751 893 I MediaCodecsXmlParser: limit: measured-frame-rate-720x480-range = 98-98
06-12 21:55:29.138 751 893 I MediaCodecsXmlParser: limit: measured-frame-rate-1280x720-range = 44-44
06-12 21:55:29.138 751 893 I MediaCodecsXmlParser: limit: measured-frame-rate-1920x1080-range = 21-21
06-12 21:55:29.138 751 893 I MediaCodecsXmlParser: limit: measured-frame-rate-320x240-range = 215-215
06-12 21:55:29.138 751 893 I MediaCodecsXmlParser: limit: measured-frame-rate-720x480-range = 100-100
06-12 21:55:29.138 751 893 I MediaCodecsXmlParser: limit: measured-frame-rate-1280x720-range = 56-56
06-12 21:55:29.138 751 893 I MediaCodecsXmlParser: limit: measured-frame-rate-1920x1080-range = 30-30
06-12 21:55:29.139 751 893 I MediaCodecsXmlParser: limit: measured-frame-rate-176x144-range = 397-397
06-12 21:55:29.139 751 893 I MediaCodecsXmlParser: limit: measured-frame-rate-176x144-range = 453-496
06-12 21:55:29.139 751 893 I MediaCodecsXmlParser: limit: measured-frame-rate-176x144-range = 413-413
06-12 21:55:29.139 751 893 I MediaCodecsXmlParser: limit: measured-frame-rate-176x144-range = 421-426
06-12 21:55:29.139 751 893 I MediaCodecsXmlParser: limit: measured-frame-rate-320x180-range = 71-71
06-12 21:55:29.139 751 893 I MediaCodecsXmlParser: limit: measured-frame-rate-640x360-range = 37-37
06-12 21:55:29.139 751 893 I MediaCodecsXmlParser: limit: measured-frame-rate-1280x720-range = 21-21
06-12 21:55:29.139 751 893 I MediaCodecsXmlParser: limit: measured-frame-rate-1920x1080-range = 12-12
06-12 21:55:29.139 751 893 I MediaCodecsXmlParser: limit: measured-frame-rate-320x180-range = 53-54
06-12 21:55:29.139 751 893 I MediaCodecsXmlParser: limit: measured-frame-rate-640x360-range = 51-52
06-12 21:55:29.139 751 893 I MediaCodecsXmlParser: limit: measured-frame-rate-1280x720-range = 17-24
06-12 21:55:29.139 751 893 I MediaCodecsXmlParser: limit: measured-frame-rate-1920x1080-range = 8-12
06-12 21:55:29.139 751 893 I MediaCodecsXmlParser: limit: measured-frame-rate-320x240-range = 396-405
06-12 21:55:29.139 751 893 I MediaCodecsXmlParser: limit: measured-frame-rate-720x480-range = 280-280
06-12 21:55:29.139 751 893 I MediaCodecsXmlParser: limit: measured-frame-rate-1280x720-range = 155-155
06-12 21:55:29.139 751 893 I MediaCodecsXmlParser: limit: measured-frame-rate-1920x1088-range = 57-57
06-12 21:55:29.139 751 893 I MediaCodecsXmlParser: limit: measured-frame-rate-1920x1080-range = 57-57
06-12 21:55:29.139 751 893 I MediaCodecsXmlParser: limit: measured-frame-rate-352x288-range = 337-337
06-12 21:55:29.139 751 893 I MediaCodecsXmlParser: limit: measured-frame-rate-640x360-range = 253-253
06-12 21:55:29.139 751 893 I MediaCodecsXmlParser: limit: measured-frame-rate-720x480-range = 200-200
06-12 21:55:29.139 751 893 I MediaCodecsXmlParser: limit: measured-frame-rate-1280x720-range = 91-91
06-12 21:55:29.140 751 893 I MediaCodecsXmlParser: limit: measured-frame-rate-1920x1088-range = 63-63
06-12 21:55:29.140 751 893 I MediaCodecsXmlParser: limit: measured-frame-rate-176x144-range = 392-394
06-12 21:55:29.140 751 893 I MediaCodecsXmlParser: limit: measured-frame-rate-352x288-range = 251-251
06-12 21:55:29.140 751 893 I MediaCodecsXmlParser: limit: measured-frame-rate-320x180-range = 360-360
06-12 21:55:29.140 751 893 I MediaCodecsXmlParser: limit: measured-frame-rate-320x240-range = 659-659
06-12 21:55:29.140 751 893 I MediaCodecsXmlParser: limit: measured-frame-rate-640x360-range = 370-370
06-12 21:55:29.140 751 893 I MediaCodecsXmlParser: limit: measured-frame-rate-1280x720-range = 162-162
06-12 21:55:29.140 751 893 I MediaCodecsXmlParser: limit: measured-frame-rate-1920x1080-range = 87-87
06-12 21:55:29.140 751 893 I MediaCodecsXmlParser: limit: measured-frame-rate-480x360-range = 232-232
06-12 21:55:29.140 751 893 I MediaCodecsXmlParser: limit: measured-frame-rate-176x144-range = 322-322
06-12 21:55:29.140 751 893 I MediaCodecsXmlParser: limit: measured-frame-rate-320x240-range = 250-250
06-12 21:55:29.140 751 893 I MediaCodecsXmlParser: limit: measured-frame-rate-720x480-range = 92-92
06-12 21:55:29.140 751 893 I MediaCodecsXmlParser: limit: measured-frame-rate-1280x720-range = 35-35
06-12 21:55:29.140 751 893 I MediaCodecsXmlParser: limit: measured-frame-rate-1920x1080-range = 15-15
06-12 21:55:29.140 751 893 I MediaCodecsXmlParser: limit: measured-frame-rate-320x240-range = 122-122
06-12 21:55:29.140 751 893 I MediaCodecsXmlParser: limit: measured-frame-rate-720x480-range = 68-68
06-12 21:55:29.140 751 893 I MediaCodecsXmlParser: limit: measured-frame-rate-1280x720-range = 32-32
06-12 21:55:29.140 751 893 I MediaCodecsXmlParser: limit: measured-frame-rate-1920x1080-range = 6-10
06-12 21:55:29.140 751 893 I MediaCodecsXmlParser: limit: measured-frame-rate-352x288-range = 226-226
06-12 21:55:29.140 751 893 I MediaCodecsXmlParser: limit: measured-frame-rate-640x360-range = 146-132
06-12 21:55:29.140 751 893 I MediaCodecsXmlParser: limit: measured-frame-rate-720x480-range = 183-183
06-12 21:55:29.140 751 893 I MediaCodecsXmlParser: limit: measured-frame-rate-1280x720-range = 83-83
06-12 21:55:29.140 751 893 I MediaCodecsXmlParser: limit: measured-frame-rate-1920x1080-range = 11-11
06-12 21:55:29.141 751 893 I MediaCodecsXmlParser: limit: measured-frame-rate-352x288-range = 170-180
06-12 21:55:29.141 751 893 I MediaCodecsXmlParser: limit: measured-frame-rate-640x360-range = 89-89
06-12 21:55:29.141 751 893 I MediaCodecsXmlParser: limit: measured-frame-rate-720x480-range = 73-73
06-12 21:55:29.141 751 893 I MediaCodecsXmlParser: limit: measured-frame-rate-1280x720-range = 32-32
06-12 21:55:29.141 751 893 I MediaCodecsXmlParser: limit: measured-frame-rate-1920x1080-range = 21-21
06-12 21:55:29.141 751 893 I MediaCodecsXmlParser: limit: measured-frame-rate-176x144-range = 430-450
06-12 21:55:29.141 751 893 I MediaCodecsXmlParser: limit: measured-frame-rate-176x144-range = 481-481
06-12 21:55:29.141 751 893 I MediaCodecsXmlParser: limit: measured-frame-rate-176x144-range = 212-241
06-12 21:55:29.141 751 893 I MediaCodecsXmlParser: limit: measured-frame-rate-352x288-range = 172-175
06-12 21:55:29.141 751 893 I MediaCodecsXmlParser: limit: measured-frame-rate-176x144-range = 896-955
06-12 21:55:29.141 751 893 I MediaCodecsXmlParser: limit: measured-frame-rate-352x288-range = 689-670
06-12 21:55:29.141 751 893 I MediaCodecsXmlParser: limit: measured-frame-rate-320x240-range = 1330-1330
06-12 21:55:29.141 751 893 I MediaCodecsXmlParser: limit: measured-frame-rate-320x180-range = 495-500
06-12 21:55:29.141 751 893 I MediaCodecsXmlParser: limit: measured-frame-rate-640x360-range = 146-149
06-12 21:55:29.141 751 893 I MediaCodecsXmlParser: limit: measured-frame-rate-1280x720-range = 31-31
06-12 21:55:29.141 751 893 I MediaCodecsXmlParser: limit: measured-frame-rate-1920x1080-range = 12-13
06-12 21:55:29.141 751 893 I MediaCodecsXmlParser: limit: measured-frame-rate-320x240-range = 330-381
06-12 21:55:29.141 751 893 I MediaCodecsXmlParser: limit: measured-frame-rate-640x360-range = 139-185
06-12 21:55:29.141 751 893 I MediaCodecsXmlParser: limit: measured-frame-rate-1280x720-range = 22-38
06-12 21:55:29.141 751 893 I MediaCodecsXmlParser: limit: measured-frame-rate-1920x1080-range = 9-18
06-12 21:55:29.141 751 893 I MediaCodecsXmlParser: limit: measured-frame-rate-320x180-range = 304-304
06-12 21:55:29.141 751 893 I MediaCodecsXmlParser: limit: measured-frame-rate-320x240-range = 511-511
06-12 21:55:29.141 751 893 I MediaCodecsXmlParser: limit: measured-frame-rate-640x360-range = 103-105
06-12 21:55:29.141 751 893 I MediaCodecsXmlParser: limit: measured-frame-rate-1280x720-range = 53-53
06-12 21:55:29.142 751 893 I MediaCodecsXmlParser: limit: measured-frame-rate-1920x1080-range = 29-31
06-12 21:55:29.142 751 893 I MediaCodecsXmlParser: limit: measured-frame-rate-320x240-range = 200-230
06-12 21:55:29.142 751 893 I MediaCodecsXmlParser: limit: measured-frame-rate-640x360-range = 81-90
06-12 21:55:29.142 751 893 I MediaCodecsXmlParser: limit: measured-frame-rate-1280x720-range = 32-40
06-12 21:55:29.142 751 893 I MediaCodecsXmlParser: limit: measured-frame-rate-1920x1080-range = 19-23
06-12 21:55:29.142 773 773 V C2Store : in init
06-12 21:55:29.142 773 773 V C2Store : loading dll
06-12 21:55:29.146 751 893 I Codec2InfoBuilder: adding type 'audio/mp4a-latm'
06-12 21:55:29.150 773 883 V C2Store : in init
06-12 21:55:29.150 773 883 V C2Store : loading dll
06-12 21:55:29.150 773 773 V C2Store : in ~ComponentModule
06-12 21:55:29.150 773 773 V C2Store : unloading dll
06-12 21:55:29.154 751 893 I Codec2InfoBuilder: adding type 'audio/mp4a-latm'
06-12 21:55:29.156 773 1821 V C2Store : in init
06-12 21:55:29.156 773 1821 V C2Store : loading dll
06-12 21:55:29.157 773 883 V C2Store : in ~ComponentModule
06-12 21:55:29.157 773 883 V C2Store : unloading dll
06-12 21:55:29.160 751 893 I Codec2InfoBuilder: adding type 'audio/3gpp'
06-12 21:55:29.160 773 886 V C2Store : in init
06-12 21:55:29.160 773 886 V C2Store : loading dll
06-12 21:55:29.161 773 773 V C2Store : in ~ComponentModule
06-12 21:55:29.161 773 773 V C2Store : unloading dll
06-12 21:55:29.164 751 893 I Codec2InfoBuilder: adding type 'audio/3gpp'
06-12 21:55:29.165 773 886 V C2Store : in ~ComponentModule
06-12 21:55:29.165 773 886 V C2Store : unloading dll
06-12 21:55:29.165 773 883 V C2Store : in init
06-12 21:55:29.165 773 883 V C2Store : loading dll
06-12 21:55:29.169 751 893 I Codec2InfoBuilder: adding type 'audio/amr-wb'
06-12 21:55:29.170 773 886 V C2Store : in init
06-12 21:55:29.170 773 886 V C2Store : loading dll
06-12 21:55:29.170 773 883 V C2Store : in ~ComponentModule
06-12 21:55:29.170 773 883 V C2Store : unloading dll
06-12 21:55:29.173 751 893 I Codec2InfoBuilder: adding type 'audio/amr-wb'
06-12 21:55:29.174 773 883 V C2Store : in init
06-12 21:55:29.174 773 883 V C2Store : loading dll
06-12 21:55:29.174 773 886 V C2Store : in ~ComponentModule
06-12 21:55:29.174 773 886 V C2Store : unloading dll
06-12 21:55:29.179 751 893 D Codec2InfoBuilder: codec entry for 'c2.android.av1.decoder' is disabled
06-12 21:55:29.180 773 886 V C2Store : in init
06-12 21:55:29.180 773 886 V C2Store : loading dll
06-12 21:55:29.180 773 883 V C2Store : in ~ComponentModule
06-12 21:55:29.180 773 883 V C2Store : unloading dll
06-12 21:55:29.184 751 893 I Codec2InfoBuilder: adding type 'video/avc'
06-12 21:55:29.186 773 886 V C2Store : in init
06-12 21:55:29.187 773 886 V C2Store : loading dll
06-12 21:55:29.187 773 883 V C2Store : in ~ComponentModule
06-12 21:55:29.187 773 883 V C2Store : unloading dll
06-12 21:55:29.188 773 886 I /apex/com.android.media.swcodec/bin/mediaswcodec: missing struct descriptor #Param::CoreIndex(--004) for field values of struct #Param::CoreIndex(F-12004)
06-12 21:55:29.190 773 886 I /apex/com.android.media.swcodec/bin/mediaswcodec: missing struct descriptor #Param::CoreIndex(--004) for field values of struct #Param::CoreIndex(F-12004)
06-12 21:55:29.191 751 893 I Codec2InfoBuilder: adding type 'video/avc'
06-12 21:55:29.193 773 1822 V C2Store : in init
