06-12 21:55:20.829 799 799 D FingerGoodix: fpcode, fingerprint_open(), merged
06-12 21:55:20.829 799 799 D FingerGoodix: fingerprint open
06-12 21:55:20.829 799 799 D FingerGoodix: Max fp number: 8
06-12 21:55:20.830 799 799 D FingerGoodix: fpcode, loadFingerPrintPlatformDataIfNeed(), gFPExtDataFilePath=''
06-12 21:55:20.830 799 799 E FingerGoodix: fpcode, loadFingerPrintPlatformData(), gFPExtDataFilePath need init first!
06-12 21:55:20.830 799 799 D FingerGoodix: fpcode, set_active_group_to_channel(0, '/data/system/users/0/fpdata/')
06-12 21:55:20.830 799 859 D FingerGoodix: fpcode, listenerFunction(0x757f85d280)
06-12 21:55:20.830 799 859 D FingerGoodix: fpcode, recv_fp_scan_data(0x757bf1ac80)
06-12 21:55:20.830 799 859 D FingerGoodix: fpcode, recv_fp_scan_data(), receiving
06-12 21:55:20.830 799 799 D FingerGoodix: fpcode, data dir exist.
06-12 21:55:20.830 799 799 D FingerGoodix: fpcode, loadFingerPrintPlatformDataIfNeed(), gFPExtDataFilePath='/data/system/users/0/fpdata/fpdb'
06-12 21:55:20.830 799 799 D FingerGoodix: fpcode, loadFingerPrintPlatformData(), fopen(gFPExtDataFilePath, "r") errno=2
06-12 21:55:20.830 799 799 D FingerGoodix: fpcode, loadFingerPrintPlatformData(), fopen(gFPExtDataFilePath, "a")=0x0, errno=2
06-12 21:55:20.830 799 799 D FingerGoodix: fpcode, goodix sensor need to init. merged
06-12 21:55:20.830 799 799 D FingerGoodix: Begin to connect FingerPrint...
06-12 21:55:20.830 799 799 D FingerGoodix: FingerPrint::init mstatus to OK
06-12 21:55:20.830 799 799 D FingerGoodix: go into FingerPrint,getFingerPrintService()
06-12 21:55:20.998 656 656 I /system/vendor/bin/adsprpcd: vendor/qcom/proprietary/commonsys-intf/adsprpc/src/fastrpc_apps_user.c:2022: fastrpc_apps_user_init done
06-12 21:55:20.998 656 656 I /system/vendor/bin/adsprpcd: vendor/qcom/proprietary/commonsys-intf/adsprpc/src/fastrpc_apps_user.c:826: remote_handle_open: Successfully opened handle 0x61 for '":;./\attachguestos on domain 0
06-12 21:55:20.998 637 637 I Dpps : GetInstance: DppsServer ref count increased to 1
06-12 21:55:20.999 645 645 I wcnss_service: wcnss_read_and_store_cal_data trying to read cal
06-12 21:55:20.999 637 637 I Dpps : WaitForComposer():129 Waiting for composer service init
06-12 21:55:20.999 650 650 I imsrcsd : Uce Service HAL is starting up...
06-12 21:55:20.999 636 636 I ServiceManager: Waiting for service 'adbroot_service' on '/dev/binder'...
06-12 21:55:21.001 543 543 I SDM : HWCDisplay::SetFrameBufferResolution: New framebuffer resolution (1080x1920)
06-12 21:55:21.002 729 729 I mediaserver: ServiceManager: 0x775981a580
06-12 21:55:21.002 650 650 I imsrcsd : Uce Service HAL loading imsrcsbaseimpl
06-12 21:55:21.003 543 543 I SDM : HWCColorManager::CreateColorManager: Successfully loaded libsdm-disp-vndapis.so
06-12 21:55:21.004 656 656 E /system/vendor/bin/adsprpcd: vendor/qcom/proprietary/commonsys-intf/adsprpc/src/fastrpc_apps_user.c:766: Error 0xffffffff: remote_handle64_invoke failed for handle 0x266000c0, method 4 on domain 0 (sc 0x4010100)
06-12 21:55:21.005 656 656 E /system/vendor/bin/adsprpcd: vendor/qcom/proprietary/commonsys-intf/adsprpc/src/adspmsgd.c:93:adspmsgd_init failed with error -1
06-12 21:55:21.006 656 656 E /system/vendor/bin/adsprpcd: vendor/qcom/proprietary/commonsys-intf/adsprpc/src/fastrpc_apps_user.c:766: Error 0xffffffff: remote_handle64_invoke failed for handle 0x266000c0, method 3 on domain 0 (sc 0x3000000)
06-12 21:55:21.006 656 656 I /system/vendor/bin/adsprpcd: vendor/qcom/proprietary/commonsys-intf/adsprpc/src/fastrpc_perf.c:216: fastrpc_perf_init: enabled RPC traces (kernel 0, dsp 0) with frequency 1000
06-12 21:55:21.006 593 593 I AdrenoGLES: PFP: 0x005ff110, ME: 0x005ff066
06-12 21:55:21.007 656 656 I /system/vendor/bin/adsprpcd: vendor/qcom/proprietary/commonsys-intf/adsprpc/src/fastrpc_apps_user.c:826: remote_handle_open: Successfully opened handle 0xf0a27f50 for adsp_default_listener on domain 0
06-12 21:55:21.009 656 656 I /system/vendor/bin/adsprpcd: vendor/qcom/proprietary/commonsys-intf/adsprpc/src/fastrpc_apps_user.c:826: remote_handle_open: Successfully opened handle 0xf0a28180 for adsp_default_listener on domain 0
06-12 21:55:21.010 656 656 I /system/vendor/bin/adsprpcd: vendor/qcom/proprietary/commonsys-intf/adsprpc/src/fastrpc_apps_user.c:826: remote_handle_open: Successfully opened handle 0x7 for '":;./\geteventfd on domain 0
06-12 21:55:21.012 656 865 I /system/vendor/bin/adsprpcd: vendor/qcom/proprietary/commonsys-intf/adsprpc/src/mod_table.c:655: open_mod_table_open_from_static: reverse module apps_std opened with handle 0x26ab3088 (idx 0)
06-12 21:55:21.013 674 674 I adb_root: type=1400 audit(0.0:12): avc: denied { write } for name="tasks" dev="tmpfs" ino=15690 scontext=u:r:adbroot:s0 tcontext=u:object_r:device:s0 tclass=file permissive=1
06-12 21:55:21.013 765 765 E wifidisplayhal-service: Registering wifidisplayhdcphal service...
06-12 21:55:21.014 684 684 I cameraserver: ServiceManager: 0xea71e1a0
06-12 21:55:21.014 684 684 I CameraService: CameraService started (pid=684)
06-12 21:55:21.014 684 684 I CameraService: CameraService process starting
06-12 21:55:21.014 543 543 I SDM : HWCColorManager::CreateColorManager: Successfully loaded libsdm-disp-vndapis.so and libsdm-diag.so and diag_init'ed
06-12 21:55:21.016 779 779 I Atfwd_Daemon: init all signals
06-12 21:55:21.016 656 865 I /system/vendor/bin/adsprpcd: vendor/qcom/proprietary/commonsys-intf/adsprpc/src/mod_table.c:655: open_mod_table_open_from_static: reverse module apps_std opened with handle 0x26ab3088 (idx 1)
06-12 21:55:21.016 779 779 I Atfwd_Daemon: Explicitly disbling qmux
06-12 21:55:21.016 779 779 I Atfwd_Daemon: Disabling QMUX complete...
06-12 21:55:21.016 779 779 I Atfwd_Daemon: getting at svc obj for access terminal QMI svc
06-12 21:55:21.016 779 779 I Atfwd_Daemon:
06-12 21:55:21.016 779 779 I Atfwd_Daemon:
06-12 21:55:21.016 779 779 I Atfwd_Daemon: TrtyInit: retryCnt: 1
06-12 21:55:21.016 779 779 I Atfwd_Daemon: Using QCCI. Skipping qmi_init
06-12 21:55:21.016 779 779 I Atfwd_Daemon: result : 1 ,Init step :0 ,qmiErrorCode: 0
06-12 21:55:21.016 779 779 I Atfwd_Daemon:
06-12 21:55:21.016 779 779 I Atfwd_Daemon: Back to main.
06-12 21:55:21.016 779 779 I Atfwd_Daemon: tryinit complete with connectresult: 1
06-12 21:55:21.016 779 779 I Atfwd_Daemon:
06-12 21:55:21.016 779 779 I Atfwd_Daemon:
06-12 21:55:21.016 779 779 I Atfwd_Daemon: TrtyInit: retryCnt: 1
06-12 21:55:21.016 779 779 I Atfwd_Daemon:
06-12 21:55:21.016 779 779 I Atfwd_Daemon: qmi_client_init_instance....
06-12 21:55:21.017 656 865 I /system/vendor/bin/adsprpcd: vendor/qcom/proprietary/commonsys-intf/adsprpc/src/mod_table.c:655: open_mod_table_open_from_static: reverse module apps_std opened with handle 0x26ab3088 (idx 1)
06-12 21:55:21.018 764 764 E QCNEA : Cne Version 4.9
06-12 21:55:21.018 656 865 W /system/vendor/bin/adsprpcd: vendor/qcom/proprietary/commonsys-intf/adsprpc/src/apps_std_imp.c:750: Warning: apps_std_fopen_with_env failed with 0x2 for remote_heap_config.so (No such file or directory)
06-12 21:55:21.020 812 812 I vendor.lineage.livedisplay@2.0-service-sdm: LiveDisplay HAL service is starting.
06-12 21:55:21.020 806 806 I IPAHALService: makeIPAHAL(1, provided)
06-12 21:55:21.021 674 674 I adb_root: type=1400 audit(0.0:13): avc: denied { write } for name="tasks" dev="tmpfs" ino=15690 scontext=u:r:adbroot:s0 tcontext=u:object_r:device:s0 tclass=file permissive=1
06-12 21:55:21.021 674 674 I adb_root: type=1400 audit(0.0:14): avc: denied { open } for path="/dev/stune/foreground/tasks" dev="tmpfs" ino=15690 scontext=u:r:adbroot:s0 tcontext=u:object_r:device:s0 tclass=file permissive=1
06-12 21:55:21.021 760 760 D vndksupport: Loading libstagefrighthw.so from current namespace instead of sphal namespace.
06-12 21:55:21.021 835 835 E Diag_Lib: Diag_LSM_Init: Failed to open handle to diag driver, error = 13
06-12 21:55:21.021 835 835 E Diag_Lib: qpLogDiagInit <== result : 0
06-12 21:55:21.021 835 835 E Diag_Lib: DATAD : gIsQXDMDisabled 0, gIsADBDisabled 1, gIsDebugDisabled 0, gIsIMSLogsDisabled 0
06-12 21:55:21.021 835 835 E Diag_Lib: Diag_LSM_Init: Failed to open handle to diag driver, error = 13
06-12 21:55:21.021 835 835 E Diag_Lib: qpLogDiagInit <== result : 0
06-12 21:55:21.021 835 835 E Diag_Lib: DATAD : gIsQXDMDisabled 0, gIsADBDisabled 1, gIsDebugDisabled 0, gIsIMSLogsDisabled 0
06-12 21:55:21.021 835 835 E Diag_Lib: [IMS_DataD] imsdatad.c | 5853 | | 835 |DATAD#$$#0#DATAD STARTED
06-12 21:55:21.021 749 749 I mediametrics: ServiceManager: 0x7e4b900280
06-12 21:55:21.021 835 835 E Diag_Lib: Diag_LSM_Init: Failed to open handle to diag driver, error = 13
06-12 21:55:21.021 835 835 E Diag_Lib: qpLogDiagInit <== result : 0
06-12 21:55:21.021 835 835 E Diag_Lib: DATAD : gIsQXDMDisabled 0, gIsADBDisabled 1, gIsDebugDisabled 0, gIsIMSLogsDisabled 0
06-12 21:55:21.022 835 835 E Diag_Lib: Diag_LSM_Init: Failed to open handle to diag driver, error = 13
06-12 21:55:21.022 749 749 D MediaAnalyticsService: MediaAnalyticsService created
06-12 21:55:21.022 835 835 E Diag_Lib: qpLogDiagInit <== result : 0
06-12 21:55:21.022 835 835 E Diag_Lib: DATAD : gIsQXDMDisabled 0, gIsADBDisabled 1, gIsDebugDisabled 0, gIsIMSLogsDisabled 0
06-12 21:55:21.022 835 835 E Diag_Lib: Diag_LSM_Init: Failed to open handle to diag driver, error = 13
06-12 21:55:21.022 835 835 E Diag_Lib: qpLogDiagInit <== result : 0
06-12 21:55:21.022 835 835 E Diag_Lib: DATAD : gIsQXDMDisabled 0, gIsADBDisabled 1, gIsDebugDisabled 0, gIsIMSLogsDisabled 0
06-12 21:55:21.022 835 835 E Diag_Lib: Diag_LSM_Init: Failed to open handle to diag driver, error = 13
06-12 21:55:21.022 835 835 E Diag_Lib: qpLogDiagInit <== result : 0
06-12 21:55:21.022 835 835 E Diag_Lib: DATAD : gIsQXDMDisabled 0, gIsADBDisabled 1, gIsDebugDisabled 0, gIsIMSLogsDisabled 0
06-12 21:55:21.022 835 835 E Diag_Lib: Diag_LSM_Init: Failed to open handle to diag driver, error = 13
06-12 21:55:21.022 835 835 E Diag_Lib: qpLogDiagInit <== result : 0
06-12 21:55:21.022 835 835 E Diag_Lib: DATAD : gIsQXDMDisabled 0, gIsADBDisabled 1, gIsDebugDisabled 0, gIsIMSLogsDisabled 0
06-12 21:55:21.022 835 835 E Diag_Lib: Diag_LSM_Init: Failed to open handle to diag driver, error = 13
06-12 21:55:21.022 835 835 E Diag_Lib: qpLogDiagInit <== result : 0
06-12 21:55:21.022 835 835 E Diag_Lib: DATAD : gIsQXDMDisabled 0, gIsADBDisabled 1, gIsDebugDisabled 0, gIsIMSLogsDisabled 0
06-12 21:55:21.023 529 529 D ACDB-LOADER: ACDB -> RTAC INIT
06-12 21:55:21.023 773 773 I CodecServiceRegistrant: Creating software Codec2 service...
06-12 21:55:21.023 529 529 D : [ACPH]->DSP RTC service registered with ACPH
06-12 21:55:21.023 684 684 W BatteryNotifier: batterystats service unavailable!
06-12 21:55:21.023 529 529 D ACDB-LOADER: ACDB -> MCS, FTS INIT
06-12 21:55:21.023 773 773 D C2Store : Default ION heapmask = -1
06-12 21:55:21.023 773 773 D C2Store : Default ION flags = 0
06-12 21:55:21.023 773 773 D C2Store : Default ION align = 0
06-12 21:55:21.024 529 529 D : [ACPH]->MCS RTC service registered with ACPH
06-12 21:55:21.024 529 529 D : [ACPH]->FTS RTC service registered with ACPH
06-12 21:55:21.024 529 529 D ACDB-LOADER: ACDB -> ADIE RTAC INIT
06-12 21:55:21.024 529 529 D : [ACPH]->ADIE RTC service registered with ACPH
06-12 21:55:21.024 529 529 D ACDB-LOADER: ACDB -> ACDB_CMD_GET_VOC_PROC_DYNAMIC_TABLE_SIZE
06-12 21:55:21.025 835 835 E Diag_Lib: Diag_LSM_Init: Failed to open handle to diag driver, error = 13
06-12 21:55:21.025 835 835 E Diag_Lib: qpLogDiagInit <== result : 0
06-12 21:55:21.025 835 835 E Diag_Lib: DATAD : gIsQXDMDisabled 0, gIsADBDisabled 1, gIsDebugDisabled 0, gIsIMSLogsDisabled 0
06-12 21:55:21.025 835 835 E Diag_Lib: Diag_LSM_Init: Failed to open handle to diag driver, error = 13
06-12 21:55:21.025 835 835 E Diag_Lib: qpLogDiagInit <== result : 0
06-12 21:55:21.025 835 835 E Diag_Lib: DATAD : gIsQXDMDisabled 0, gIsADBDisabled 1, gIsDebugDisabled 0, gIsIMSLogsDisabled 0
06-12 21:55:21.025 835 835 E Diag_Lib: Diag_LSM_Init: Failed to open handle to diag driver, error = 13
06-12 21:55:21.025 835 835 E Diag_Lib: qpLogDiagInit <== result : 0
06-12 21:55:21.025 835 835 E Diag_Lib: DATAD : gIsQXDMDisabled 0, gIsADBDisabled 1, gIsDebugDisabled 0, gIsIMSLogsDisabled 0
06-12 21:55:21.025 835 835 E Diag_Lib: Diag_LSM_Init: Failed to open handle to diag driver, error = 13
06-12 21:55:21.025 835 835 E Diag_Lib: qpLogDiagInit <== result : 0
06-12 21:55:21.025 812 812 I vendor.lineage.livedisplay@2.0-service-sdm: Loaded: libsdm-disp-vndapis.so
06-12 21:55:21.025 835 835 E Diag_Lib: DATAD : gIsQXDMDisabled 0, gIsADBDisabled 1, gIsDebugDisabled 0, gIsIMSLogsDisabled 0
06-12 21:55:21.025 835 835 E Diag_Lib: Diag_LSM_Init: Failed to open handle to diag driver, error = 13
06-12 21:55:21.025 835 835 E Diag_Lib: qpLogDiagInit <== result : 0
06-12 21:55:21.025 835 835 E Diag_Lib: DATAD : gIsQXDMDisabled 0, gIsADBDisabled 1, gIsDebugDisabled 0, gIsIMSLogsDisabled 0
06-12 21:55:21.025 835 835 E Diag_Lib: Diag_LSM_Init: Failed to open handle to diag driver, error = 13
06-12 21:55:21.025 835 835 E Diag_Lib: qpLogDiagInit <== result : 0
06-12 21:55:21.025 835 835 E Diag_Lib: DATAD : gIsQXDMDisabled 0, gIsADBDisabled 1, gIsDebugDisabled 0, gIsIMSLogsDisabled 0
06-12 21:55:21.025 835 835 E Diag_Lib: Diag_LSM_Init: Failed to open handle to diag driver, error = 13
06-12 21:55:21.025 835 835 E Diag_Lib: qpLogDiagInit <== result : 0
06-12 21:55:21.025 835 835 E Diag_Lib: DATAD : gIsQXDMDisabled 0, gIsADBDisabled 1, gIsDebugDisabled 0, gIsIMSLogsDisabled 0
06-12 21:55:21.026 835 835 E Diag_Lib: Diag_LSM_Init: Failed to open handle to diag driver, error = 13
06-12 21:55:21.026 835 835 E Diag_Lib: qpLogDiagInit <== result : 0
06-12 21:55:21.026 835 835 E Diag_Lib: DATAD : gIsQXDMDisabled 0, gIsADBDisabled 1, gIsDebugDisabled 0, gIsIMSLogsDisabled 0
06-12 21:55:21.026 835 835 E Diag_Lib: Diag_LSM_Init: Failed to open handle to diag driver, error = 13
06-12 21:55:21.026 751 751 I mediaserver: ServiceManager: 0xf251e2a0
06-12 21:55:21.026 835 835 E Diag_Lib: qpLogDiagInit <== result : 0
06-12 21:55:21.026 835 835 E Diag_Lib: DATAD : gIsQXDMDisabled 0, gIsADBDisabled 1, gIsDebugDisabled 0, gIsIMSLogsDisabled 0
06-12 21:55:21.026 835 835 E Diag_Lib: Diag_LSM_Init: Failed to open handle to diag driver, error = 13
06-12 21:55:21.026 835 835 E Diag_Lib: qpLogDiagInit <== result : 0
06-12 21:55:21.026 835 835 E Diag_Lib: DATAD : gIsQXDMDisabled 0, gIsADBDisabled 1, gIsDebugDisabled 0, gIsIMSLogsDisabled 0
06-12 21:55:21.026 684 684 W BatteryNotifier: batterystats service unavailable!
06-12 21:55:21.026 799 799 D FingerGoodix: go into while FingerPrint,getFingerPrintService()
06-12 21:55:21.027 799 799 D FingerGoodix: FingerPrint, getService failed, try again later.
06-12 21:55:21.028 852 852 D FingerGoodix: FingerPrintService is constructing
06-12 21:55:21.028 852 852 D FingerGoodix: FP Java Service Version: FPService_v1.2
06-12 21:55:21.028 852 852 D FingerGoodix: FP Client Version: FPClient_v1.0
06-12 21:55:21.028 852 852 D FingerGoodix: FP HAL Version: FPHal_v1.3
06-12 21:55:21.028 852 852 D FingerGoodix: Navigation APK Version: Navigation_v1.0
06-12 21:55:21.030 751 751 W BatteryNotifier: batterystats service unavailable!
06-12 21:55:21.030 478 478 D MDnsDS : MDnsSdListener::Hander starting up
06-12 21:55:21.030 852 852 D vndksupport: Loading /vendor/lib64/hw/gxfingerprint.default.so from current namespace instead of sphal namespace.
06-12 21:55:21.033 764 764 I cnd : type=1400 audit(0.0:15): avc: denied { read } for name="u:object_r:wifi_prop:s0" dev="tmpfs" ino=13863 scontext=u:r:cnd:s0 tcontext=u:object_r:wifi_prop:s0 tclass=file permissive=1
06-12 21:55:21.033 764 764 I cnd : type=1400 audit(0.0:16): avc: denied { open } for path="/dev/__properties__/u:object_r:wifi_prop:s0" dev="tmpfs" ino=13863 scontext=u:r:cnd:s0 tcontext=u:object_r:wifi_prop:s0 tclass=file permissive=1
06-12 21:55:21.033 764 764 I cnd : type=1400 audit(0.0:17): avc: denied { getattr } for path="/dev/__properties__/u:object_r:wifi_prop:s0" dev="tmpfs" ino=13863 scontext=u:r:cnd:s0 tcontext=u:object_r:wifi_prop:s0 tclass=file permissive=1
06-12 21:55:21.033 726 726 I installd: type=1400 audit(0.0:18): avc: denied { write } for name="tasks" dev="tmpfs" ino=15690 scontext=u:r:installd:s0 tcontext=u:object_r:device:s0 tclass=file permissive=1
06-12 21:55:21.033 726 726 I installd: type=1400 audit(0.0:19): avc: denied { open } for path="/dev/stune/foreground/tasks" dev="tmpfs" ino=15690 scontext=u:r:installd:s0 tcontext=u:object_r:device:s0 tclass=file permissive=1
06-12 21:55:21.033 835 835 E QMI_FW : QMUXD: WARNING qmi_qmux_if_pwr_up_init failed! rc=-6
06-12 21:55:21.033 478 478 I netd : Registering NetdNativeService: 3.1ms
06-12 21:55:21.033 656 865 W /system/vendor/bin/adsprpcd: vendor/qcom/proprietary/commonsys-intf/adsprpc/src/apps_std_imp.c:750: Warning: apps_std_fopen_with_env failed with 0x2 for oemconfig.so (No such file or directory)
06-12 21:55:21.033 835 835 E Diag_Lib: Diag_LSM_Init: Failed to open handle to diag driver, error = 13
06-12 21:55:21.033 835 835 E Diag_Lib: qpLogDiagInit <== result : 0
06-12 21:55:21.033 835 835 E Diag_Lib: DATAD : gIsQXDMDisabled 0, gIsADBDisabled 1, gIsDebugDisabled 0, gIsIMSLogsDisabled 0
06-12 21:55:21.033 835 835 E Diag_Lib: Diag_LSM_Init: Failed to open handle to diag driver, error = 13
06-12 21:55:21.033 835 835 E Diag_Lib: qpLogDiagInit <== result : 0
06-12 21:55:21.033 835 835 E Diag_Lib: DATAD : gIsQXDMDisabled 0, gIsADBDisabled 1, gIsDebugDisabled 0, gIsIMSLogsDisabled 0
06-12 21:55:21.033 835 835 E Diag_Lib: Diag_LSM_Init: Failed to open handle to diag driver, error = 13
06-12 21:55:21.033 835 835 E Diag_Lib: qpLogDiagInit <== result : 0
06-12 21:55:21.033 835 835 E Diag_Lib: DATAD : gIsQXDMDisabled 0, gIsADBDisabled 1, gIsDebugDisabled 0, gIsIMSLogsDisabled 0
06-12 21:55:21.034 656 865 W /system/vendor/bin/adsprpcd: vendor/qcom/proprietary/commonsys-intf/adsprpc/src/apps_std_imp.c:750: Warning: apps_std_fopen_with_env failed with 0x2 for adsp_avs_config.acdb (No such file or directory)
06-12 21:55:21.035 751 751 W BatteryNotifier: batterystats service unavailable!
06-12 21:55:21.037 757 757 I storaged: type=1400 audit(0.0:20): avc: denied { write } for name="tasks" dev="tmpfs" ino=15690 scontext=u:r:storaged:s0 tcontext=u:object_r:device:s0 tclass=file permissive=1
06-12 21:55:21.037 757 757 I storaged: type=1400 audit(0.0:21): avc: denied { open } for path="/dev/stune/foreground/tasks" dev="tmpfs" ino=15690 scontext=u:r:storaged:s0 tcontext=u:object_r:device:s0 tclass=file permissive=1
06-12 21:55:21.037 478 478 I netd : type=1400 audit(0.0:22): avc: denied { write } for name="tasks" dev="tmpfs" ino=15690 scontext=u:r:netd:s0 tcontext=u:object_r:device:s0 tclass=file permissive=1
06-12 21:55:21.037 478 478 I netd : type=1400 audit(0.0:23): avc: denied { open } for path="/dev/stune/foreground/tasks" dev="tmpfs" ino=15690 scontext=u:r:netd:s0 tcontext=u:object_r:device:s0 tclass=file permissive=1
06-12 21:55:21.037 766 766 I ServiceManagement: Registered com.qualcomm.qti.dpm.api@1.0::IdpmQmi/dpmQmiService (start delay of 857ms)
06-12 21:55:21.039 656 865 W /system/vendor/bin/adsprpcd: vendor/qcom/proprietary/commonsys-intf/adsprpc/src/apps_std_imp.c:750: Warning: apps_std_fopen_with_env failed with 0x2 for testsig-0x91a8a8d7.so (No such file or directory)
06-12 21:55:21.039 478 888 D MDnsDS : MDnsSdListener starting to monitor
06-12 21:55:21.039 478 888 D MDnsDS : Going to poll with pollCount 1
06-12 21:55:21.040 765 765 I ServiceManagement: Registered com.qualcomm.qti.wifidisplayhal@1.0::IHDCPSession/wifidisplayhdcphal (start delay of 861ms)
06-12 21:55:21.040 765 765 E wifidisplayhal-service: Registering wifidisplaydshal service...
06-12 21:55:21.047 852 852 D FingerGoodix: FingerPrintService is constructing 1
06-12 21:55:21.047 760 760 D vndksupport: Loading libstagefright_softomx_plugin.so from current namespace instead of sphal namespace.
06-12 21:55:21.047 852 852 D FingerGoodix: FingerPrintService is constructing 2
06-12 21:55:21.047 412 412 I hwservicemanager: getTransport: Cannot find entry android.hardware.usb.gadget@1.0::IUsbGadget/default in either framework or device manifest.
06-12 21:55:21.047 852 852 D FingerGoodix: gxFingerPrint open succuss!
06-12 21:55:21.048 794 794 I usbd : Usb HAL not found
06-12 21:55:21.049 656 865 I /system/vendor/bin/adsprpcd: vendor/qcom/proprietary/commonsys-intf/adsprpc/src/apps_std_imp.c:741: Successfully opened file /dsp/fluence_voiceplus_module.so.1
06-12 21:55:21.050 656 865 I /system/vendor/bin/adsprpcd: vendor/qcom/proprietary/commonsys-intf/adsprpc/src/apps_std_imp.c:741: Successfully opened file /dsp/mmecns_module.so.1
06-12 21:55:21.051 656 865 W /system/vendor/bin/adsprpcd: vendor/qcom/proprietary/commonsys-intf/adsprpc/src/apps_std_imp.c:750: Warning: apps_std_fopen_with_env failed with 0x2 for testsig.so (No such file or directory)
06-12 21:55:21.056 806 806 I ServiceManagement: Registered android.hardware.tetheroffload.control@1.0::IOffloadControl/default (start delay of 617ms)
06-12 21:55:21.057 806 806 I IPAHALService: Successfully registered IOffloadControl
06-12 21:55:21.058 585 599 D PerMgrSrv: modem new state: is on-line
06-12 21:55:21.060 757 774 I ServiceManager: Waiting for service 'package_native' on '/dev/binder'...
06-12 21:55:21.062 755 755 I ServiceManagement: Registered android.frameworks.stats@1.0::IStats/default (start delay of 962ms)
06-12 21:55:21.062 760 760 I SoftOMXPlugin: createOMXPlugin
06-12 21:55:21.063 755 755 W statsd : statscompanion service unavailable!
06-12 21:55:21.063 760 760 D MediaCodecsXmlParser: parsing /vendor/etc/media_codecs.xml...
06-12 21:55:21.064 529 529 D ACDB-LOADER: ACDB -> send_common_custom_topology
06-12 21:55:21.064 529 529 D ACDB-LOADER: ACDB -> ACDB_CMD_GET_AVCS_CUSTOM_TOPO_INFO_SIZE
06-12 21:55:21.064 529 529 D ACDB-LOADER: ACDB -> ACDB_CMD_GET_AVCS_CUSTOM_TOPO_INFO
06-12 21:55:21.064 529 529 D ACDB-LOADER: ACDB -> ACDB_CMD_GET_AVCS_CUSTOM_TOPO_INFO: size:0xb0 ret=0
06-12 21:55:21.064 529 529 D ACDB-LOADER: ACDB -> CORE_CUSTOM_TOPOLOGIES
06-12 21:55:21.065 773 773 I ServiceManagement: Registered android.hardware.media.c2@1.0::IComponentStore/software (start delay of 816ms)
06-12 21:55:21.065 773 773 I CodecServiceRegistrant: Software Codec2 service created.
06-12 21:55:21.066 760 760 D MediaCodecsXmlParser: parsing /vendor/etc/media_codecs_google_audio.xml...
06-12 21:55:21.067 755 755 I statsd : Statsd starts to listen to socket.
06-12 21:55:21.068 529 529 D ACDB-LOADER: ACDB -> acdb_loader_send_common_custom_topology: Common custom topology in use
06-12 21:55:21.068 529 529 D ACDB-LOADER: ACDB -> init done!
06-12 21:55:21.068 529 529 D audio_hw_acdb: acdb_init_v2: ACDB Instance ID support after ACDB init:0
06-12 21:55:21.068 529 529 D msm8916_platform: ACDB initialized
06-12 21:55:21.068 529 529 D msm8916_platform: hw_util_open Opening device /dev/snd/hwC0D1000
06-12 21:55:21.068 529 529 D msm8916_platform: hw_util_open success
06-12 21:55:21.068 529 529 D ACDB-LOADER: ACDB -> ACDB_CMD_GET_ANC_SETTING
06-12 21:55:21.068 529 529 D : Failed to fetch the lookup information of the device 0000001A
06-12 21:55:21.068 529 529 E ACDB-LOADER: Error: ACDB ANC returned = -19
06-12 21:55:21.068 529 529 D ACDB-LOADER: ACDB -> ACDB_CMD_GET_ANC_SETTING
06-12 21:55:21.068 529 529 D : Failed to fetch the lookup information of the device 0000001A
06-12 21:55:21.068 529 529 E ACDB-LOADER: Error: ACDB ANC returned = -19
06-12 21:55:21.068 529 529 D ACDB-LOADER: ACDB -> ACDB_CMD_GET_ANC_SETTING
06-12 21:55:21.068 529 529 D : Failed to fetch the lookup information of the device 0000001A
06-12 21:55:21.068 529 529 E ACDB-LOADER: Error: ACDB ANC returned = -19
06-12 21:55:21.069 529 529 D ACDB-LOADER: ACDB -> ACDB_CMD_GET_ANC_SETTING
06-12 21:55:21.069 529 529 D : Failed to fetch the lookup information of the device 0000001B
06-12 21:55:21.069 529 529 E ACDB-LOADER: Error: ACDB ANC returned = -19
06-12 21:55:21.069 529 529 D ACDB-LOADER: ACDB -> ACDB_CMD_GET_ANC_SETTING
06-12 21:55:21.069 529 529 D : Failed to fetch the lookup information of the device 0000001B
06-12 21:55:21.069 529 529 E ACDB-LOADER: Error: ACDB ANC returned = -19
06-12 21:55:21.069 529 529 D ACDB-LOADER: ACDB -> ACDB_CMD_GET_ANC_SETTING
06-12 21:55:21.069 529 529 D : Failed to fetch the lookup information of the device 0000001B
06-12 21:55:21.069 529 529 E ACDB-LOADER: Error: ACDB ANC returned = -19
06-12 21:55:21.069 529 529 D ACDB-LOADER: ACDB -> ACDB_CMD_GET_ANC_SETTING
06-12 21:55:21.069 529 529 D : Failed to fetch the lookup information of the device 0000001C
06-12 21:55:21.069 529 529 E ACDB-LOADER: Error: ACDB ANC returned = -19
06-12 21:55:21.069 543 543 I ServiceManagement: Registered android.hardware.graphics.composer@2.1::IComposer/default (start delay of 1860ms)
06-12 21:55:21.069 529 529 D ACDB-LOADER: ACDB -> ACDB_CMD_GET_ANC_SETTING
06-12 21:55:21.069 529 529 D : Failed to fetch the lookup information of the device 0000001C
06-12 21:55:21.069 529 529 E ACDB-LOADER: Error: ACDB ANC returned = -19
06-12 21:55:21.069 529 529 D ACDB-LOADER: ACDB -> ACDB_CMD_GET_ANC_SETTING
06-12 21:55:21.069 529 529 D : Failed to fetch the lookup information of the device 0000001C
06-12 21:55:21.069 529 529 E ACDB-LOADER: Error: ACDB ANC returned = -19
06-12 21:55:21.069 529 529 D ACDB-LOADER: ACDB -> ACDB_CMD_GET_ANC_SETTING
06-12 21:55:21.069 529 529 D : Failed to fetch the lookup information of the device 0000001D
06-12 21:55:21.069 529 529 E ACDB-LOADER: Error: ACDB ANC returned = -19
06-12 21:55:21.069 529 529 D ACDB-LOADER: ACDB -> ACDB_CMD_GET_ANC_SETTING
06-12 21:55:21.069 543 543 I ServiceManagement: Removing namespace from process name android.hardware.graphics.composer@2.1-service to composer@2.1-service.
06-12 21:55:21.069 529 529 D : Failed to fetch the lookup information of the device 0000001D
06-12 21:55:21.069 529 529 E ACDB-LOADER: Error: ACDB ANC returned = -19
06-12 21:55:21.069 529 529 D ACDB-LOADER: ACDB -> ACDB_CMD_GET_ANC_SETTING
06-12 21:55:21.069 529 529 D : Failed to fetch the lookup information of the device 0000001D
06-12 21:55:21.069 529 529 E ACDB-LOADER: Error: ACDB ANC returned = -19
06-12 21:55:21.069 529 529 D ACDB-LOADER: ACDB -> ACDB_CMD_GET_ANC_SETTING
06-12 21:55:21.069 529 529 D : Failed to fetch the lookup information of the device 0000001E
06-12 21:55:21.069 529 529 E ACDB-LOADER: Error: ACDB ANC returned = -19
06-12 21:55:21.070 529 529 D ACDB-LOADER: ACDB -> ACDB_CMD_GET_ANC_SETTING
06-12 21:55:21.070 529 529 D : Failed to fetch the lookup information of the device 0000001E
06-12 21:55:21.070 529 529 E ACDB-LOADER: Error: ACDB ANC returned = -19
06-12 21:55:21.070 529 529 D ACDB-LOADER: ACDB -> ACDB_CMD_GET_ANC_SETTING
06-12 21:55:21.070 529 529 D : Failed to fetch the lookup information of the device 0000001E
06-12 21:55:21.070 529 529 E ACDB-LOADER: Error: ACDB ANC returned = -19
06-12 21:55:21.070 529 529 D ACDB-LOADER: ACDB -> ACDB_CMD_GET_ANC_SETTING
06-12 21:55:21.070 529 529 D : Failed to fetch the lookup information of the device 0000001F
06-12 21:55:21.070 529 529 E ACDB-LOADER: Error: ACDB ANC returned = -19
06-12 21:55:21.070 529 529 D ACDB-LOADER: ACDB -> ACDB_CMD_GET_ANC_SETTING
06-12 21:55:21.070 529 529 D : Failed to fetch the lookup information of the device 0000001F
06-12 21:55:21.070 529 529 E ACDB-LOADER: Error: ACDB ANC returned = -19
06-12 21:55:21.070 529 529 D ACDB-LOADER: ACDB -> ACDB_CMD_GET_ANC_SETTING
06-12 21:55:21.070 529 529 D : Failed to fetch the lookup information of the device 0000001F
06-12 21:55:21.070 529 529 E ACDB-LOADER: Error: ACDB ANC returned = -19
06-12 21:55:21.070 529 529 D ACDB-LOADER: ACDB -> ACDB_CMD_GET_ANC_SETTING
06-12 21:55:21.070 529 529 D : Failed to fetch the lookup information of the device 00000067
06-12 21:55:21.070 529 529 E ACDB-LOADER: Error: ACDB ANC returned = -19
06-12 21:55:21.070 529 529 D ACDB-LOADER: ACDB -> ACDB_CMD_GET_ANC_SETTING
06-12 21:55:21.070 529 529 D : Failed to fetch the lookup information of the device 00000067
06-12 21:55:21.070 529 529 E ACDB-LOADER: Error: ACDB ANC returned = -19
06-12 21:55:21.070 529 529 D ACDB-LOADER: ACDB -> ACDB_CMD_GET_ANC_SETTING
06-12 21:55:21.070 529 529 D : Failed to fetch the lookup information of the device 00000067
06-12 21:55:21.070 529 529 E ACDB-LOADER: Error: ACDB ANC returned = -19
06-12 21:55:21.070 529 529 D ACDB-LOADER: ACDB -> ACDB_CMD_GET_ANC_SETTING
06-12 21:55:21.070 543 543 I android.hardware.graphics.composer@2.1-service: Registration complete for android.hardware.graphics.composer@2.1::IComposer/default.
06-12 21:55:21.070 529 529 D : Failed to fetch the lookup information of the device 00000056
06-12 21:55:21.070 529 529 E ACDB-LOADER: Error: ACDB ANC returned = -19
06-12 21:55:21.070 529 529 D ACDB-LOADER: ACDB -> ACDB_CMD_GET_ANC_SETTING
06-12 21:55:21.070 529 529 D : Failed to fetch the lookup information of the device 00000056
06-12 21:55:21.070 529 529 E ACDB-LOADER: Error: ACDB ANC returned = -19
06-12 21:55:21.070 529 529 D ACDB-LOADER: ACDB -> ACDB_CMD_GET_ANC_SETTING
06-12 21:55:21.071 529 529 D : Failed to fetch the lookup information of the device 00000056
06-12 21:55:21.071 529 529 E ACDB-LOADER: Error: ACDB ANC returned = -19
06-12 21:55:21.071 478 478 I ServiceManagement: Registered android.system.net.netd@1.1::INetd/default (start delay of 2491ms)
06-12 21:55:21.071 529 529 D ACDB-LOADER: ACDB -> ACDB_CMD_GET_ANC_SETTING
06-12 21:55:21.071 529 529 D : Failed to fetch the lookup information of the device 00000059
06-12 21:55:21.071 529 529 E ACDB-LOADER: Error: ACDB ANC returned = -19
06-12 21:55:21.071 760 760 I MediaCodecsXmlParser: limit: max-channel-count = 2
06-12 21:55:21.071 529 529 D ACDB-LOADER: ACDB -> ACDB_CMD_GET_ANC_SETTING
06-12 21:55:21.071 529 529 D : Failed to fetch the lookup information of the device 00000059
06-12 21:55:21.071 529 529 E ACDB-LOADER: Error: ACDB ANC returned = -19
06-12 21:55:21.071 760 760 I MediaCodecsXmlParser: limit: sample-rate-ranges = 8000,11025,12000,16000,22050,24000,32000,44100,48000
06-12 21:55:21.071 529 529 D ACDB-LOADER: ACDB -> ACDB_CMD_GET_ANC_SETTING
06-12 21:55:21.071 760 760 I MediaCodecsXmlParser: limit: bitrate-range = 8000-320000
06-12 21:55:21.071 529 529 D : Failed to fetch the lookup information of the device 00000059
06-12 21:55:21.071 529 529 E ACDB-LOADER: Error: ACDB ANC returned = -19
06-12 21:55:21.071 760 760 I MediaCodecsXmlParser: limit: max-channel-count = 1
06-12 21:55:21.071 529 529 E msm8916_platform: Failed to call ioctl for anc_cal err=14 calib.size=16
06-12 21:55:21.071 478 478 I netd : Registering NetdHwService: 37.9ms
06-12 21:55:21.071 760 760 I MediaCodecsXmlParser: limit: sample-rate-ranges = 8000
06-12 21:55:21.071 529 529 D msm8916_platform: send_codec_cal cal sent for anc_cal calib.size=16
06-12 21:55:21.071 760 760 I MediaCodecsXmlParser: limit: bitrate-range = 4750-12200
06-12 21:55:21.071 478 478 I netd : Netd started in 2317ms
06-12 21:55:21.071 760 760 I MediaCodecsXmlParser: limit: max-channel-count = 1
06-12 21:55:21.071 529 529 D ACDB-LOADER: send mbhc data
06-12 21:55:21.071 529 529 D ACDB-LOADER: ACDB -> MBHC ACDB_PID_GENERAL_CONFIG
06-12 21:55:21.071 760 760 I MediaCodecsXmlParser: limit: sample-rate-ranges = 16000
06-12 21:55:21.071 529 529 D ACDB-LOADER: ACDB -> MBHC ACDB_PID_PLUG_REMOVAL_DETECTION
06-12 21:55:21.071 760 760 I MediaCodecsXmlParser: limit: bitrate-range = 6600-23850
06-12 21:55:21.071 529 529 D ACDB-LOADER: ACDB -> MBHC ACDB_PID_PLUG_TYPE_DETECTION
06-12 21:55:21.071 529 529 D ACDB-LOADER: ACDB -> MBHC ACDB_PID_BUTTON_PRESS_DETECTION
06-12 21:55:21.071 760 760 I MediaCodecsXmlParser: limit: max-channel-count = 8
06-12 21:55:21.071 529 529 D ACDB-LOADER: ACDB -> MBHC ACDB_PID_IMPEDANCE_DETECTION
06-12 21:55:21.071 760 760 I MediaCodecsXmlParser: limit: sample-rate-ranges = 7350,8000,11025,12000,16000,22050,24000,32000,44100,48000
06-12 21:55:21.071 529 529 D msm8916_platform: send_codec_cal cal sent for mbhc_cal calib.size=154
06-12 21:55:21.071 760 760 I MediaCodecsXmlParser: limit: bitrate-range = 8000-960000
06-12 21:55:21.071 529 529 D ACDB-LOADER: send vbat data
06-12 21:55:21.071 529 529 D ACDB-LOADER: ACDB -> VBAT ACDB_PID_ADC_CAL
06-12 21:55:21.071 760 760 I MediaCodecsXmlParser: limit: max-channel-count = 1
06-12 21:55:21.071 529 529 D ACDB-LOADER: ACDB -> VBAT ACDB_PID_GAIN_PROC
06-12 21:55:21.071 529 529 D ACDB-LOADER: send vbat data, calling convert_vbat_data
06-12 21:55:21.071 760 760 I MediaCodecsXmlParser: limit: sample-rate-ranges = 8000-48000
06-12 21:55:21.071 760 760 I MediaCodecsXmlParser: limit: bitrate-range = 64000
06-12 21:55:21.071 529 529 D ACDB-LOADER: copied vbat cal size =72
06-12 21:55:21.072 760 760 I MediaCodecsXmlParser: limit: max-channel-count = 1
06-12 21:55:21.072 529 529 E msm8916_platform: Failed to call ioctl for vbat_cal err=14 calib.size=72
06-12 21:55:21.072 529 529 D msm8916_platform: send_codec_cal cal sent for vbat_cal calib.size=72
06-12 21:55:21.072 760 760 I MediaCodecsXmlParser: limit: sample-rate-ranges = 8000-48000
06-12 21:55:21.072 760 760 I MediaCodecsXmlParser: limit: bitrate-range = 64000
06-12 21:55:21.072 529 529 E msm8916_platform: Failed to call ioctl for err=14 calib.size=72
06-12 21:55:21.072 760 760 I MediaCodecsXmlParser: limit: max-channel-count = 8
06-12 21:55:21.072 529 529 D msm8916_platform: send_codec_cal cal sent for calib.size=72
06-12 21:55:21.072 760 760 I MediaCodecsXmlParser: limit: sample-rate-ranges = 8000-96000
06-12 21:55:21.072 529 529 E msm8916_platform: Failed to call ioctl for err=14 calib.size=72
06-12 21:55:21.072 529 529 D msm8916_platform: send_codec_cal cal sent for calib.size=72
06-12 21:55:21.072 760 760 I MediaCodecsXmlParser: limit: bitrate-range = 32000-500000
06-12 21:55:21.072 760 760 I MediaCodecsXmlParser: limit: max-channel-count = 8
06-12 21:55:21.072 760 760 I MediaCodecsXmlParser: limit: sample-rate-ranges = 48000
06-12 21:55:21.072 760 760 I MediaCodecsXmlParser: limit: bitrate-range = 6000-510000
06-12 21:55:21.072 760 760 I MediaCodecsXmlParser: limit: max-channel-count = 8
06-12 21:55:21.072 760 760 I MediaCodecsXmlParser: limit: sample-rate-ranges = 8000-192000
06-12 21:55:21.072 760 760 I MediaCodecsXmlParser: limit: bitrate-range = 1-10000000
06-12 21:55:21.072 760 760 I MediaCodecsXmlParser: limit: max-channel-count = 8
06-12 21:55:21.072 760 760 I MediaCodecsXmlParser: limit: sample-rate-ranges = 1-655350
06-12 21:55:21.072 760 760 I MediaCodecsXmlParser: limit: bitrate-range = 1-21000000
06-12 21:55:21.072 760 760 I MediaCodecsXmlParser: limit: max-channel-count = 6
06-12 21:55:21.072 760 760 I MediaCodecsXmlParser: limit: sample-rate-ranges = 8000,11025,12000,16000,22050,24000,32000,44100,48000
06-12 21:55:21.073 760 760 I MediaCodecsXmlParser: limit: bitrate-range = 8000-960000
06-12 21:55:21.073 760 760 I MediaCodecsXmlParser: limit: max-channel-count = 1
06-12 21:55:21.073 760 760 I MediaCodecsXmlParser: limit: sample-rate-ranges = 8000
06-12 21:55:21.073 760 760 I MediaCodecsXmlParser: limit: bitrate-range = 4750-12200
06-12 21:55:21.073 529 529 E msm8916_platform: init_be_dai_name_table: Could not get ctl for mixer name Backend DAI Name Table
06-12 21:55:21.073 760 760 I MediaCodecsXmlParser: limit: feature-bitrate-modes = CBR
06-12 21:55:21.073 529 529 D msm8916_platform: platform_init: Fluence_Type(1) max_mic_count(2) mic_type(0x3) fluence_in_voice_call(1) fluence_in_voice_rec(1) fluence_in_spkr_mode(1) fluence_in_hfp_call(0)
06-12 21:55:21.073 529 529 D audio_hw_spkr_prot: audio_extn_spkr_prot_init: Initialize speaker protection module
06-12 21:55:21.073 760 760 I MediaCodecsXmlParser: limit: max-channel-count = 1
06-12 21:55:21.073 765 765 I ServiceManagement: Registered com.qualcomm.qti.wifidisplayhal@1.0::IDSManager/wifidisplaydshal (start delay of 894ms)
06-12 21:55:21.073 760 760 I MediaCodecsXmlParser: limit: sample-rate-ranges = 16000
06-12 21:55:21.073 529 529 D audio_hw_spkr_prot: audio_extn_spkr_prot_init: Speaker protection disabled
06-12 21:55:21.073 760 760 I MediaCodecsXmlParser: limit: bitrate-range = 6600-23850
06-12 21:55:21.073 760 760 I MediaCodecsXmlParser: limit: feature-bitrate-modes = CBR
06-12 21:55:21.073 760 760 I MediaCodecsXmlParser: limit: max-channel-count = 2
06-12 21:55:21.073 760 760 I MediaCodecsXmlParser: limit: sample-rate-ranges = 1-655350
06-12 21:55:21.073 760 760 I MediaCodecsXmlParser: limit: bitrate-range = 1-21000000
06-12 21:55:21.073 760 760 I MediaCodecsXmlParser: limit: complexity-default = 5
06-12 21:55:21.073 760 760 I MediaCodecsXmlParser: limit: complexity-range = 0-8
06-12 21:55:21.073 760 760 I MediaCodecsXmlParser: limit: feature-bitrate-modes = CQ
06-12 21:55:21.073 760 760 D MediaCodecsXmlParser: parsing /vendor/etc/media_codecs_google_telephony.xml...
06-12 21:55:21.075 812 812 I ServiceManagement: Registered vendor.lineage.livedisplay@2.0::IPictureAdjustment/default (start delay of 605ms)
06-12 21:55:21.075 812 812 I ServiceManagement: Removing namespace from process name vendor.lineage.livedisplay@2.0-service-sdm to livedisplay@2.0-service-sdm.
06-12 21:55:21.075 812 812 I vendor.lineage.livedisplay@2.0-service-sdm: LiveDisplay HAL service is ready.
06-12 21:55:21.075 760 760 I MediaCodecsXmlParser: limit: max-channel-count = 1
06-12 21:55:21.075 760 760 I MediaCodecsXmlParser: limit: sample-rate-ranges = 8000
06-12 21:55:21.075 760 760 I MediaCodecsXmlParser: limit: bitrate-range = 13000
06-12 21:55:21.076 760 760 I MediaCodecsXmlParser: limit: size-range = 96x96-1920x1088
06-12 21:55:21.076 760 760 I MediaCodecsXmlParser: limit: alignment = 2x2
06-12 21:55:21.076 760 760 I MediaCodecsXmlParser: limit: block-size = 16x16
06-12 21:55:21.076 760 760 I MediaCodecsXmlParser: limit: blocks-per-second-range = 1-244800
06-12 21:55:21.076 760 760 I MediaCodecsXmlParser: limit: bitrate-range = 1-20000000
06-12 21:55:21.076 760 760 I MediaCodecsXmlParser: limit: max-concurrent-instances = 8
06-12 21:55:21.076 760 760 I MediaCodecsXmlParser: limit: feature-can-swap-width-height = 0
06-12 21:55:21.076 760 760 I MediaCodecsXmlParser: limit: performance-point-1920x1088-range = 30-30
06-12 21:55:21.076 760 760 I MediaCodecsXmlParser: limit: size-range = 32x32-864x480
06-12 21:55:21.076 760 760 I MediaCodecsXmlParser: limit: alignment = 2x2
06-12 21:55:21.076 760 760 I MediaCodecsXmlParser: limit: block-size = 16x16
06-12 21:55:21.076 760 760 I MediaCodecsXmlParser: limit: blocks-per-second-range = 1-48600
06-12 21:55:21.076 760 760 I MediaCodecsXmlParser: limit: bitrate-range = 1-2000000
06-12 21:55:21.076 760 760 I MediaCodecsXmlParser: limit: max-concurrent-instances = 16
06-12 21:55:21.077 760 760 I MediaCodecsXmlParser: limit: performance-point-720x480-range = 30-30
06-12 21:55:21.077 760 760 I MediaCodecsXmlParser: limit: performance-point-720x576-range = 25-25
06-12 21:55:21.077 760 760 I MediaCodecsXmlParser: limit: size-range = 32x32-864x480
06-12 21:55:21.077 760 760 I MediaCodecsXmlParser: limit: alignment = 4x4
06-12 21:55:21.077 760 760 I MediaCodecsXmlParser: limit: block-size = 16x16
06-12 21:55:21.077 760 760 I MediaCodecsXmlParser: limit: blocks-per-second-range = 1-48600
06-12 21:55:21.077 760 760 I MediaCodecsXmlParser: limit: bitrate-range = 1-2000000
06-12 21:55:21.077 760 760 I MediaCodecsXmlParser: limit: max-concurrent-instances = 16
06-12 21:55:21.077 760 760 I MediaCodecsXmlParser: limit: performance-point-720x480-range = 30-30
06-12 21:55:21.077 760 760 I MediaCodecsXmlParser: limit: performance-point-720x576-range = 25-25
06-12 21:55:21.077 806 806 I ServiceManagement: Registered android.hardware.tetheroffload.config@1.0::IOffloadConfig/default (start delay of 638ms)
06-12 21:55:21.077 760 760 I MediaCodecsXmlParser: limit: size-range = 64x64-1920x1088
06-12 21:55:21.077 760 760 I MediaCodecsXmlParser: limit: alignment = 2x2
06-12 21:55:21.077 760 760 I MediaCodecsXmlParser: limit: block-size = 16x16
06-12 21:55:21.078 806 806 I IPAHALService: Successfully registered IOffloadConfig
06-12 21:55:21.078 760 760 I MediaCodecsXmlParser: limit: blocks-per-second-range = 1-244800
06-12 21:55:21.078 760 760 I MediaCodecsXmlParser: limit: bitrate-range = 1-20000000
06-12 21:55:21.078 760 760 I MediaCodecsXmlParser: limit: feature-adaptive-playback = 0
06-12 21:55:21.078 760 760 I MediaCodecsXmlParser: limit: max-concurrent-instances = 8
06-12 21:55:21.078 760 760 I MediaCodecsXmlParser: limit: feature-can-swap-width-height = 0
06-12 21:55:21.078 760 760 I MediaCodecsXmlParser: limit: performance-point-1920x1088-range = 30-30
06-12 21:55:21.078 760 760 I MediaCodecsXmlParser: limit: size-range = 64x64-1920x1088
06-12 21:55:21.078 760 760 I MediaCodecsXmlParser: limit: alignment = 2x2
06-12 21:55:21.078 760 760 I MediaCodecsXmlParser: limit: block-size = 16x16
06-12 21:55:21.078 760 760 I MediaCodecsXmlParser: limit: blocks-per-second-range = 1-244800
06-12 21:55:21.078 760 760 I MediaCodecsXmlParser: limit: bitrate-range = 1-20000000
06-12 21:55:21.078 760 760 I MediaCodecsXmlParser: limit: feature-adaptive-playback = 0
06-12 21:55:21.078 760 760 I MediaCodecsXmlParser: limit: max-concurrent-instances = 8
06-12 21:55:21.078 760 760 I MediaCodecsXmlParser: limit: performance-point-1920x1088-range = 30-30
06-12 21:55:21.079 760 760 I MediaCodecsXmlParser: limit: size-range = 64x64-1920x1088
06-12 21:55:21.079 760 760 I MediaCodecsXmlParser: limit: alignment = 2x2
06-12 21:55:21.079 760 760 I MediaCodecsXmlParser: limit: block-size = 16x16
06-12 21:55:21.079 760 760 I MediaCodecsXmlParser: limit: blocks-per-second-range = 1-244800
06-12 21:55:21.079 760 760 I MediaCodecsXmlParser: limit: bitrate-range = 1-20000000
06-12 21:55:21.079 760 760 I MediaCodecsXmlParser: limit: feature-adaptive-playback = 0
06-12 21:55:21.079 760 760 I MediaCodecsXmlParser: limit: max-concurrent-instances = 8
06-12 21:55:21.079 760 760 I MediaCodecsXmlParser: limit: performance-point-1920x1088-range = 30-30
06-12 21:55:21.079 760 760 I MediaCodecsXmlParser: limit: size-range = 16x16-1920x1088
06-12 21:55:21.079 760 760 I MediaCodecsXmlParser: limit: alignment = 2x2
06-12 21:55:21.079 760 760 I MediaCodecsXmlParser: limit: block-size = 16x16
06-12 21:55:21.079 760 760 I MediaCodecsXmlParser: limit: blocks-per-second-range = 1-244800
06-12 21:55:21.079 760 760 I MediaCodecsXmlParser: limit: bitrate-range = 1-6000000
06-12 21:55:21.079 760 760 I MediaCodecsXmlParser: limit: max-concurrent-instances = 16
06-12 21:55:21.079 760 760 I MediaCodecsXmlParser: limit: performance-point-1920x1088-range = 30-30
06-12 21:55:21.081 784 784 E mm-camera: 249: sensor_probe: [ov8856]CFG_SINIT_PROBE failed
06-12 21:55:21.081 593 593 I RenderEngine: OpenGL ES informations:
06-12 21:55:21.081 593 593 I RenderEngine: vendor : Qualcomm
06-12 21:55:21.081 593 593 I RenderEngine: renderer : Adreno (TM) 505
06-12 21:55:21.081 593 593 I RenderEngine: version : OpenGL ES 3.2 V@415.0 (GIT@1129882, Ia9f6d49891, 1579882540) (Date:01/24/20)
06-12 21:55:21.081 593 593 I RenderEngine: extensions: GL_OES_EGL_image GL_OES_EGL_image_external GL_OES_EGL_sync GL_OES_vertex_half_float GL_OES_framebuffer_object GL_OES_rgb8_rgba8 GL_OES_compressed_ETC1_RGB8_texture GL_AMD_compressed_ATC_texture GL_KHR_texture_compression_astc_ldr GL_KHR_texture_compression_astc_hdr GL_OES_texture_compression_astc GL_OES_texture_npot GL_EXT_texture_filter_anisotropic GL_EXT_texture_format_BGRA8888 GL_EXT_read_format_bgra GL_OES_texture_3D GL_EXT_color_buffer_float GL_EXT_color_buffer_half_float GL_QCOM_alpha_test GL_OES_depth24 GL_OES_packed_depth_stencil GL_OES_depth_texture GL_OES_depth_texture_cube_map GL_EXT_sRGB GL_OES_texture_float GL_OES_texture_float_linear GL_OES_texture_half_float GL_OES_texture_half_float_linear GL_EXT_texture_type_2_10_10_10_REV GL_EXT_texture_sRGB_decode GL_EXT_texture_format_sRGB_override GL_OES_element_index_uint GL_EXT_copy_image GL_EXT_geometry_shader GL_EXT_tessellation_shader GL_OES_texture_stencil8 GL_EXT_shader_io_blocks GL_OES_shader_image_atomic GL_OES_sample_variables GL_EX
06-12 21:55:21.081 593 593 I RenderEngine: GL_MAX_TEXTURE_SIZE = 16384
06-12 21:55:21.081 784 784 E mm-camera: 410: sensor_init_xml_probe: failed: to probe ov8856
06-12 21:55:21.081 593 593 I RenderEngine: GL_MAX_VIEWPORT_DIMS = 16384
06-12 21:55:21.084 412 412 I hwservicemanager: getTransport: Cannot find entry android.hardware.keymaster@4.0::IKeymasterDevice/default in either framework or device manifest.
06-12 21:55:21.085 824 824 I dpmd : type=1400 audit(0.0:24): avc: denied { write } for name="tasks" dev="tmpfs" ino=15690 scontext=u:r:dpmd:s0 tcontext=u:object_r:device:s0 tclass=file permissive=1
06-12 21:55:21.085 824 824 I dpmd : type=1400 audit(0.0:25): avc: denied { open } for path="/dev/stune/foreground/tasks" dev="tmpfs" ino=15690 scontext=u:r:dpmd:s0 tcontext=u:object_r:device:s0 tclass=file permissive=1
06-12 21:55:21.085 760 760 I MediaCodecsXmlParser: limit: size-range = 16x16-1920x1088
06-12 21:55:21.085 760 760 I MediaCodecsXmlParser: limit: alignment = 2x2
06-12 21:55:21.085 760 760 I MediaCodecsXmlParser: limit: block-size = 16x16
06-12 21:55:21.085 760 760 I MediaCodecsXmlParser: limit: blocks-per-second-range = 1-244800
06-12 21:55:21.085 760 760 I MediaCodecsXmlParser: limit: bitrate-range = 1-6000000
06-12 21:55:21.085 760 760 I MediaCodecsXmlParser: limit: max-concurrent-instances = 16
06-12 21:55:21.085 760 760 I MediaCodecsXmlParser: limit: performance-point-1920x1088-range = 30-30
06-12 21:55:21.085 760 760 I MediaCodecsXmlParser: limit: size-range = 16x16-1920x1088
06-12 21:55:21.085 760 760 I MediaCodecsXmlParser: limit: alignment = 2x2
06-12 21:55:21.086 760 760 I MediaCodecsXmlParser: limit: block-size = 16x16
06-12 21:55:21.086 760 760 I MediaCodecsXmlParser: limit: blocks-per-second-range = 1-244800
06-12 21:55:21.086 760 760 I MediaCodecsXmlParser: limit: bitrate-range = 1-6000000
06-12 21:55:21.086 760 760 I MediaCodecsXmlParser: limit: max-concurrent-instances = 16
06-12 21:55:21.086 760 760 I MediaCodecsXmlParser: limit: performance-point-1920x1088-range = 30-30
06-12 21:55:21.086 760 760 I MediaCodecsXmlParser: limit: size-range = 16x16-1920x1088
06-12 21:55:21.086 760 760 I MediaCodecsXmlParser: limit: alignment = 2x2
06-12 21:55:21.086 760 760 I MediaCodecsXmlParser: limit: block-size = 16x16
06-12 21:55:21.086 760 760 I MediaCodecsXmlParser: limit: blocks-per-second-range = 1-244800
06-12 21:55:21.086 760 760 I MediaCodecsXmlParser: limit: bitrate-range = 1-6000000
06-12 21:55:21.086 760 760 I MediaCodecsXmlParser: limit: max-concurrent-instances = 16
06-12 21:55:21.086 760 760 I MediaCodecsXmlParser: limit: performance-point-1920x1088-range = 30-30
06-12 21:55:21.086 760 760 I MediaCodecsXmlParser: limit: size-range = 16x16-864x480
06-12 21:55:21.086 760 760 I MediaCodecsXmlParser: limit: alignment = 4x4
06-12 21:55:21.086 760 760 I MediaCodecsXmlParser: limit: block-size = 16x16
06-12 21:55:21.086 760 760 I MediaCodecsXmlParser: limit: blocks-per-second-range = 1-48600
06-12 21:55:21.086 760 760 I MediaCodecsXmlParser: limit: bitrate-range = 1-2000000
06-12 21:55:21.086 760 760 I MediaCodecsXmlParser: limit: max-concurrent-instances = 16
06-12 21:55:21.086 760 760 I MediaCodecsXmlParser: limit: performance-point-720x480-range = 30-30
06-12 21:55:21.087 760 760 I MediaCodecsXmlParser: limit: performance-point-720x576-range = 25-25
06-12 21:55:21.087 760 760 D MediaCodecsXmlParser: parsing /vendor/etc/media_codecs_google_video_le.xml...
06-12 21:55:21.087 784 784 E mm-camera: 241: sensor_probe: slave_info->sensor_ic_name = OV8865
06-12 21:55:21.088 760 760 I MediaCodecsXmlParser: limit: size-range = 2x2-352x288
06-12 21:55:21.088 760 760 I MediaCodecsXmlParser: limit: alignment = 2x2
06-12 21:55:21.088 760 760 I MediaCodecsXmlParser: limit: block-size = 16x16
06-12 21:55:21.088 760 760 I MediaCodecsXmlParser: limit: blocks-per-second-range = 12-11880
06-12 21:55:21.088 760 760 I MediaCodecsXmlParser: limit: bitrate-range = 1-384000
06-12 21:55:21.088 760 760 I MediaCodecsXmlParser: limit: feature-adaptive-playback = 0
06-12 21:55:21.088 760 760 I MediaCodecsXmlParser: limit: size-range = 2x2-352x288
06-12 21:55:21.088 760 760 I MediaCodecsXmlParser: limit: alignment = 2x2
06-12 21:55:21.088 760 760 I MediaCodecsXmlParser: limit: bitrate-range = 1-384000
06-12 21:55:21.088 760 760 I MediaCodecsXmlParser: limit: feature-adaptive-playback = 0
06-12 21:55:21.088 760 760 I MediaCodecsXmlParser: limit: size-range = 2x2-2048x2048
06-12 21:55:21.088 760 760 I MediaCodecsXmlParser: limit: alignment = 2x2
06-12 21:55:21.088 760 760 I MediaCodecsXmlParser: limit: block-size = 16x16
06-12 21:55:21.088 760 760 I MediaCodecsXmlParser: limit: block-count-range = 1-16384
06-12 21:55:21.089 760 760 I MediaCodecsXmlParser: limit: blocks-per-second-range = 1-491520
06-12 21:55:21.089 760 760 I MediaCodecsXmlParser: limit: bitrate-range = 1-40000000
06-12 21:55:21.089 760 760 I MediaCodecsXmlParser: limit: feature-adaptive-playback = 0
06-12 21:55:21.089 760 760 I MediaCodecsXmlParser: limit: size-range = 2x2-2048x2048
06-12 21:55:21.089 760 760 I MediaCodecsXmlParser: limit: alignment = 2x2
06-12 21:55:21.089 760 760 I MediaCodecsXmlParser: limit: block-size = 8x8
06-12 21:55:21.089 760 760 I MediaCodecsXmlParser: limit: block-count-range = 1-65536
06-12 21:55:21.089 760 760 I MediaCodecsXmlParser: limit: blocks-per-second-range = 1-491520
06-12 21:55:21.089 760 760 I MediaCodecsXmlParser: limit: bitrate-range = 1-5000000
06-12 21:55:21.089 760 760 I MediaCodecsXmlParser: limit: feature-adaptive-playback = 0
06-12 21:55:21.089 760 760 I MediaCodecsXmlParser: limit: size-range = 2x2-2048x2048
06-12 21:55:21.089 760 760 I MediaCodecsXmlParser: limit: alignment = 2x2
06-12 21:55:21.089 760 760 I MediaCodecsXmlParser: limit: block-size = 16x16
06-12 21:55:21.089 760 760 I MediaCodecsXmlParser: limit: block-count-range = 1-8192
06-12 21:55:21.089 760 760 I MediaCodecsXmlParser: limit: blocks-per-second-range = 1-500000
