06-12 21:55:24.201 784 784 I mm-camera: < INFO> 4961: mct_pipeline_destroy: E: session:1
06-12 21:55:24.201 784 784 I mm-camera: < INFO> 5034: mct_pipeline_destroy: X: Pipeline destroyed successfully session =1
06-12 21:55:24.201 784 784 I mm-camera: < INFO> 282: mct_controller_destroy: X Successfully closed mct_controller session 1
06-12 21:55:24.202 684 684 W CameraProviderManager: Camera provider legacy/0 says an unknown camera device@1.0/legacy/0 now has torch status 1. Curious.
06-12 21:55:24.202 684 684 W CameraProviderManager: Camera provider legacy/0 says an unknown camera device@3.3/legacy/0 now has torch status 1. Curious.
06-12 21:55:24.203 532 1240 I QCamera : closeCamera: 2302: [KPI Perf]: X PROFILE_CLOSE_CAMERA camera id 0, rc: 0
06-12 21:55:24.203 532 1240 I QCamera : close_camera_device: 1497: [KPI Perf]: X
06-12 21:55:24.203 684 684 I CameraProviderManager: Enumerating new camera device: device@3.3/legacy/0
06-12 21:55:24.205 684 684 E CameraProviderManager: DeviceInfo3: Converted ICameraDevice instance to nullptr
06-12 21:55:24.205 684 684 I CameraProviderManager: Enumerating new camera device: device@1.0/legacy/1
06-12 21:55:24.207 532 532 I CamDev@1.0-impl: Opening camera 1
06-12 21:55:24.207 532 532 I QCamera : openLegacy: 500: openLegacy halVersion: 256
06-12 21:55:24.208 532 532 D vndksupport: Loading /vendor/lib/hw/power.default.so from current namespace instead of sphal namespace.
06-12 21:55:24.213 532 532 I QCamera : openCamera: 1827: [KPI Perf]: E PROFILE_OPEN_CAMERA camera id 1
06-12 21:55:24.215 532 532 E QCamera : lock_acq_timed: 314: failed to acquire lock
06-12 21:55:24.215 784 784 I mm-camera: < INFO> 395: enable_memleak_trace: start memleak tracking.
06-12 21:55:24.223 784 784 I mm-camera: < INFO> 63: mct_controller_new: Creating new mct_controller with session-id 2
06-12 21:55:24.223 784 1445 I mm-camera: < INFO> 4575: mct_pipeline_start_session_thread: E sensor
06-12 21:55:24.224 784 1446 I mm-camera: < INFO> 4575: mct_pipeline_start_session_thread: E iface
06-12 21:55:24.224 784 1445 I mm-camera: < INFO> 4582: mct_pipeline_start_session_thread: Calling start_session on Module sensor
06-12 21:55:24.224 784 1446 I mm-camera: < INFO> 4582: mct_pipeline_start_session_thread: Calling start_session on Module iface
06-12 21:55:24.225 784 1446 I mm-camera: < INFO> 4585: mct_pipeline_start_session_thread: Module iface start_session rc = 1
06-12 21:55:24.225 784 1446 I mm-camera: < INFO> 4593: mct_pipeline_start_session_thread: started_num = 1, success = 1
06-12 21:55:24.225 784 1446 I mm-camera: < INFO> 4600: mct_pipeline_start_session_thread: X iface
06-12 21:55:24.225 784 1447 I mm-camera: < INFO> 4575: mct_pipeline_start_session_thread: E isp
06-12 21:55:24.225 784 1447 I mm-camera: < INFO> 4582: mct_pipeline_start_session_thread: Calling start_session on Module isp
06-12 21:55:24.225 784 1450 I mm-camera: < INFO> 4575: mct_pipeline_start_session_thread: E stats
06-12 21:55:24.225 784 1450 I mm-camera: < INFO> 4582: mct_pipeline_start_session_thread: Calling start_session on Module stats
06-12 21:55:24.225 784 1447 I mm-camera: < INFO> 205: isp_module_start_session: session id 2
06-12 21:55:24.228 784 1451 I mm-camera: < INFO> 4575: mct_pipeline_start_session_thread: E pproc
06-12 21:55:24.228 784 1451 I mm-camera: < INFO> 4582: mct_pipeline_start_session_thread: Calling start_session on Module pproc
06-12 21:55:24.230 784 1452 I mm-camera: < INFO> 4575: mct_pipeline_start_session_thread: E imglib
06-12 21:55:24.230 784 1452 I mm-camera: < INFO> 4582: mct_pipeline_start_session_thread: Calling start_session on Module imglib
06-12 21:55:24.233 784 1452 I mm-camera: < INFO> 4585: mct_pipeline_start_session_thread: Module imglib start_session rc = 1
06-12 21:55:24.233 784 1452 I mm-camera: < INFO> 4593: mct_pipeline_start_session_thread: started_num = 2, success = 2
06-12 21:55:24.234 784 1452 I mm-camera: < INFO> 4600: mct_pipeline_start_session_thread: X imglib
06-12 21:55:24.236 784 1445 I mm-camera: < INFO> 4585: mct_pipeline_start_session_thread: Module sensor start_session rc = 1
06-12 21:55:24.236 784 1445 I mm-camera: < INFO> 4593: mct_pipeline_start_session_thread: started_num = 3, success = 3
06-12 21:55:24.236 784 1445 I mm-camera: < INFO> 4600: mct_pipeline_start_session_thread: X sensor
06-12 21:55:24.236 784 1447 I mm-camera: < INFO> 4585: mct_pipeline_start_session_thread: Module isp start_session rc = 1
06-12 21:55:24.236 784 1447 I mm-camera: < INFO> 4593: mct_pipeline_start_session_thread: started_num = 4, success = 4
06-12 21:55:24.236 784 1447 I mm-camera: < INFO> 4600: mct_pipeline_start_session_thread: X isp
06-12 21:55:24.237 784 1451 I mm-camera: < INFO> 4585: mct_pipeline_start_session_thread: Module pproc start_session rc = 1
06-12 21:55:24.237 784 1451 I mm-camera: < INFO> 4593: mct_pipeline_start_session_thread: started_num = 5, success = 5
06-12 21:55:24.237 784 1450 E mm-camera: 173: dsps_send_req: DSPS Send Request Timeout!!
06-12 21:55:24.237 784 1451 I mm-camera: < INFO> 4600: mct_pipeline_start_session_thread: X pproc
06-12 21:55:24.238 784 1450 I mm-camera: < INFO> 4585: mct_pipeline_start_session_thread: Module stats start_session rc = 1
06-12 21:55:24.238 784 1450 I mm-camera: < INFO> 4593: mct_pipeline_start_session_thread: started_num = 6, success = 6
06-12 21:55:24.238 784 1450 I mm-camera: < INFO> 4600: mct_pipeline_start_session_thread: X stats
06-12 21:55:24.245 784 784 I mm-camera: < INFO> 4496: mct_pipeline_start_stream_internal: Adding session stream streamid= 0xf for session=2
06-12 21:55:24.245 784 784 I mm-camera: < INFO> 4544: mct_pipeline_start_stream_internal: Linking session stream for session 2
06-12 21:55:24.245 784 784 I mm-camera: < INFO> 510: mct_stream_start_link: Start linking Session-stream 0x2000f
06-12 21:55:24.245 784 784 I mm-camera: < INFO> 338: iface_util_find_primary_cid: iface_util_find_primary_cid:338 error cannot find primary sensor format cids 1
06-12 21:55:24.245 784 784 I mm-camera: < INFO> 801: isp_port_check_caps_reserve: port 0xefa9ee00 ide 2000f type 10 dim 0 0
06-12 21:55:24.246 784 784 I mm-camera: < INFO> 446: pproc_port_add_modules_to_stream: in identity 2000f stream 10 int_link = 0xefab4580
06-12 21:55:24.246 784 784 I mm-camera: < INFO> 458: pproc_port_add_modules_to_stream: :LINK linking mods tmod and c2d for identity 2000f
06-12 21:55:24.246 784 784 I mm-camera: < INFO> 1490: c2d_module_notify_add_stream: width 0, height 0, stride 0, scanline 0, is_type 0
06-12 21:55:24.246 784 784 I mm-camera: < INFO> 458: pproc_port_add_modules_to_stream: :LINK linking mods c2d and cpp for identity 2000f
06-12 21:55:24.246 784 784 I mm-camera: < INFO> 2154: cpp_module_notify_add_stream: :width 0, height 0, stride 0, scanline 0, framelen 0
06-12 21:55:24.246 784 784 I mm-camera: < INFO> 2319: cpp_module_notify_add_stream: : stream 10, fmt 1, asf_mode 0, sharpness_level 0.000000,asf mask 0, denoise 0, denoise_mask 0, dsdn mask 0,dsdn enable 0, tnr mask 0, tnr enable 0, ds_mask 0
06-12 21:55:24.246 784 784 I mm-camera: < INFO> 458: pproc_port_add_modules_to_stream: :LINK linking mods cpp and paaf for identity 2000f
06-12 21:55:24.246 784 784 I mm-camera: < INFO> 458: pproc_port_add_modules_to_stream: :LINK linking mods paaf and ezt for identity 2000f
06-12 21:55:24.246 784 784 I mm-camera: < INFO> 458: pproc_port_add_modules_to_stream: :LINK linking mods ezt and quadracfa for identity 2000f
06-12 21:55:24.247 784 784 E mm-camera: 2822: stats_port_check_caps_reserve: Invalid Port capability type!
06-12 21:55:24.247 784 784 I chatty : uid=1006(camera) mm-qcamera-daem identical 3 lines
06-12 21:55:24.247 784 784 E mm-camera: 2822: stats_port_check_caps_reserve: Invalid Port capability type!
06-12 21:55:24.248 784 784 I mm-camera: < INFO> 4553: mct_pipeline_start_stream_internal: Session stream linked successfully session 2
06-12 21:55:24.251 532 532 I Thermal-Lib: Thermal-Lib-Client: Registration successful for camera with handle:1
06-12 21:55:24.251 532 532 I Thermal-Lib: Thermal-Lib-Client: Registration successful for camcorder with handle:2
06-12 21:55:24.251 532 532 I QCamera : openCamera: 1840: [KPI Perf]: X PROFILE_OPEN_CAMERA camera id 1, rc: 0
06-12 21:55:24.251 532 532 I CamDev@1.0-impl: could not cast ICameraDeviceCallback to IQCameraDeviceCallback
06-12 21:55:24.253 643 739 I ThermalEngine: Thermal-Server: Adding thermal event listener on fd 53
06-12 21:55:24.254 532 1471 I Thermal-Lib: Thermal-Lib-Client: Client received msg camera 0
06-12 21:55:24.254 532 1471 I Thermal-Lib: Thermal-Lib-Client: Client received msg camcorder 0
06-12 21:55:24.255 784 1466 E mm-camera: 1102: mct_pipeline_decide_hw_wakeup: Couldn't find meta stream
06-12 21:55:24.258 784 1466 I chatty : uid=1006(camera) CAM_MctServ identical 1 line
06-12 21:55:24.258 784 1466 E mm-camera: 1102: mct_pipeline_decide_hw_wakeup: Couldn't find meta stream
06-12 21:55:24.260 532 532 I CamDev@1.0-impl: Closing camera 1
06-12 21:55:24.260 532 532 I QCamera : close_camera_device: 1495: [KPI Perf]: E camera id 1
06-12 21:55:24.262 532 532 E QCamera : lock_acq: 363: failed to acquire lock
06-12 21:55:24.263 532 532 I QCamera : closeCamera: 2226: E
06-12 21:55:24.263 532 532 I QCamera : closeCamera: 2231: [KPI Perf]: E PROFILE_CLOSE_CAMERA camera id 1
06-12 21:55:24.264 784 1016 E mm-camera: 303: AllocateBuffers: Invalid dimensions 0x0
06-12 21:55:24.265 784 1016 E mm-camera: 203: img_algo_preload: Preload: Failed to allocate buffer, rc -4
06-12 21:55:24.265 784 1016 E mm-camera: 119: module_imgbase_client_preload_exec: IMG_CORE_PRELOAD failed -4
06-12 21:55:24.264 784 1466 I mm-camera: < INFO> 6629: isp_util_print_meta_stream_info: Deallocate resources
06-12 21:55:24.266 784 1466 I mm-camera: < INFO> 2527: isp_resource_allocate: INFO: ISP resource acquired: session 2 num_isp 1
06-12 21:55:24.266 784 1466 I mm-camera: < INFO> 2529: isp_resource_allocate: INFO: ISP resource acquired: hw_id 1
06-12 21:55:24.266 784 1466 I mm-camera: < INFO> 6479: isp_util_decide_stream_mapping: stream_port_map num streams 0
06-12 21:55:24.268 784 1466 E mm-camera: 1102: mct_pipeline_decide_hw_wakeup: Couldn't find meta stream
06-12 21:55:24.271 532 532 I Thermal-Lib: Thermal-Lib-Client: Unregisteration is successfull for handle:1
06-12 21:55:24.271 643 739 I ThermalEngine: Thermal-Server: removing client on fd 53
06-12 21:55:24.271 532 532 I Thermal-Lib: Thermal-Lib-Client: Unregisteration is successfull for handle:2
06-12 21:55:24.272 784 784 I mm-camera: < INFO> 216: mct_controller_destroy: Initiating destroy sequence for session = 2
06-12 21:55:24.272 784 784 I mm-camera: < INFO> 234: mct_controller_destroy: serv_thread closed
06-12 21:55:24.273 784 784 I mm-camera: < INFO> 249: mct_controller_destroy: bus_handler thread closed
06-12 21:55:24.273 784 784 I mm-camera: < INFO> 4653: mct_pipeline_stop_session: Initiating stop_session on session 2
06-12 21:55:24.273 784 784 I mm-camera: < INFO> 3694: mct_pipeline_process_set: command=800000b
06-12 21:55:24.273 784 784 I mm-camera: < INFO> 3912: mct_pipeline_process_set: Issuing DEL_STREAM on stream 0x2000f and stream type=10
06-12 21:55:24.275 757 774 I ServiceManager: Waiting for service 'package_native' on '/dev/binder'...
06-12 21:55:24.334 784 784 I mm-camera: < INFO> 671: iface_unreserve_sink_port: stream_id f mode 0
06-12 21:55:24.334 784 784 I mm-camera: < INFO> 890: isp_port_check_caps_unreserve: ide 2000f port 0xefa9ee00
06-12 21:55:24.338 784 784 I mm-camera: < INFO> 3923: mct_pipeline_process_set: Stream 0x2000f and stream type=10, successfully deleted
06-12 21:55:24.338 784 1477 I mm-camera: < INFO> 4387: mct_pipeline_stop_session_thread: Stop module name: sensor - E
06-12 21:55:24.339 784 1478 I mm-camera: < INFO> 4387: mct_pipeline_stop_session_thread: Stop module name: iface - E
06-12 21:55:24.340 784 1479 I mm-camera: < INFO> 4387: mct_pipeline_stop_session_thread: Stop module name: isp - E
06-12 21:55:24.340 784 1479 I mm-camera: < INFO> 491: isp_module_stop_session: session id 2
06-12 21:55:24.340 784 1479 I mm-camera: < INFO> 532: isp_module_stop_session: warning: ISP resource is not freed on time!
06-12 21:55:24.341 784 1480 I mm-camera: < INFO> 4387: mct_pipeline_stop_session_thread: Stop module name: stats - E
06-12 21:55:24.341 784 1478 I mm-camera: < INFO> 4395: mct_pipeline_stop_session_thread: Stop module name: iface - X
06-12 21:55:24.342 784 1481 I mm-camera: < INFO> 4387: mct_pipeline_stop_session_thread: Stop module name: pproc - E
06-12 21:55:24.342 784 1482 I mm-camera: < INFO> 4387: mct_pipeline_stop_session_thread: Stop module name: imglib - E
06-12 21:55:24.343 784 784 I mm-camera: < INFO> 4675: mct_pipeline_stop_session: Modules left: 5
06-12 21:55:24.344 784 1479 I mm-camera: < INFO> 4395: mct_pipeline_stop_session_thread: Stop module name: isp - X
06-12 21:55:24.344 784 784 I mm-camera: < INFO> 4675: mct_pipeline_stop_session: Modules left: 4
06-12 21:55:24.344 784 1482 I mm-camera: < INFO> 4395: mct_pipeline_stop_session_thread: Stop module name: imglib - X
06-12 21:55:24.345 784 784 I mm-camera: < INFO> 4675: mct_pipeline_stop_session: Modules left: 3
06-12 21:55:24.345 784 1477 I mm-camera: < INFO> 4395: mct_pipeline_stop_session_thread: Stop module name: sensor - X
06-12 21:55:24.345 784 784 I mm-camera: < INFO> 4675: mct_pipeline_stop_session: Modules left: 2
06-12 21:55:24.347 784 1481 I mm-camera: < INFO> 4395: mct_pipeline_stop_session_thread: Stop module name: pproc - X
06-12 21:55:24.347 784 784 I mm-camera: < INFO> 4675: mct_pipeline_stop_session: Modules left: 1
06-12 21:55:24.349 784 1480 I mm-camera: < INFO> 4395: mct_pipeline_stop_session_thread: Stop module name: stats - X
06-12 21:55:24.349 784 784 I mm-camera: < INFO> 4675: mct_pipeline_stop_session: Modules left: 0
06-12 21:55:24.349 784 784 I mm-camera: < INFO> 4684: mct_pipeline_stop_session: Stopped session 2 successfully
06-12 21:55:24.349 784 784 I mm-camera: < INFO> 4961: mct_pipeline_destroy: E: session:2
06-12 21:55:24.349 784 784 I mm-camera: < INFO> 5034: mct_pipeline_destroy: X: Pipeline destroyed successfully session =2
06-12 21:55:24.349 784 784 I mm-camera: < INFO> 282: mct_controller_destroy: X Successfully closed mct_controller session 2
06-12 21:55:24.350 532 532 I QCamera : closeCamera: 2302: [KPI Perf]: X PROFILE_CLOSE_CAMERA camera id 1, rc: 0
06-12 21:55:24.351 532 532 I QCamera : close_camera_device: 1497: [KPI Perf]: X
06-12 21:55:24.351 684 684 I CameraProviderManager: Enumerating new camera device: device@3.3/legacy/1
06-12 21:55:24.352 684 684 E CameraProviderManager: DeviceInfo3: Converted ICameraDevice instance to nullptr
06-12 21:55:24.352 684 684 I CameraProviderManager: Camera provider legacy/0 ready with 4 camera devices
06-12 21:55:24.352 684 885 W CameraProviderManager: addProviderLocked: Camera provider HAL with name 'legacy/0' already registered
06-12 21:55:24.353 684 684 I CameraService: onDeviceStatusChanged: Status changed for cameraId=1, newStatus=1
06-12 21:55:24.353 684 684 I CameraService: onDeviceStatusChanged: Unknown camera ID 1, a new camera is added
06-12 21:55:24.354 684 885 I CameraService: onDeviceStatusChanged: Status changed for cameraId=0, newStatus=1
06-12 21:55:24.354 684 885 I CameraService: onDeviceStatusChanged: Unknown camera ID 0, a new camera is added
06-12 21:55:24.354 684 684 I : Waiting for activity service
06-12 21:55:24.375 757 774 I ServiceManager: Waiting for service 'package_native' on '/dev/binder'...
06-12 21:55:24.392 1154 1154 D PackageManager: No files in app dir /vendor/priv-app
06-12 21:55:24.398 1154 1154 D PackageManager: No files in app dir /odm/priv-app
06-12 21:55:24.399 1154 1154 D PackageManager: No files in app dir /odm/app
06-12 21:55:24.399 1154 1154 D PackageManager: No files in app dir /oem/app
06-12 21:55:24.407 1154 1154 W PackageManager: Failed to scan /system/product/priv-app/ims: Application package org.codeaurora.ims already installed. Skipping duplicate.
06-12 21:55:24.472 1154 1154 D PackageManager: No files in app dir /product_services/priv-app
06-12 21:55:24.472 1154 1154 D PackageManager: No files in app dir /product_services/app
06-12 21:55:24.473 1154 1154 I PackageManager: Finished scanning system apps. Time: 373 ms, packageCount: 228 , timePerPackage: 1 , cached: 229
06-12 21:55:24.474 1154 1154 D PackageManager: No files in app dir /data/app
06-12 21:55:24.474 1154 1154 I PackageManager: Finished scanning non-system apps. Time: 1 ms, packageCount: 0 , timePerPackage: 0 , cached: 0
06-12 21:55:24.475 1154 1154 E PackageManager: There should probably be exactly one setup wizard; found 0: matches=[]
06-12 21:55:24.476 757 774 I ServiceManager: Waiting for service 'package_native' on '/dev/binder'...
06-12 21:55:24.478 1154 1154 I PackageManager: Time to scan packages: 0.379 seconds
06-12 21:55:24.493 1154 1154 I PackageManager: Un-granting permission android.permission.REQUEST_INSTALL_PACKAGES from package org.lineageos.jelly (protectionLevel=66 flags=0x3048be45)
06-12 21:55:24.504 1154 1154 I PackageManager: Un-granting permission android.permission.CONNECTIVITY_USE_RESTRICTED_NETWORKS from package com.android.captiveportallogin (protectionLevel=18 flags=0x3848be45)
06-12 21:55:24.504 1154 1154 I PackageManager: Un-granting permission android.permission.NETWORK_BYPASS_PRIVATE_DNS from package com.android.captiveportallogin (protectionLevel=2 flags=0x3848be45)
06-12 21:55:24.505 1154 1154 V PackageManager: reconcileAppsData for null u0 0x3 migrateAppData=true
06-12 21:55:24.521 726 876 I SELinux : SELinux: Loaded file_contexts
06-12 21:55:24.576 757 774 I ServiceManager: Waiting for service 'package_native' on '/dev/binder'...
06-12 21:55:24.966 1154 1154 V PackageManager: reconcileAppsData finished 27 packages
06-12 21:55:24.967 1154 1154 V PackageManager: Changing enabled state of com.google.android.gms/com.google.android.gms.update.SystemUpdateActivity to false
06-12 21:55:24.967 1154 1498 D SystemServerInitThreadPool: Started executing prepareAppData
06-12 21:55:24.967 1154 1154 W PackageManager: Unable to change enabled state of com.google.android.gms/com.google.android.gms.update.SystemUpdateActivity to false
06-12 21:55:24.967 1154 1154 V PackageManager: Changing enabled state of com.google.android.gms/com.google.android.gms.update.SystemUpdateService to false
06-12 21:55:24.967 1154 1154 W PackageManager: Unable to change enabled state of com.google.android.gms/com.google.android.gms.update.SystemUpdateService to false
06-12 21:55:24.967 1154 1154 V PackageManager: Changing enabled state of com.google.android.gms/com.google.android.gms.update.SystemUpdateGcmTaskService to false
06-12 21:55:24.967 1154 1154 W PackageManager: Unable to change enabled state of com.google.android.gms/com.google.android.gms.update.SystemUpdateGcmTaskService to false
06-12 21:55:24.967 1154 1154 V PackageManager: Changing enabled state of com.google.android.setupwizard/com.google.android.setupwizard.time.DateTimeCheck to false
06-12 21:55:24.967 1154 1154 W PackageManager: Unable to change enabled state of com.google.android.setupwizard/com.google.android.setupwizard.time.DateTimeCheck to false
06-12 21:55:24.877 757 774 I chatty : uid=0(root) /system/bin/storaged identical 3 lines
06-12 21:55:24.977 757 774 I ServiceManager: Waiting for service 'package_native' on '/dev/binder'...
06-12 21:55:25.066 1154 1154 I SELinux : SELinux: Loaded file_contexts
06-12 21:55:25.077 757 774 I ServiceManager: Waiting for service 'package_native' on '/dev/binder'...
06-12 21:55:25.088 1154 1154 E PackageManager: There should probably be a verifier, but, none were found
06-12 21:55:25.091 1154 1154 D PackageManager: Ephemeral resolver NOT found; no matching intent filters
06-12 21:55:25.091 1154 1154 D PackageManager: Instant App installer not found with android.intent.action.INSTALL_INSTANT_APP_PACKAGE
06-12 21:55:25.091 1154 1154 D PackageManager: Clear ephemeral installer activity
06-12 21:55:25.108 726 726 W installd: Ignoring /data/data/com.android.webview/lib with unexpected GID 0 instead of 10178
06-12 21:55:25.176 1154 1154 I system_server: Explicit concurrent copying GC freed 33691(1342KB) AllocSpace objects, 5(228KB) LOS objects, 55% free, 4853KB/10MB, paused 69us total 71.930ms
06-12 21:55:25.178 757 774 I ServiceManager: Waiting for service 'package_native' on '/dev/binder'...
06-12 21:55:25.180 1154 1154 I Watchdog: Resuming HandlerChecker: main thread for reason: packagemanagermain. Pause count: 0
06-12 21:55:25.180 1154 1154 D SystemServerTiming: StartPackageManagerService took to complete: 1623ms
06-12 21:55:25.182 1154 1154 I SystemServer: StartOtaDexOptService
06-12 21:55:25.182 1154 1154 I Watchdog: Pausing HandlerChecker: main thread for reason: moveab. Pause count: 1
06-12 21:55:25.183 1154 1154 D OTADexopt: No upgrade, skipping A/B artifacts check.
06-12 21:55:25.183 1154 1154 I Watchdog: Resuming HandlerChecker: main thread for reason: moveab. Pause count: 0
06-12 21:55:25.183 1154 1154 D SystemServerTiming: StartOtaDexOptService took to complete: 1ms
06-12 21:55:25.183 1154 1154 I SystemServer: StartUserManagerService
06-12 21:55:25.184 1154 1154 I SystemServiceManager: Starting com.android.server.pm.UserManagerService$LifeCycle
06-12 21:55:25.185 1154 1154 D SystemServerTiming: StartUserManagerService took to complete: 1ms
06-12 21:55:25.185 1154 1154 I SystemServer: InitAttributerCache
06-12 21:55:25.186 1154 1154 D SystemServerTiming: InitAttributerCache took to complete: 1ms
06-12 21:55:25.186 1154 1154 I SystemServer: SetSystemProcess
06-12 21:55:25.192 684 684 I : Waiting for sensor privacy service
06-12 21:55:25.197 592 592 I lowmemorykiller: lmkd data connection established
06-12 21:55:25.198 1154 1154 D SystemServerTiming: SetSystemProcess took to complete: 12ms
06-12 21:55:25.198 1154 1154 I SystemServer: InitWatchdog
06-12 21:55:25.200 1154 1154 D SystemServerTiming: InitWatchdog took to complete: 2ms
06-12 21:55:25.200 1154 1154 I SystemServer: StartOverlayManagerService
06-12 21:55:25.208 590 590 I : Waiting for sensor privacy service
06-12 21:55:25.290 1154 1498 D SystemServerTimingAsync: AppDataFixup took to complete: 323ms
06-12 21:55:25.291 757 774 I storaged: storaged: Start
06-12 21:55:25.458 1502 1502 I android.hardware.biometrics.fingerprint@2.0-service-marmite: Start biometrics
06-12 21:55:25.458 1502 1502 D android.hardware.biometrics.fingerprint@2.0-service-marmite: Opening fingerprint hal library...
06-12 21:55:25.459 1502 1502 D vndksupport: Loading /vendor/lib64/hw/fingerprint.msm8937.so from current namespace instead of sphal namespace.
06-12 21:55:25.660 1154 1154 D SystemServerTiming: StartOverlayManagerService took to complete: 460ms
06-12 21:55:25.661 1154 1154 I SystemServer: StartSensorPrivacyService
06-12 21:55:25.664 1154 1154 D SystemServerTiming: StartSensorPrivacyService took to complete: 3ms
06-12 21:55:25.665 1154 1154 I SystemServer: StartBatteryService
06-12 21:55:25.665 1154 1154 I SystemServiceManager: Starting com.android.server.BatteryService
06-12 21:55:25.668 1154 1506 D SystemServerInitThreadPool: Started executing StartSensorService
06-12 21:55:25.669 1154 1506 D SensorService: nuSensorService starting...
06-12 21:55:25.671 590 590 I SoundTriggerHalHidl: getProperties res implementor
06-12 21:55:25.671 590 590 I SoundTriggerHalHidl: getProperties ret -19
06-12 21:55:25.671 590 590 E SoundTriggerHwService: could not read implementation properties
06-12 21:55:25.673 412 412 I hwservicemanager: getTransport: Cannot find entry android.hardware.sensors@2.0::ISensors/default in either framework or device manifest.
06-12 21:55:25.675 555 555 W qti_sensors_hal: sensors_get_sensors_list: handle 59 is not registered!
06-12 21:55:25.675 555 555 W qti_sensors_hal: sensors_get_sensors_list: handle 60 is not registered!
06-12 21:55:25.675 555 555 W qti_sensors_hal: sensors_get_sensors_list: handle 3 is not registered!
06-12 21:55:25.675 555 555 W qti_sensors_hal: sensors_get_sensors_list: handle 9 is not registered!
06-12 21:55:25.675 555 555 W qti_sensors_hal: sensors_get_sensors_list: handle 4 is not registered!
06-12 21:55:25.675 555 555 W qti_sensors_hal: sensors_get_sensors_list: handle 10 is not registered!
06-12 21:55:25.675 555 555 W qti_sensors_hal: sensors_get_sensors_list: handle 16 is not registered!
06-12 21:55:25.675 555 555 W qti_sensors_hal: sensors_get_sensors_list: handle 84 is not registered!
06-12 21:55:25.675 555 555 W qti_sensors_hal: sensors_get_sensors_list: handle 85 is not registered!
06-12 21:55:25.676 555 555 W qti_sensors_hal: sensors_get_sensors_list: handle 25 is not registered!
06-12 21:55:25.676 555 555 W qti_sensors_hal: sensors_get_sensors_list: handle 30 is not registered!
06-12 21:55:25.676 555 555 W qti_sensors_hal: sensors_get_sensors_list: handle 26 is not registered!
06-12 21:55:25.676 555 555 W qti_sensors_hal: sensors_get_sensors_list: handle 31 is not registered!
06-12 21:55:25.676 555 555 W qti_sensors_hal: sensors_get_sensors_list: handle 34 is not registered!
06-12 21:55:25.676 555 555 W qti_sensors_hal: sensors_get_sensors_list: handle 58 is not registered!
06-12 21:55:25.676 555 555 W qti_sensors_hal: sensors_get_sensors_list: handle 65 is not registered!
06-12 21:55:25.676 555 555 W qti_sensors_hal: sensors_get_sensors_list: handle 67 is not registered!
06-12 21:55:25.676 555 555 W qti_sensors_hal: sensors_get_sensors_list: handle 71 is not registered!
06-12 21:55:25.676 555 555 W qti_sensors_hal: sensors_get_sensors_list: handle 73 is not registered!
06-12 21:55:25.676 555 555 W qti_sensors_hal: sensors_get_sensors_list: handle 74 is not registered!
06-12 21:55:25.676 555 555 W qti_sensors_hal: sensors_get_sensors_list: handle 79 is not registered!
06-12 21:55:25.676 555 555 W qti_sensors_hal: sensors_get_sensors_list: handle 86 is not registered!
06-12 21:55:25.676 555 555 W qti_sensors_hal: sensors_get_sensors_list: handle 87 is not registered!
06-12 21:55:25.676 555 555 W qti_sensors_hal: sensors_get_sensors_list: handle 88 is not registered!
06-12 21:55:25.676 555 555 W qti_sensors_hal: sensors_get_sensors_list: handle 5 is not registered!
06-12 21:55:25.676 555 555 W qti_sensors_hal: sensors_get_sensors_list: handle 6 is not registered!
06-12 21:55:25.676 555 555 W qti_sensors_hal: sensors_get_sensors_list: handle 7 is not registered!
06-12 21:55:25.676 555 555 W qti_sensors_hal: sensors_get_sensors_list: handle 8 is not registered!
06-12 21:55:25.676 555 555 W qti_sensors_hal: sensors_get_sensors_list: handle 27 is not registered!
06-12 21:55:25.676 555 555 W qti_sensors_hal: sensors_get_sensors_list: handle 28 is not registered!
06-12 21:55:25.676 555 555 W qti_sensors_hal: sensors_get_sensors_list: handle 29 is not registered!
06-12 21:55:25.676 555 555 W qti_sensors_hal: sensors_get_sensors_list: handle 39 is not registered!
06-12 21:55:25.676 555 555 W qti_sensors_hal: sensors_get_sensors_list: handle 40 is not registered!
06-12 21:55:25.676 555 555 W qti_sensors_hal: sensors_get_sensors_list: handle 43 is not registered!
06-12 21:55:25.676 555 555 W qti_sensors_hal: sensors_get_sensors_list: handle 46 is not registered!
06-12 21:55:25.676 555 555 W qti_sensors_hal: sensors_get_sensors_list: handle 48 is not registered!
06-12 21:55:25.676 555 555 W qti_sensors_hal: sensors_get_sensors_list: handle 49 is not registered!
06-12 21:55:25.676 555 555 W qti_sensors_hal: sensors_get_sensors_list: handle 53 is not registered!
06-12 21:55:25.676 555 555 W qti_sensors_hal: sensors_get_sensors_list: handle 13 is not registered!
06-12 21:55:25.676 555 555 W qti_sensors_hal: sensors_get_sensors_list: handle 14 is not registered!
06-12 21:55:25.676 555 555 W qti_sensors_hal: sensors_get_sensors_list: handle 15 is not registered!
06-12 21:55:25.676 555 555 W qti_sensors_hal: sensors_get_sensors_list: handle 17 is not registered!
06-12 21:55:25.676 555 555 W qti_sensors_hal: sensors_get_sensors_list: handle 66 is not registered!
06-12 21:55:25.676 555 555 W qti_sensors_hal: sensors_get_sensors_list: handle 18 is not registered!
06-12 21:55:25.676 555 555 W qti_sensors_hal: sensors_get_sensors_list: handle 19 is not registered!
06-12 21:55:25.676 555 555 W qti_sensors_hal: sensors_get_sensors_list: handle 20 is not registered!
06-12 21:55:25.676 555 555 W qti_sensors_hal: sensors_get_sensors_list: handle 68 is not registered!
06-12 21:55:25.676 555 555 W qti_sensors_hal: sensors_get_sensors_list: handle 69 is not registered!
06-12 21:55:25.676 555 555 W qti_sensors_hal: sensors_get_sensors_list: handle 70 is not registered!
06-12 21:55:25.676 555 555 W qti_sensors_hal: sensors_get_sensors_list: handle 72 is not registered!
06-12 21:55:25.679 684 684 I ServiceManagement: Registered android.frameworks.cameraservice.service@2.0::ICameraService/default (start delay of 5720ms)
06-12 21:55:25.679 684 684 I CameraService: CameraService pinged cameraservice proxy
06-12 21:55:25.680 684 684 I cameraserver: ServiceManager: 0xea71e1a0 done instantiate
06-12 21:55:25.681 555 555 E : IGNORED register_direct_channel(mem=0x0, handle=-1) call to non-API-compliant sensor
06-12 21:55:25.686 1154 1510 D SensorService: nuSensorService thread starting...
06-12 21:55:25.687 1154 1509 D SensorService: new thread SensorEventAckReceiver
06-12 21:55:25.688 1154 1506 D SystemServerTimingAsync: StartSensorService took to complete: 20ms
06-12 21:55:25.688 1154 1506 D SystemServerInitThreadPool: Finished executing StartSensorService
06-12 21:55:25.693 1154 1154 I android_os_HwBinder: HwBinder: Starting thread pool for getting: android.hardware.health@2.0::IHealth/default
06-12 21:55:25.695 1502 1502 D FingerGoodix: fpcode, fingerprint_open(), merged
06-12 21:55:25.696 1502 1502 D FingerGoodix: fingerprint open
06-12 21:55:25.696 1502 1502 D FingerGoodix: Max fp number: 8
06-12 21:55:25.696 1502 1502 D FingerGoodix: fpcode, loadFingerPrintPlatformDataIfNeed(), gFPExtDataFilePath=''
06-12 21:55:25.696 1502 1502 E FingerGoodix: fpcode, loadFingerPrintPlatformData(), gFPExtDataFilePath need init first!
06-12 21:55:25.696 1502 1502 D FingerGoodix: fpcode, set_active_group_to_channel(0, '/data/system/users/0/fpdata/')
06-12 21:55:25.696 1502 1511 D FingerGoodix: fpcode, listenerFunction(0x7173e5d280)
06-12 21:55:25.696 1502 1502 D FingerGoodix: fpcode, data dir exist.
06-12 21:55:25.696 1502 1511 D FingerGoodix: fpcode, recv_fp_scan_data(0x71703fec80)
06-12 21:55:25.696 1502 1502 D FingerGoodix: fpcode, loadFingerPrintPlatformDataIfNeed(), gFPExtDataFilePath='/data/system/users/0/fpdata/fpdb'
06-12 21:55:25.696 1502 1511 D FingerGoodix: fpcode, recv_fp_scan_data(), receiving
06-12 21:55:25.696 1502 1502 D FingerGoodix: fpcode, loadFingerPrintPlatformData(), fopen(gFPExtDataFilePath, "r") errno=2
06-12 21:55:25.696 1502 1502 D FingerGoodix: fpcode, loadFingerPrintPlatformData(), fopen(gFPExtDataFilePath, "a")=0x0, errno=2
06-12 21:55:25.696 1502 1502 D FingerGoodix: fpcode, goodix sensor need to init. merged
06-12 21:55:25.696 1502 1502 D FingerGoodix: Begin to connect FingerPrint...
06-12 21:55:25.696 1502 1502 D FingerGoodix: FingerPrint::init mstatus to OK
06-12 21:55:25.696 1502 1502 D FingerGoodix: go into FingerPrint,getFingerPrintService()
06-12 21:55:25.697 1502 1502 D FingerGoodix: go into while FingerPrint,getFingerPrintService()
06-12 21:55:25.693 1502 1502 I android.hardwar: type=1400 audit(0.0:32): avc: denied { call } for scontext=u:r:init:s0 tcontext=u:r:gx_fpd:s0 tclass=binder permissive=1
06-12 21:55:25.697 1502 1502 D FingerGoodix: Success to get FingerPrint Service
06-12 21:55:25.697 852 993 D FingerGoodix: server,connect
06-12 21:55:25.698 852 993 D FingerGoodix: finger print service is connecting,client id is 0,pid = 123
06-12 21:55:25.698 852 993 D FingerGoodix: FingerPrintService::connect X(pid 123),client is exist.
06-12 21:55:25.698 852 993 D FingerGoodix: FingerPrintService::connect client is busy, disconnect it and reset busy flag.
06-12 21:55:25.698 852 993 D FingerGoodix: Client::disconnect E (pid 123)
06-12 21:55:25.693 1502 1502 I android.hardwar: type=1400 audit(0.0:33): avc: denied { transfer } for scontext=u:r:init:s0 tcontext=u:r:gx_fpd:s0 tclass=binder permissive=1
06-12 21:55:25.698 852 993 D FingerGoodix: reset2KeyMode
06-12 21:55:25.698 852 993 D FingerGoodix: wait to prepare FpEnv
06-12 21:55:25.698 852 993 D FingerGoodix: start to prepare FpEnv
06-12 21:55:25.698 852 993 D FingerGoodix: prepare FpEnv, active client=0x0
06-12 21:55:25.698 852 993 D FingerGoodix: fingerprint_set_active_client()
06-12 21:55:25.698 852 993 D FingerGoodix: failed to reset2KeyMode
06-12 21:55:25.698 852 993 D FingerGoodix: fingerprint cancel wait finger command.
06-12 21:55:25.698 852 993 D FingerGoodix: device_cancel_waitfinger
06-12 21:55:25.698 852 993 D FingerGoodix: mCurStatus = 1 , nextStatus = 1
06-12 21:55:25.698 852 993 D FingerGoodix: FingerPrintService::removeClient,pid=123
06-12 21:55:25.698 852 993 D FingerGoodix: FingerPrintService, removeClient
06-12 21:55:25.698 852 993 D FingerGoodix: FingerPrintService, check binder
06-12 21:55:25.698 852 993 D FingerGoodix: found fingerprint client,remove it now
06-12 21:55:25.698 852 993 D FingerGoodix: Client::~Client X (pid 123)
06-12 21:55:25.698 852 993 D FingerGoodix: FingerPrintService::connect X(pid 123),client is exist. but not same
06-12 21:55:25.698 852 993 D FingerGoodix: FingerPrintService client(class:FingerPrint) is constructing,clientID = 0
06-12 21:55:25.698 852 993 D FingerGoodix: Set finger print busy flag in client construct
06-12 21:55:25.693 852 852 I Binder:852_1: type=1400 audit(0.0:34): avc: denied { transfer } for scontext=u:r:gx_fpd:s0 tcontext=u:r:init:s0 tclass=binder permissive=1
06-12 21:55:25.699 1502 1502 F libc : stack corruption detected (-fstack-protector)
06-12 21:55:25.699 1502 1502 F libc : Fatal signal 6 (SIGABRT), code -1 (SI_QUEUE) in tid 1502 (android.hardwar), pid 1502 (android.hardwar)
06-12 21:55:25.704 1154 1154 I android_os_HwBinder: HwBinder: Starting thread pool for getting: android.hidl.manager@1.0::IServiceManager/default
06-12 21:55:25.707 1154 1154 I HealthServiceWrapper: health: HealthServiceWrapper listening to instance default
06-12 21:55:25.707 1154 1154 I BatteryService: health: Waited 0ms and received the update.
06-12 21:55:25.709 1154 1513 I android_os_HwBinder: HwBinder: Starting thread pool for getting: android.hardware.health@2.0::IHealth/default
06-12 21:55:25.711 1154 1154 D SystemServerTiming: StartBatteryService took to complete: 46ms
06-12 21:55:25.711 1154 1154 I SystemServer: StartUsageService
06-12 21:55:25.711 1154 1154 I SystemServiceManager: Starting com.android.server.usage.UsageStatsService
06-12 21:55:25.721 1515 1515 I crash_dump64: type=1400 audit(0.0:35): avc: denied { ptrace } for scontext=u:r:crash_dump:s0 tcontext=u:r:init:s0 tclass=process permissive=1
06-12 21:55:25.734 1515 1515 I crash_dump64: obtaining output fd from tombstoned, type: kDebuggerdTombstone
06-12 21:55:25.735 788 788 I /system/bin/tombstoned: received crash request for pid 1502
06-12 21:55:25.736 1154 1154 I UsageStatsService: User[0] Rollover scheduled @ 2020-06-13 21:48:37(1592077717229)
06-12 21:55:25.736 1515 1515 I crash_dump64: performing dump of process 1502 (target tid = 1502)
06-12 21:55:25.736 1154 1154 D SystemServerTiming: StartUsageService took to complete: 25ms
06-12 21:55:25.737 1154 1154 I SystemServer: StartWebViewUpdateService
06-12 21:55:25.737 1154 1154 I SystemServiceManager: Starting com.android.server.webkit.WebViewUpdateService
06-12 21:55:25.742 1154 1154 D SystemServerTiming: StartWebViewUpdateService took to complete: 5ms
06-12 21:55:25.742 1154 1154 I SystemServer: StartCachedDeviceStateService
06-12 21:55:25.743 1154 1154 I SystemServiceManager: Starting com.android.server.CachedDeviceStateService
06-12 21:55:25.743 1515 1515 F DEBUG : *** *** *** *** *** *** *** *** *** *** *** *** *** *** *** ***
06-12 21:55:25.743 1515 1515 F DEBUG : crDroid Version: '6.6'
06-12 21:55:25.743 1515 1515 F DEBUG : Build fingerprint: 'Wileyfox/Swift2/marmite:8.1.0/OPM5.171019.017/38c792b31d:user/release-keys'
06-12 21:55:25.743 1154 1154 D SystemServerTiming: StartCachedDeviceStateService took to complete: 0ms
06-12 21:55:25.743 1515 1515 F DEBUG : Revision: '0'
06-12 21:55:25.743 1515 1515 F DEBUG : ABI: 'arm64'
06-12 21:55:25.743 1154 1154 I SystemServer: StartBinderCallsStatsService
06-12 21:55:25.744 1154 1154 I SystemServiceManager: Starting com.android.server.BinderCallsStatsService$LifeCycle
06-12 21:55:25.745 1515 1515 F DEBUG : Timestamp: 2020-06-12 21:55:25+0200
06-12 21:55:25.745 1515 1515 F DEBUG : pid: 1502, tid: 1502, name: android.hardwar >>> /vendor/bin/hw/android.hardware.biometrics.fingerprint@2.0-service-marmite <<<
06-12 21:55:25.745 1515 1515 F DEBUG : uid: 1000
06-12 21:55:25.745 1515 1515 F DEBUG : signal 6 (SIGABRT), code -1 (SI_QUEUE), fault addr --------
06-12 21:55:25.745 1515 1515 F DEBUG : Abort message: 'stack corruption detected (-fstack-protector)'
06-12 21:55:25.745 1515 1515 F DEBUG : x0 0000000000000000 x1 00000000000005de x2 0000000000000006 x3 0000007fcd00d070
06-12 21:55:25.746 1515 1515 F DEBUG : x4 0000000000808080 x5 0000000000808080 x6 0000000000808080 x7 8080800000000000
06-12 21:55:25.746 1515 1515 F DEBUG : x8 00000000000000f0 x9 1b4bb04326f5782a x10 0000000000000001 x11 0000000000000000
06-12 21:55:25.746 1515 1515 F DEBUG : x12 fffffff0ffffffdf x13 000000005ee3ddad x14 00295d997dcde400 x15 0000000000000070
06-12 21:55:25.746 1515 1515 F DEBUG : x16 00000071745a4cf8 x17 0000007174580c00 x18 0000007175b34000 x19 00000000000005de
06-12 21:55:25.746 1515 1515 F DEBUG : x20 00000000000005de x21 00000000ffffffff x22 0000007fcd00d200 x23 0000007fcd00d188
06-12 21:55:25.746 1515 1515 F DEBUG : x24 0000007fcd00d2d0 x25 0000007173e68740 x26 0000000000000000 x27 0000007172e25e54
06-12 21:55:25.746 1515 1515 F DEBUG : x28 0000000000000000 x29 0000007fcd00d110
06-12 21:55:25.746 1515 1515 F DEBUG : sp 0000007fcd00d050 lr 00000071745336b8 pc 00000071745336e4
06-12 21:55:25.746 1154 1154 D SystemServerTiming: StartBinderCallsStatsService took to complete: 2ms
06-12 21:55:25.746 1154 1154 I SystemServer: StartLooperStatsService
06-12 21:55:25.746 1154 1154 I SystemServiceManager: Starting com.android.server.LooperStatsService$Lifecycle
06-12 21:55:25.749 1154 1154 D SystemServerTiming: StartLooperStatsService took to complete: 3ms
06-12 21:55:25.749 1154 1154 I SystemServer: StartRollbackManagerService
06-12 21:55:25.749 1154 1154 I SystemServiceManager: Starting com.android.server.rollback.RollbackManagerService
06-12 21:55:25.749 1515 1515 F DEBUG :
06-12 21:55:25.749 1515 1515 F DEBUG : backtrace:
06-12 21:55:25.749 1515 1515 F DEBUG : #00 pc 000000000006f6e4 /apex/com.android.runtime/lib64/bionic/libc.so (abort+160) (BuildId: 308f02874a8dee87ce6f24f6c1fd93cd)
06-12 21:55:25.750 1515 1515 F DEBUG : #01 pc 00000000000bb48c /apex/com.android.runtime/lib64/bionic/libc.so (__stack_chk_fail+20) (BuildId: 308f02874a8dee87ce6f24f6c1fd93cd)
06-12 21:55:25.750 1515 1515 F DEBUG : #02 pc 0000000000015fd4 /vendor/lib64/libfp_client.so (BpFingerPrintService::connect(android::sp const&, int)+384)
06-12 21:55:25.750 1515 1515 F DEBUG : #03 pc 0000000000011c48 /vendor/lib64/libfp_client.so (android::Fp::connect(android::FpClientType)+188)
06-12 21:55:25.750 1515 1515 F DEBUG : #04 pc 000000000000a694 /vendor/lib64/hw/fingerprint.msm8937.so (goodix_sensor_init+336)
06-12 21:55:25.750 1515 1515 F DEBUG : #05 pc 000000000000a82c /vendor/lib64/hw/fingerprint.msm8937.so (goodix_sensor_set_active_group+92)
06-12 21:55:25.750 1515 1515 F DEBUG : #06 pc 0000000000006f3c /vendor/lib64/hw/fingerprint.msm8937.so
06-12 21:55:25.750 1515 1515 F DEBUG : #07 pc 0000000000003260 /vendor/bin/hw/android.hardware.biometrics.fingerprint@2.0-service-marmite (android::hardware::biometrics::fingerprint::V2_1::implementation::BiometricsFingerprint::openHal()+144) (BuildId: 540ca78e3b8f22ea3c6d9c19f747cae5)
06-12 21:55:25.750 1515 1515 F DEBUG : #08 pc 0000000000003fa8 /vendor/bin/hw/android.hardware.biometrics.fingerprint@2.0-service-marmite (android::hardware::biometrics::fingerprint::V2_1::implementation::BiometricsFingerprint::getInstance()+84) (BuildId: 540ca78e3b8f22ea3c6d9c19f747cae5)
06-12 21:55:25.750 1515 1515 F DEBUG : #09 pc 0000000000003084 /vendor/bin/hw/android.hardware.biometrics.fingerprint@2.0-service-marmite (main+52) (BuildId: 540ca78e3b8f22ea3c6d9c19f747cae5)
06-12 21:55:25.750 1515 1515 F DEBUG : #10 pc 000000000006a834 /apex/com.android.runtime/lib64/bionic/libc.so (__libc_init+108) (BuildId: 308f02874a8dee87ce6f24f6c1fd93cd)
06-12 21:55:25.752 726 726 D installd: Found quota mount /dev/block/bootdevice/by-name/userdata at /data
06-12 21:55:25.758 854 854 I MSM-irqbalance: Discovered a new IRQ: 180
06-12 21:55:25.758 1154 1154 D SystemServerTiming: StartRollbackManagerService took to complete: 9ms
06-12 21:55:25.758 1154 1154 I SystemServer: StartBugreportManagerService
06-12 21:55:25.759 1154 1154 I SystemServiceManager: Starting com.android.server.os.BugreportManagerService
06-12 21:55:25.759 854 854 I MSM-irqbalance: Discovered a new IRQ: 279
06-12 21:55:25.760 1154 1154 D SystemServerTiming: StartBugreportManagerService took to complete: 1ms
06-12 21:55:25.760 1154 1154 I SystemServer: GpuService
06-12 21:55:25.760 1154 1154 I SystemServiceManager: Starting com.android.server.gpu.GpuService
06-12 21:55:25.761 1154 1154 D SystemServerTiming: GpuService took to complete: 1ms
06-12 21:55:25.761 854 854 E MSM-irqbalance: __set_smp_affinity: Unable to open /proc/irq/6/smp_affinity
06-12 21:55:25.761 854 854 E MSM-irqbalance: get_smp_affinity: Unable to open /proc/irq/6/smp_affinity
06-12 21:55:25.761 854 854 E MSM-irqbalance: Unable to set SMP affinity
06-12 21:55:25.761 1154 1154 I SystemServer: StartKeyAttestationApplicationIdProviderService
06-12 21:55:25.762 1154 1520 D SystemServerInitThreadPool: Started executing SecondaryZygotePreload
06-12 21:55:25.762 1154 1520 I SystemServer: SecondaryZygotePreload
06-12 21:55:25.763 1154 1154 D SystemServerTiming: StartKeyAttestationApplicationIdProviderService took to complete: 2ms
06-12 21:55:25.763 1154 1154 I SystemServer: StartKeyChainSystemService
06-12 21:55:25.763 1154 1154 I SystemServiceManager: Starting com.android.server.security.KeyChainSystemService
06-12 21:55:25.763 1154 1154 D SystemServerTiming: StartKeyChainSystemService took to complete: 0ms
06-12 21:55:25.764 1154 1154 I SystemServer: StartSchedulingPolicyService
06-12 21:55:25.765 1154 1521 D SystemServerInitThreadPool: Started executing SchedulingPolicyService.
06-12 21:55:25.766 1154 1154 D SystemServerTiming: StartSchedulingPolicyService took to complete: 2ms
06-12 21:55:25.766 1154 1154 I SystemServer: StartTelecomLoaderService
06-12 21:55:25.766 1154 1154 I SystemServiceManager: Starting com.android.server.telecom.TelecomLoaderService
06-12 21:55:25.766 1154 1154 D SystemServerTiming: StartTelecomLoaderService took to complete: 0ms
06-12 21:55:25.767 1154 1154 I SystemServer: StartTelephonyRegistry
06-12 21:55:25.769 1154 1154 D SystemServerTiming: StartTelephonyRegistry took to complete: 2ms
06-12 21:55:25.769 1154 1154 I SystemServer: StartEntropyMixer
06-12 21:55:25.774 1154 1154 I EntropyMixer: Added HW RNG output to entropy pool
06-12 21:55:25.775 1154 1154 I EntropyMixer: Writing entropy...
06-12 21:55:25.777 1515 1515 I crash_dump64: type=1400 audit(0.0:36): avc: denied { ptrace } for scontext=u:r:crash_dump:s0 tcontext=u:r:init:s0 tclass=process permissive=1
06-12 21:55:25.783 1154 1154 D SystemServerTiming: StartEntropyMixer took to complete: 14ms
06-12 21:55:25.783 1154 1154 I SystemServer: StartAccountManagerService
06-12 21:55:25.784 1154 1154 I SystemServiceManager: Starting com.android.server.accounts.AccountManagerService$Lifecycle
06-12 21:55:25.792 1154 1154 D SystemServerTiming: StartAccountManagerService took to complete: 9ms
06-12 21:55:25.792 1154 1154 I SystemServer: StartContentService
06-12 21:55:25.793 1154 1154 I SystemServiceManager: Starting com.android.server.content.ContentService$Lifecycle
06-12 21:55:25.795 1154 1521 I SchedulingPolicyService: Moving 773 back to group default
06-12 21:55:25.796 1154 1154 D SystemServerTiming: StartContentService took to complete: 4ms
06-12 21:55:25.797 1154 1154 I SystemServer: InstallSystemProviders
06-12 21:55:25.797 1154 1521 D SystemServerInitThreadPool: Finished executing SchedulingPolicyService.
06-12 21:55:25.828 480 480 I Zygote : Lazily preloading resources.
06-12 21:55:25.828 480 480 D Zygote : begin preload
06-12 21:55:25.828 480 480 I Zygote : Calling ZygoteHooks.beginPreload()
06-12 21:55:25.835 1154 1154 I SettingsState: No settings state /data/system/users/0/settings_config.xml
06-12 21:55:25.837 1154 1154 I SettingsState: directory info for directory/file /data/system/users/0/settings_config.xml with stacktrace
06-12 21:55:25.837 1154 1154 I SettingsState: java.lang.Exception
06-12 21:55:25.837 1154 1154 I SettingsState: at com.android.providers.settings.SettingsState.logSettingsDirectoryInformation(SettingsState.java:753)
06-12 21:55:25.837 1154 1154 I SettingsState: at com.android.providers.settings.SettingsState.readStateSyncLocked(SettingsState.java:852)
06-12 21:55:25.837 1154 1154 I SettingsState: at com.android.providers.settings.SettingsState.(SettingsState.java:277)
06-12 21:55:25.837 1154 1154 I SettingsState: at com.android.providers.settings.SettingsProvider$SettingsRegistry.ensureSettingsStateLocked(SettingsProvider.java:2606)
06-12 21:55:25.837 1154 1154 I SettingsState: at com.android.providers.settings.SettingsProvider$SettingsRegistry.ensureSettingsForUserLocked(SettingsProvider.java:2571)
06-12 21:55:25.837 1154 1154 I SettingsState: at com.android.providers.settings.SettingsProvider$SettingsRegistry.peekSettingsStateLocked(SettingsProvider.java:2884)
06-12 21:55:25.837 1154 1154 I SettingsState: at com.android.providers.settings.SettingsProvider$SettingsRegistry.getSettingsNamesLocked(SettingsProvider.java:2536)
06-12 21:55:25.837 1154 1154 I SettingsState: at com.android.providers.settings.SettingsProvider$SettingsRegistry.syncSsaidTableOnStart(SettingsProvider.java:2518)
06-12 21:55:25.837 1154 1154 I SettingsState: at com.android.providers.settings.SettingsProvider$SettingsRegistry.(SettingsProvider.java:2414)
06-12 21:55:25.837 1154 1154 I SettingsState: at com.android.providers.settings.SettingsProvider.onCreate(SettingsProvider.java:332)
06-12 21:55:25.837 1154 1154 I SettingsState: at android.content.ContentProvider.attachInfo(ContentProvider.java:2092)
06-12 21:55:25.837 1154 1154 I SettingsState: at android.content.ContentProvider.attachInfo(ContentProvider.java:2066)
06-12 21:55:25.837 1154 1154 I SettingsState: at android.app.ActivityThread.installProvider(ActivityThread.java:6983)
06-12 21:55:25.837 1154 1154 I SettingsState: at android.app.ActivityThread.installContentProviders(ActivityThread.java:6528)
06-12 21:55:25.837 1154 1154 I SettingsState: at android.app.ActivityThread.installSystemProviders(ActivityThread.java:7169)
06-12 21:55:25.837 1154 1154 I SettingsState: at com.android.server.am.ActivityManagerService.installSystemProviders(ActivityManagerService.java:7595)
06-12 21:55:25.837 1154 1154 I SettingsState: at com.android.server.SystemServer.startOtherServices(SystemServer.java:1010)
06-12 21:55:25.837 1154 1154 I SettingsState: at com.android.server.SystemServer.run(SystemServer.java:537)
06-12 21:55:25.837 1154 1154 I SettingsState: at com.android.server.SystemServer.main(SystemServer.java:364)
06-12 21:55:25.837 1154 1154 I SettingsState: at java.lang.reflect.Method.invoke(Native Method)
06-12 21:55:25.837 1154 1154 I SettingsState: at com.android.internal.os.RuntimeInit$MethodAndArgsCaller.run(RuntimeInit.java:493)
06-12 21:55:25.837 1154 1154 I SettingsState: at com.android.internal.os.ZygoteInit.main(ZygoteInit.java:908)
06-12 21:55:25.838 1154 1154 I SettingsState: ancestor directory /data/system/users/0 exists
06-12 21:55:25.838 1154 1154 I SettingsState: ancestor directory /data/system/users/0 permissions: r: true w: true x: true
06-12 21:55:25.838 1154 1154 I SettingsState: ancestor's parent directory /data/system/users permissions: r: true w: true x: true
06-12 21:55:25.847 480 480 D ZygoteInitTiming_lazy: BeginPreload took to complete: 19ms
06-12 21:55:25.848 480 480 I Zygote : Preloading classes...
06-12 21:55:25.851 480 480 W Zygote : Class not found for preloading: android.app.-$$Lambda$ActivityThread$ZXDWm3IBeFmLnFVblhB-IOZCr9o
06-12 21:55:25.854 1154 1154 I SettingsState: No settings state /data/system/users/0/settings_ssaid.xml
06-12 21:55:25.854 1154 1154 I SettingsState: directory info for directory/file /data/system/users/0/settings_ssaid.xml with stacktrace
06-12 21:55:25.854 1154 1154 I SettingsState: java.lang.Exception
06-12 21:55:25.854 1154 1154 I SettingsState: at com.android.providers.settings.SettingsState.logSettingsDirectoryInformation(SettingsState.java:753)
06-12 21:55:25.854 1154 1154 I SettingsState: at com.android.providers.settings.SettingsState.readStateSyncLocked(SettingsState.java:852)
06-12 21:55:25.854 1154 1154 I SettingsState: at com.android.providers.settings.SettingsState.(SettingsState.java:277)
06-12 21:55:25.854 1154 1154 I SettingsState: at com.android.providers.settings.SettingsProvider$SettingsRegistry.ensureSettingsStateLocked(SettingsProvider.java:2606)
06-12 21:55:25.854 1154 1154 I SettingsState: at com.android.providers.settings.SettingsProvider$SettingsRegistry.ensureSettingsForUserLocked(SettingsProvider.java:2594)
06-12 21:55:25.854 1154 1154 I SettingsState: at com.android.providers.settings.SettingsProvider$SettingsRegistry.peekSettingsStateLocked(SettingsProvider.java:2884)
06-12 21:55:25.854 1154 1154 I SettingsState: at com.android.providers.settings.SettingsProvider$SettingsRegistry.getSettingsNamesLocked(SettingsProvider.java:2536)
