06-12 21:55:30.374 1154 1154 D MediaSessionService: Global priority session is changed from null to com.android.server.telecom/HeadsetMediaButton (userId=0)
06-12 21:55:30.377 1958 1958 D TelephonyProvider: dbh.onOpen: ok, queried table=siminfo
06-12 21:55:30.377 1958 1958 D TelephonyProvider: dbh.onOpen: ok, queried table=carriers
06-12 21:55:30.377 412 412 I hwservicemanager: getTransport: Cannot find entry android.hardware.graphics.mapper@3.0::IMapper/default in either framework or device manifest.
06-12 21:55:30.378 1978 2035 W Gralloc3: mapper 3.x is not supported
06-12 21:55:30.382 1154 1154 D AutofillManagerService: Restriction did not change for user 0
06-12 21:55:30.384 1154 1154 I ExplicitHealthCheckController: Explicit health check service is connected ComponentInfo{android.ext.services/android.ext.services.watchdog.ExplicitHealthCheckServiceImpl}
06-12 21:55:30.385 1154 1154 I ExplicitHealthCheckController: Service initialized, syncing requests
06-12 21:55:30.388 1154 1154 V NotificationAssistants: 0 notification assistant service connected: ComponentInfo{android.ext.services/android.ext.services.notification.Assistant}
06-12 21:55:30.391 1154 1556 D NotificationSQLiteLog: Pruned event entries: 0
06-12 21:55:30.392 1154 1154 W Looper : Drained
06-12 21:55:30.392 1154 1154 D PackageWatchdog: Getting all observed packages pending health checks
06-12 21:55:30.392 1154 1154 I PackageWatchdog: Syncing health check requests for packages: {}
06-12 21:55:30.392 1154 1154 D ExplicitHealthCheckController: Getting health check supported packages
06-12 21:55:30.397 1154 1635 I ExplicitHealthCheckController: Explicit health check supported packages [PackageConfig{com.android.networkstack, 3600000}]
06-12 21:55:30.397 1154 1635 D PackageWatchdog: Received supported packages [PackageConfig{com.android.networkstack, 3600000}]
06-12 21:55:30.398 1154 1635 D ExplicitHealthCheckController: Getting health check requested packages
06-12 21:55:30.399 2005 2058 D ExtAssistant: File doesn't exist or isn't readable yet
06-12 21:55:30.399 1154 1635 I ExplicitHealthCheckController: Explicit health check requested packages []
06-12 21:55:30.400 1154 1635 I ExplicitHealthCheckController: No more health check requests, unbinding...
06-12 21:55:30.404 1154 1635 I ExplicitHealthCheckController: Explicit health check service is unbound
06-12 21:55:30.428 1154 1182 W KeyguardServiceDelegate: onScreenTurningOn(): no keyguard service!
06-12 21:55:30.429 1154 1181 I DropBoxManagerService: add tag=system_app_strictmode isTagEnabled=true flags=0x2
06-12 21:55:30.429 479 479 D Zygote : Forked child process 2063
06-12 21:55:30.434 1154 1187 I ActivityTaskManager: Displayed com.android.settings/.FallbackHome: +798ms
06-12 21:55:30.436 2063 2063 I Zygote : seccomp disabled by setenforce 0
06-12 21:55:30.442 1154 1181 I DropBoxManagerService: add tag=system_app_strictmode isTagEnabled=true flags=0x2
06-12 21:55:30.444 1154 1189 I ActivityManager: Start proc 2063:com.android.inputmethod.latin/u0a183 for service {com.android.inputmethod.latin/com.android.inputmethod.latin.LatinIME}
06-12 21:55:30.451 1593 2049 I bt_core_module: module_start_up Started module "controller_module"
06-12 21:55:30.451 1593 2049 I bt_stack: [INFO:message_loop_thread.cc(196)] Run: message loop finished for thread bt_module_lifecycle_thread
06-12 21:55:30.452 1593 2047 W bt_btm : btm_decode_ext_features_page: feature page 1 ignored
06-12 21:55:30.452 1593 2047 W bt_btm : btm_decode_ext_features_page: feature page 2 ignored
06-12 21:55:30.452 1593 2047 I bt_stack: [INFO:message_loop_thread.cc(87)] ShutDown: thread bt_module_lifecycle_thread(-1) is already stopped
06-12 21:55:30.452 1593 2048 I bt_btm_sec: BTM_SecRegister p_cb_info->p_le_callback == 0x0x71c57ad944
06-12 21:55:30.452 1593 2048 I bt_btm_sec: BTM_SecRegister btm_cb.api.p_le_callback = 0x0x71c57ad944
06-12 21:55:30.452 1593 2048 I bt_stack: [INFO:gatt_api.cc(946)] GATT_Register 2fbefb11-4ebb-224b-9f9a-5e0c197ad263
06-12 21:55:30.452 1593 2048 I bt_stack: [INFO:gatt_api.cc(966)] allocated gatt_if=3
06-12 21:55:30.455 1154 1192 E BatteryExternalStatsWorker: no controller energy info supplied for bluetooth
06-12 21:55:30.455 1154 1192 E BatteryExternalStatsWorker: no controller energy info supplied for telephony
06-12 21:55:30.461 1593 2048 I bt_stack: [INFO:ble_advertiser_hci_interface.cc(769)] VSC advertising will be in use
06-12 21:55:30.461 1593 2048 I bt_stack: [INFO:ble_advertiser_hci_interface.cc(278)] QuirkAdvertiserZeroHandle in use
06-12 21:55:30.463 1154 1192 W KernelCpuProcStringReader: File not found. It's normal if not implemented: /proc/uid_concurrent_active_time
06-12 21:55:30.463 1154 1192 W KernelCpuProcStringReader: File not found. It's normal if not implemented: /proc/uid_concurrent_policy_time
06-12 21:55:30.466 2063 2063 W putmethod.lati: Core platform API violation: Ljava/lang/reflect/Field;->accessFlags:I from Landroid/os/Build; using reflection
06-12 21:55:30.470 2067 2067 I android.hardware.biometrics.fingerprint@2.0-service-marmite: Start biometrics
06-12 21:55:30.470 2067 2067 D android.hardware.biometrics.fingerprint@2.0-service-marmite: Opening fingerprint hal library...
06-12 21:55:30.471 2067 2067 D vndksupport: Loading /vendor/lib64/hw/fingerprint.msm8937.so from current namespace instead of sphal namespace.
06-12 21:55:30.487 1593 1681 D AdapterProperties: BT_PROPERTY_LOCAL_LE_FEATURES: update from BT controller mNumOfAdvertisementInstancesSupported = 10 mRpaOffloadSupported = true mNumOfOffloadedIrkSupported = 8 mNumOfOffloadedScanFilterSupported = 16 mOffloadedScanResultStorageBytes= 10240 mIsActivityAndEnergyReporting = true mVersSupported = 96 mTotNumOfTrackableAdv = 32 mIsExtendedScanSupported = true mIsDebugLogSupported = false mIsLe2MPhySupported = false mIsLeCodedPhySupported = false mIsLeExtendedAdvertisingSupported = false mIsLePeriodicAdvertisingSupported = false mLeMaximumAdvertisingDataLength = 31
06-12 21:55:30.488 1593 1681 E bt_btif_storage: btif_storage_get_adapter_property: Controller ready!
06-12 21:55:30.488 1593 1681 I bt_btif_storage: btif_storage_get_adapter_property service_mask:0x20000000
06-12 21:55:30.489 1593 1681 D AdapterProperties: Address is:F6:D0:04:05:35:59
06-12 21:55:30.492 1593 1681 D AdapterProperties: Name is: Swift 2 X
06-12 21:55:30.494 1593 1681 D AdapterProperties: Scan Mode:20
06-12 21:55:30.494 1154 1154 D BluetoothManagerService: Bluetooth Adapter address changed to F6:D0:04:05:35:59
06-12 21:55:30.494 1593 1681 D AdapterProperties: Discoverable Timeout:120
06-12 21:55:30.494 1593 1681 I bt_stack: [INFO:btif_bqr.cc(210)] EnableBtQualityReport: is_enable: true
06-12 21:55:30.494 1593 1681 W bt_stack: [WARNING:btif_bqr.cc(218)] EnableBtQualityReport: Bluetooth Quality Report is disabled. bqr_prop_evtmask: , bqr_prop_interval_ms:
06-12 21:55:30.494 1154 1154 D BluetoothManagerService: Stored Bluetoothaddress: F6:D0:04:05:35:59
06-12 21:55:30.494 1593 1681 I bt_btif_core: btif_enable_bluetooth_evt entered: status 0
06-12 21:55:30.495 1154 1154 D BluetoothManagerService: Bluetooth Adapter name changed to Swift 2 X
06-12 21:55:30.495 1154 1154 D BluetoothManagerService: Stored Bluetooth name: Swift 2 X
06-12 21:55:30.496 1593 2088 I bt_osi_thread: run_thread: thread id 2088, thread name btif_sock started
06-12 21:55:30.499 2063 2063 D ApplicationLoaders: Returning zygote-cached class loader: /system/framework/android.hidl.base-V1.0-java.jar
06-12 21:55:30.499 2063 2063 D ApplicationLoaders: Returning zygote-cached class loader: /system/framework/android.hidl.manager-V1.0-java.jar
06-12 21:55:30.499 2063 2063 D ApplicationLoaders: Returning zygote-cached class loader: /system/framework/android.hidl.base-V1.0-java.jar
06-12 21:55:30.501 1593 1681 D bt_bte_conf: Device ID record 1 : primary
06-12 21:55:30.501 1593 1681 D bt_bte_conf: vendorId = 00e0
06-12 21:55:30.502 1593 1681 D bt_bte_conf: vendorIdSource = 0001
06-12 21:55:30.502 1593 1681 D bt_bte_conf: product = 1200
06-12 21:55:30.502 1593 1681 D bt_bte_conf: version = 1436
06-12 21:55:30.502 1593 1681 D bt_bte_conf: clientExecutableURL =
06-12 21:55:30.502 1593 1681 D bt_bte_conf: serviceDescription =
06-12 21:55:30.502 1593 1681 D bt_bte_conf: documentationURL =
06-12 21:55:30.502 1593 1681 D bt_bte_conf: bte_load_did_conf no section named DID2.
06-12 21:55:30.502 1593 1681 I bt_btif_core: btif_enable_bluetooth_evt finished
06-12 21:55:30.502 1593 1657 I bt_stack_manager: event_start_up_stack finished
06-12 21:55:30.508 1593 1655 I AdapterState: BLE_ON : entered
06-12 21:55:30.509 1593 1655 D AdapterProperties: Setting state to BLE_ON
06-12 21:55:30.509 1593 1655 D BluetoothAdapterService: updateAdapterState() - Broadcasting state BLE_ON to 1 receivers.
06-12 21:55:30.509 1154 1181 D BluetoothManagerService: MESSAGE_BLUETOOTH_STATE_CHANGE: BLE_TURNING_ON > BLE_ON
06-12 21:55:30.509 1154 1181 D BluetoothManagerService: Bluetooth is in LE only mode
06-12 21:55:30.509 1154 1181 D BluetoothManagerService: Binding Bluetooth GATT service
06-12 21:55:30.510 1154 1181 D BluetoothManagerService: Sending BLE State Change: BLE_TURNING_ON > BLE_ON
06-12 21:55:30.511 1154 1154 D BluetoothManagerService: BluetoothServiceConnection: com.android.bluetooth.gatt.GattService
06-12 21:55:30.511 1154 1181 D BluetoothManagerService: MESSAGE_BLUETOOTH_SERVICE_CONNECTED: 2
06-12 21:55:30.511 1154 1181 D BluetoothManagerService: continueFromBleOnState()
06-12 21:55:30.512 1154 1181 D BluetoothManagerService: Persisting Bluetooth Setting: 1
06-12 21:55:30.512 1593 1655 I AdapterState: TURNING_ON : entered
06-12 21:55:30.512 1593 1655 D AdapterProperties: Setting state to TURNING_ON
06-12 21:55:30.512 1593 1655 D BluetoothAdapterService: updateAdapterState() - Broadcasting state TURNING_ON to 1 receivers.
06-12 21:55:30.513 1154 1181 D BluetoothManagerService: MESSAGE_BLUETOOTH_STATE_CHANGE: BLE_ON > TURNING_ON
06-12 21:55:30.513 1154 1181 D BluetoothManagerService: Sending BLE State Change: BLE_ON > TURNING_ON
06-12 21:55:30.513 1593 1655 D BluetoothAdapterService: startCoreServices()
06-12 21:55:30.516 1593 1593 I HeadsetService: create()
06-12 21:55:30.517 1593 1593 D BluetoothAdapterService: getAdapterService() - returning com.android.bluetooth.btservice.AdapterService@6f29a31
06-12 21:55:30.521 1593 1593 I HeadsetService: start()
06-12 21:55:30.521 1593 1593 D BluetoothAdapterService: getAdapterService() - returning com.android.bluetooth.btservice.AdapterService@6f29a31
06-12 21:55:30.531 1593 1593 I BluetoothHeadsetServiceJni: classInitNative: succeeds
06-12 21:55:30.531 1593 1593 I bt_btif : get_profile_interface: id = handsfree
06-12 21:55:30.532 1593 1593 I bt_stack: [INFO:btif_hf.cc(1423)] GetInterface
06-12 21:55:30.532 1593 1681 I bt_btif_storage: btif_storage_get_adapter_property service_mask:0x20000040
06-12 21:55:30.532 1593 1681 I bt_stack: [INFO:btif_hf.cc(300)] btif_hf_upstreams_evt: AG enable/disable event 0
06-12 21:55:30.532 1593 2048 I bt_stack: [INFO:port_api.cc(227)] RFCOMM_CreateConnection: bd_addr=ff:ff:ff:ff:ff:ff, scn=2, is_server=1, mtu=256, uuid=0x1112, dlci=4, signal_state=0x0b, p_port=0x71c5800a30
06-12 21:55:30.533 1593 2048 I bt_stack: [INFO:port_api.cc(227)] RFCOMM_CreateConnection: bd_addr=ff:ff:ff:ff:ff:ff, scn=3, is_server=1, mtu=256, uuid=0x111f, dlci=6, signal_state=0x0b, p_port=0x71c5800ae8
06-12 21:55:30.533 1593 2048 I bt_stack: [INFO:port_api.cc(227)] RFCOMM_CreateConnection: bd_addr=ff:ff:ff:ff:ff:ff, scn=2, is_server=1, mtu=256, uuid=0x1112, dlci=4, signal_state=0x0b, p_port=0x71c5800ba0
06-12 21:55:30.533 1593 2048 I bt_stack: [INFO:port_api.cc(227)] RFCOMM_CreateConnection: bd_addr=ff:ff:ff:ff:ff:ff, scn=3, is_server=1, mtu=256, uuid=0x111f, dlci=6, signal_state=0x0b, p_port=0x71c5800c58
06-12 21:55:30.533 1593 2048 I bt_stack: [INFO:port_api.cc(227)] RFCOMM_CreateConnection: bd_addr=ff:ff:ff:ff:ff:ff, scn=2, is_server=1, mtu=256, uuid=0x1112, dlci=4, signal_state=0x0b, p_port=0x71c5800d10
06-12 21:55:30.533 1593 2048 I bt_stack: [INFO:port_api.cc(227)] RFCOMM_CreateConnection: bd_addr=ff:ff:ff:ff:ff:ff, scn=3, is_server=1, mtu=256, uuid=0x111f, dlci=6, signal_state=0x0b, p_port=0x71c5800dc8
06-12 21:55:30.533 1593 2048 I bt_stack: [INFO:port_api.cc(227)] RFCOMM_CreateConnection: bd_addr=ff:ff:ff:ff:ff:ff, scn=2, is_server=1, mtu=256, uuid=0x1112, dlci=4, signal_state=0x0b, p_port=0x71c5800e80
06-12 21:55:30.533 1593 2048 I bt_stack: [INFO:port_api.cc(227)] RFCOMM_CreateConnection: bd_addr=ff:ff:ff:ff:ff:ff, scn=3, is_server=1, mtu=256, uuid=0x111f, dlci=6, signal_state=0x0b, p_port=0x71c5800f38
06-12 21:55:30.534 1593 2048 I bt_stack: [INFO:port_api.cc(227)] RFCOMM_CreateConnection: bd_addr=ff:ff:ff:ff:ff:ff, scn=2, is_server=1, mtu=256, uuid=0x1112, dlci=4, signal_state=0x0b, p_port=0x71c5800ff0
06-12 21:55:30.534 1593 2048 I bt_stack: [INFO:port_api.cc(227)] RFCOMM_CreateConnection: bd_addr=ff:ff:ff:ff:ff:ff, scn=3, is_server=1, mtu=256, uuid=0x111f, dlci=6, signal_state=0x0b, p_port=0x71c58010a8
06-12 21:55:30.534 1593 2048 I bt_stack: [INFO:port_api.cc(227)] RFCOMM_CreateConnection: bd_addr=ff:ff:ff:ff:ff:ff, scn=2, is_server=1, mtu=256, uuid=0x1112, dlci=4, signal_state=0x0b, p_port=0x71c5801160
06-12 21:55:30.534 1593 2048 I bt_stack: [INFO:port_api.cc(227)] RFCOMM_CreateConnection: bd_addr=ff:ff:ff:ff:ff:ff, scn=3, is_server=1, mtu=256, uuid=0x111f, dlci=6, signal_state=0x0b, p_port=0x71c5801218
06-12 21:55:30.538 1593 1686 D BluetoothActiveDeviceManager: handleMessage(MESSAGE_ADAPTER_ACTION_STATE_CHANGED): newState=11
06-12 21:55:30.539 1593 1593 I A2dpService: create()
06-12 21:55:30.542 1154 1154 D BluetoothA2dp: Proxy object connected
06-12 21:55:30.542 1154 1154 D BluetoothA2dp: Proxy object connected
06-12 21:55:30.544 1593 1593 D BluetoothAdapterService: getAdapterService() - returning com.android.bluetooth.btservice.AdapterService@6f29a31
06-12 21:55:30.545 1593 1593 I A2dpService: start()
06-12 21:55:30.545 1593 1593 D BluetoothAdapterService: getAdapterService() - returning com.android.bluetooth.btservice.AdapterService@6f29a31
06-12 21:55:30.546 1593 1593 I BluetoothA2dpServiceJni: classInitNative: succeeds
06-12 21:55:30.546 1593 1593 I A2dpService: Max connected audio devices set to 5
06-12 21:55:30.548 1593 1593 I bt_btif : get_profile_interface: id = a2dp
06-12 21:55:30.548 1593 1593 I btif_av : bt_status_t BtifAvSource::Init(btav_source_callbacks_t *, int, const std::vector &): max_connected_audio_devices=5
06-12 21:55:30.548 1593 1593 D a2dp_codec: init
06-12 21:55:30.548 1593 1593 D a2dp_codec: createCodec: codec SBC
06-12 21:55:30.548 1593 1593 I a2dp_codec: init: updated SBC codec priority to 1001
06-12 21:55:30.548 1593 1593 D a2dp_codec: createCodec: codec AAC
06-12 21:55:30.548 1593 1593 I a2dp_codec: init: updated AAC codec priority to 2001
06-12 21:55:30.548 1593 1593 D a2dp_codec: createCodec: codec aptX
06-12 21:55:30.553 2063 2063 E JniUtils: Could not load native library jni_latinimegoogle
06-12 21:55:30.553 2063 2063 E JniUtils: java.lang.UnsatisfiedLinkError: dalvik.system.PathClassLoader[DexPathList[[zip file "/system/product/app/LatinIME/LatinIME.apk"],nativeLibraryDirectories=[/system/product/app/LatinIME/lib/arm64, /system/product/app/LatinIME/LatinIME.apk!/lib/arm64-v8a, /system/lib64, /system/product/lib64, /vendor/lib64, /system/lib64, /system/product/lib64, /vendor/lib64]]] couldn't find "libjni_latinimegoogle.so"
06-12 21:55:30.553 2063 2063 E JniUtils: at java.lang.Runtime.loadLibrary0(Runtime.java:1067)
06-12 21:55:30.553 2063 2063 E JniUtils: at java.lang.Runtime.loadLibrary0(Runtime.java:1007)
06-12 21:55:30.553 2063 2063 E JniUtils: at java.lang.System.loadLibrary(System.java:1667)
06-12 21:55:30.553 2063 2063 E JniUtils: at com.android.inputmethod.latin.utils.JniUtils.(JniUtils.java:29)
06-12 21:55:30.553 2063 2063 E JniUtils: at com.android.inputmethod.latin.utils.JniUtils.loadNativeLibrary(Unknown Source:0)
06-12 21:55:30.553 2063 2063 E JniUtils: at com.android.inputmethod.latin.LatinIME.(LatinIME.java:584)
06-12 21:55:30.553 2063 2063 E JniUtils: at java.lang.Class.newInstance(Native Method)
06-12 21:55:30.553 2063 2063 E JniUtils: at android.app.AppComponentFactory.instantiateService(AppComponentFactory.java:129)
06-12 21:55:30.553 2063 2063 E JniUtils: at androidx.core.app.CoreComponentFactory.instantiateService(CoreComponentFactory.java:66)
06-12 21:55:30.553 2063 2063 E JniUtils: at android.app.ActivityThread.handleCreateService(ActivityThread.java:3935)
06-12 21:55:30.553 2063 2063 E JniUtils: at android.app.ActivityThread.access$1500(ActivityThread.java:219)
06-12 21:55:30.553 2063 2063 E JniUtils: at android.app.ActivityThread$H.handleMessage(ActivityThread.java:1875)
06-12 21:55:30.553 2063 2063 E JniUtils: at android.os.Handler.dispatchMessage(Handler.java:107)
06-12 21:55:30.553 2063 2063 E JniUtils: at android.os.Looper.loop(Looper.java:214)
06-12 21:55:30.553 2063 2063 E JniUtils: at android.app.ActivityThread.main(ActivityThread.java:7356)
06-12 21:55:30.553 2063 2063 E JniUtils: at java.lang.reflect.Method.invoke(Native Method)
06-12 21:55:30.553 2063 2063 E JniUtils: at com.android.internal.os.RuntimeInit$MethodAndArgsCaller.run(RuntimeInit.java:493)
06-12 21:55:30.553 2063 2063 E JniUtils: at com.android.internal.os.ZygoteInit.main(ZygoteInit.java:930)
06-12 21:55:30.554 1593 1593 I a2dp_codec: init: updated aptX codec priority to 3001
06-12 21:55:30.554 1593 1593 D a2dp_codec: createCodec: codec aptX-HD
06-12 21:55:30.556 1593 1593 I a2dp_codec: init: updated aptX-HD codec priority to 4001
06-12 21:55:30.557 1593 1593 D a2dp_codec: createCodec: codec LDAC
06-12 21:55:30.564 1593 1593 I a2dp_codec: init: updated LDAC codec priority to 5001
06-12 21:55:30.564 1593 1593 D a2dp_codec: createCodec: codec SBC SINK
06-12 21:55:30.564 1593 1593 D a2dp_codec: createCodec: codec AAC SINK
06-12 21:55:30.564 1593 1593 D a2dp_codec: createCodec: codec LDAC SINK
06-12 21:55:30.566 1593 1593 E a2dp_vendor_ldac_decoder: A2DP_VendorLoadDecoderLdac: cannot open LDAC decoder library libldacBT_dec.so: dlopen failed: library "libldacBT_dec.so" not found
06-12 21:55:30.566 1593 1593 E a2dp_vendor_ldac: init: cannot load the decoder
06-12 21:55:30.566 1593 1593 I a2dp_codec: init: initialized Source codec LDAC
06-12 21:55:30.566 1593 1593 I a2dp_codec: init: initialized Source codec aptX-HD
06-12 21:55:30.566 1593 1593 I a2dp_codec: init: initialized Source codec aptX
06-12 21:55:30.566 1593 1593 I a2dp_codec: init: initialized Source codec AAC
06-12 21:55:30.566 1593 1593 I a2dp_codec: init: initialized Source codec SBC
06-12 21:55:30.566 1593 1593 I a2dp_codec: init: initialized Sink codec AAC SINK
06-12 21:55:30.566 1593 1593 I a2dp_codec: init: initialized Sink codec SBC SINK
06-12 21:55:30.566 1593 1593 D a2dp_codec: init
06-12 21:55:30.566 1593 1593 D a2dp_codec: createCodec: codec SBC
06-12 21:55:30.566 1593 1593 I a2dp_codec: init: updated SBC codec priority to 1001
06-12 21:55:30.566 1593 1593 D a2dp_codec: createCodec: codec AAC
06-12 21:55:30.566 1593 1593 I a2dp_codec: init: updated AAC codec priority to 2001
06-12 21:55:30.566 1593 1593 D a2dp_codec: createCodec: codec aptX
06-12 21:55:30.566 1593 1593 I a2dp_codec: init: updated aptX codec priority to 3001
06-12 21:55:30.566 1593 1593 D a2dp_codec: createCodec: codec aptX-HD
06-12 21:55:30.566 1593 1593 I a2dp_codec: init: updated aptX-HD codec priority to 4001
06-12 21:55:30.567 1593 1593 D a2dp_codec: createCodec: codec LDAC
06-12 21:55:30.567 1593 1593 I a2dp_codec: init: updated LDAC codec priority to 5001
06-12 21:55:30.567 1593 1593 D a2dp_codec: createCodec: codec SBC SINK
06-12 21:55:30.567 1593 1593 D a2dp_codec: createCodec: codec AAC SINK
06-12 21:55:30.567 1593 1593 D a2dp_codec: createCodec: codec LDAC SINK
06-12 21:55:30.568 1593 1593 E a2dp_vendor_ldac_decoder: A2DP_VendorLoadDecoderLdac: cannot open LDAC decoder library libldacBT_dec.so: dlopen failed: library "libldacBT_dec.so" not found
06-12 21:55:30.568 1593 1593 E a2dp_vendor_ldac: init: cannot load the decoder
06-12 21:55:30.568 1593 1593 I a2dp_codec: init: initialized Source codec LDAC
06-12 21:55:30.568 1593 1593 I a2dp_codec: init: initialized Source codec aptX-HD
06-12 21:55:30.568 1593 1593 I a2dp_codec: init: initialized Source codec aptX
06-12 21:55:30.568 1593 1593 I a2dp_codec: init: initialized Source codec AAC
06-12 21:55:30.568 1593 1593 I a2dp_codec: init: initialized Source codec SBC
06-12 21:55:30.568 1593 1593 I a2dp_codec: init: initialized Sink codec AAC SINK
06-12 21:55:30.568 1593 1593 I a2dp_codec: init: initialized Sink codec SBC SINK
06-12 21:55:30.568 1593 1593 D a2dp_codec: init
06-12 21:55:30.568 1593 1593 D a2dp_codec: createCodec: codec SBC
06-12 21:55:30.569 1593 1593 I a2dp_codec: init: updated SBC codec priority to 1001
06-12 21:55:30.569 1593 1593 D a2dp_codec: createCodec: codec AAC
06-12 21:55:30.569 1593 1593 I a2dp_codec: init: updated AAC codec priority to 2001
06-12 21:55:30.569 1593 1593 D a2dp_codec: createCodec: codec aptX
06-12 21:55:30.569 1593 1593 I a2dp_codec: init: updated aptX codec priority to 3001
06-12 21:55:30.569 1593 1593 D a2dp_codec: createCodec: codec aptX-HD
06-12 21:55:30.569 1593 1593 I a2dp_codec: init: updated aptX-HD codec priority to 4001
06-12 21:55:30.569 1593 1593 D a2dp_codec: createCodec: codec LDAC
06-12 21:55:30.569 1593 1593 I a2dp_codec: init: updated LDAC codec priority to 5001
06-12 21:55:30.569 1593 1593 D a2dp_codec: createCodec: codec SBC SINK
06-12 21:55:30.569 1593 1593 D a2dp_codec: createCodec: codec AAC SINK
06-12 21:55:30.569 1593 1593 D a2dp_codec: createCodec: codec LDAC SINK
06-12 21:55:30.570 1593 1593 E a2dp_vendor_ldac_decoder: A2DP_VendorLoadDecoderLdac: cannot open LDAC decoder library libldacBT_dec.so: dlopen failed: library "libldacBT_dec.so" not found
06-12 21:55:30.570 1593 1593 E a2dp_vendor_ldac: init: cannot load the decoder
06-12 21:55:30.570 1593 1593 I a2dp_codec: init: initialized Source codec LDAC
06-12 21:55:30.570 1593 1593 I a2dp_codec: init: initialized Source codec aptX-HD
06-12 21:55:30.570 1593 1593 I a2dp_codec: init: initialized Source codec aptX
06-12 21:55:30.570 1593 1593 I a2dp_codec: init: initialized Source codec AAC
06-12 21:55:30.570 1593 1593 I a2dp_codec: init: initialized Source codec SBC
06-12 21:55:30.570 1593 1593 I a2dp_codec: init: initialized Sink codec AAC SINK
06-12 21:55:30.570 1593 1593 I a2dp_codec: init: initialized Sink codec SBC SINK
06-12 21:55:30.570 1593 1593 D a2dp_codec: init
06-12 21:55:30.570 1593 1593 D a2dp_codec: createCodec: codec SBC
06-12 21:55:30.570 1593 1593 I a2dp_codec: init: updated SBC codec priority to 1001
06-12 21:55:30.570 1593 1593 D a2dp_codec: createCodec: codec AAC
06-12 21:55:30.570 1593 1593 I a2dp_codec: init: updated AAC codec priority to 2001
06-12 21:55:30.570 1593 1593 D a2dp_codec: createCodec: codec aptX
06-12 21:55:30.570 1593 1593 I a2dp_codec: init: updated aptX codec priority to 3001
06-12 21:55:30.570 1593 1593 D a2dp_codec: createCodec: codec aptX-HD
06-12 21:55:30.570 1593 1593 I a2dp_codec: init: updated aptX-HD codec priority to 4001
06-12 21:55:30.570 1593 1593 D a2dp_codec: createCodec: codec LDAC
06-12 21:55:30.571 1593 1593 I a2dp_codec: init: updated LDAC codec priority to 5001
06-12 21:55:30.571 1593 1593 D a2dp_codec: createCodec: codec SBC SINK
06-12 21:55:30.571 1593 1593 D a2dp_codec: createCodec: codec AAC SINK
06-12 21:55:30.571 1593 1593 D a2dp_codec: createCodec: codec LDAC SINK
06-12 21:55:30.571 2063 2063 I LatinIME: Hardware accelerated drawing: true
06-12 21:55:30.572 1593 1593 E a2dp_vendor_ldac_decoder: A2DP_VendorLoadDecoderLdac: cannot open LDAC decoder library libldacBT_dec.so: dlopen failed: library "libldacBT_dec.so" not found
06-12 21:55:30.572 1593 1593 E a2dp_vendor_ldac: init: cannot load the decoder
06-12 21:55:30.572 1593 1593 I a2dp_codec: init: initialized Source codec LDAC
06-12 21:55:30.572 1593 1593 I a2dp_codec: init: initialized Source codec aptX-HD
06-12 21:55:30.572 1593 1593 I a2dp_codec: init: initialized Source codec aptX
06-12 21:55:30.572 1593 1593 I a2dp_codec: init: initialized Source codec AAC
06-12 21:55:30.572 1593 1593 I a2dp_codec: init: initialized Source codec SBC
06-12 21:55:30.572 1593 1593 I a2dp_codec: init: initialized Sink codec AAC SINK
06-12 21:55:30.572 1593 1593 I a2dp_codec: init: initialized Sink codec SBC SINK
06-12 21:55:30.572 1593 1593 D a2dp_codec: init
06-12 21:55:30.572 1593 1593 D a2dp_codec: createCodec: codec SBC
06-12 21:55:30.572 1593 1593 I a2dp_codec: init: updated SBC codec priority to 1001
06-12 21:55:30.572 1593 1593 D a2dp_codec: createCodec: codec AAC
06-12 21:55:30.572 1593 1593 I a2dp_codec: init: updated AAC codec priority to 2001
06-12 21:55:30.572 1593 1593 D a2dp_codec: createCodec: codec aptX
06-12 21:55:30.572 1593 1593 I a2dp_codec: init: updated aptX codec priority to 3001
06-12 21:55:30.572 1593 1593 D a2dp_codec: createCodec: codec aptX-HD
06-12 21:55:30.572 1593 1593 I a2dp_codec: init: updated aptX-HD codec priority to 4001
06-12 21:55:30.572 1593 1593 D a2dp_codec: createCodec: codec LDAC
06-12 21:55:30.572 1593 1593 I a2dp_codec: init: updated LDAC codec priority to 5001
06-12 21:55:30.572 1593 1593 D a2dp_codec: createCodec: codec SBC SINK
06-12 21:55:30.572 1593 1593 D a2dp_codec: createCodec: codec AAC SINK
06-12 21:55:30.572 1593 1593 D a2dp_codec: createCodec: codec LDAC SINK
06-12 21:55:30.573 1593 1593 E a2dp_vendor_ldac_decoder: A2DP_VendorLoadDecoderLdac: cannot open LDAC decoder library libldacBT_dec.so: dlopen failed: library "libldacBT_dec.so" not found
06-12 21:55:30.573 1593 1593 E a2dp_vendor_ldac: init: cannot load the decoder
06-12 21:55:30.573 1593 1593 I a2dp_codec: init: initialized Source codec LDAC
06-12 21:55:30.573 1593 1593 I a2dp_codec: init: initialized Source codec aptX-HD
06-12 21:55:30.573 1593 1593 I a2dp_codec: init: initialized Source codec aptX
06-12 21:55:30.573 1593 1593 I a2dp_codec: init: initialized Source codec AAC
06-12 21:55:30.573 1593 1593 I a2dp_codec: init: initialized Source codec SBC
06-12 21:55:30.573 1593 1593 I a2dp_codec: init: initialized Sink codec AAC SINK
06-12 21:55:30.573 1593 1593 I a2dp_codec: init: initialized Sink codec SBC SINK
06-12 21:55:30.573 1593 1593 D a2dp_codec: init
06-12 21:55:30.574 1593 1593 D a2dp_codec: createCodec: codec SBC
06-12 21:55:30.574 1593 1593 I a2dp_codec: init: updated SBC codec priority to 1001
06-12 21:55:30.574 1593 1593 D a2dp_codec: createCodec: codec AAC
06-12 21:55:30.574 1593 1593 I a2dp_codec: init: updated AAC codec priority to 2001
06-12 21:55:30.574 1593 1593 D a2dp_codec: createCodec: codec aptX
06-12 21:55:30.574 1593 1593 I a2dp_codec: init: updated aptX codec priority to 3001
06-12 21:55:30.574 1593 1593 D a2dp_codec: createCodec: codec aptX-HD
06-12 21:55:30.574 1593 1593 I a2dp_codec: init: updated aptX-HD codec priority to 4001
06-12 21:55:30.574 1593 1593 D a2dp_codec: createCodec: codec LDAC
06-12 21:55:30.574 1593 1593 I a2dp_codec: init: updated LDAC codec priority to 5001
06-12 21:55:30.574 1593 1593 D a2dp_codec: createCodec: codec SBC SINK
06-12 21:55:30.574 1593 1593 D a2dp_codec: createCodec: codec AAC SINK
06-12 21:55:30.574 1593 1593 D a2dp_codec: createCodec: codec LDAC SINK
06-12 21:55:30.575 1593 1593 E a2dp_vendor_ldac_decoder: A2DP_VendorLoadDecoderLdac: cannot open LDAC decoder library libldacBT_dec.so: dlopen failed: library "libldacBT_dec.so" not found
06-12 21:55:30.575 1593 1593 E a2dp_vendor_ldac: init: cannot load the decoder
06-12 21:55:30.575 1593 1593 I a2dp_codec: init: initialized Source codec LDAC
06-12 21:55:30.575 1593 1593 I a2dp_codec: init: initialized Source codec aptX-HD
06-12 21:55:30.575 1593 1593 I a2dp_codec: init: initialized Source codec aptX
06-12 21:55:30.575 1593 1593 I a2dp_codec: init: initialized Source codec AAC
06-12 21:55:30.575 1593 1593 I a2dp_codec: init: initialized Source codec SBC
06-12 21:55:30.575 1593 1593 I a2dp_codec: init: initialized Sink codec AAC SINK
06-12 21:55:30.575 1593 1593 I a2dp_codec: init: initialized Sink codec SBC SINK
06-12 21:55:30.575 1593 1593 I bt_btif_a2dp_source: btif_a2dp_source_init
06-12 21:55:30.576 1593 2098 I bt_stack: [INFO:message_loop_thread.cc(175)] Run: message loop starting for thread bt_a2dp_source_worker_thread
06-12 21:55:30.577 1593 1681 I bt_btif_storage: btif_storage_get_adapter_property service_mask:0x20000048
06-12 21:55:30.577 1593 2048 I bt_bta_av: bta_av_api_register: AVRCP version used for sdp: "avrcp14"
06-12 21:55:30.577 1593 1593 D A2dpService: A2DP offload flag set to false
06-12 21:55:30.577 1593 2048 W bt_btif : bta_av_rc_create: Skipping RC creation for the old AVRCP profile
06-12 21:55:30.577 1593 2098 I bt_btif_a2dp_source: btif_a2dp_source_init_delayed
06-12 21:55:30.577 1593 2048 I bt_bta_av: bta_av_api_register: AVRCP version used for sdp: "avrcp14"
06-12 21:55:30.578 1593 2048 I chatty : uid=1002(bluetooth) bt_main_thread identical 3 lines
06-12 21:55:30.578 1593 2048 I bt_bta_av: bta_av_api_register: AVRCP version used for sdp: "avrcp14"
06-12 21:55:30.581 1958 1958 W SQLiteLog: (28) double-quoted string literal: "emergency"
06-12 21:55:30.582 1593 1593 D A2dpService: setA2dpService(): set to: com.android.bluetooth.a2dp.A2dpService@51dc07c
06-12 21:55:30.582 1593 1593 D A2dpService: setActiveDevice(null): previous is null
06-12 21:55:30.583 1593 1593 D A2dpService: updateAndBroadcastActiveDevice(null)
06-12 21:55:30.583 1958 1958 W SQLiteLog: (28) double-quoted string literal: "emergency"
06-12 21:55:30.584 1593 1593 I BluetoothHidHostServiceJni: classInitNative: succeeds
06-12 21:55:30.586 1593 1593 D BluetoothAdapterService: getAdapterService() - returning com.android.bluetooth.btservice.AdapterService@6f29a31
06-12 21:55:30.588 723 723 D incidentd: WorkDirectory::getReports
06-12 21:55:30.588 1593 1593 I bt_btif : get_profile_interface: id = hidhost
06-12 21:55:30.588 1593 1681 I bt_bta_hh: BTA_HhEnable sec_mask:0x36 p_cback:0x71c57ae130
06-12 21:55:30.589 1593 2048 I bt_stack: [INFO:gatt_api.cc(946)] GATT_Register 15d045a5-ebb9-6c61-cb37-8289a34bdc02
06-12 21:55:30.589 1593 2048 I bt_stack: [INFO:gatt_api.cc(966)] allocated gatt_if=4
06-12 21:55:30.589 1593 1593 I BluetoothPanServiceJni: classInitNative(L111): succeeds
06-12 21:55:30.589 1593 1681 I bt_btif_storage: btif_storage_get_adapter_property service_mask:0x20100048
06-12 21:55:30.591 1593 1593 D BluetoothAdapterService: getAdapterService() - returning com.android.bluetooth.btservice.AdapterService@6f29a31
06-12 21:55:30.594 1593 1593 D BluetoothPanServiceJni: initializeNative(L116): pan
06-12 21:55:30.594 1593 1593 I bt_btif : get_profile_interface: id = pan
06-12 21:55:30.595 1593 1681 D BluetoothPanServiceJni: control_state_callback(L63): state:0, local_role:3, ifname:bt-pan
06-12 21:55:30.598 1593 1593 D BluetoothAdapterService: getAdapterService() - returning com.android.bluetooth.btservice.AdapterService@6f29a31
06-12 21:55:30.600 1593 1593 D BluetoothMapService: start()
06-12 21:55:30.605 1593 1593 D BluetoothMapAccountLoader: Found 0 application(s) with intent android.bluetooth.action.BLUETOOTH_MAP_PROVIDER
06-12 21:55:30.608 1593 1593 D BluetoothMapAccountLoader: Found 0 application(s) with intent android.bluetooth.action.BLUETOOTH_MAP_IM_PROVIDER
06-12 21:55:30.608 1593 1593 D BluetoothMapAppObserver: createReceiver()
06-12 21:55:30.610 1593 1593 D BluetoothMapAppObserver: initObservers()
06-12 21:55:30.611 1593 1593 D BluetoothMapAppObserver: getEnabledAccountItems()
06-12 21:55:30.611 1593 1593 D BluetoothMapService: setBluetoothMapService(): set to: com.android.bluetooth.map.BluetoothMapService@d3cb7bd
06-12 21:55:30.616 1593 1593 D BluetoothAdapterService: getAdapterService() - returning com.android.bluetooth.btservice.AdapterService@6f29a31
06-12 21:55:30.619 1593 1593 I BluetoothHeadsetClientServiceJni: classInitNative succeeds
06-12 21:55:30.619 1593 1593 D BluetoothHeadsetClientServiceJni: initializeNative: HfpClient
06-12 21:55:30.619 1593 1593 I bt_btif : get_profile_interface: id = handsfree_client
06-12 21:55:30.623 590 725 D PermissionCache: checking android.permission.MODIFY_AUDIO_SETTINGS for uid=1002 => granted (585 us)
06-12 21:55:30.624 529 1562 D audio_hw_primary: adev_set_parameters: enter: hfp_enable=false
06-12 21:55:30.624 529 1562 E audio_hw_hfp: hfp_enable=false is unsupported
06-12 21:55:30.624 529 1562 D audio_hw_extn: audio_extn_set_anc_parameters: anc_enabled:0
06-12 21:55:30.624 529 1562 E audio_hw_hfp: hfp_enable=false is unsupported
06-12 21:55:30.624 529 1562 D audio_hw_spkr_prot: audio_extn_fbsp_set_parameters: Speaker protection disabled
06-12 21:55:30.631 1593 1681 I bt_stack: [INFO:port_api.cc(227)] RFCOMM_CreateConnection: bd_addr=ff:ff:ff:ff:ff:ff, scn=4, is_server=1, mtu=256, uuid=0x111e, dlci=8, signal_state=0x0b, p_port=0x71c58012d0
06-12 21:55:30.631 1593 2099 D BluetoothMapMasInstance0: Map Service startSocketListeners
06-12 21:55:30.631 1593 1681 I bt_btif_storage: btif_storage_get_adapter_property service_mask:0x21100048
06-12 21:55:30.631 1593 2099 D ObexServerSockets: create(rfcomm = -2, l2capPsm = -2)
06-12 21:55:30.632 1593 2099 W BluetoothAdapter: getBluetoothService() called with no BluetoothManagerCallback
06-12 21:55:30.633 1154 1176 W ActivityManager: Unable to start service Intent { cmp=com.android.bluetooth/.hfpclient.connserv.HfpClientConnectionService } U=0: not found
06-12 21:55:30.635 1614 1614 V WifiManager: registerTrafficStateCallback: callback=com.android.systemui.statusbar.policy.WifiSignalController$WifiTrafficStateCallback@a6b4f92, handler=null
06-12 21:55:30.635 1593 2048 I bt_stack: [INFO:port_api.cc(227)] RFCOMM_CreateConnection: bd_addr=ff:ff:ff:ff:ff:ff, scn=5, is_server=1, mtu=990, uuid=0x0039, dlci=10, signal_state=0x0b, p_port=0x71c5801388
06-12 21:55:30.636 1593 2099 W BluetoothAdapter: getBluetoothService() called with no BluetoothManagerCallback
06-12 21:55:30.642 1154 1847 D ConnectivityService: requestNetwork for uid/pid:10170/1614 NetworkRequest [ TRACK_DEFAULT id=14, [ Capabilities: INTERNET&NOT_RESTRICTED&TRUSTED Uid: 10170] ]
06-12 21:55:30.642 1593 2099 D BluetoothAdapter: listenUsingL2capOn: set assigned channel to 4097
06-12 21:55:30.642 1593 2099 D ObexServerSockets: Succeed to create listening sockets
06-12 21:55:30.642 1154 1589 D Ethernet: got request NetworkRequest [ TRACK_DEFAULT id=14, [ Capabilities: INTERNET&NOT_RESTRICTED&TRUSTED Uid: 10170] ] with score 0 and serial 0
06-12 21:55:30.642 1593 2099 D ObexServerSockets0: startAccept()
06-12 21:55:30.642 1593 1593 D BluetoothAdapterService: getAdapterService() - returning com.android.bluetooth.btservice.AdapterService@6f29a31
06-12 21:55:30.643 1593 2099 D BluetoothSdpJni: sdpCreateMapMasRecordNative
06-12 21:55:30.643 1593 2099 D BluetoothSdpJni: SDP Create record success - handle: 0
06-12 21:55:30.646 1593 1593 I AvrcpTargetService: Starting the AVRCP Target Service
06-12 21:55:30.649 1593 2106 D ObexServerSockets0: Accepting socket connection...
06-12 21:55:30.649 1593 2105 D ObexServerSockets0: Accepting socket connection...
06-12 21:55:30.650 1593 1593 V AvrcpMediaPlayerList: Creating MediaPlayerList
06-12 21:55:30.656 1154 1176 D MediaSessionService: The callback android.media.session.ICallback$Stub$Proxy@703b641 is set by com.android.bluetooth
06-12 21:55:30.657 1593 1593 I AvrcpTargetJni: classInitNative: AvrcpTargetJni initialized!
06-12 21:55:30.657 1593 1593 D AvrcpNativeInterface: Init AvrcpNativeInterface
06-12 21:55:30.657 1593 1593 D AvrcpTargetJni: initNative
06-12 21:55:30.657 1593 2048 I bt_stack: [INFO:avrcp_service.cc(288)] AVRCP Target Service started
06-12 21:55:30.657 1593 2048 I bt_stack: [INFO:connection_handler.cc(183)] Connect to device ff:ff:ff:ff:ff:ff
06-12 21:55:30.657 1593 2048 I bt_stack: [INFO:connection_handler.cc(204)] virtual bool bluetooth::avrcp::ConnectionHandler::AvrcpConnect(bool, const RawAddress &): handle=0000 status= 000000
06-12 21:55:30.666 1593 1593 I BluetoothAvrcpControllerJni: classInitNative: succeeds
06-12 21:55:30.667 1593 1593 D BluetoothAdapterService: getAdapterService() - returning com.android.bluetooth.btservice.AdapterService@6f29a31
06-12 21:55:30.668 2063 2063 W InputAttributes: No editor info for this field. Bug?
06-12 21:55:30.669 1593 1593 I bt_btif : get_profile_interface: id = avrcp_ctrl
06-12 21:55:30.671 1154 1176 W ActivityManager: Unable to start service Intent { cmp=com.android.bluetooth/.avrcpcontroller.BluetoothMediaBrowserService } U=0: not found
06-12 21:55:30.672 1593 1593 D HeadsetPhoneState: sendDeviceStateChanged. mService=0 mIsSimStateLoaded=false mSignal=0 mRoam=0 mBatteryCharge=5
06-12 21:55:30.674 1593 1593 V SapService: SapBinder()
06-12 21:55:30.675 1593 1593 D BluetoothAdapterService: getAdapterService() - returning com.android.bluetooth.btservice.AdapterService@6f29a31
06-12 21:55:30.676 1593 1593 V SapService: start()
06-12 21:55:30.679 1593 1593 D BluetoothAdapterService: getAdapterService() - returning com.android.bluetooth.btservice.AdapterService@6f29a31
06-12 21:55:30.684 1593 1593 V BluetoothHidDeviceServiceJni: classInitNative: done
06-12 21:55:30.684 1593 1593 V BluetoothHidDeviceServiceJni: initNative enter
06-12 21:55:30.684 1593 1593 I bt_btif : get_profile_interface: id = hiddev
06-12 21:55:30.684 1593 1593 V BluetoothHidDeviceServiceJni: initNative done
06-12 21:55:30.684 1593 1681 I bt_btif_storage: btif_storage_get_adapter_property service_mask:0x61100048
06-12 21:55:30.688 1593 1593 D BluetoothAdapterService: getAdapterService() - returning com.android.bluetooth.btservice.AdapterService@6f29a31
06-12 21:55:30.691 2063 2116 I LatinIME:LogUtils: Dictionary info: dictionary = UserHistoryDictionary.en_US ; version = 1591991730 ; date = ?
06-12 21:55:30.693 2063 2116 I LatinIME:LogUtils: Dictionary info: dictionary = userunigram.en_US ; version = 1591991730 ; date = ?
06-12 21:55:30.696 1593 1593 D BtOppService: setBluetoothOppService(): set to: com.android.bluetooth.opp.BluetoothOppService@3fc3ac8
06-12 21:55:30.700 1593 1593 D BluetoothAdapterService: getAdapterService() - returning com.android.bluetooth.btservice.AdapterService@6f29a31
06-12 21:55:30.703 1593 1593 I BluetoothPbapService: setCurrentUser(0)
06-12 21:55:30.708 1593 1593 D BluetoothPbapService: setBluetoothPbapService(): set to: com.android.bluetooth.pbap.BluetoothPbapService@d1160e3
06-12 21:55:30.710 1593 1686 D BluetoothActiveDeviceManager: handleMessage(MESSAGE_A2DP_ACTION_ACTIVE_DEVICE_CHANGED): device= null
06-12 21:55:30.710 1593 1593 D AvrcpVolumeManager: onAudioDevicesAdded: Not expecting device changed
06-12 21:55:30.713 1593 1593 D AdapterProperties: onBluetoothReady, state=TURNING_ON, ScanMode=20
06-12 21:55:30.713 1593 1593 D BluetoothAdapterService: updateUuids() - Updating UUIDs for bonded devices
06-12 21:55:30.716 1593 1593 I BluetoothPhonePolicy: processProfileActiveDeviceChanged, activeDevice=null, profile=2
06-12 21:55:30.716 1593 1593 W BluetoothPhonePolicy: processProfileActiveDeviceChanged: ignore null A2DP active device
06-12 21:55:30.716 1593 1655 I AdapterState: ON : entered
06-12 21:55:30.716 1593 1655 D AdapterProperties: Setting state to ON
06-12 21:55:30.716 1593 1655 D BluetoothAdapterService: updateAdapterState() - Broadcasting state ON to 1 receivers.
06-12 21:55:30.716 1593 1681 D AdapterProperties: Scan Mode:21
06-12 21:55:30.716 1154 1181 D BluetoothManagerService: MESSAGE_BLUETOOTH_STATE_CHANGE: TURNING_ON > ON
06-12 21:55:30.717 1154 1181 D BluetoothManagerService: Broadcasting onBluetoothStateChange(true) to 5 receivers.
06-12 21:55:30.717 1593 1681 D AdapterProperties: Discoverable Timeout:120
06-12 21:55:30.717 1154 1181 D BluetoothHeadset: onBluetoothStateChange: up=true
06-12 21:55:30.717 1154 1181 D BluetoothManagerService: Creating new ProfileServiceConnections object for profile: 1
06-12 21:55:30.718 1593 1681 D AdapterProperties: mLocalIOCapability set to 1
06-12 21:55:30.719 1593 1681 D AdapterProperties: mLocalIOCapabilityBLE set to 4
06-12 21:55:30.719 1154 1181 D BluetoothHeadset: onBluetoothStateChange: up=true
06-12 21:55:30.719 1154 1181 D BluetoothManagerService: Sending BLE State Change: TURNING_ON > ON
06-12 21:55:30.721 1154 1154 W Telecom : BluetoothPhoneService: Calling get Profile proxy
06-12 21:55:30.721 1154 1154 W Telecom : BluetoothPhoneService: Done Calling get Profile proxy
06-12 21:55:30.721 1154 1154 I Telecom : BluetoothPhoneService: queryPhoneState: BPSI.qPS@AAM
06-12 21:55:30.719 1154 1181 D BluetoothHeadset: onBluetoothStateChange: up=true
06-12 21:55:30.727 1593 2118 D ObexServerSockets: create(rfcomm = -2, l2capPsm = -2)
06-12 21:55:30.728 1593 2118 W BluetoothAdapter: getBluetoothService() called with no BluetoothManagerCallback
06-12 21:55:30.729 1593 2048 I bt_stack: [INFO:port_api.cc(227)] RFCOMM_CreateConnection: bd_addr=ff:ff:ff:ff:ff:ff, scn=6, is_server=1, mtu=990, uuid=0x003b, dlci=12, signal_state=0x0b, p_port=0x71c5801440
06-12 21:55:30.730 1593 2118 W BluetoothAdapter: getBluetoothService() called with no BluetoothManagerCallback
06-12 21:55:30.731 1593 2118 D BluetoothAdapter: listenUsingL2capOn: set assigned channel to 4099
06-12 21:55:30.731 1593 2118 D ObexServerSockets: Succeed to create listening sockets
06-12 21:55:30.731 1593 2118 D ObexServerSockets1: startAccept()
06-12 21:55:30.734 1593 2118 D BluetoothSdpJni: sdpCreatePbapPseRecordNative
06-12 21:55:30.734 1593 2118 D BluetoothSdpJni: SDP Create record success - handle: 1
06-12 21:55:30.734 1593 2118 D BluetoothPbapService: created Sdp record, mSdpHandle=1
06-12 21:55:30.734 1593 1686 D BluetoothActiveDeviceManager: handleMessage(MESSAGE_ADAPTER_ACTION_STATE_CHANGED): newState=12
06-12 21:55:30.736 1593 2121 D BluetoothPbapUtils: Failed to fetch contacts data from database..
06-12 21:55:30.741 1593 2123 D ObexServerSockets1: Accepting socket connection...
06-12 21:55:30.742 1593 2122 D ObexServerSockets1: Accepting socket connection...
06-12 21:55:30.746 1593 1593 D BluetoothAdapterService: isQuetModeEnabled() - Enabled = false
06-12 21:55:30.746 1593 1593 I BluetoothPhonePolicy: autoConnect: Initiate auto connection on BT on...
06-12 21:55:30.748 1614 1614 D StatusBar: disable disable2
06-12 21:55:30.749 1593 1593 D BtOppService: start Socket Listeners
06-12 21:55:30.749 1593 1593 D BtOppService: stopListeners: mServerSocket is null
06-12 21:55:30.749 1593 1593 D ObexServerSockets: create(rfcomm = -2, l2capPsm = -2)
06-12 21:55:30.750 1154 1814 I StatusBarManagerService: registerStatusBar bar=com.android.internal.statusbar.IStatusBar$Stub$Proxy@5ef2784
06-12 21:55:30.752 1593 1593 W BluetoothAdapter: getBluetoothService() called with no BluetoothManagerCallback
06-12 21:55:30.753 1593 2128 W BluetoothAdapter: getBluetoothService() called with no BluetoothManagerCallback
06-12 21:55:30.753 1593 2048 I bt_stack: [INFO:port_api.cc(227)] RFCOMM_CreateConnection: bd_addr=ff:ff:ff:ff:ff:ff, scn=7, is_server=1, mtu=990, uuid=0x003d, dlci=14, signal_state=0x0b, p_port=0x71c58014f8
06-12 21:55:30.753 1593 1593 D BluetoothAdapter: listenUsingInsecureL2capOn: port=-2
06-12 21:55:30.754 1593 2128 D BluetoothSdpJni: sdpCreateSapsRecordNative
06-12 21:55:30.754 1593 2048 I bt_stack: [INFO:port_api.cc(227)] RFCOMM_CreateConnection: bd_addr=ff:ff:ff:ff:ff:ff, scn=8, is_server=1, mtu=990, uuid=0x003e, dlci=16, signal_state=0x0b, p_port=0x71c58015b0
06-12 21:55:30.754 1593 2128 D BluetoothSdpJni: SDP Create record success - handle: 2
06-12 21:55:30.754 1593 1593 W BluetoothAdapter: getBluetoothService() called with no BluetoothManagerCallback
06-12 21:55:30.755 1593 1593 D BluetoothAdapter: listenUsingInsecureL2capOn: set assigned channel to 4101
06-12 21:55:30.756 1593 1593 D ObexServerSockets: Succeed to create listening sockets
06-12 21:55:30.756 1593 1593 D ObexServerSockets2: startAccept()
06-12 21:55:30.756 1593 1593 D BluetoothSdpJni: sdpCreateOppOpsRecordNative
06-12 21:55:30.756 1593 2130 D ObexServerSockets2: Accepting socket connection...
06-12 21:55:30.756 1593 1593 D BluetoothSdpJni: SDP Create record success - handle: 3
06-12 21:55:30.756 1593 1593 D BtOppService: mOppSdpHandle :3
06-12 21:55:30.756 1593 2131 D ObexServerSockets2: Accepting socket connection...
06-12 21:55:30.758 854 854 I MSM-irqbalance: Discovered a new IRQ: 174
06-12 21:55:30.758 2063 2116 I LatinIME:LogUtils: Dictionary info: dictionary = main:en_us ; version = 54 ; date = 1414726260
06-12 21:55:30.788 1614 1614 E NotificationLightsView: new
06-12 21:55:30.811 2067 2067 D FingerGoodix: fpcode, fingerprint_open(), merged
06-12 21:55:30.811 2067 2067 D FingerGoodix: fingerprint open
06-12 21:55:30.811 2067 2067 D FingerGoodix: Max fp number: 8
06-12 21:55:30.811 2067 2067 D FingerGoodix: fpcode, loadFingerPrintPlatformDataIfNeed(), gFPExtDataFilePath=''
06-12 21:55:30.811 2067 2067 E FingerGoodix: fpcode, loadFingerPrintPlatformData(), gFPExtDataFilePath need init first!
06-12 21:55:30.812 2067 2067 D FingerGoodix: fpcode, set_active_group_to_channel(0, '/data/system/users/0/fpdata/')
06-12 21:55:30.812 2067 2135 D FingerGoodix: fpcode, listenerFunction(0x7a2b45d280)
06-12 21:55:30.812 2067 2135 D FingerGoodix: fpcode, recv_fp_scan_data(0x7a27b4fc80)
06-12 21:55:30.812 2067 2135 D FingerGoodix: fpcode, recv_fp_scan_data(), receiving
06-12 21:55:30.812 2067 2067 D FingerGoodix: fpcode, data dir exist.
06-12 21:55:30.812 2067 2067 D FingerGoodix: fpcode, loadFingerPrintPlatformDataIfNeed(), gFPExtDataFilePath='/data/system/users/0/fpdata/fpdb'
06-12 21:55:30.812 2067 2067 D FingerGoodix: fpcode, loadFingerPrintPlatformData(), fopen(gFPExtDataFilePath, "r") errno=2
06-12 21:55:30.812 2067 2067 D FingerGoodix: fpcode, loadFingerPrintPlatformData(), fopen(gFPExtDataFilePath, "a")=0x0, errno=2
06-12 21:55:30.812 2067 2067 D FingerGoodix: fpcode, goodix sensor need to init. merged
06-12 21:55:30.812 2067 2067 D FingerGoodix: Begin to connect FingerPrint...
06-12 21:55:30.812 2067 2067 D FingerGoodix: FingerPrint::init mstatus to OK
06-12 21:55:30.812 2067 2067 D FingerGoodix: go into FingerPrint,getFingerPrintService()
06-12 21:55:30.813 2067 2067 D FingerGoodix: go into while FingerPrint,getFingerPrintService()
06-12 21:55:30.814 2067 2067 D FingerGoodix: Success to get FingerPrint Service
06-12 21:55:30.809 2067 2067 I android.hardwar: type=1400 audit(0.0:37): avc: denied { call } for scontext=u:r:init:s0 tcontext=u:r:gx_fpd:s0 tclass=binder permissive=1
06-12 21:55:30.814 852 993 D FingerGoodix: server,connect
06-12 21:55:30.814 852 993 D FingerGoodix: finger print service is connecting,client id is 0,pid = 123
06-12 21:55:30.814 852 993 D FingerGoodix: FingerPrintService::connect X(pid 123),client is exist.
06-12 21:55:30.809 852 852 I Binder:852_1: type=1400 audit(0.0:39): avc: denied { transfer } for scontext=u:r:gx_fpd:s0 tcontext=u:r:init:s0 tclass=binder permissive=1
06-12 21:55:30.814 852 993 D FingerGoodix: FingerPrintService::connect client is busy, disconnect it and reset busy flag.
06-12 21:55:30.814 852 993 D FingerGoodix: Client::disconnect E (pid 123)
06-12 21:55:30.814 852 993 D FingerGoodix: reset2KeyMode
06-12 21:55:30.814 852 993 D FingerGoodix: wait to prepare FpEnv
06-12 21:55:30.814 852 993 D FingerGoodix: start to prepare FpEnv
06-12 21:55:30.814 852 993 D FingerGoodix: prepare FpEnv, active client=0x76ba02b000
06-12 21:55:30.814 852 993 D FingerGoodix: failed to reset2KeyMode
06-12 21:55:30.815 852 993 D FingerGoodix: fingerprint cancel wait finger command.
06-12 21:55:30.815 852 993 D FingerGoodix: device_cancel_waitfinger
06-12 21:55:30.815 852 993 D FingerGoodix: mCurStatus = 1 , nextStatus = 1
06-12 21:55:30.815 852 993 D FingerGoodix: FingerPrintService::removeClient,pid=123
06-12 21:55:30.815 852 993 D FingerGoodix: FingerPrintService, removeClient
06-12 21:55:30.815 852 993 D FingerGoodix: FingerPrintService, check binder
06-12 21:55:30.815 852 993 D FingerGoodix: found fingerprint client,remove it now
06-12 21:55:30.815 852 993 D FingerGoodix: Client::~Client X (pid 123)
06-12 21:55:30.815 852 993 D FingerGoodix: FingerPrintService::connect X(pid 123),client is exist. but not same
06-12 21:55:30.815 852 993 D FingerGoodix: FingerPrintService client(class:FingerPrint) is constructing,clientID = 0
06-12 21:55:30.815 852 993 D FingerGoodix: Set finger print busy flag in client construct
06-12 21:55:30.816 2067 2067 F libc : stack corruption detected (-fstack-protector)
06-12 21:55:30.816 2067 2067 F libc : Fatal signal 6 (SIGABRT), code -1 (SI_QUEUE) in tid 2067 (android.hardwar), pid 2067 (android.hardwar)
06-12 21:55:30.819 1154 1181 D BluetoothHeadset: Proxy object connected
06-12 21:55:30.820 1154 1154 W Telecom : BluetoothPhoneService: onServiceConnected: setting mBluetoothHeadset
06-12 21:55:30.821 1154 1154 I Telecom : BluetoothPhoneService: updateHeadsetWithCallState numActive 0, numHeld 0, callState 6, ringing number ***, ringing type 128, ringing name null
06-12 21:55:30.822 1154 1154 I Telecom : : - Got BluetoothHeadset: com.android.server.telecom.BluetoothHeadsetProxy@7dec2f1: BMSL.oSC@AAc
06-12 21:55:30.823 1154 1154 W Telecom : BluetoothPhoneService: onServiceConnected: setting mBluetoothHeadset
06-12 21:55:30.823 1154 1154 I Telecom : BluetoothPhoneService: updateHeadsetWithCallState numActive 0, numHeld 0, callState 6, ringing number ***, ringing type 128, ringing name null
06-12 21:55:30.823 1958 1958 E SystemConfig: SystemConfig is being accessed by a process other than system_server.
06-12 21:55:30.820 1154 1181 I chatty : uid=1000(system) android.io identical 2 lines
06-12 21:55:30.821 1154 1181 D BluetoothHeadset: Proxy object connected
06-12 21:55:30.824 1154 1564 I AS.BtHelper: setBtScoActiveDevice: null -> null
06-12 21:55:30.826 529 1562 D audio_hw_primary: adev_set_parameters: enter: A2dpSuspended=false
06-12 21:55:30.826 529 1562 D audio_hw_extn: audio_extn_set_anc_parameters: anc_enabled:0
06-12 21:55:30.826 529 1562 D audio_hw_spkr_prot: audio_extn_fbsp_set_parameters: Speaker protection disabled
