06-12 21:55:28.319 751 893 I OMXClient: IOmx service obtained
06-12 21:55:28.320 760 917 I OMXMaster: makeComponentInstance(OMX.google.mp3.decoder) in android.hardwar process
06-12 21:55:28.327 1650 1650 V WebViewLibraryLoader: RelroFileCreator (64bit = false), package: com.android.webview library: libwebviewchromium.so
06-12 21:55:28.330 1593 1593 D BluetoothDatabase: start()
06-12 21:55:28.332 751 893 I OMXClient: IOmx service obtained
06-12 21:55:28.333 760 760 I OMXMaster: makeComponentInstance(OMX.google.opus.decoder) in android.hardwar process
06-12 21:55:28.336 1593 1593 D BluetoothDatabase: Load Database
06-12 21:55:28.336 1154 1563 W StorageManagerService: No primary storage defined yet; hacking together a stub
06-12 21:55:28.338 1593 1593 D BluetoothAdapterService: setAdapterService() - trying to set service to com.android.bluetooth.btservice.AdapterService@6f29a31
06-12 21:55:28.339 1154 1635 W StorageManagerService: No primary storage defined yet; hacking together a stub
06-12 21:55:28.346 1614 1614 W ContextImpl: Failed to ensure /sdcard/Android/data/com.android.systemui/files: java.lang.IllegalStateException: Failed to prepare /sdcard/Android/data/com.android.systemui/files
06-12 21:55:28.347 1593 1593 D BluetoothAdapterService: onBind()
06-12 21:55:28.348 1154 1563 W StorageManagerService: No primary storage defined yet; hacking together a stub
06-12 21:55:28.352 1614 1614 W ContextImpl: Failed to ensure /sdcard/Android/data/com.android.systemui/cache: java.lang.IllegalStateException: Failed to prepare /sdcard/Android/data/com.android.systemui/cache
06-12 21:55:28.354 751 893 I OMXClient: IOmx service obtained
06-12 21:55:28.354 760 760 I OMXMaster: makeComponentInstance(OMX.google.raw.decoder) in android.hardwar process
06-12 21:55:28.356 1673 1673 V WebViewLibraryLoader: RelroFileCreator (64bit = true), package: com.android.webview library: libwebviewchromium.so
06-12 21:55:28.366 751 893 I OMXClient: IOmx service obtained
06-12 21:55:28.366 760 917 I OMXMaster: makeComponentInstance(OMX.google.vorbis.decoder) in android.hardwar process
06-12 21:55:28.377 1593 1707 I BluetoothDatabase: cacheMetadata
06-12 21:55:28.378 1593 1707 V BluetoothDatabase: cacheMetadata: found device LocalStorage
06-12 21:55:28.378 1593 1707 V BluetoothDatabase: cacheMetadata: Database is ready
06-12 21:55:28.382 751 893 I OMXClient: IOmx service obtained
06-12 21:55:28.382 760 760 I OMXMaster: makeComponentInstance(OMX.google.aac.encoder) in android.hardwar process
06-12 21:55:28.383 1614 1614 W AlarmManager: Unrecognized alarm listener com.android.systemui.keyguard.-$$Lambda$KeyguardSliceProvider$IhzByd8TsqFuOrSyuGurVskyPLo@c40d1bb
06-12 21:55:28.398 751 893 I OMXClient: IOmx service obtained
06-12 21:55:28.399 760 917 I OMXMaster: makeComponentInstance(OMX.google.amrnb.encoder) in android.hardwar process
06-12 21:55:28.410 751 893 I OMXClient: IOmx service obtained
06-12 21:55:28.411 760 917 I OMXMaster: makeComponentInstance(OMX.google.amrwb.encoder) in android.hardwar process
06-12 21:55:28.427 751 893 I OMXClient: IOmx service obtained
06-12 21:55:28.427 760 760 I OMXMaster: makeComponentInstance(OMX.google.flac.encoder) in android.hardwar process
06-12 21:55:28.440 751 893 I OMXClient: IOmx service obtained
06-12 21:55:28.441 760 917 I OMXMaster: makeComponentInstance(OMX.qcom.video.decoder.avc) in android.hardwar process
06-12 21:55:28.441 1699 1699 D wpa_supplicant: wpa_supplicant v2.8-devel-10
06-12 21:55:28.441 1699 1699 D wpa_supplicant: Global control interface '@android:vendor_wpa_wlan0'
06-12 21:55:28.441 1699 1699 D wpa_supplicant: Using Android control socket 'vendor_wpa_wlan0'
06-12 21:55:28.441 1699 1699 D wpa_supplicant: Initing hidl control
06-12 21:55:28.442 1699 1699 I wpa_supplicant: Processing hidl events on FD 5
06-12 21:55:28.447 1699 1699 I ServiceManagement: Registered android.hardware.wifi.supplicant@1.2::ISupplicant/default (start delay of 128ms)
06-12 21:55:28.448 1699 1699 I wpa_supplicant: Successfully initialized wpa_supplicant
06-12 21:55:28.449 1154 1201 I android_os_HwBinder: HwBinder: Starting thread pool for getting: android.hardware.wifi.supplicant@1.0::ISupplicant/default
06-12 21:55:28.451 1154 1201 I SupplicantStaIfaceHal: Completed initialization of ISupplicant.
06-12 21:55:28.460 760 917 E : Service not available yet
06-12 21:55:28.471 1650 1650 I WebViewLoader-: System.exit called, status: 0
06-12 21:55:28.471 1650 1650 I AndroidRuntime: VM exiting with result code 0, cleanup skipped.
06-12 21:55:28.494 760 917 I OMX-VDEC-1080P: Video slvp perflock acquired
06-12 21:55:28.354 1154 1563 W StorageManagerService: No primary storage defined yet; hacking together a stub
06-12 21:55:28.500 1154 1635 I ActivityManager: Process WebViewLoader-armeabi-v7a (pid 1650) has died: psvc PER
06-12 21:55:28.501 480 480 I Zygote : Process 1650 exited cleanly (0)
06-12 21:55:28.502 1154 1190 I libprocessgroup: Successfully killed process cgroup uid 1037 pid 1650 in 0ms
06-12 21:55:28.531 1673 1673 I WebViewLoader-: System.exit called, status: 0
06-12 21:55:28.531 1673 1673 I AndroidRuntime: VM exiting with result code 0, cleanup skipped.
06-12 21:55:28.541 480 480 D Zygote : Forked child process 1735
06-12 21:55:28.544 1735 1735 I Zygote : seccomp disabled by setenforce 0
06-12 21:55:28.545 1154 1639 W ZygoteProcess: Got error connecting to zygote, retrying. msg= Connection refused
06-12 21:55:28.556 1154 1635 I ActivityManager: Process WebViewLoader-arm64-v8a (pid 1673) has died: psvc PER
06-12 21:55:28.558 479 479 I Zygote : Process 1673 exited cleanly (0)
06-12 21:55:28.563 1735 1735 I WebViewZygoteInit: Starting WebViewZygoteInit
06-12 21:55:28.565 1735 1735 I Zygote : seccomp disabled by setenforce 0
06-12 21:55:28.577 1614 1614 V SystemUIService: SystemUIApplication created.
06-12 21:55:28.603 1154 1190 I libprocessgroup: Successfully killed process cgroup uid 1037 pid 1673 in 46ms
06-12 21:55:28.609 760 917 I OMX-VDEC-1080P: component_init: OMX.qcom.video.decoder.avc : fd=8
06-12 21:55:28.611 1614 1614 D SystemUIBootTiming: DependencyInjection took to complete: 34ms
06-12 21:55:28.616 760 917 I OMX-VDEC-1080P: omx_vdec::component_init() success : fd=8
06-12 21:55:28.618 760 760 E OMXNodeInstance: getParameter(0xf241af04:qcom.decoder.avc, ??(0x7f000044)) ERROR: UnsupportedSetting(0x80001019)
06-12 21:55:28.619 760 760 E OMXNodeInstance: getParameter(0xf241af04:qcom.decoder.avc, ??(0x7f000044)) ERROR: UnsupportedSetting(0x80001019)
06-12 21:55:28.619 760 760 E OMXNodeInstance: getExtensionIndex(0xf241af04:qcom.decoder.avc, OMX.google.android.index.configureVideoTunnelMode) ERROR: NotImplemented(0x80001006)
06-12 21:55:28.620 751 893 D MediaCodecInfo: detail feature-tunneled-playback wasn't present to remove
06-12 21:55:28.620 760 760 E OMX-VDEC-1080P: Enable/Disable allocate-native-handle allowed only on input port!
06-12 21:55:28.620 760 760 E OMX-VDEC-1080P: set_parameter: Error: 0x80001019, setting param 0x7f00005d
06-12 21:55:28.620 760 760 E OMXNodeInstance: setParameter(0xf241af04:qcom.decoder.avc, OMX.google.android.index.allocateNativeHandle(0x7f00005d): Output:1 en=0) ERROR: UnsupportedSetting(0x80001019)
06-12 21:55:28.620 760 760 I OMX-VDEC-1080P: omx_vdec::component_deinit() complete
06-12 21:55:28.620 1614 1614 V SystemUIService: Starting SystemUI services for user 0.
06-12 21:55:28.622 760 760 I OMX-VDEC-1080P: Exit OMX vdec Destructor: fd=8
06-12 21:55:28.623 760 760 I OMX-VDEC-1080P: Video slvp perflock released
06-12 21:55:28.625 1614 1614 D SystemUIBootTiming: StartServicescom.android.systemui.util.NotificationChannels took to complete: 5ms
06-12 21:55:28.626 751 893 I OMXClient: IOmx service obtained
06-12 21:55:28.626 1614 1614 D SystemUIBootTiming: StartServicescom.android.systemui.statusbar.CommandQueue$CommandQueueStart took to complete: 1ms
06-12 21:55:28.627 760 917 I OMXMaster: makeComponentInstance(OMX.google.h264.decoder) in android.hardwar process
06-12 21:55:28.634 760 917 E OMXNodeInstance: getExtensionIndex(0xf23d17e0:google.h264.decoder, OMX.google.android.index.configureVideoTunnelMode) ERROR: UnsupportedIndex(0x8000101a)
06-12 21:55:28.635 751 893 D MediaCodecInfo: detail feature-tunneled-playback wasn't present to remove
06-12 21:55:28.635 760 917 E OMXNodeInstance: getExtensionIndex(0xf23d17e0:google.h264.decoder, OMX.google.android.index.enableAndroidNativeBuffers) ERROR: UnsupportedIndex(0x8000101a)
06-12 21:55:28.637 751 893 I OMXClient: IOmx service obtained
06-12 21:55:28.638 760 917 I OMXMaster: makeComponentInstance(OMX.qti.video.decoder.h263sw) in android.hardwar process
06-12 21:55:28.642 760 917 E media.codec: Failed to allocate omx component 'OMX.qti.video.decoder.h263sw' err=NotImplemented(0x80001006)
06-12 21:55:28.642 751 893 W OmxInfoBuilder: Fail to add media type video/3gpp to codec OMX.qti.video.decoder.h263sw
06-12 21:55:28.644 1735 1735 I WebViewZygoteInit: Beginning application preload for com.android.webview
06-12 21:55:28.644 751 893 I OMXClient: IOmx service obtained
06-12 21:55:28.645 760 917 I OMXMaster: makeComponentInstance(OMX.google.h263.decoder) in android.hardwar process
06-12 21:55:28.655 760 760 E OMXNodeInstance: getExtensionIndex(0xf23d17e0:google.h263.decoder, OMX.google.android.index.configureVideoTunnelMode) ERROR: UnsupportedIndex(0x8000101a)
06-12 21:55:28.655 751 893 D MediaCodecInfo: detail feature-tunneled-playback wasn't present to remove
06-12 21:55:28.655 760 760 E OMXNodeInstance: getExtensionIndex(0xf23d17e0:google.h263.decoder, OMX.google.android.index.enableAndroidNativeBuffers) ERROR: UnsupportedIndex(0x8000101a)
06-12 21:55:28.659 751 893 I OMXClient: IOmx service obtained
06-12 21:55:28.659 760 917 I OMXMaster: makeComponentInstance(OMX.qcom.video.decoder.hevc) in android.hardwar process
06-12 21:55:28.666 760 917 I OMX-VDEC-1080P: Video slvp perflock acquired
06-12 21:55:28.668 760 917 I OMX-VDEC-1080P: component_init: OMX.qcom.video.decoder.hevc : fd=8
06-12 21:55:28.673 760 917 I OMX-VDEC-1080P: omx_vdec::component_init() success : fd=8
06-12 21:55:28.676 760 760 E OMXNodeInstance: getParameter(0xf241a3c4:qcom.decoder.hevc, ??(0x7f000044)) ERROR: UnsupportedSetting(0x80001019)
06-12 21:55:28.676 760 760 E OMXNodeInstance: getParameter(0xf241a3c4:qcom.decoder.hevc, ??(0x7f000044)) ERROR: UnsupportedSetting(0x80001019)
06-12 21:55:28.677 760 760 E OMXNodeInstance: getExtensionIndex(0xf241a3c4:qcom.decoder.hevc, OMX.google.android.index.configureVideoTunnelMode) ERROR: NotImplemented(0x80001006)
06-12 21:55:28.677 751 893 D MediaCodecInfo: detail feature-tunneled-playback wasn't present to remove
06-12 21:55:28.677 760 760 E OMX-VDEC-1080P: Enable/Disable allocate-native-handle allowed only on input port!
06-12 21:55:28.678 760 760 E OMX-VDEC-1080P: set_parameter: Error: 0x80001019, setting param 0x7f00005d
06-12 21:55:28.678 760 760 E OMXNodeInstance: setParameter(0xf241a3c4:qcom.decoder.hevc, OMX.google.android.index.allocateNativeHandle(0x7f00005d): Output:1 en=0) ERROR: UnsupportedSetting(0x80001019)
06-12 21:55:28.678 760 760 I OMX-VDEC-1080P: omx_vdec::component_deinit() complete
06-12 21:55:28.680 760 760 I OMX-VDEC-1080P: Exit OMX vdec Destructor: fd=8
06-12 21:55:28.680 760 760 I OMX-VDEC-1080P: Video slvp perflock released
06-12 21:55:28.684 751 893 I OMXClient: IOmx service obtained
06-12 21:55:28.685 760 917 I OMXMaster: makeComponentInstance(OMX.google.hevc.decoder) in android.hardwar process
06-12 21:55:28.693 1735 1735 I WebViewZygoteInit: Application preload done
06-12 21:55:28.698 760 760 E OMXNodeInstance: getExtensionIndex(0xf23d17e0:google.hevc.decoder, OMX.google.android.index.configureVideoTunnelMode) ERROR: UnsupportedIndex(0x8000101a)
06-12 21:55:28.698 751 893 D MediaCodecInfo: detail feature-tunneled-playback wasn't present to remove
06-12 21:55:28.698 760 760 E OMXNodeInstance: getExtensionIndex(0xf23d17e0:google.hevc.decoder, OMX.google.android.index.enableAndroidNativeBuffers) ERROR: UnsupportedIndex(0x8000101a)
06-12 21:55:28.703 751 893 I OMXClient: IOmx service obtained
06-12 21:55:28.703 760 917 I OMXMaster: makeComponentInstance(OMX.qti.video.decoder.mpeg4sw) in android.hardwar process
06-12 21:55:28.704 760 917 E media.codec: Failed to allocate omx component 'OMX.qti.video.decoder.mpeg4sw' err=NotImplemented(0x80001006)
06-12 21:55:28.704 751 893 W OmxInfoBuilder: Fail to add media type video/mp4v-es to codec OMX.qti.video.decoder.mpeg4sw
06-12 21:55:28.707 751 893 I OMXClient: IOmx service obtained
06-12 21:55:28.707 760 1770 I OMXMaster: makeComponentInstance(OMX.google.mpeg4.decoder) in android.hardwar process
06-12 21:55:28.710 760 917 E OMXNodeInstance: getExtensionIndex(0xf23d17e0:google.mpeg4.decoder, OMX.google.android.index.configureVideoTunnelMode) ERROR: UnsupportedIndex(0x8000101a)
06-12 21:55:28.710 751 893 D MediaCodecInfo: detail feature-tunneled-playback wasn't present to remove
06-12 21:55:28.710 760 917 E OMXNodeInstance: getExtensionIndex(0xf23d17e0:google.mpeg4.decoder, OMX.google.android.index.enableAndroidNativeBuffers) ERROR: UnsupportedIndex(0x8000101a)
06-12 21:55:28.713 751 893 I OMXClient: IOmx service obtained
06-12 21:55:28.714 760 917 I OMXMaster: makeComponentInstance(OMX.qcom.video.decoder.vp8) in android.hardwar process
06-12 21:55:28.722 760 917 I OMX-VDEC-1080P: Video slvp perflock acquired
06-12 21:55:28.723 760 917 I OMX-VDEC-1080P: component_init: OMX.qcom.video.decoder.vp8 : fd=8
06-12 21:55:28.728 760 917 I OMX-VDEC-1080P: omx_vdec::component_init() success : fd=8
06-12 21:55:28.732 760 1770 E OMXNodeInstance: getParameter(0xf241a744:qcom.decoder.vp8, ??(0x7f000044)) ERROR: UnsupportedSetting(0x80001019)
06-12 21:55:28.732 760 1770 E OMXNodeInstance: getParameter(0xf241a744:qcom.decoder.vp8, ??(0x7f000044)) ERROR: UnsupportedSetting(0x80001019)
06-12 21:55:28.733 760 1770 E OMXNodeInstance: getExtensionIndex(0xf241a744:qcom.decoder.vp8, OMX.google.android.index.configureVideoTunnelMode) ERROR: NotImplemented(0x80001006)
06-12 21:55:28.733 751 893 D MediaCodecInfo: detail feature-tunneled-playback wasn't present to remove
06-12 21:55:28.734 760 1770 E OMX-VDEC-1080P: Enable/Disable allocate-native-handle allowed only on input port!
06-12 21:55:28.734 760 1770 E OMX-VDEC-1080P: set_parameter: Error: 0x80001019, setting param 0x7f00005d
06-12 21:55:28.734 760 1770 E OMXNodeInstance: setParameter(0xf241a744:qcom.decoder.vp8, OMX.google.android.index.allocateNativeHandle(0x7f00005d): Output:1 en=0) ERROR: UnsupportedSetting(0x80001019)
06-12 21:55:28.734 760 1770 I OMX-VDEC-1080P: omx_vdec::component_deinit() complete
06-12 21:55:28.735 1154 1589 I EthernetTracker: maybeTrackInterface wlan0
06-12 21:55:28.735 1154 1179 I EthernetTracker: interfaceLinkStateChanged, iface: wlan0, up: false
06-12 21:55:28.738 1154 1181 I WifiService: updateInterfaceIpState uid=1000
06-12 21:55:28.740 1154 1544 W BestClock: java.time.DateTimeException: Missing NTP fix
06-12 21:55:28.740 760 1770 I OMX-VDEC-1080P: Exit OMX vdec Destructor: fd=8
06-12 21:55:28.741 760 1770 I OMX-VDEC-1080P: Video slvp perflock released
06-12 21:55:28.745 1154 1589 I EthernetTracker: maybeTrackInterface p2p0
06-12 21:55:28.746 1154 1179 I EthernetTracker: interfaceLinkStateChanged, iface: p2p0, up: false
06-12 21:55:28.748 478 900 I netd : tetherGetStats() <5.89ms>
06-12 21:55:28.748 751 893 I OMXClient: IOmx service obtained
06-12 21:55:28.749 760 917 I OMXMaster: makeComponentInstance(OMX.google.vp8.decoder) in android.hardwar process
06-12 21:55:28.749 565 565 I WifiHAL : Initializing wifi
06-12 21:55:28.752 1154 1179 I EthernetTracker: interfaceLinkStateChanged, iface: wlan0, up: false
06-12 21:55:28.752 793 814 E CLD80211: lowi-server: Could not resolve cld80211 familty id
06-12 21:55:28.753 565 565 E CLD80211: /vendor/bin/hw/android.hardware.wifi@1.0-service: Could not resolve cld80211 familty id
06-12 21:55:28.759 1154 1544 W BestClock: java.time.DateTimeException: Missing NTP fix
06-12 21:55:28.763 1154 1545 W BestClock: java.time.DateTimeException: Missing NTP fix
06-12 21:55:28.767 760 917 E OMXNodeInstance: getExtensionIndex(0xf23d17e0:google.vp8.decoder, OMX.google.android.index.configureVideoTunnelMode) ERROR: UnsupportedIndex(0x8000101a)
06-12 21:55:28.767 751 893 D MediaCodecInfo: detail feature-tunneled-playback wasn't present to remove
06-12 21:55:28.767 760 917 E OMXNodeInstance: getExtensionIndex(0xf23d17e0:google.vp8.decoder, OMX.google.android.index.enableAndroidNativeBuffers) ERROR: UnsupportedIndex(0x8000101a)
06-12 21:55:28.776 751 893 I OMXClient: IOmx service obtained
06-12 21:55:28.776 760 917 I OMXMaster: makeComponentInstance(OMX.google.vp9.decoder) in android.hardwar process
06-12 21:55:28.780 760 917 E OMXNodeInstance: getExtensionIndex(0xf23d17e0:google.vp9.decoder, OMX.google.android.index.configureVideoTunnelMode) ERROR: UnsupportedIndex(0x8000101a)
06-12 21:55:28.780 751 893 D MediaCodecInfo: detail feature-tunneled-playback wasn't present to remove
06-12 21:55:28.780 760 917 E OMXNodeInstance: getExtensionIndex(0xf23d17e0:google.vp9.decoder, OMX.google.android.index.enableAndroidNativeBuffers) ERROR: UnsupportedIndex(0x8000101a)
06-12 21:55:28.784 751 893 I OMXClient: IOmx service obtained
06-12 21:55:28.785 760 917 I OMXMaster: makeComponentInstance(OMX.qcom.video.encoder.avc) in android.hardwar process
06-12 21:55:28.789 1614 1614 V MediaRouter: Selecting route: RouteInfo{ name=Phone, description=null, status=null, category=RouteCategory{ name=System types=ROUTE_TYPE_LIVE_AUDIO ROUTE_TYPE_LIVE_VIDEO groupable=false }, supportedTypes=ROUTE_TYPE_LIVE_AUDIO ROUTE_TYPE_LIVE_VIDEO , presentationDisplay=null }
06-12 21:55:28.797 760 917 I OMX-VENC: Video encode perflock acquired,handle=-1
06-12 21:55:28.807 760 917 I OMX-VENC: Component_init : OMX.qcom.video.encoder.avc : return = 0x0
06-12 21:55:28.811 751 893 W OMXUtils: do not know color format 0x7fa30c04 = 2141391876
06-12 21:55:28.811 751 893 W OMXUtils: do not know color format 0x7f000789 = 2130708361
06-12 21:55:28.814 760 917 I OMX-VENC: Component Deinit
06-12 21:55:28.814 760 917 I OMX-VENC: Video encode perflock released
06-12 21:55:28.819 751 893 I OMXClient: IOmx service obtained
06-12 21:55:28.819 760 1770 I OMXMaster: makeComponentInstance(OMX.google.h264.encoder) in android.hardwar process
06-12 21:55:28.828 751 893 W OMXUtils: do not know color format 0x7f000789 = 2130708361
06-12 21:55:28.831 751 893 I OMXClient: IOmx service obtained
06-12 21:55:28.831 760 917 I OMXMaster: makeComponentInstance(OMX.qcom.video.encoder.h263sw) in android.hardwar process
06-12 21:55:28.839 565 565 E WifiHAL : acquire_driver_supported_features: requestResponse Error:-3
06-12 21:55:28.839 565 565 I WifiHAL : Failed to get vendor feature set : -1
06-12 21:55:28.839 565 565 E WifiHAL : get_firmware_bus_max_size_supported: requestResponse Error:-3
06-12 21:55:28.839 565 565 E WifiHAL : Failed to get supported bus size, error : -3
06-12 21:55:28.839 565 565 E WifiHAL : wifi_logger_ring_buffers_init: Ring buffer logging feature not supported 0
06-12 21:55:28.839 565 565 E WifiHAL : Wifi Logger Ring Initialization Failed
06-12 21:55:28.840 565 565 E WifiHAL : wifiParseCapabilities: QCA_WLAN_VENDOR_ATTR_GSCAN_RESULTS_CAPABILITIES_MAX_NUM_EPNO_NETS not found. Set to 0.
06-12 21:55:28.840 565 565 E WifiHAL : wifiParseCapabilities: QCA_WLAN_VENDOR_ATTR_GSCAN_RESULTS_CAPABILITIES_MAX_NUM_EPNO_NETS_BY_SSID not found. Set to 0.
06-12 21:55:28.840 565 565 E WifiHAL : wifiParseCapabilities: QCA_WLAN_VENDOR_ATTR_GSCAN_RESULTS_CAPABILITIES_MAX_NUM_WHITELISTED_SSID not found. Set to 0.
06-12 21:55:28.840 565 565 E WifiHAL : wifiParseCapabilities: QCA_WLAN_VENDOR_ATTR_GSCAN_RESULTS_CAPABILITIES_MAX_NUM_BLACKLIST_BSSID not found. Set to 0.
06-12 21:55:28.841 760 917 I SWVENC : >>> swvenc_init(): H.263 codec, version date: 2017-01-27T12:02:22+0530
06-12 21:55:28.841 565 565 D WifiHAL : wlan_service_read_sys_param: /proc/sys/net/ipv4/tcp_limit_output_bytes 262144
06-12 21:55:28.841 565 565 D WifiHAL : wlan_service_read_sys_param: /proc/sys/net/ipv4/tcp_adv_win_scale 1
06-12 21:55:28.842 760 917 I SWVENC : --- set_state(): SWVENC_STATE_INVALID -> SWVENC_STATE_INIT
06-12 21:55:28.842 760 917 I SWVENC : >>> swvenc_setproperty():
06-12 21:55:28.842 760 917 I SWVENC : --- set_profile(): baseline profile
06-12 21:55:28.842 760 917 I SWVENC : >>> swvenc_setproperty():
06-12 21:55:28.842 760 917 I SWVENC : --- set_level(): 10
06-12 21:55:28.842 760 917 I SWVENC : >>> swvenc_setproperty():
06-12 21:55:28.842 760 917 I SWVENC : --- set_frame_size(): 176 x 144
06-12 21:55:28.842 760 917 I SWVENC : >>> swvenc_setproperty():
06-12 21:55:28.843 760 917 I SWVENC : --- set_property(): frame attributes: y,uv strides: 176,176; y,uv offsets: 0,25344; size: 38016
06-12 21:55:28.843 760 917 I SWVENC : >>> swvenc_getproperty():
06-12 21:55:28.843 760 917 I SWVENC : --- get_buffer_req(): input: 38016 byte buffers x (5 to 32), aligned to 128 byte boundaries
06-12 21:55:28.843 760 917 I SWVENC : >>> swvenc_getproperty():
06-12 21:55:28.843 760 917 I SWVENC : --- get_buffer_req(): output: 38016 byte buffers x (5 to 32), aligned to 128 byte boundaries
06-12 21:55:28.843 565 565 I android.hardware.wifi@1.0-service: Adding interface handle for wlan0
06-12 21:55:28.843 565 565 I android.hardware.wifi@1.0-service: Adding interface handle for p2p0
06-12 21:55:28.843 565 565 W android.hardware.wifi@1.0-service: No active wlan interfaces in use! Using default
06-12 21:55:28.845 751 893 W OMXUtils: do not know color format 0x7fa30c04 = 2141391876
06-12 21:55:28.846 751 893 W OMXUtils: do not know color format 0x7f000789 = 2130708361
06-12 21:55:28.847 760 917 I SWVENC : >>> swvenc_deinit():
06-12 21:55:28.847 760 917 I SWVENC : --- ~c_swvenc_mpeg4():
06-12 21:55:28.847 760 917 I SWVENC : --- set_state(): SWVENC_STATE_INIT -> SWVENC_STATE_INVALID
06-12 21:55:28.843 565 565 W android.hardware.wifi@1.0-service: No active wlan interfaces in use! Using default
06-12 21:55:28.847 1614 1614 D SystemUIBootTiming: StartServicescom.android.systemui.keyguard.KeyguardViewMediator took to complete: 221ms
06-12 21:55:28.847 565 565 I android.hardware.wifi@1.0-service: Configured chip in mode 0
06-12 21:55:28.847 565 565 W android.hardware.wifi@1.0-service: No active wlan interfaces in use! Using default
06-12 21:55:28.849 1154 1548 D HalDevMgr: updateRttController: no one is interested in RTT controllers
06-12 21:55:28.850 793 1795 W LOWI-8.6.0.70: [LOWI-ROME-RTT] send_nl_msg: Failed, errno:22 - Invalid argument
06-12 21:55:28.850 793 1795 E LOWI-8.6.0.70: [LOWI-ROME-RTT] RomeSendRegReq: APP reg NL Send Failed
06-12 21:55:28.850 793 1795 W LOWI-8.6.0.70: [LOWIRangingFSM] SendRegRequest: Failed - Send Registration request to Host Driver
06-12 21:55:28.850 793 1795 W LOWI-8.6.0.70: [LOWIRangingFSM] HandleRegFailureOrLost:Failed with Host Driver
06-12 21:55:28.850 760 1796 I SWVENC : --- thread_eventd(): SWVENC_THREAD_SIGNAL_EXIT
06-12 21:55:28.851 760 1794 I SWVENC : --- thread_worker(): SWVENC_THREAD_SIGNAL_EXIT
06-12 21:55:28.851 760 917 I SWVENC : --- swvenc_deinit(): all done, goodbye!
06-12 21:55:28.855 751 893 I OMXClient: IOmx service obtained
06-12 21:55:28.856 760 1770 I OMXMaster: makeComponentInstance(OMX.google.h263.encoder) in android.hardwar process
06-12 21:55:28.856 1614 1614 D SystemUIBootTiming: StartServicescom.android.systemui.recents.Recents took to complete: 9ms
06-12 21:55:28.860 1614 1614 I vol.Events: writeEvent collection_started
06-12 21:55:28.860 760 1770 I SoftMPEG4Encoder: Construct SoftMPEG4Encoder
06-12 21:55:28.863 751 893 W OMXUtils: do not know color format 0x7f000789 = 2130708361
06-12 21:55:28.863 565 565 I WifiHAL : mpdu_size_threshold : 128, aggressive_statistics_gathering : 0
06-12 21:55:28.863 760 917 E OMXNodeInstance: getConfig(0xf23d17e0:google.h263.encoder, ConfigAndroidIntraRefresh(0x6f60000a)) ERROR: Undefined(0x80001001)
06-12 21:55:28.863 760 917 E OMXNodeInstance: getParameter(0xf23d17e0:google.h263.encoder, ParamVideoIntraRefresh(0x6000006)) ERROR: UnsupportedIndex(0x8000101a)
06-12 21:55:28.863 751 893 D MediaCodecInfo: detail feature-frame-parsing wasn't present to remove
06-12 21:55:28.864 1154 1548 D WificondControl: Setting up interface for client mode
06-12 21:55:28.867 759 759 I wificond: create scanner for interface with index: 7
06-12 21:55:28.867 759 759 I wificond: subscribe scan result for interface with index: 7
06-12 21:55:28.868 751 893 I OMXClient: IOmx service obtained
06-12 21:55:28.869 760 917 I OMXMaster: makeComponentInstance(OMX.qcom.video.encoder.mpeg4sw) in android.hardwar process
06-12 21:55:28.871 760 917 I SWVENC : >>> swvenc_init(): MPEG-4 codec, version date: 2017-01-27T12:02:22+0530
06-12 21:55:28.871 412 412 I hwservicemanager: getTransport: Cannot find entry android.hardware.wifi.offload@1.0::IOffload/default in either framework or device manifest.
06-12 21:55:28.871 759 759 E wificond: No Offload Service available
06-12 21:55:28.871 759 759 I wificond: Offload HAL not supported
06-12 21:55:28.872 760 917 I SWVENC : --- set_state(): SWVENC_STATE_INVALID -> SWVENC_STATE_INIT
06-12 21:55:28.872 760 917 I SWVENC : >>> swvenc_setproperty():
06-12 21:55:28.872 760 917 I SWVENC : --- set_profile(): simple profile
06-12 21:55:28.872 760 917 I SWVENC : >>> swvenc_setproperty():
06-12 21:55:28.872 760 917 I SWVENC : --- set_level(): 0
06-12 21:55:28.872 760 917 I SWVENC : >>> swvenc_setproperty():
06-12 21:55:28.872 760 917 I SWVENC : --- set_frame_size(): 176 x 144
06-12 21:55:28.872 760 917 I SWVENC : >>> swvenc_setproperty():
06-12 21:55:28.872 760 917 I SWVENC : --- set_property(): frame attributes: y,uv strides: 176,176; y,uv offsets: 0,25344; size: 38016
06-12 21:55:28.872 760 917 I SWVENC : >>> swvenc_getproperty():
06-12 21:55:28.872 760 917 I SWVENC : --- get_buffer_req(): input: 38016 byte buffers x (5 to 32), aligned to 128 byte boundaries
06-12 21:55:28.872 760 917 I SWVENC : >>> swvenc_getproperty():
06-12 21:55:28.872 760 917 I SWVENC : --- get_buffer_req(): output: 38016 byte buffers x (5 to 32), aligned to 128 byte boundaries
06-12 21:55:28.875 751 893 W OMXUtils: do not know color format 0x7fa30c04 = 2141391876
06-12 21:55:28.875 751 893 W OMXUtils: do not know color format 0x7f000789 = 2130708361
06-12 21:55:28.876 760 1770 I SWVENC : >>> swvenc_deinit():
06-12 21:55:28.876 760 1770 I SWVENC : --- ~c_swvenc_mpeg4():
06-12 21:55:28.876 760 1770 I SWVENC : --- set_state(): SWVENC_STATE_INIT -> SWVENC_STATE_INVALID
06-12 21:55:28.876 760 1807 I SWVENC : --- thread_eventd(): SWVENC_THREAD_SIGNAL_EXIT
06-12 21:55:28.876 760 1806 I SWVENC : --- thread_worker(): SWVENC_THREAD_SIGNAL_EXIT
06-12 21:55:28.877 1154 1548 E SupplicantStaIfaceHal: Can't call setupIface, ISupplicantStaIface is null
06-12 21:55:28.877 760 1770 I SWVENC : --- swvenc_deinit(): all done, goodbye!
06-12 21:55:28.882 751 893 I OMXClient: IOmx service obtained
06-12 21:55:28.882 1154 1548 I android_os_HwBinder: HwBinder: Starting thread pool for getting: android.hardware.wifi.supplicant@1.0::ISupplicant/default
06-12 21:55:28.882 760 1770 I OMXMaster: makeComponentInstance(OMX.google.mpeg4.encoder) in android.hardwar process
06-12 21:55:28.883 760 1770 I SoftMPEG4Encoder: Construct SoftMPEG4Encoder
06-12 21:55:28.886 1699 1699 D wpa_supplicant: Override interface parameter: ctrl_interface ('(null)' -> '/data/vendor/wifi/wpa/sockets')
06-12 21:55:28.886 751 893 W OMXUtils: do not know color format 0x7f000789 = 2130708361
06-12 21:55:28.886 1699 1699 D wpa_supplicant: Initializing interface 'wlan0' conf '/data/vendor/wifi/wpa/wpa_supplicant.conf' driver 'nl80211' ctrl_interface '/data/vendor/wifi/wpa/sockets' bridge 'N/A'
06-12 21:55:28.886 1699 1699 D wpa_supplicant: Configuration file '/data/vendor/wifi/wpa/wpa_supplicant.conf' -> '/data/vendor/wifi/wpa/wpa_supplicant.conf'
06-12 21:55:28.886 1699 1699 D wpa_supplicant: Reading configuration file '/data/vendor/wifi/wpa/wpa_supplicant.conf'
06-12 21:55:28.886 760 1770 E OMXNodeInstance: getConfig(0xf23d17e0:google.mpeg4.encoder, ConfigAndroidIntraRefresh(0x6f60000a)) ERROR: Undefined(0x80001001)
06-12 21:55:28.887 760 1770 E OMXNodeInstance: getParameter(0xf23d17e0:google.mpeg4.encoder, ParamVideoIntraRefresh(0x6000006)) ERROR: UnsupportedIndex(0x8000101a)
06-12 21:55:28.887 1699 1699 D wpa_supplicant: update_config=1
06-12 21:55:28.887 1699 1699 D wpa_supplicant: eapol_version=1
06-12 21:55:28.887 1699 1699 D wpa_supplicant: ap_scan=1
06-12 21:55:28.887 1699 1699 D wpa_supplicant: fast_reauth=1
06-12 21:55:28.887 751 893 D MediaCodecInfo: detail feature-frame-parsing wasn't present to remove
06-12 21:55:28.887 1699 1699 D wpa_supplicant: pmf=1
06-12 21:55:28.887 1699 1699 D wpa_supplicant: p2p_add_cli_chan=1
06-12 21:55:28.887 1699 1699 D wpa_supplicant: Reading configuration file '/vendor/etc/wifi/wpa_supplicant_overlay.conf'
06-12 21:55:28.888 1699 1699 D wpa_supplicant: disable_scan_offload=1
06-12 21:55:28.888 1699 1699 D wpa_supplicant: p2p_disabled=1
06-12 21:55:28.888 1699 1699 D wpa_supplicant: wowlan_triggers='magic_pkt'
06-12 21:55:28.888 1699 1699 D wpa_supplicant: bss_max_count=512
06-12 21:55:28.888 1699 1699 D wpa_supplicant: interworking=1
06-12 21:55:28.888 1699 1699 D wpa_supplicant: hs20=1
06-12 21:55:28.888 1699 1699 D wpa_supplicant: auto_interworking=0
06-12 21:55:28.889 1699 1699 D wpa_supplicant: bss_no_flush_when_down=1
06-12 21:55:28.891 751 893 I OMXClient: IOmx service obtained
06-12 21:55:28.892 760 917 I OMXMaster: makeComponentInstance(OMX.google.vp8.encoder) in android.hardwar process
06-12 21:55:28.897 751 893 W OMXUtils: do not know color format 0x7f000789 = 2130708361
06-12 21:55:28.897 760 917 E OMXNodeInstance: getConfig(0xf23d17e0:google.vp8.encoder, ConfigAndroidIntraRefresh(0x6f60000a)) ERROR: Undefined(0x80001001)
06-12 21:55:28.898 760 917 E OMXNodeInstance: getParameter(0xf23d17e0:google.vp8.encoder, ParamVideoIntraRefresh(0x6000006)) ERROR: UnsupportedIndex(0x8000101a)
06-12 21:55:28.898 751 893 D MediaCodecInfo: detail feature-frame-parsing wasn't present to remove
06-12 21:55:28.903 751 893 I Codec2Client: Available Codec2 services: "software"
06-12 21:55:28.903 751 893 I Codec2Client: Creating a Codec2 client to service "software"
06-12 21:55:28.906 751 893 I Codec2Client: Client to Codec2 service "software" created
06-12 21:55:28.907 773 773 V C2Store : in init
06-12 21:55:28.907 773 773 V C2Store : loading dll
06-12 21:55:28.920 773 773 V C2Store : in ~ComponentModule
06-12 21:55:28.920 773 773 V C2Store : unloading dll
06-12 21:55:28.920 773 773 V C2Store : in init
06-12 21:55:28.920 773 773 V C2Store : loading dll
06-12 21:55:28.927 773 773 V C2Store : in ~ComponentModule
06-12 21:55:28.928 773 773 V C2Store : unloading dll
06-12 21:55:28.928 773 773 V C2Store : in init
06-12 21:55:28.928 773 773 V C2Store : loading dll
06-12 21:55:28.934 773 773 V C2Store : in ~ComponentModule
06-12 21:55:28.935 773 773 V C2Store : unloading dll
06-12 21:55:28.935 773 773 V C2Store : in init
06-12 21:55:28.935 773 773 V C2Store : loading dll
06-12 21:55:28.936 1699 1699 D wpa_supplicant: nl80211: Using driver-based roaming
06-12 21:55:28.936 1699 1699 D wpa_supplicant: nl80211: TDLS supported
06-12 21:55:28.936 1699 1699 D wpa_supplicant: nl80211: TDLS external setup
06-12 21:55:28.936 1699 1699 D wpa_supplicant: nl80211: Supported cipher 00-0f-ac:1
06-12 21:55:28.936 1699 1699 D wpa_supplicant: nl80211: Supported cipher 00-0f-ac:5
06-12 21:55:28.936 1699 1699 D wpa_supplicant: nl80211: Supported cipher 00-0f-ac:2
06-12 21:55:28.936 1699 1699 D wpa_supplicant: nl80211: Supported cipher 00-0f-ac:4
06-12 21:55:28.936 1699 1699 D wpa_supplicant: nl80211: Supported cipher 00-14-72:1
06-12 21:55:28.936 1699 1699 D wpa_supplicant: nl80211: Supported cipher 00-0f-ac:6
06-12 21:55:28.936 1699 1699 D wpa_supplicant: nl80211: Supports Probe Response offload in AP mode
06-12 21:55:28.936 1699 1699 D wpa_supplicant: nl80211: Using driver-based off-channel TX
06-12 21:55:28.936 1699 1699 D wpa_supplicant: nl80211: Supported vendor command: vendor_id=0x1374 subcmd=9
06-12 21:55:28.936 1699 1699 D wpa_supplicant: nl80211: Supported vendor command: vendor_id=0x1374 subcmd=12
06-12 21:55:28.936 1699 1699 D wpa_supplicant: nl80211: Supported vendor command: vendor_id=0x1374 subcmd=16
06-12 21:55:28.936 1699 1699 D wpa_supplicant: nl80211: Supported vendor command: vendor_id=0x1374 subcmd=14
06-12 21:55:28.936 1699 1699 D wpa_supplicant: nl80211: Supported vendor command: vendor_id=0x1374 subcmd=15
06-12 21:55:28.936 1699 1699 D wpa_supplicant: nl80211: Supported vendor command: vendor_id=0x1374 subcmd=20
06-12 21:55:28.936 1699 1699 D wpa_supplicant: nl80211: Supported vendor command: vendor_id=0x1374 subcmd=21
06-12 21:55:28.936 1699 1699 D wpa_supplicant: nl80211: Supported vendor command: vendor_id=0x1374 subcmd=22
06-12 21:55:28.936 1699 1699 D wpa_supplicant: nl80211: Supported vendor command: vendor_id=0x1374 subcmd=23
06-12 21:55:28.936 1699 1699 D wpa_supplicant: nl80211: Supported vendor command: vendor_id=0x1374 subcmd=24
06-12 21:55:28.936 1699 1699 D wpa_supplicant: nl80211: Supported vendor command: vendor_id=0x1374 subcmd=29
06-12 21:55:28.936 1699 1699 D wpa_supplicant: nl80211: Supported vendor command: vendor_id=0x1374 subcmd=30
06-12 21:55:28.936 1699 1699 D wpa_supplicant: nl80211: Supported vendor command: vendor_id=0x1374 subcmd=34
06-12 21:55:28.936 1699 1699 D wpa_supplicant: nl80211: Supported vendor command: vendor_id=0x1374 subcmd=35
06-12 21:55:28.936 1699 1699 D wpa_supplicant: nl80211: Supported vendor command: vendor_id=0x1374 subcmd=36
06-12 21:55:28.936 1699 1699 D wpa_supplicant: nl80211: Supported vendor command: vendor_id=0x1374 subcmd=38
06-12 21:55:28.936 1699 1699 D wpa_supplicant: nl80211: Supported vendor command: vendor_id=0x1374 subcmd=40
06-12 21:55:28.936 1699 1699 D wpa_supplicant: nl80211: Supported vendor command: vendor_id=0x1374 subcmd=39
06-12 21:55:28.936 1699 1699 D wpa_supplicant: nl80211: Supported vendor command: vendor_id=0x1374 subcmd=42
06-12 21:55:28.936 1699 1699 D wpa_supplicant: nl80211: Supported vendor command: vendor_id=0x1374 subcmd=63
06-12 21:55:28.936 1699 1699 D wpa_supplicant: nl80211: Supported vendor command: vendor_id=0x1374 subcmd=105
06-12 21:55:28.937 1699 1699 D wpa_supplicant: nl80211: Supported vendor command: vendor_id=0x1374 subcmd=62
06-12 21:55:28.937 1699 1699 D wpa_supplicant: nl80211: Supported vendor command: vendor_id=0x1374 subcmd=61
06-12 21:55:28.937 1699 1699 D wpa_supplicant: nl80211: Supported vendor command: vendor_id=0x1374 subcmd=77
06-12 21:55:28.937 1699 1699 D wpa_supplicant: nl80211: Supported vendor command: vendor_id=0x1374 subcmd=80
06-12 21:55:28.937 1699 1699 D wpa_supplicant: nl80211: Supported vendor command: vendor_id=0x1374 subcmd=101
06-12 21:55:28.937 1699 1699 D wpa_supplicant: nl80211: Supported vendor command: vendor_id=0x1374 subcmd=74
06-12 21:55:28.937 1699 1699 D wpa_supplicant: nl80211: Supported vendor command: vendor_id=0x1374 subcmd=52
06-12 21:55:28.937 1699 1699 D wpa_supplicant: nl80211: Supported vendor command: vendor_id=0x1374 subcmd=149
06-12 21:55:28.937 1699 1699 D wpa_supplicant: nl80211: Supported vendor command: vendor_id=0x1374 subcmd=150
06-12 21:55:28.937 1699 1699 D wpa_supplicant: nl80211: Supported vendor command: vendor_id=0x1374 subcmd=121
06-12 21:55:28.937 1699 1699 D wpa_supplicant: nl80211: Supported vendor command: vendor_id=0x1374 subcmd=76
06-12 21:55:28.937 1699 1699 D wpa_supplicant: nl80211: Supported vendor event: vendor_id=0x1374 subcmd=10
06-12 21:55:28.937 1699 1699 D wpa_supplicant: nl80211: Supported vendor event: vendor_id=0x1374 subcmd=14
06-12 21:55:28.937 1699 1699 D wpa_supplicant: nl80211: Supported vendor event: vendor_id=0x1374 subcmd=15
06-12 21:55:28.937 1699 1699 D wpa_supplicant: nl80211: Supported vendor event: vendor_id=0x1374 subcmd=16
06-12 21:55:28.937 1699 1699 D wpa_supplicant: nl80211: Supported vendor event: vendor_id=0x1374 subcmd=17
06-12 21:55:28.937 1699 1699 D wpa_supplicant: nl80211: Supported vendor event: vendor_id=0x1374 subcmd=18
06-12 21:55:28.937 1699 1699 D wpa_supplicant: nl80211: Supported vendor event: vendor_id=0x1374 subcmd=19
06-12 21:55:28.937 1699 1699 D wpa_supplicant: nl80211: Supported vendor event: vendor_id=0x1374 subcmd=20
06-12 21:55:28.937 1699 1699 D wpa_supplicant: nl80211: Supported vendor event: vendor_id=0x1374 subcmd=21
06-12 21:55:28.937 1699 1699 D wpa_supplicant: nl80211: Supported vendor event: vendor_id=0x1374 subcmd=23
06-12 21:55:28.937 1699 1699 D wpa_supplicant: nl80211: Supported vendor event: vendor_id=0x1374 subcmd=24
06-12 21:55:28.937 1699 1699 D wpa_supplicant: nl80211: Supported vendor event: vendor_id=0x1374 subcmd=25
06-12 21:55:28.937 1699 1699 D wpa_supplicant: nl80211: Supported vendor event: vendor_id=0x1374 subcmd=26
06-12 21:55:28.937 1699 1699 D wpa_supplicant: nl80211: Supported vendor event: vendor_id=0x1374 subcmd=27
06-12 21:55:28.937 1699 1699 D wpa_supplicant: nl80211: Supported vendor event: vendor_id=0x1374 subcmd=28
06-12 21:55:28.937 1699 1699 D wpa_supplicant: nl80211: Supported vendor event: vendor_id=0x1374 subcmd=29
06-12 21:55:28.937 1699 1699 D wpa_supplicant: nl80211: Supported vendor event: vendor_id=0x1374 subcmd=30
06-12 21:55:28.937 1699 1699 D wpa_supplicant: nl80211: Supported vendor event: vendor_id=0x1374 subcmd=37
06-12 21:55:28.937 1699 1699 D wpa_supplicant: nl80211: Supported vendor event: vendor_id=0x1374 subcmd=12
06-12 21:55:28.937 1699 1699 D wpa_supplicant: nl80211: Supported vendor event: vendor_id=0x1374 subcmd=61
06-12 21:55:28.937 1699 1699 D wpa_supplicant: nl80211: Supported vendor event: vendor_id=0x1374 subcmd=80
06-12 21:55:28.937 1699 1699 D wpa_supplicant: nl80211: Supported vendor event: vendor_id=0x1374 subcmd=41
06-12 21:55:28.937 1699 1699 D wpa_supplicant: nl80211: Supported vendor event: vendor_id=0x1374 subcmd=150
06-12 21:55:28.937 1699 1699 D wpa_supplicant: nl80211: Supported vendor event: vendor_id=0x1374 subcmd=157
06-12 21:55:28.937 1699 1699 D wpa_supplicant: nl80211: Supported vendor event: vendor_id=0x1374 subcmd=101
06-12 21:55:28.937 1699 1699 D wpa_supplicant: nl80211: Use separate P2P group interface (driver advertised support)
06-12 21:55:28.937 1699 1699 D wpa_supplicant: nl80211: Enable multi-channel concurrent (driver advertised support)
06-12 21:55:28.937 1699 1699 D wpa_supplicant: nl80211: interface wlan0 in phy phy0
06-12 21:55:28.938 1699 1699 D wpa_supplicant: nl80211: Set mode ifindex 7 iftype 2 (STATION)
06-12 21:55:28.938 1699 1699 D wpa_supplicant: nl80211: Subscribe to mgmt frames with non-AP handle 0x704a211c40
06-12 21:55:28.938 1699 1699 D wpa_supplicant: nl80211: Register frame type=0xd0 (WLAN_FC_STYPE_ACTION) nl_handle=0x704a211c40 match=0104
06-12 21:55:28.938 1699 1699 D wpa_supplicant: nl80211: Register frame type=0xd0 (WLAN_FC_STYPE_ACTION) nl_handle=0x704a211c40 match=040a
06-12 21:55:28.938 1699 1699 D wpa_supplicant: nl80211: Register frame type=0xd0 (WLAN_FC_STYPE_ACTION) nl_handle=0x704a211c40 match=040b
06-12 21:55:28.938 1699 1699 D wpa_supplicant: nl80211: Register frame type=0xd0 (WLAN_FC_STYPE_ACTION) nl_handle=0x704a211c40 match=040c
06-12 21:55:28.939 1699 1699 D wpa_supplicant: nl80211: Register frame type=0xd0 (WLAN_FC_STYPE_ACTION) nl_handle=0x704a211c40 match=040d
06-12 21:55:28.939 1699 1699 D wpa_supplicant: nl80211: Register frame type=0xd0 (WLAN_FC_STYPE_ACTION) nl_handle=0x704a211c40 match=090a
06-12 21:55:28.939 773 773 V C2Store : in ~ComponentModule
06-12 21:55:28.939 773 773 V C2Store : unloading dll
06-12 21:55:28.939 1699 1699 D wpa_supplicant: nl80211: Register frame type=0xd0 (WLAN_FC_STYPE_ACTION) nl_handle=0x704a211c40 match=090b
06-12 21:55:28.939 773 773 V C2Store : in init
06-12 21:55:28.939 1699 1699 D wpa_supplicant: nl80211: Register frame type=0xd0 (WLAN_FC_STYPE_ACTION) nl_handle=0x704a211c40 match=090c
06-12 21:55:28.939 773 773 V C2Store : loading dll
06-12 21:55:28.939 1699 1699 D wpa_supplicant: nl80211: Register frame type=0xd0 (WLAN_FC_STYPE_ACTION) nl_handle=0x704a211c40 match=090d
06-12 21:55:28.939 1699 1699 D wpa_supplicant: nl80211: Register frame type=0xd0 (WLAN_FC_STYPE_ACTION) nl_handle=0x704a211c40 match=0409506f9a09
06-12 21:55:28.939 1699 1699 D wpa_supplicant: nl80211: Register frame type=0xd0 (WLAN_FC_STYPE_ACTION) nl_handle=0x704a211c40 match=7f506f9a09
06-12 21:55:28.939 1699 1699 D wpa_supplicant: nl80211: Register frame type=0xd0 (WLAN_FC_STYPE_ACTION) nl_handle=0x704a211c40 match=0409506f9a1a
06-12 21:55:28.940 1699 1699 D wpa_supplicant: nl80211: Register frame type=0xd0 (WLAN_FC_STYPE_ACTION) nl_handle=0x704a211c40 match=0801
06-12 21:55:28.940 1699 1699 D wpa_supplicant: nl80211: Register frame type=0xd0 (WLAN_FC_STYPE_ACTION) nl_handle=0x704a211c40 match=040e
06-12 21:55:28.940 1699 1699 D wpa_supplicant: nl80211: Register frame type=0xd0 (WLAN_FC_STYPE_ACTION) nl_handle=0x704a211c40 match=06
06-12 21:55:28.940 1699 1699 D wpa_supplicant: nl80211: Register frame type=0xd0 (WLAN_FC_STYPE_ACTION) nl_handle=0x704a211c40 match=0a07
06-12 21:55:28.940 1699 1699 D wpa_supplicant: nl80211: Register frame type=0xd0 (WLAN_FC_STYPE_ACTION) nl_handle=0x704a211c40 match=0a11
06-12 21:55:28.940 1699 1699 D wpa_supplicant: nl80211: Register frame type=0xd0 (WLAN_FC_STYPE_ACTION) nl_handle=0x704a211c40 match=0a0b
06-12 21:55:28.940 1699 1699 D wpa_supplicant: nl80211: Register frame type=0xd0 (WLAN_FC_STYPE_ACTION) nl_handle=0x704a211c40 match=0a1a
06-12 21:55:28.940 1699 1699 D wpa_supplicant: nl80211: Register frame type=0xd0 (WLAN_FC_STYPE_ACTION) nl_handle=0x704a211c40 match=1101
06-12 21:55:28.941 1699 1699 D wpa_supplicant: nl80211: Register frame type=0xd0 (WLAN_FC_STYPE_ACTION) nl_handle=0x704a211c40 match=1102
06-12 21:55:28.941 1699 1699 D wpa_supplicant: nl80211: Register frame type=0xd0 (WLAN_FC_STYPE_ACTION) nl_handle=0x704a211c40 match=0505
06-12 21:55:28.941 1699 1699 D wpa_supplicant: nl80211: Register frame type=0xd0 (WLAN_FC_STYPE_ACTION) nl_handle=0x704a211c40 match=0500
06-12 21:55:28.942 1699 1699 I wpa_supplicant: rfkill: Cannot open RFKILL control device
06-12 21:55:28.942 1699 1699 D wpa_supplicant: nl80211: RFKILL status not available
06-12 21:55:28.942 1699 1699 D wpa_supplicant: netlink: Operstate: ifindex=7 linkmode=1 (userspace-control), operstate=5 (IF_OPER_DORMANT)
06-12 21:55:28.943 1154 1179 I EthernetTracker: interfaceLinkStateChanged, iface: wlan0, up: false
06-12 21:55:28.946 773 773 V C2Store : in ~ComponentModule
06-12 21:55:28.946 773 773 V C2Store : unloading dll
06-12 21:55:28.946 773 773 V C2Store : in init
06-12 21:55:28.946 773 773 V C2Store : loading dll
06-12 21:55:28.952 773 773 V C2Store : in ~ComponentModule
06-12 21:55:28.952 773 773 V C2Store : unloading dll
06-12 21:55:28.952 773 773 V C2Store : in init
06-12 21:55:28.952 773 773 V C2Store : loading dll
06-12 21:55:28.959 773 773 V C2Store : in ~ComponentModule
06-12 21:55:28.960 773 773 V C2Store : unloading dll
06-12 21:55:28.960 773 773 V C2Store : in init
06-12 21:55:28.960 773 773 V C2Store : loading dll
06-12 21:55:28.967 773 773 V C2Store : in ~ComponentModule
06-12 21:55:28.967 773 773 V C2Store : unloading dll
06-12 21:55:28.967 773 773 V C2Store : in init
06-12 21:55:28.967 773 773 V C2Store : loading dll
06-12 21:55:28.972 773 773 I /apex/com.android.media.swcodec/bin/mediaswcodec: missing struct descriptor #Param::CoreIndex(--004) for field values of struct #Param::CoreIndex(F-12004)
06-12 21:55:28.974 773 773 V C2Store : in ~ComponentModule
06-12 21:55:28.974 773 773 V C2Store : unloading dll
06-12 21:55:28.974 773 773 V C2Store : in init
06-12 21:55:28.974 773 773 V C2Store : loading dll
06-12 21:55:28.980 773 773 V C2Store : in ~ComponentModule
06-12 21:55:28.980 773 773 V C2Store : unloading dll
06-12 21:55:28.980 773 773 V C2Store : in init
06-12 21:55:28.980 773 773 V C2Store : loading dll
06-12 21:55:28.985 773 773 V C2Store : in ~ComponentModule
06-12 21:55:28.985 773 773 V C2Store : unloading dll
06-12 21:55:28.986 773 773 V C2Store : in init
06-12 21:55:28.986 773 773 V C2Store : loading dll
06-12 21:55:28.989 773 773 V C2Store : in ~ComponentModule
06-12 21:55:28.989 773 773 V C2Store : unloading dll
06-12 21:55:28.990 773 773 V C2Store : in init
06-12 21:55:28.990 773 773 V C2Store : loading dll
06-12 21:55:28.995 773 773 V C2Store : in ~ComponentModule
06-12 21:55:28.995 773 773 V C2Store : unloading dll
06-12 21:55:28.995 773 773 V C2Store : in init
06-12 21:55:28.995 773 773 V C2Store : loading dll
06-12 21:55:28.998 1699 1699 D wpa_supplicant: Add interface wlan0 to a new radio phy0
06-12 21:55:28.999 1699 1699 D wpa_supplicant: nl80211: Regulatory information - country=00
06-12 21:55:28.999 773 773 V C2Store : in ~ComponentModule
06-12 21:55:28.999 773 773 V C2Store : unloading dll
06-12 21:55:28.999 1699 1699 D wpa_supplicant: nl80211: 2402-2472 @ 40 MHz 20 mBm
06-12 21:55:28.999 1699 1699 D wpa_supplicant: nl80211: 2457-2482 @ 40 MHz 20 mBm (no IR)
06-12 21:55:28.999 1699 1699 D wpa_supplicant: nl80211: 2474-2494 @ 20 MHz 20 mBm (no OFDM) (no IR)
06-12 21:55:28.999 1699 1699 D wpa_supplicant: nl80211: 5170-5250 @ 80 MHz 20 mBm (no IR)
06-12 21:55:29.000 1699 1699 D wpa_supplicant: nl80211: 5250-5330 @ 80 MHz 20 mBm (no IR)
06-12 21:55:29.000 773 773 V C2Store : in init
06-12 21:55:29.000 1699 1699 D wpa_supplicant: nl80211: 5490-5710 @ 80 MHz 20 mBm (no IR)
06-12 21:55:29.000 773 773 V C2Store : loading dll
06-12 21:55:29.000 1699 1699 D wpa_supplicant: nl80211: 5735-5835 @ 80 MHz 20 mBm (no IR)
06-12 21:55:29.000 1699 1699 D wpa_supplicant: nl80211: 57240-63720 @ 2160 MHz 0 mBm
06-12 21:55:29.000 1699 1699 D wpa_supplicant: nl80211: Added 802.11b mode based on 802.11g information
06-12 21:55:29.000 1699 1699 D wpa_supplicant: nl80211: Mode IEEE 802.11g: 2412 2417 2422 2427 2432 2437 2442 2447 2452 2457 2462 2467[NO_IR] 2472[NO_IR] 2484[NO_IR]
06-12 21:55:29.000 1699 1699 D wpa_supplicant: nl80211: Mode IEEE 802.11b: 2412 2417 2422 2427 2432 2437 2442 2447 2452 2457 2462 2467[NO_IR] 2472[NO_IR] 2484[NO_IR]
06-12 21:55:29.006 773 773 V C2Store : in ~ComponentModule
06-12 21:55:29.006 773 773 V C2Store : unloading dll
06-12 21:55:29.006 773 773 V C2Store : in init
06-12 21:55:29.006 773 773 V C2Store : loading dll
06-12 21:55:29.012 773 773 V C2Store : in ~ComponentModule
06-12 21:55:29.012 773 773 V C2Store : unloading dll
06-12 21:55:29.013 773 773 V C2Store : in init
06-12 21:55:29.013 773 773 V C2Store : loading dll
06-12 21:55:29.014 1614 1802 I vol.Events: writeEvent level_changed STREAM_VOICE_CALL 6
06-12 21:55:29.018 1614 1802 I vol.Events: writeEvent level_changed STREAM_SYSTEM 5
06-12 21:55:29.021 1699 1699 D wpa_supplicant: wlan0: Own MAC address: 00:0a:f5:a2:a3:5c
06-12 21:55:29.021 773 773 V C2Store : in ~ComponentModule
06-12 21:55:29.021 773 773 V C2Store : unloading dll
06-12 21:55:29.021 773 773 V C2Store : in init
06-12 21:55:29.021 1699 1699 D wpa_supplicant: wpa_driver_nl80211_set_key: ifindex=7 (wlan0) alg=0 addr=0x0 key_idx=0 set_tx=0 seq_len=0 key_len=0
06-12 21:55:29.021 773 773 V C2Store : loading dll
06-12 21:55:29.021 1699 1699 D wpa_supplicant: wpa_driver_nl80211_set_key: ifindex=7 (wlan0) alg=0 addr=0x0 key_idx=1 set_tx=0 seq_len=0 key_len=0
06-12 21:55:29.022 1699 1699 D wpa_supplicant: wpa_driver_nl80211_set_key: ifindex=7 (wlan0) alg=0 addr=0x0 key_idx=2 set_tx=0 seq_len=0 key_len=0
06-12 21:55:29.022 1614 1802 I vol.Events: writeEvent level_changed STREAM_RING 5
06-12 21:55:29.022 1699 1699 D wpa_supplicant: wpa_driver_nl80211_set_key: ifindex=7 (wlan0) alg=0 addr=0x0 key_idx=3 set_tx=0 seq_len=0 key_len=0
06-12 21:55:29.022 1699 1699 D wpa_supplicant: wpa_driver_nl80211_set_key: ifindex=7 (wlan0) alg=0 addr=0x0 key_idx=4 set_tx=0 seq_len=0 key_len=0
06-12 21:55:29.022 1699 1699 D wpa_supplicant: wpa_driver_nl80211_set_key: ifindex=7 (wlan0) alg=0 addr=0x0 key_idx=5 set_tx=0 seq_len=0 key_len=0
06-12 21:55:29.022 1699 1699 D wpa_supplicant: wlan0: RSN: flushing PMKID list in the driver
06-12 21:55:29.023 1699 1699 D wpa_supplicant: nl80211: Flush PMKIDs
06-12 21:55:29.023 1699 1699 D wpa_supplicant: wlan0: State: DISCONNECTED -> INACTIVE
06-12 21:55:29.023 1699 1699 D wpa_supplicant: Notifying state change event to hidl control: 2
06-12 21:55:29.024 1614 1802 I vol.Events: writeEvent level_changed STREAM_MUSIC 6
06-12 21:55:29.026 1614 1614 D SystemUIBootTiming: StartServicescom.android.systemui.volume.VolumeUI took to complete: 170ms
06-12 21:55:29.029 1614 1802 I vol.Events: writeEvent level_changed STREAM_ALARM 6
06-12 21:55:29.032 1614 1802 I vol.Events: writeEvent level_changed STREAM_BLUETOOTH_SCO 7
06-12 21:55:29.039 1614 1802 I vol.Events: writeEvent zen_mode_config_changed [disallowAlarms=false disallowMedia=false disallowSystem=true disallowRinger=false]
06-12 21:55:29.041 773 773 D C2SoftHevcEnc: Given level 6000 does not cover current configuration: adjusting to 6001
06-12 21:55:29.042 773 773 V C2Store : in ~ComponentModule
06-12 21:55:29.042 773 773 V C2Store : unloading dll
06-12 21:55:29.042 773 773 V C2Store : in init
06-12 21:55:29.042 773 773 V C2Store : loading dll
06-12 21:55:29.047 773 773 V C2Store : in ~ComponentModule
06-12 21:55:29.047 773 773 V C2Store : unloading dll
06-12 21:55:29.047 773 773 V C2Store : in init
06-12 21:55:29.047 773 773 V C2Store : loading dll
06-12 21:55:29.054 773 773 V C2Store : in ~ComponentModule
06-12 21:55:29.054 773 773 V C2Store : unloading dll
06-12 21:55:29.054 773 773 V C2Store : in init
06-12 21:55:29.054 773 773 V C2Store : loading dll
06-12 21:55:29.058 773 773 V C2Store : in ~ComponentModule
06-12 21:55:29.058 773 773 V C2Store : unloading dll
06-12 21:55:29.059 773 773 V C2Store : in init
06-12 21:55:29.059 773 773 V C2Store : loading dll
06-12 21:55:29.061 1699 1699 D wpa_supplicant: TDLS: TDLS operation supported by driver
06-12 21:55:29.061 1699 1699 D wpa_supplicant: TDLS: Driver uses external link setup
