06-12 21:55:23.752 784 1256 I mm-camera: < INFO> 4585: mct_pipeline_start_session_thread: Module stats start_session rc = 1
06-12 21:55:23.752 784 1256 I mm-camera: < INFO> 4593: mct_pipeline_start_session_thread: started_num = 5, success = 5
06-12 21:55:23.752 784 1256 I mm-camera: < INFO> 4600: mct_pipeline_start_session_thread: X stats
06-12 21:55:23.754 784 1255 I mm-camera: < INFO> 4585: mct_pipeline_start_session_thread: Module isp start_session rc = 1
06-12 21:55:23.754 784 1255 I mm-camera: < INFO> 4593: mct_pipeline_start_session_thread: started_num = 6, success = 6
06-12 21:55:23.754 784 1255 I mm-camera: < INFO> 4600: mct_pipeline_start_session_thread: X isp
06-12 21:55:23.763 784 784 I mm-camera: < INFO> 4496: mct_pipeline_start_stream_internal: Adding session stream streamid= 0xf for session=1
06-12 21:55:23.763 784 784 I mm-camera: < INFO> 4544: mct_pipeline_start_stream_internal: Linking session stream for session 1
06-12 21:55:23.763 784 784 I mm-camera: < INFO> 510: mct_stream_start_link: Start linking Session-stream 0x1000f
06-12 21:55:23.763 784 784 I mm-camera: < INFO> 338: iface_util_find_primary_cid: iface_util_find_primary_cid:338 error cannot find primary sensor format cids 1
06-12 21:55:23.763 784 784 I mm-camera: < INFO> 801: isp_port_check_caps_reserve: port 0xefa9ee00 ide 1000f type 10 dim 0 0
06-12 21:55:23.763 784 784 I mm-camera: < INFO> 446: pproc_port_add_modules_to_stream: in identity 1000f stream 10 int_link = 0xefab4580
06-12 21:55:23.763 784 784 I mm-camera: < INFO> 458: pproc_port_add_modules_to_stream: :LINK linking mods tmod and c2d for identity 1000f
06-12 21:55:23.764 784 784 I mm-camera: < INFO> 1490: c2d_module_notify_add_stream: width 0, height 0, stride 0, scanline 0, is_type 0
06-12 21:55:23.764 784 784 I mm-camera: < INFO> 458: pproc_port_add_modules_to_stream: :LINK linking mods c2d and cpp for identity 1000f
06-12 21:55:23.764 784 784 I mm-camera: < INFO> 2154: cpp_module_notify_add_stream: :width 0, height 0, stride 0, scanline 0, framelen 0
06-12 21:55:23.764 784 784 I mm-camera: < INFO> 2319: cpp_module_notify_add_stream: : stream 10, fmt 1, asf_mode 0, sharpness_level 0.000000,asf mask 0, denoise 0, denoise_mask 0, dsdn mask 0,dsdn enable 0, tnr mask 0, tnr enable 0, ds_mask 0
06-12 21:55:23.764 784 784 I mm-camera: < INFO> 458: pproc_port_add_modules_to_stream: :LINK linking mods cpp and paaf for identity 1000f
06-12 21:55:23.764 784 784 I mm-camera: < INFO> 458: pproc_port_add_modules_to_stream: :LINK linking mods paaf and ezt for identity 1000f
06-12 21:55:23.764 784 784 I mm-camera: < INFO> 458: pproc_port_add_modules_to_stream: :LINK linking mods ezt and quadracfa for identity 1000f
06-12 21:55:23.765 784 784 E mm-camera: 2822: stats_port_check_caps_reserve: Invalid Port capability type!
06-12 21:55:23.765 784 784 I chatty : uid=1006(camera) mm-qcamera-daem identical 3 lines
06-12 21:55:23.765 784 784 E mm-camera: 2822: stats_port_check_caps_reserve: Invalid Port capability type!
06-12 21:55:23.766 784 784 I mm-camera: < INFO> 4553: mct_pipeline_start_stream_internal: Session stream linked successfully session 1
06-12 21:55:23.768 555 555 W qti_sensors_hal: addSensor : Not supported sensor with handle 88!
06-12 21:55:23.768 555 555 W qti_sensors_hal: addSensor : Not supported sensor with handle 39!
06-12 21:55:23.772 757 774 I ServiceManager: Waiting for service 'package_native' on '/dev/binder'...
06-12 21:55:23.772 532 532 I Thermal-Lib: Thermal-Lib-Client: Registration successful for camera with handle:1
06-12 21:55:23.773 532 532 I Thermal-Lib: Thermal-Lib-Client: Registration successful for camcorder with handle:2
06-12 21:55:23.773 532 532 I QCamera : openCamera: 1840: [KPI Perf]: X PROFILE_OPEN_CAMERA camera id 0, rc: 0
06-12 21:55:23.773 532 532 I QCamera : close_camera_device: 1495: [KPI Perf]: E camera id 0
06-12 21:55:23.773 784 1291 E mm-camera: 1102: mct_pipeline_decide_hw_wakeup: Couldn't find meta stream
06-12 21:55:23.774 643 739 I ThermalEngine: Thermal-Server: Adding thermal event listener on fd 53
06-12 21:55:23.776 532 532 E QCamera : lock_acq: 363: failed to acquire lock
06-12 21:55:23.776 532 1302 I Thermal-Lib: Thermal-Lib-Client: Client received msg camera 0
06-12 21:55:23.776 532 532 I QCamera : closeCamera: 2226: E
06-12 21:55:23.776 532 1302 I Thermal-Lib: Thermal-Lib-Client: Client received msg camcorder 0
06-12 21:55:23.776 532 532 I QCamera : closeCamera: 2231: [KPI Perf]: E PROFILE_CLOSE_CAMERA camera id 0
06-12 21:55:23.777 784 1016 E mm-camera: 303: AllocateBuffers: Invalid dimensions 0x0
06-12 21:55:23.777 784 1291 I mm-camera: < INFO> 6629: isp_util_print_meta_stream_info: Deallocate resources
06-12 21:55:23.777 784 1016 E mm-camera: 203: img_algo_preload: Preload: Failed to allocate buffer, rc -4
06-12 21:55:23.777 784 1016 E mm-camera: 119: module_imgbase_client_preload_exec: IMG_CORE_PRELOAD failed -4
06-12 21:55:23.779 555 555 W qti_sensors_hal: addSensor : Not supported sensor with handle 48!
06-12 21:55:23.779 555 555 W qti_sensors_hal: addSensor : Not supported sensor with handle 49!
06-12 21:55:23.779 784 1291 I mm-camera: < INFO> 2527: isp_resource_allocate: INFO: ISP resource acquired: session 1 num_isp 2
06-12 21:55:23.780 784 1291 I mm-camera: < INFO> 2529: isp_resource_allocate: INFO: ISP resource acquired: hw_id 0
06-12 21:55:23.780 784 1291 I mm-camera: < INFO> 2529: isp_resource_allocate: INFO: ISP resource acquired: hw_id 1
06-12 21:55:23.780 784 1291 I mm-camera: < INFO> 6479: isp_util_decide_stream_mapping: stream_port_map num streams 0
06-12 21:55:23.781 555 555 W qti_sensors_hal: addSensor : Not supported sensor with handle 53!
06-12 21:55:23.785 784 1291 E mm-camera: 1102: mct_pipeline_decide_hw_wakeup: Couldn't find meta stream
06-12 21:55:23.786 555 555 W qti_sensors_hal: addSensor : Not supported sensor with handle 68!
06-12 21:55:23.787 532 532 I Thermal-Lib: Thermal-Lib-Client: Unregisteration is successfull for handle:1
06-12 21:55:23.787 643 739 I ThermalEngine: Thermal-Server: removing client on fd 53
06-12 21:55:23.787 532 532 I Thermal-Lib: Thermal-Lib-Client: Unregisteration is successfull for handle:2
06-12 21:55:23.788 784 784 I mm-camera: < INFO> 216: mct_controller_destroy: Initiating destroy sequence for session = 1
06-12 21:55:23.789 784 784 I mm-camera: < INFO> 234: mct_controller_destroy: serv_thread closed
06-12 21:55:23.789 784 784 I mm-camera: < INFO> 249: mct_controller_destroy: bus_handler thread closed
06-12 21:55:23.789 784 784 I mm-camera: < INFO> 4653: mct_pipeline_stop_session: Initiating stop_session on session 1
06-12 21:55:23.789 784 784 I mm-camera: < INFO> 3694: mct_pipeline_process_set: command=800000b
06-12 21:55:23.789 784 784 I mm-camera: < INFO> 3912: mct_pipeline_process_set: Issuing DEL_STREAM on stream 0x1000f and stream type=10
06-12 21:55:23.789 784 784 I mm-camera: < INFO> 671: iface_unreserve_sink_port: stream_id f mode 0
06-12 21:55:23.789 784 784 I mm-camera: < INFO> 890: isp_port_check_caps_unreserve: ide 1000f port 0xefa9ee00
06-12 21:55:23.794 784 784 I mm-camera: < INFO> 3923: mct_pipeline_process_set: Stream 0x1000f and stream type=10, successfully deleted
06-12 21:55:23.794 784 1318 I mm-camera: < INFO> 4387: mct_pipeline_stop_session_thread: Stop module name: sensor - E
06-12 21:55:23.795 555 555 I : Loaded library from sensors.ssc.so
06-12 21:55:23.795 784 1319 I mm-camera: < INFO> 4387: mct_pipeline_stop_session_thread: Stop module name: iface - E
06-12 21:55:23.795 555 555 E /vendor/bin/hw/android.hardware.sensors@1.0-service: HAL specifies version 1.4, but does not implement set_operation_mode()
06-12 21:55:23.795 784 1321 I mm-camera: < INFO> 4387: mct_pipeline_stop_session_thread: Stop module name: isp - E
06-12 21:55:23.796 784 1321 I mm-camera: < INFO> 491: isp_module_stop_session: session id 1
06-12 21:55:23.796 784 1321 I mm-camera: < INFO> 532: isp_module_stop_session: warning: ISP resource is not freed on time!
06-12 21:55:23.796 784 1322 I mm-camera: < INFO> 4387: mct_pipeline_stop_session_thread: Stop module name: stats - E
06-12 21:55:23.797 784 1323 I mm-camera: < INFO> 4387: mct_pipeline_stop_session_thread: Stop module name: pproc - E
06-12 21:55:23.797 784 1324 I mm-camera: < INFO> 4387: mct_pipeline_stop_session_thread: Stop module name: imglib - E
06-12 21:55:23.799 555 555 I ServiceManagement: Registered android.hardware.sensors@1.0::ISensors/default (start delay of 4550ms)
06-12 21:55:23.799 784 1319 I mm-camera: < INFO> 4395: mct_pipeline_stop_session_thread: Stop module name: iface - X
06-12 21:55:23.799 784 1324 I mm-camera: < INFO> 4395: mct_pipeline_stop_session_thread: Stop module name: imglib - X
06-12 21:55:23.799 784 784 I mm-camera: < INFO> 4675: mct_pipeline_stop_session: Modules left: 5
06-12 21:55:23.799 555 555 I ServiceManagement: Removing namespace from process name android.hardware.sensors@1.0-service to sensors@1.0-service.
06-12 21:55:23.800 784 784 I mm-camera: < INFO> 4675: mct_pipeline_stop_session: Modules left: 4
06-12 21:55:23.800 784 1321 I mm-camera: < INFO> 4395: mct_pipeline_stop_session_thread: Stop module name: isp - X
06-12 21:55:23.800 784 784 I mm-camera: < INFO> 4675: mct_pipeline_stop_session: Modules left: 3
06-12 21:55:23.800 784 1323 I mm-camera: < INFO> 4395: mct_pipeline_stop_session_thread: Stop module name: pproc - X
06-12 21:55:23.800 784 784 I mm-camera: < INFO> 4675: mct_pipeline_stop_session: Modules left: 2
06-12 21:55:23.803 784 1322 I mm-camera: < INFO> 4395: mct_pipeline_stop_session_thread: Stop module name: stats - X
06-12 21:55:23.803 784 784 I mm-camera: < INFO> 4675: mct_pipeline_stop_session: Modules left: 1
06-12 21:55:23.807 555 555 I android.hardware.sensors@1.0-service: Registration complete for android.hardware.sensors@1.0::ISensors/default.
06-12 21:55:23.808 784 1318 I mm-camera: < INFO> 4395: mct_pipeline_stop_session_thread: Stop module name: sensor - X
06-12 21:55:23.808 784 784 I mm-camera: < INFO> 4675: mct_pipeline_stop_session: Modules left: 0
06-12 21:55:23.808 784 784 I mm-camera: < INFO> 4684: mct_pipeline_stop_session: Stopped session 1 successfully
06-12 21:55:23.808 784 784 I mm-camera: < INFO> 4961: mct_pipeline_destroy: E: session:1
06-12 21:55:23.808 784 784 I mm-camera: < INFO> 5034: mct_pipeline_destroy: X: Pipeline destroyed successfully session =1
06-12 21:55:23.808 784 784 I mm-camera: < INFO> 282: mct_controller_destroy: X Successfully closed mct_controller session 1
06-12 21:55:23.809 532 532 I QCamera : closeCamera: 2302: [KPI Perf]: X PROFILE_CLOSE_CAMERA camera id 0, rc: 0
06-12 21:55:23.810 532 532 I QCamera : close_camera_device: 1497: [KPI Perf]: X
06-12 21:55:23.810 532 532 I QCamera : getCameraInfo: 340: Camera id 1 API version 768
06-12 21:55:23.810 784 784 I mm-camera: < INFO> 395: enable_memleak_trace: start memleak tracking.
06-12 21:55:23.818 784 784 I mm-camera: < INFO> 63: mct_controller_new: Creating new mct_controller with session-id 2
06-12 21:55:23.818 784 1326 I mm-camera: < INFO> 4575: mct_pipeline_start_session_thread: E sensor
06-12 21:55:23.818 784 1326 I mm-camera: < INFO> 4582: mct_pipeline_start_session_thread: Calling start_session on Module sensor
06-12 21:55:23.818 784 1327 I mm-camera: < INFO> 4575: mct_pipeline_start_session_thread: E iface
06-12 21:55:23.818 784 1327 I mm-camera: < INFO> 4582: mct_pipeline_start_session_thread: Calling start_session on Module iface
06-12 21:55:23.819 784 1329 I mm-camera: < INFO> 4575: mct_pipeline_start_session_thread: E isp
06-12 21:55:23.819 784 1329 I mm-camera: < INFO> 4582: mct_pipeline_start_session_thread: Calling start_session on Module isp
06-12 21:55:23.819 784 1329 I mm-camera: < INFO> 205: isp_module_start_session: session id 2
06-12 21:55:23.819 784 1330 I mm-camera: < INFO> 4575: mct_pipeline_start_session_thread: E stats
06-12 21:55:23.820 784 1330 I mm-camera: < INFO> 4582: mct_pipeline_start_session_thread: Calling start_session on Module stats
06-12 21:55:23.820 784 1327 I mm-camera: < INFO> 4585: mct_pipeline_start_session_thread: Module iface start_session rc = 1
06-12 21:55:23.820 784 1327 I mm-camera: < INFO> 4593: mct_pipeline_start_session_thread: started_num = 1, success = 1
06-12 21:55:23.820 784 1327 I mm-camera: < INFO> 4600: mct_pipeline_start_session_thread: X iface
06-12 21:55:23.821 784 1332 I mm-camera: < INFO> 4575: mct_pipeline_start_session_thread: E pproc
06-12 21:55:23.821 784 1332 I mm-camera: < INFO> 4582: mct_pipeline_start_session_thread: Calling start_session on Module pproc
06-12 21:55:23.822 784 1333 I mm-camera: < INFO> 4575: mct_pipeline_start_session_thread: E imglib
06-12 21:55:23.823 784 1333 I mm-camera: < INFO> 4582: mct_pipeline_start_session_thread: Calling start_session on Module imglib
06-12 21:55:23.825 784 1332 I mm-camera: < INFO> 4585: mct_pipeline_start_session_thread: Module pproc start_session rc = 1
06-12 21:55:23.825 784 1332 I mm-camera: < INFO> 4593: mct_pipeline_start_session_thread: started_num = 2, success = 2
06-12 21:55:23.826 784 1332 I mm-camera: < INFO> 4600: mct_pipeline_start_session_thread: X pproc
06-12 21:55:23.826 784 1333 I mm-camera: < INFO> 4585: mct_pipeline_start_session_thread: Module imglib start_session rc = 1
06-12 21:55:23.826 784 1333 I mm-camera: < INFO> 4593: mct_pipeline_start_session_thread: started_num = 3, success = 3
06-12 21:55:23.826 784 1333 I mm-camera: < INFO> 4600: mct_pipeline_start_session_thread: X imglib
06-12 21:55:23.826 784 1329 I mm-camera: < INFO> 4585: mct_pipeline_start_session_thread: Module isp start_session rc = 1
06-12 21:55:23.827 784 1329 I mm-camera: < INFO> 4593: mct_pipeline_start_session_thread: started_num = 4, success = 4
06-12 21:55:23.827 784 1329 I mm-camera: < INFO> 4600: mct_pipeline_start_session_thread: X isp
06-12 21:55:23.827 784 1330 E mm-camera: 173: dsps_send_req: DSPS Send Request Timeout!!
06-12 21:55:23.828 784 1330 I mm-camera: < INFO> 4585: mct_pipeline_start_session_thread: Module stats start_session rc = 1
06-12 21:55:23.828 784 1330 I mm-camera: < INFO> 4593: mct_pipeline_start_session_thread: started_num = 5, success = 5
06-12 21:55:23.828 784 1330 I mm-camera: < INFO> 4600: mct_pipeline_start_session_thread: X stats
06-12 21:55:23.828 784 1326 I mm-camera: < INFO> 4585: mct_pipeline_start_session_thread: Module sensor start_session rc = 1
06-12 21:55:23.828 784 1326 I mm-camera: < INFO> 4593: mct_pipeline_start_session_thread: started_num = 6, success = 6
06-12 21:55:23.828 784 1326 I mm-camera: < INFO> 4600: mct_pipeline_start_session_thread: X sensor
06-12 21:55:23.835 784 784 I mm-camera: < INFO> 4496: mct_pipeline_start_stream_internal: Adding session stream streamid= 0xf for session=2
06-12 21:55:23.836 784 784 I mm-camera: < INFO> 4544: mct_pipeline_start_stream_internal: Linking session stream for session 2
06-12 21:55:23.836 784 784 I mm-camera: < INFO> 510: mct_stream_start_link: Start linking Session-stream 0x2000f
06-12 21:55:23.836 784 784 I mm-camera: < INFO> 338: iface_util_find_primary_cid: iface_util_find_primary_cid:338 error cannot find primary sensor format cids 1
06-12 21:55:23.836 784 784 I mm-camera: < INFO> 801: isp_port_check_caps_reserve: port 0xefa9ee00 ide 2000f type 10 dim 0 0
06-12 21:55:23.836 784 784 I mm-camera: < INFO> 446: pproc_port_add_modules_to_stream: in identity 2000f stream 10 int_link = 0xefab4580
06-12 21:55:23.836 784 784 I mm-camera: < INFO> 458: pproc_port_add_modules_to_stream: :LINK linking mods tmod and c2d for identity 2000f
06-12 21:55:23.836 784 784 I mm-camera: < INFO> 1490: c2d_module_notify_add_stream: width 0, height 0, stride 0, scanline 0, is_type 0
06-12 21:55:23.836 784 784 I mm-camera: < INFO> 458: pproc_port_add_modules_to_stream: :LINK linking mods c2d and cpp for identity 2000f
06-12 21:55:23.836 784 784 I mm-camera: < INFO> 2154: cpp_module_notify_add_stream: :width 0, height 0, stride 0, scanline 0, framelen 0
06-12 21:55:23.836 784 784 I mm-camera: < INFO> 2319: cpp_module_notify_add_stream: : stream 10, fmt 1, asf_mode 0, sharpness_level 0.000000,asf mask 0, denoise 0, denoise_mask 0, dsdn mask 0,dsdn enable 0, tnr mask 0, tnr enable 0, ds_mask 0
06-12 21:55:23.836 784 784 I mm-camera: < INFO> 458: pproc_port_add_modules_to_stream: :LINK linking mods cpp and paaf for identity 2000f
06-12 21:55:23.837 784 784 I mm-camera: < INFO> 458: pproc_port_add_modules_to_stream: :LINK linking mods paaf and ezt for identity 2000f
06-12 21:55:23.837 784 784 I mm-camera: < INFO> 458: pproc_port_add_modules_to_stream: :LINK linking mods ezt and quadracfa for identity 2000f
06-12 21:55:23.838 784 784 E mm-camera: 2822: stats_port_check_caps_reserve: Invalid Port capability type!
06-12 21:55:23.838 784 784 I chatty : uid=1006(camera) mm-qcamera-daem identical 3 lines
06-12 21:55:23.838 784 784 E mm-camera: 2822: stats_port_check_caps_reserve: Invalid Port capability type!
06-12 21:55:23.840 784 784 I mm-camera: < INFO> 4553: mct_pipeline_start_stream_internal: Session stream linked successfully session 2
06-12 21:55:23.873 757 774 I ServiceManager: Waiting for service 'package_native' on '/dev/binder'...
06-12 21:55:23.926 784 1347 I mm-camera: < INFO> 2062: module_faceproc_query_mod: Caps ROI 10 scene_mode_cnt 1 HW analysis supported 0
06-12 21:55:23.927 784 1347 I mm-camera: < INFO> 1785: mct_pipeline_append_fps_entry: Added hal_table[0]: (15.000000, 15.000000)
06-12 21:55:23.927 784 1347 I mm-camera: < INFO> 1785: mct_pipeline_append_fps_entry: Added hal_table[1]: (20.000000, 20.000000)
06-12 21:55:23.927 784 1347 I mm-camera: < INFO> 1785: mct_pipeline_append_fps_entry: Added hal_table[2]: (7.500000, 24.000000)
06-12 21:55:23.927 784 1347 I mm-camera: < INFO> 1798: mct_pipeline_append_fps_entry: Added hal_table[3]: (24.000000, 24.000000)
06-12 21:55:23.927 784 1347 I mm-camera: < INFO> 1785: mct_pipeline_append_fps_entry: Added hal_table[4]: (7.000000, 30.000000)
06-12 21:55:23.927 784 1347 I mm-camera: < INFO> 1798: mct_pipeline_append_fps_entry: Added hal_table[5]: (30.000000, 30.000000)
06-12 21:55:23.927 784 1347 I mm-camera: < INFO> 2990: mct_pipeline_fill_dimensions_snapshot: Cam 1: FPS range selection complete. Publishing 6 ranges.
06-12 21:55:23.928 784 784 I mm-camera: < INFO> 216: mct_controller_destroy: Initiating destroy sequence for session = 2
06-12 21:55:23.929 784 784 I mm-camera: < INFO> 234: mct_controller_destroy: serv_thread closed
06-12 21:55:23.929 784 784 I mm-camera: < INFO> 249: mct_controller_destroy: bus_handler thread closed
06-12 21:55:23.929 784 784 I mm-camera: < INFO> 4653: mct_pipeline_stop_session: Initiating stop_session on session 2
06-12 21:55:23.929 784 784 I mm-camera: < INFO> 3694: mct_pipeline_process_set: command=800000b
06-12 21:55:23.929 784 784 I mm-camera: < INFO> 3912: mct_pipeline_process_set: Issuing DEL_STREAM on stream 0x2000f and stream type=10
06-12 21:55:23.929 784 784 I mm-camera: < INFO> 671: iface_unreserve_sink_port: stream_id f mode 0
06-12 21:55:23.929 784 784 I mm-camera: < INFO> 890: isp_port_check_caps_unreserve: ide 2000f port 0xefa9ee00
06-12 21:55:23.931 784 784 I mm-camera: < INFO> 3923: mct_pipeline_process_set: Stream 0x2000f and stream type=10, successfully deleted
06-12 21:55:23.931 784 1352 I mm-camera: < INFO> 4387: mct_pipeline_stop_session_thread: Stop module name: sensor - E
06-12 21:55:23.932 784 1353 I mm-camera: < INFO> 4387: mct_pipeline_stop_session_thread: Stop module name: iface - E
06-12 21:55:23.932 784 1354 I mm-camera: < INFO> 4387: mct_pipeline_stop_session_thread: Stop module name: isp - E
06-12 21:55:23.932 784 1354 I mm-camera: < INFO> 491: isp_module_stop_session: session id 2
06-12 21:55:23.933 784 1355 I mm-camera: < INFO> 4387: mct_pipeline_stop_session_thread: Stop module name: stats - E
06-12 21:55:23.933 784 1356 I mm-camera: < INFO> 4387: mct_pipeline_stop_session_thread: Stop module name: pproc - E
06-12 21:55:23.934 784 1353 I mm-camera: < INFO> 4395: mct_pipeline_stop_session_thread: Stop module name: iface - X
06-12 21:55:23.934 784 784 I mm-camera: < INFO> 4675: mct_pipeline_stop_session: Modules left: 5
06-12 21:55:23.934 784 1357 I mm-camera: < INFO> 4387: mct_pipeline_stop_session_thread: Stop module name: imglib - E
06-12 21:55:23.937 784 1356 I mm-camera: < INFO> 4395: mct_pipeline_stop_session_thread: Stop module name: pproc - X
06-12 21:55:23.937 784 784 I mm-camera: < INFO> 4675: mct_pipeline_stop_session: Modules left: 4
06-12 21:55:23.938 784 1357 I mm-camera: < INFO> 4395: mct_pipeline_stop_session_thread: Stop module name: imglib - X
06-12 21:55:23.938 784 784 I mm-camera: < INFO> 4675: mct_pipeline_stop_session: Modules left: 3
06-12 21:55:23.939 784 1354 I mm-camera: < INFO> 4395: mct_pipeline_stop_session_thread: Stop module name: isp - X
06-12 21:55:23.939 784 784 I mm-camera: < INFO> 4675: mct_pipeline_stop_session: Modules left: 2
06-12 21:55:23.940 784 1352 I mm-camera: < INFO> 4395: mct_pipeline_stop_session_thread: Stop module name: sensor - X
06-12 21:55:23.940 784 784 I mm-camera: < INFO> 4675: mct_pipeline_stop_session: Modules left: 1
06-12 21:55:23.942 784 1355 I mm-camera: < INFO> 4395: mct_pipeline_stop_session_thread: Stop module name: stats - X
06-12 21:55:23.943 784 784 I mm-camera: < INFO> 4675: mct_pipeline_stop_session: Modules left: 0
06-12 21:55:23.943 784 784 I mm-camera: < INFO> 4684: mct_pipeline_stop_session: Stopped session 2 successfully
06-12 21:55:23.943 784 784 I mm-camera: < INFO> 4961: mct_pipeline_destroy: E: session:2
06-12 21:55:23.943 784 784 I mm-camera: < INFO> 5034: mct_pipeline_destroy: X: Pipeline destroyed successfully session =2
06-12 21:55:23.943 784 784 I mm-camera: < INFO> 282: mct_controller_destroy: X Successfully closed mct_controller session 2
06-12 21:55:23.944 532 532 I QCamera : getCamInfo: 8809: camera 1 resource cost is 100
06-12 21:55:23.944 532 532 I QCamera : openLegacy: 500: openLegacy halVersion: 256
06-12 21:55:23.945 532 532 D vndksupport: Loading /vendor/lib/hw/power.default.so from current namespace instead of sphal namespace.
06-12 21:55:23.951 532 532 I QCamera : openCamera: 1827: [KPI Perf]: E PROFILE_OPEN_CAMERA camera id 1
06-12 21:55:23.953 532 532 E QCamera : lock_acq_timed: 314: failed to acquire lock
06-12 21:55:23.953 784 784 I mm-camera: < INFO> 395: enable_memleak_trace: start memleak tracking.
06-12 21:55:23.963 784 784 I mm-camera: < INFO> 63: mct_controller_new: Creating new mct_controller with session-id 2
06-12 21:55:23.963 784 1360 I mm-camera: < INFO> 4575: mct_pipeline_start_session_thread: E sensor
06-12 21:55:23.963 784 1360 I mm-camera: < INFO> 4582: mct_pipeline_start_session_thread: Calling start_session on Module sensor
06-12 21:55:23.963 784 1361 I mm-camera: < INFO> 4575: mct_pipeline_start_session_thread: E iface
06-12 21:55:23.964 784 1361 I mm-camera: < INFO> 4582: mct_pipeline_start_session_thread: Calling start_session on Module iface
06-12 21:55:23.964 784 1363 I mm-camera: < INFO> 4575: mct_pipeline_start_session_thread: E isp
06-12 21:55:23.964 784 1363 I mm-camera: < INFO> 4582: mct_pipeline_start_session_thread: Calling start_session on Module isp
06-12 21:55:23.964 784 1363 I mm-camera: < INFO> 205: isp_module_start_session: session id 2
06-12 21:55:23.965 784 1364 I mm-camera: < INFO> 4575: mct_pipeline_start_session_thread: E stats
06-12 21:55:23.965 784 1364 I mm-camera: < INFO> 4582: mct_pipeline_start_session_thread: Calling start_session on Module stats
06-12 21:55:23.965 784 1365 I mm-camera: < INFO> 4575: mct_pipeline_start_session_thread: E pproc
06-12 21:55:23.965 784 1365 I mm-camera: < INFO> 4582: mct_pipeline_start_session_thread: Calling start_session on Module pproc
06-12 21:55:23.966 784 1366 I mm-camera: < INFO> 4575: mct_pipeline_start_session_thread: E imglib
06-12 21:55:23.967 784 1366 I mm-camera: < INFO> 4582: mct_pipeline_start_session_thread: Calling start_session on Module imglib
06-12 21:55:23.967 784 1361 I mm-camera: < INFO> 4585: mct_pipeline_start_session_thread: Module iface start_session rc = 1
06-12 21:55:23.967 784 1361 I mm-camera: < INFO> 4593: mct_pipeline_start_session_thread: started_num = 1, success = 1
06-12 21:55:23.967 784 1361 I mm-camera: < INFO> 4600: mct_pipeline_start_session_thread: X iface
06-12 21:55:23.968 784 1366 I mm-camera: < INFO> 4585: mct_pipeline_start_session_thread: Module imglib start_session rc = 1
06-12 21:55:23.968 784 1366 I mm-camera: < INFO> 4593: mct_pipeline_start_session_thread: started_num = 2, success = 2
06-12 21:55:23.968 784 1366 I mm-camera: < INFO> 4600: mct_pipeline_start_session_thread: X imglib
06-12 21:55:23.971 784 1365 I mm-camera: < INFO> 4585: mct_pipeline_start_session_thread: Module pproc start_session rc = 1
06-12 21:55:23.971 784 1365 I mm-camera: < INFO> 4593: mct_pipeline_start_session_thread: started_num = 3, success = 3
06-12 21:55:23.971 784 1365 I mm-camera: < INFO> 4600: mct_pipeline_start_session_thread: X pproc
06-12 21:55:23.972 784 1364 E mm-camera: 173: dsps_send_req: DSPS Send Request Timeout!!
06-12 21:55:23.973 784 1360 I mm-camera: < INFO> 4585: mct_pipeline_start_session_thread: Module sensor start_session rc = 1
06-12 21:55:23.973 784 1360 I mm-camera: < INFO> 4593: mct_pipeline_start_session_thread: started_num = 4, success = 4
06-12 21:55:23.973 784 1360 I mm-camera: < INFO> 4600: mct_pipeline_start_session_thread: X sensor
06-12 21:55:23.973 757 774 I ServiceManager: Waiting for service 'package_native' on '/dev/binder'...
06-12 21:55:23.974 784 1364 I mm-camera: < INFO> 4585: mct_pipeline_start_session_thread: Module stats start_session rc = 1
06-12 21:55:23.974 784 1364 I mm-camera: < INFO> 4593: mct_pipeline_start_session_thread: started_num = 5, success = 5
06-12 21:55:23.974 784 1364 I mm-camera: < INFO> 4600: mct_pipeline_start_session_thread: X stats
06-12 21:55:23.975 784 1363 I mm-camera: < INFO> 4585: mct_pipeline_start_session_thread: Module isp start_session rc = 1
06-12 21:55:23.975 784 1363 I mm-camera: < INFO> 4593: mct_pipeline_start_session_thread: started_num = 6, success = 6
06-12 21:55:23.975 784 1363 I mm-camera: < INFO> 4600: mct_pipeline_start_session_thread: X isp
06-12 21:55:23.983 784 784 I mm-camera: < INFO> 4496: mct_pipeline_start_stream_internal: Adding session stream streamid= 0xf for session=2
06-12 21:55:23.983 784 784 I mm-camera: < INFO> 4544: mct_pipeline_start_stream_internal: Linking session stream for session 2
06-12 21:55:23.984 784 784 I mm-camera: < INFO> 510: mct_stream_start_link: Start linking Session-stream 0x2000f
06-12 21:55:23.984 784 784 I mm-camera: < INFO> 338: iface_util_find_primary_cid: iface_util_find_primary_cid:338 error cannot find primary sensor format cids 1
06-12 21:55:23.984 784 784 I mm-camera: < INFO> 801: isp_port_check_caps_reserve: port 0xefa9ee00 ide 2000f type 10 dim 0 0
06-12 21:55:23.984 784 784 I mm-camera: < INFO> 446: pproc_port_add_modules_to_stream: in identity 2000f stream 10 int_link = 0xefab4580
06-12 21:55:23.984 784 784 I mm-camera: < INFO> 458: pproc_port_add_modules_to_stream: :LINK linking mods tmod and c2d for identity 2000f
06-12 21:55:23.984 784 784 I mm-camera: < INFO> 1490: c2d_module_notify_add_stream: width 0, height 0, stride 0, scanline 0, is_type 0
06-12 21:55:23.984 784 784 I mm-camera: < INFO> 458: pproc_port_add_modules_to_stream: :LINK linking mods c2d and cpp for identity 2000f
06-12 21:55:23.984 784 784 I mm-camera: < INFO> 2154: cpp_module_notify_add_stream: :width 0, height 0, stride 0, scanline 0, framelen 0
06-12 21:55:23.984 784 784 I mm-camera: < INFO> 2319: cpp_module_notify_add_stream: : stream 10, fmt 1, asf_mode 0, sharpness_level 0.000000,asf mask 0, denoise 0, denoise_mask 0, dsdn mask 0,dsdn enable 0, tnr mask 0, tnr enable 0, ds_mask 0
06-12 21:55:23.984 784 784 I mm-camera: < INFO> 458: pproc_port_add_modules_to_stream: :LINK linking mods cpp and paaf for identity 2000f
06-12 21:55:23.985 784 784 I mm-camera: < INFO> 458: pproc_port_add_modules_to_stream: :LINK linking mods paaf and ezt for identity 2000f
06-12 21:55:23.985 784 784 I mm-camera: < INFO> 458: pproc_port_add_modules_to_stream: :LINK linking mods ezt and quadracfa for identity 2000f
06-12 21:55:23.986 784 784 E mm-camera: 2822: stats_port_check_caps_reserve: Invalid Port capability type!
06-12 21:55:23.986 784 784 I chatty : uid=1006(camera) mm-qcamera-daem identical 3 lines
06-12 21:55:23.986 784 784 E mm-camera: 2822: stats_port_check_caps_reserve: Invalid Port capability type!
06-12 21:55:23.987 784 784 I mm-camera: < INFO> 4553: mct_pipeline_start_stream_internal: Session stream linked successfully session 2
06-12 21:55:23.989 532 532 I Thermal-Lib: Thermal-Lib-Client: Registration successful for camera with handle:1
06-12 21:55:23.989 532 532 I Thermal-Lib: Thermal-Lib-Client: Registration successful for camcorder with handle:2
06-12 21:55:23.989 532 532 I QCamera : openCamera: 1840: [KPI Perf]: X PROFILE_OPEN_CAMERA camera id 1, rc: 0
06-12 21:55:23.990 532 532 I QCamera : close_camera_device: 1495: [KPI Perf]: E camera id 1
06-12 21:55:23.992 784 1381 E mm-camera: 1102: mct_pipeline_decide_hw_wakeup: Couldn't find meta stream
06-12 21:55:23.993 643 739 I ThermalEngine: Thermal-Server: Adding thermal event listener on fd 53
06-12 21:55:23.993 532 1386 I Thermal-Lib: Thermal-Lib-Client: Client received msg camera 0
06-12 21:55:23.993 532 1386 I Thermal-Lib: Thermal-Lib-Client: Client received msg camcorder 0
06-12 21:55:23.995 784 1381 E mm-camera: 1102: mct_pipeline_decide_hw_wakeup: Couldn't find meta stream
06-12 21:55:23.995 532 532 E QCamera : lock_acq: 363: failed to acquire lock
06-12 21:55:23.995 784 1381 E mm-camera: 1102: mct_pipeline_decide_hw_wakeup: Couldn't find meta stream
06-12 21:55:23.996 532 532 I QCamera : closeCamera: 2226: E
06-12 21:55:23.996 532 532 I QCamera : closeCamera: 2231: [KPI Perf]: E PROFILE_CLOSE_CAMERA camera id 1
06-12 21:55:23.996 784 1016 E mm-camera: 303: AllocateBuffers: Invalid dimensions 0x0
06-12 21:55:23.996 784 1381 I mm-camera: < INFO> 6629: isp_util_print_meta_stream_info: Deallocate resources
06-12 21:55:23.997 784 1016 E mm-camera: 203: img_algo_preload: Preload: Failed to allocate buffer, rc -4
06-12 21:55:23.997 784 1016 E mm-camera: 119: module_imgbase_client_preload_exec: IMG_CORE_PRELOAD failed -4
06-12 21:55:23.997 784 1381 I mm-camera: < INFO> 2527: isp_resource_allocate: INFO: ISP resource acquired: session 2 num_isp 1
06-12 21:55:23.998 784 1381 I mm-camera: < INFO> 2529: isp_resource_allocate: INFO: ISP resource acquired: hw_id 1
06-12 21:55:23.998 784 1381 I mm-camera: < INFO> 6479: isp_util_decide_stream_mapping: stream_port_map num streams 0
06-12 21:55:24.000 784 1381 E mm-camera: 1102: mct_pipeline_decide_hw_wakeup: Couldn't find meta stream
06-12 21:55:24.001 532 532 I Thermal-Lib: Thermal-Lib-Client: Unregisteration is successfull for handle:1
06-12 21:55:24.001 643 739 I ThermalEngine: Thermal-Server: removing client on fd 53
06-12 21:55:24.001 532 532 I Thermal-Lib: Thermal-Lib-Client: Unregisteration is successfull for handle:2
06-12 21:55:24.002 784 784 I mm-camera: < INFO> 216: mct_controller_destroy: Initiating destroy sequence for session = 2
06-12 21:55:24.002 784 784 I mm-camera: < INFO> 234: mct_controller_destroy: serv_thread closed
06-12 21:55:24.002 784 784 I mm-camera: < INFO> 249: mct_controller_destroy: bus_handler thread closed
06-12 21:55:24.003 784 784 I mm-camera: < INFO> 4653: mct_pipeline_stop_session: Initiating stop_session on session 2
06-12 21:55:24.003 784 784 I mm-camera: < INFO> 3694: mct_pipeline_process_set: command=800000b
06-12 21:55:24.003 784 784 I mm-camera: < INFO> 3912: mct_pipeline_process_set: Issuing DEL_STREAM on stream 0x2000f and stream type=10
06-12 21:55:24.074 757 774 I ServiceManager: Waiting for service 'package_native' on '/dev/binder'...
06-12 21:55:24.074 784 784 I mm-camera: < INFO> 671: iface_unreserve_sink_port: stream_id f mode 0
06-12 21:55:24.074 784 784 I mm-camera: < INFO> 890: isp_port_check_caps_unreserve: ide 2000f port 0xefa9ee00
06-12 21:55:24.077 784 784 I mm-camera: < INFO> 3923: mct_pipeline_process_set: Stream 0x2000f and stream type=10, successfully deleted
06-12 21:55:24.077 784 1387 I mm-camera: < INFO> 4387: mct_pipeline_stop_session_thread: Stop module name: sensor - E
06-12 21:55:24.077 784 1388 I mm-camera: < INFO> 4387: mct_pipeline_stop_session_thread: Stop module name: iface - E
06-12 21:55:24.077 784 1389 I mm-camera: < INFO> 4387: mct_pipeline_stop_session_thread: Stop module name: isp - E
06-12 21:55:24.077 784 1389 I mm-camera: < INFO> 491: isp_module_stop_session: session id 2
06-12 21:55:24.077 784 1389 I mm-camera: < INFO> 532: isp_module_stop_session: warning: ISP resource is not freed on time!
06-12 21:55:24.078 784 1390 I mm-camera: < INFO> 4387: mct_pipeline_stop_session_thread: Stop module name: stats - E
06-12 21:55:24.078 784 1388 I mm-camera: < INFO> 4395: mct_pipeline_stop_session_thread: Stop module name: iface - X
06-12 21:55:24.078 784 1391 I mm-camera: < INFO> 4387: mct_pipeline_stop_session_thread: Stop module name: pproc - E
06-12 21:55:24.079 784 784 I mm-camera: < INFO> 4675: mct_pipeline_stop_session: Modules left: 5
06-12 21:55:24.079 784 1392 I mm-camera: < INFO> 4387: mct_pipeline_stop_session_thread: Stop module name: imglib - E
06-12 21:55:24.079 784 1389 I mm-camera: < INFO> 4395: mct_pipeline_stop_session_thread: Stop module name: isp - X
06-12 21:55:24.079 784 784 I mm-camera: < INFO> 4675: mct_pipeline_stop_session: Modules left: 4
06-12 21:55:24.079 784 1391 I mm-camera: < INFO> 4395: mct_pipeline_stop_session_thread: Stop module name: pproc - X
06-12 21:55:24.079 656 865 W /system/vendor/bin/adsprpcd: vendor/qcom/proprietary/commonsys-intf/adsprpc/src/apps_std_imp.c:750: Warning: apps_std_fopen_with_env failed with 0x2 for .//lowi//lowi_lp.conf (No such file or directory)
06-12 21:55:24.079 784 784 I mm-camera: < INFO> 4675: mct_pipeline_stop_session: Modules left: 3
06-12 21:55:24.080 784 1392 I mm-camera: < INFO> 4395: mct_pipeline_stop_session_thread: Stop module name: imglib - X
06-12 21:55:24.081 784 784 I mm-camera: < INFO> 4675: mct_pipeline_stop_session: Modules left: 2
06-12 21:55:24.083 784 1387 I mm-camera: < INFO> 4395: mct_pipeline_stop_session_thread: Stop module name: sensor - X
06-12 21:55:24.083 784 784 I mm-camera: < INFO> 4675: mct_pipeline_stop_session: Modules left: 1
06-12 21:55:24.087 784 1390 I mm-camera: < INFO> 4395: mct_pipeline_stop_session_thread: Stop module name: stats - X
06-12 21:55:24.087 784 784 I mm-camera: < INFO> 4675: mct_pipeline_stop_session: Modules left: 0
06-12 21:55:24.087 784 784 I mm-camera: < INFO> 4684: mct_pipeline_stop_session: Stopped session 2 successfully
06-12 21:55:24.087 784 784 I mm-camera: < INFO> 4961: mct_pipeline_destroy: E: session:2
06-12 21:55:24.087 784 784 I mm-camera: < INFO> 5034: mct_pipeline_destroy: X: Pipeline destroyed successfully session =2
06-12 21:55:24.088 784 784 I mm-camera: < INFO> 282: mct_controller_destroy: X Successfully closed mct_controller session 2
06-12 21:55:24.088 532 532 I QCamera : closeCamera: 2302: [KPI Perf]: X PROFILE_CLOSE_CAMERA camera id 1, rc: 0
06-12 21:55:24.089 532 532 I QCamera : close_camera_device: 1497: [KPI Perf]: X
06-12 21:55:24.091 532 532 I ServiceManagement: Registered android.hardware.camera.provider@2.4::ICameraProvider/legacy/0 (start delay of 4932ms)
06-12 21:55:24.092 532 532 I ServiceManagement: Removing namespace from process name android.hardware.camera.provider@2.4-service to provider@2.4-service.
06-12 21:55:24.092 532 532 I android.hardware.camera.provider@2.4-service: Registration complete for android.hardware.camera.provider@2.4::ICameraProvider/legacy/0.
06-12 21:55:24.093 684 684 I CameraProviderManager: Connecting to new camera provider: legacy/0, isRemote? 1
06-12 21:55:24.095 684 684 I CameraProviderManager: Enumerating new camera device: device@1.0/legacy/0
06-12 21:55:24.099 532 1240 I CamDev@1.0-impl: Opening camera 0
06-12 21:55:24.099 532 1240 I QCamera : openLegacy: 500: openLegacy halVersion: 256
06-12 21:55:24.101 532 1240 D vndksupport: Loading /vendor/lib/hw/power.default.so from current namespace instead of sphal namespace.
06-12 21:55:24.104 1154 1154 D PackageManager: Keeping known cache b1212ebaedec6e5ffcfdc04008d53c9b85043123
06-12 21:55:24.104 1154 1154 W PackageManager: Wiping cache directory because the system partition changed.
06-12 21:55:24.105 1154 1154 D PackageManager: No files in app dir /vendor/overlay
06-12 21:55:24.106 532 1240 I QCamera : openCamera: 1827: [KPI Perf]: E PROFILE_OPEN_CAMERA camera id 0
06-12 21:55:24.108 532 1240 E QCamera : lock_acq_timed: 314: failed to acquire lock
06-12 21:55:24.108 684 684 W CameraProviderManager: Camera provider legacy/0 says an unknown camera device@1.0/legacy/0 now has torch status 0. Curious.
06-12 21:55:24.109 684 684 W CameraProviderManager: Camera provider legacy/0 says an unknown camera device@3.3/legacy/0 now has torch status 0. Curious.
06-12 21:55:24.110 784 784 I mm-camera: < INFO> 395: enable_memleak_trace: start memleak tracking.
06-12 21:55:24.121 784 784 I mm-camera: < INFO> 63: mct_controller_new: Creating new mct_controller with session-id 1
06-12 21:55:24.121 784 1401 I mm-camera: < INFO> 4575: mct_pipeline_start_session_thread: E sensor
06-12 21:55:24.121 784 1401 I mm-camera: < INFO> 4582: mct_pipeline_start_session_thread: Calling start_session on Module sensor
06-12 21:55:24.121 784 1402 I mm-camera: < INFO> 4575: mct_pipeline_start_session_thread: E iface
06-12 21:55:24.121 784 1402 I mm-camera: < INFO> 4582: mct_pipeline_start_session_thread: Calling start_session on Module iface
06-12 21:55:24.122 784 1404 I mm-camera: < INFO> 4575: mct_pipeline_start_session_thread: E isp
06-12 21:55:24.122 784 1404 I mm-camera: < INFO> 4582: mct_pipeline_start_session_thread: Calling start_session on Module isp
06-12 21:55:24.122 784 1404 I mm-camera: < INFO> 205: isp_module_start_session: session id 1
06-12 21:55:24.123 784 1405 I mm-camera: < INFO> 4575: mct_pipeline_start_session_thread: E stats
06-12 21:55:24.123 784 1405 I mm-camera: < INFO> 4582: mct_pipeline_start_session_thread: Calling start_session on Module stats
06-12 21:55:24.125 784 1402 I mm-camera: < INFO> 4585: mct_pipeline_start_session_thread: Module iface start_session rc = 1
06-12 21:55:24.127 784 1402 I mm-camera: < INFO> 4593: mct_pipeline_start_session_thread: started_num = 1, success = 1
06-12 21:55:24.127 784 1402 I mm-camera: < INFO> 4600: mct_pipeline_start_session_thread: X iface
06-12 21:55:24.127 784 1407 I mm-camera: < INFO> 4575: mct_pipeline_start_session_thread: E pproc
06-12 21:55:24.127 784 1407 I mm-camera: < INFO> 4582: mct_pipeline_start_session_thread: Calling start_session on Module pproc
06-12 21:55:24.131 784 1404 I mm-camera: < INFO> 4585: mct_pipeline_start_session_thread: Module isp start_session rc = 1
06-12 21:55:24.131 784 1404 I mm-camera: < INFO> 4593: mct_pipeline_start_session_thread: started_num = 2, success = 2
06-12 21:55:24.131 784 1404 I mm-camera: < INFO> 4600: mct_pipeline_start_session_thread: X isp
06-12 21:55:24.131 784 1410 I mm-camera: < INFO> 4575: mct_pipeline_start_session_thread: E imglib
06-12 21:55:24.131 784 1410 I mm-camera: < INFO> 4582: mct_pipeline_start_session_thread: Calling start_session on Module imglib
06-12 21:55:24.133 784 1407 I mm-camera: < INFO> 4585: mct_pipeline_start_session_thread: Module pproc start_session rc = 1
06-12 21:55:24.133 784 1407 I mm-camera: < INFO> 4593: mct_pipeline_start_session_thread: started_num = 3, success = 3
06-12 21:55:24.133 784 1407 I mm-camera: < INFO> 4600: mct_pipeline_start_session_thread: X pproc
06-12 21:55:24.133 784 1410 I mm-camera: < INFO> 4585: mct_pipeline_start_session_thread: Module imglib start_session rc = 1
06-12 21:55:24.133 784 1410 I mm-camera: < INFO> 4593: mct_pipeline_start_session_thread: started_num = 4, success = 4
06-12 21:55:24.133 784 1410 I mm-camera: < INFO> 4600: mct_pipeline_start_session_thread: X imglib
06-12 21:55:24.133 784 1405 E mm-camera: 173: dsps_send_req: DSPS Send Request Timeout!!
06-12 21:55:24.135 784 1405 I mm-camera: < INFO> 4585: mct_pipeline_start_session_thread: Module stats start_session rc = 1
06-12 21:55:24.135 784 1405 I mm-camera: < INFO> 4593: mct_pipeline_start_session_thread: started_num = 5, success = 5
06-12 21:55:24.135 784 1405 I mm-camera: < INFO> 4600: mct_pipeline_start_session_thread: X stats
06-12 21:55:24.141 784 1401 I mm-camera: < INFO> 4585: mct_pipeline_start_session_thread: Module sensor start_session rc = 1
06-12 21:55:24.141 784 1401 I mm-camera: < INFO> 4593: mct_pipeline_start_session_thread: started_num = 6, success = 6
06-12 21:55:24.141 784 1401 I mm-camera: < INFO> 4600: mct_pipeline_start_session_thread: X sensor
06-12 21:55:24.152 784 784 I mm-camera: < INFO> 4496: mct_pipeline_start_stream_internal: Adding session stream streamid= 0xf for session=1
06-12 21:55:24.153 784 784 I mm-camera: < INFO> 4544: mct_pipeline_start_stream_internal: Linking session stream for session 1
06-12 21:55:24.153 784 784 I mm-camera: < INFO> 510: mct_stream_start_link: Start linking Session-stream 0x1000f
06-12 21:55:24.153 784 784 I mm-camera: < INFO> 338: iface_util_find_primary_cid: iface_util_find_primary_cid:338 error cannot find primary sensor format cids 1
06-12 21:55:24.153 784 784 I mm-camera: < INFO> 801: isp_port_check_caps_reserve: port 0xefa9ee00 ide 1000f type 10 dim 0 0
06-12 21:55:24.153 784 784 I mm-camera: < INFO> 446: pproc_port_add_modules_to_stream: in identity 1000f stream 10 int_link = 0xefab4580
06-12 21:55:24.153 784 784 I mm-camera: < INFO> 458: pproc_port_add_modules_to_stream: :LINK linking mods tmod and c2d for identity 1000f
06-12 21:55:24.153 784 784 I mm-camera: < INFO> 1490: c2d_module_notify_add_stream: width 0, height 0, stride 0, scanline 0, is_type 0
06-12 21:55:24.153 784 784 I mm-camera: < INFO> 458: pproc_port_add_modules_to_stream: :LINK linking mods c2d and cpp for identity 1000f
06-12 21:55:24.154 784 784 I mm-camera: < INFO> 2154: cpp_module_notify_add_stream: :width 0, height 0, stride 0, scanline 0, framelen 0
06-12 21:55:24.154 784 784 I mm-camera: < INFO> 2319: cpp_module_notify_add_stream: : stream 10, fmt 1, asf_mode 0, sharpness_level 0.000000,asf mask 0, denoise 0, denoise_mask 0, dsdn mask 0,dsdn enable 0, tnr mask 0, tnr enable 0, ds_mask 0
06-12 21:55:24.154 784 784 I mm-camera: < INFO> 458: pproc_port_add_modules_to_stream: :LINK linking mods cpp and paaf for identity 1000f
06-12 21:55:24.154 784 784 I mm-camera: < INFO> 458: pproc_port_add_modules_to_stream: :LINK linking mods paaf and ezt for identity 1000f
06-12 21:55:24.154 784 784 I mm-camera: < INFO> 458: pproc_port_add_modules_to_stream: :LINK linking mods ezt and quadracfa for identity 1000f
06-12 21:55:24.155 784 784 E mm-camera: 2822: stats_port_check_caps_reserve: Invalid Port capability type!
06-12 21:55:24.155 784 784 I chatty : uid=1006(camera) mm-qcamera-daem identical 3 lines
06-12 21:55:24.155 784 784 E mm-camera: 2822: stats_port_check_caps_reserve: Invalid Port capability type!
06-12 21:55:24.157 784 784 I mm-camera: < INFO> 4553: mct_pipeline_start_stream_internal: Session stream linked successfully session 1
06-12 21:55:24.160 532 1240 I Thermal-Lib: Thermal-Lib-Client: Registration successful for camera with handle:1
06-12 21:55:24.160 532 1240 I Thermal-Lib: Thermal-Lib-Client: Registration successful for camcorder with handle:2
06-12 21:55:24.160 532 1240 I QCamera : openCamera: 1840: [KPI Perf]: X PROFILE_OPEN_CAMERA camera id 0, rc: 0
06-12 21:55:24.160 532 1240 I CamDev@1.0-impl: could not cast ICameraDeviceCallback to IQCameraDeviceCallback
06-12 21:55:24.161 643 739 I ThermalEngine: Thermal-Server: Adding thermal event listener on fd 53
06-12 21:55:24.161 532 1427 I Thermal-Lib: Thermal-Lib-Client: Client received msg camera 0
06-12 21:55:24.161 532 1427 I Thermal-Lib: Thermal-Lib-Client: Client received msg camcorder 0
06-12 21:55:24.163 784 1422 E mm-camera: 1102: mct_pipeline_decide_hw_wakeup: Couldn't find meta stream
06-12 21:55:24.166 784 1422 I chatty : uid=1006(camera) CAM_MctServ identical 1 line
06-12 21:55:24.167 784 1422 E mm-camera: 1102: mct_pipeline_decide_hw_wakeup: Couldn't find meta stream
06-12 21:55:24.169 532 1240 I CamDev@1.0-impl: Closing camera 0
06-12 21:55:24.169 532 1240 I QCamera : close_camera_device: 1495: [KPI Perf]: E camera id 0
06-12 21:55:24.171 532 1240 E QCamera : lock_acq: 363: failed to acquire lock
06-12 21:55:24.171 532 1240 I QCamera : closeCamera: 2226: E
06-12 21:55:24.171 532 1240 I QCamera : closeCamera: 2231: [KPI Perf]: E PROFILE_CLOSE_CAMERA camera id 0
06-12 21:55:24.173 784 1422 I mm-camera: < INFO> 6629: isp_util_print_meta_stream_info: Deallocate resources
06-12 21:55:24.173 784 1016 E mm-camera: 303: AllocateBuffers: Invalid dimensions 0x0
06-12 21:55:24.173 784 1016 E mm-camera: 203: img_algo_preload: Preload: Failed to allocate buffer, rc -4
06-12 21:55:24.173 784 1016 E mm-camera: 119: module_imgbase_client_preload_exec: IMG_CORE_PRELOAD failed -4
06-12 21:55:24.174 757 774 I ServiceManager: Waiting for service 'package_native' on '/dev/binder'...
06-12 21:55:24.176 784 1422 I mm-camera: < INFO> 2527: isp_resource_allocate: INFO: ISP resource acquired: session 1 num_isp 2
06-12 21:55:24.176 784 1422 I mm-camera: < INFO> 2529: isp_resource_allocate: INFO: ISP resource acquired: hw_id 0
06-12 21:55:24.176 784 1422 I mm-camera: < INFO> 2529: isp_resource_allocate: INFO: ISP resource acquired: hw_id 1
06-12 21:55:24.176 784 1422 I mm-camera: < INFO> 6479: isp_util_decide_stream_mapping: stream_port_map num streams 0
06-12 21:55:24.179 784 1422 E mm-camera: 1102: mct_pipeline_decide_hw_wakeup: Couldn't find meta stream
06-12 21:55:24.181 532 1240 I Thermal-Lib: Thermal-Lib-Client: Unregisteration is successfull for handle:1
06-12 21:55:24.182 643 739 I ThermalEngine: Thermal-Server: removing client on fd 53
06-12 21:55:24.182 532 1240 I Thermal-Lib: Thermal-Lib-Client: Unregisteration is successfull for handle:2
06-12 21:55:24.183 784 784 I mm-camera: < INFO> 216: mct_controller_destroy: Initiating destroy sequence for session = 1
06-12 21:55:24.183 784 784 I mm-camera: < INFO> 234: mct_controller_destroy: serv_thread closed
06-12 21:55:24.184 784 784 I mm-camera: < INFO> 249: mct_controller_destroy: bus_handler thread closed
06-12 21:55:24.184 784 784 I mm-camera: < INFO> 4653: mct_pipeline_stop_session: Initiating stop_session on session 1
06-12 21:55:24.184 784 784 I mm-camera: < INFO> 3694: mct_pipeline_process_set: command=800000b
06-12 21:55:24.184 784 784 I mm-camera: < INFO> 3912: mct_pipeline_process_set: Issuing DEL_STREAM on stream 0x1000f and stream type=10
06-12 21:55:24.184 784 784 I mm-camera: < INFO> 671: iface_unreserve_sink_port: stream_id f mode 0
06-12 21:55:24.184 784 784 I mm-camera: < INFO> 890: isp_port_check_caps_unreserve: ide 1000f port 0xefa9ee00
06-12 21:55:24.188 784 784 I mm-camera: < INFO> 3923: mct_pipeline_process_set: Stream 0x1000f and stream type=10, successfully deleted
06-12 21:55:24.188 1154 1154 D PackageManager: No files in app dir /product_services/overlay
06-12 21:55:24.188 1154 1154 D PackageManager: No files in app dir /odm/overlay
06-12 21:55:24.188 1154 1154 D PackageManager: No files in app dir /oem/overlay
06-12 21:55:24.189 784 1429 I mm-camera: < INFO> 4387: mct_pipeline_stop_session_thread: Stop module name: sensor - E
06-12 21:55:24.190 784 1430 I mm-camera: < INFO> 4387: mct_pipeline_stop_session_thread: Stop module name: iface - E
06-12 21:55:24.190 784 1431 I mm-camera: < INFO> 4387: mct_pipeline_stop_session_thread: Stop module name: isp - E
06-12 21:55:24.190 784 1431 I mm-camera: < INFO> 491: isp_module_stop_session: session id 1
06-12 21:55:24.190 784 1431 I mm-camera: < INFO> 532: isp_module_stop_session: warning: ISP resource is not freed on time!
06-12 21:55:24.191 784 1432 I mm-camera: < INFO> 4387: mct_pipeline_stop_session_thread: Stop module name: stats - E
06-12 21:55:24.191 784 1430 I mm-camera: < INFO> 4395: mct_pipeline_stop_session_thread: Stop module name: iface - X
06-12 21:55:24.192 784 1434 I mm-camera: < INFO> 4387: mct_pipeline_stop_session_thread: Stop module name: pproc - E
06-12 21:55:24.192 784 1431 I mm-camera: < INFO> 4395: mct_pipeline_stop_session_thread: Stop module name: isp - X
06-12 21:55:24.193 784 784 I mm-camera: < INFO> 4675: mct_pipeline_stop_session: Modules left: 5
06-12 21:55:24.193 784 1435 I mm-camera: < INFO> 4387: mct_pipeline_stop_session_thread: Stop module name: imglib - E
06-12 21:55:24.193 784 784 I mm-camera: < INFO> 4675: mct_pipeline_stop_session: Modules left: 4
06-12 21:55:24.194 784 1435 I mm-camera: < INFO> 4395: mct_pipeline_stop_session_thread: Stop module name: imglib - X
06-12 21:55:24.194 784 784 I mm-camera: < INFO> 4675: mct_pipeline_stop_session: Modules left: 3
06-12 21:55:24.195 1154 1154 W PackageManager: Failed to parse /system/framework/arm64: Missing base APK in /system/framework/arm64
06-12 21:55:24.195 1154 1154 W PackageManager: Failed to parse /system/framework/arm: Missing base APK in /system/framework/arm
06-12 21:55:24.195 784 1434 I mm-camera: < INFO> 4395: mct_pipeline_stop_session_thread: Stop module name: pproc - X
06-12 21:55:24.195 1154 1154 W PackageManager: Failed to parse /system/framework/oat: Missing base APK in /system/framework/oat
06-12 21:55:24.195 784 784 I mm-camera: < INFO> 4675: mct_pipeline_stop_session: Modules left: 2
06-12 21:55:24.197 784 1432 I mm-camera: < INFO> 4395: mct_pipeline_stop_session_thread: Stop module name: stats - X
06-12 21:55:24.197 784 784 I mm-camera: < INFO> 4675: mct_pipeline_stop_session: Modules left: 1
06-12 21:55:24.201 784 1429 I mm-camera: < INFO> 4395: mct_pipeline_stop_session_thread: Stop module name: sensor - X
06-12 21:55:24.201 784 784 I mm-camera: < INFO> 4675: mct_pipeline_stop_session: Modules left: 0
06-12 21:55:24.201 784 784 I mm-camera: < INFO> 4684: mct_pipeline_stop_session: Stopped session 1 successfully
