06-12 21:55:25.854 1154 1154 I SettingsState: at com.android.providers.settings.SettingsProvider$SettingsRegistry.syncSsaidTableOnStart(SettingsProvider.java:2518)
06-12 21:55:25.854 1154 1154 I SettingsState: at com.android.providers.settings.SettingsProvider$SettingsRegistry.(SettingsProvider.java:2414)
06-12 21:55:25.854 1154 1154 I SettingsState: at com.android.providers.settings.SettingsProvider.onCreate(SettingsProvider.java:332)
06-12 21:55:25.854 1154 1154 I SettingsState: at android.content.ContentProvider.attachInfo(ContentProvider.java:2092)
06-12 21:55:25.854 1154 1154 I SettingsState: at android.content.ContentProvider.attachInfo(ContentProvider.java:2066)
06-12 21:55:25.854 1154 1154 I SettingsState: at android.app.ActivityThread.installProvider(ActivityThread.java:6983)
06-12 21:55:25.854 1154 1154 I SettingsState: at android.app.ActivityThread.installContentProviders(ActivityThread.java:6528)
06-12 21:55:25.854 1154 1154 I SettingsState: at android.app.ActivityThread.installSystemProviders(ActivityThread.java:7169)
06-12 21:55:25.854 1154 1154 I SettingsState: at com.android.server.am.ActivityManagerService.installSystemProviders(ActivityManagerService.java:7595)
06-12 21:55:25.854 1154 1154 I SettingsState: at com.android.server.SystemServer.startOtherServices(SystemServer.java:1010)
06-12 21:55:25.854 1154 1154 I SettingsState: at com.android.server.SystemServer.run(SystemServer.java:537)
06-12 21:55:25.854 1154 1154 I SettingsState: at com.android.server.SystemServer.main(SystemServer.java:364)
06-12 21:55:25.854 1154 1154 I SettingsState: at java.lang.reflect.Method.invoke(Native Method)
06-12 21:55:25.854 1154 1154 I SettingsState: at com.android.internal.os.RuntimeInit$MethodAndArgsCaller.run(RuntimeInit.java:493)
06-12 21:55:25.854 1154 1154 I SettingsState: at com.android.internal.os.ZygoteInit.main(ZygoteInit.java:908)
06-12 21:55:25.855 1154 1154 I SettingsState: ancestor directory /data/system/users/0 exists
06-12 21:55:25.855 1154 1154 I SettingsState: ancestor directory /data/system/users/0 permissions: r: true w: true x: true
06-12 21:55:25.855 1154 1154 I SettingsState: ancestor's parent directory /data/system/users permissions: r: true w: true x: true
06-12 21:55:25.893 1515 1515 E crash_dump64: unable to connect to activity manager: Connection refused
06-12 21:55:25.893 788 788 E /system/bin/tombstoned: Tombstone written to: /data/tombstones/tombstone_43
06-12 21:55:25.914 1154 1154 V RescueParty: Disabled because of active USB connection
06-12 21:55:25.918 1154 1154 D SystemServerTiming: InstallSystemProviders took to complete: 121ms
06-12 21:55:25.918 1154 1154 I SystemServer: StartDropBoxManager
06-12 21:55:25.918 1154 1154 I SystemServiceManager: Starting com.android.server.DropBoxManagerService
06-12 21:55:25.920 1154 1154 D SystemServerTiming: StartDropBoxManager took to complete: 2ms
06-12 21:55:25.920 1154 1154 I SystemServer: StartVibratorService
06-12 21:55:25.926 412 412 I hwservicemanager: getTransport: Cannot find entry android.hardware.vibrator@1.3::IVibrator/default in either framework or device manifest.
06-12 21:55:25.930 1154 1154 D SystemServerTiming: StartVibratorService took to complete: 10ms
06-12 21:55:25.930 1154 1154 I SystemServer: StartDynamicSystemService
06-12 21:55:25.931 1154 1154 D SystemServerTiming: StartDynamicSystemService took to complete: 1ms
06-12 21:55:25.931 1154 1154 I SystemServer: StartConsumerIrService
06-12 21:55:25.933 412 412 I hwservicemanager: getTransport: Cannot find entry android.hardware.ir@1.0::IConsumerIr/default in either framework or device manifest.
06-12 21:55:25.935 1154 1154 D SystemServerTiming: StartConsumerIrService took to complete: 4ms
06-12 21:55:25.935 1154 1154 I SystemServer: StartAlarmManagerService
06-12 21:55:25.939 1154 1154 D AlarmManagerService: Kernel timezone updated to -120 minutes west of GMT
06-12 21:55:25.940 480 480 W Zygote : Class not found for preloading: android.bluetooth.BluetoothA2dp$2
06-12 21:55:25.943 1154 1154 D SystemServerTiming: StartAlarmManagerService took to complete: 8ms
06-12 21:55:25.944 1154 1154 I SystemServer: StartInputManagerService
06-12 21:55:25.944 1154 1154 I InputManager: Initializing input manager, mUseDevInputEventForAudioJack=true
06-12 21:55:25.945 1154 1154 I InputClassifier: Deep press feature enabled.
06-12 21:55:25.947 412 412 I hwservicemanager: getTransport: Cannot find entry android.hardware.input.classifier@1.0::IInputClassifier/default in either framework or device manifest.
06-12 21:55:25.948 1154 1530 I InputClassifier: Could not obtain InputClassifier HAL
06-12 21:55:25.948 1154 1531 E InputClassifier: InputClassifier HAL has died. Setting mMotionClassifier to null
06-12 21:55:25.950 480 480 I PackageBackwardCompatibility: Could not find android.content.pm.AndroidTestBaseUpdater, ignoring
06-12 21:55:25.951 1154 1154 D SystemServerTiming: StartInputManagerService took to complete: 7ms
06-12 21:55:25.951 1154 1154 I SystemServer: StartWindowManagerService
06-12 21:55:26.004 1154 1182 I WindowManager: No existing display settings, starting empty
06-12 21:55:26.011 1154 1182 I WindowTracing: Setting window tracing log level to 1
06-12 21:55:26.011 1154 1182 I WindowTracing: Setting window tracing buffer capacity to 2097152bytes
06-12 21:55:26.023 1154 1154 D SystemServerTiming: StartWindowManagerService took to complete: 72ms
06-12 21:55:26.023 1154 1154 I SystemServer: SetWindowManagerService
06-12 21:55:26.024 1154 1181 I DropBoxManagerService: add tag=system_server_strictmode isTagEnabled=true flags=0x2
06-12 21:55:26.050 1154 1181 I chatty : uid=1000(system) android.io identical 2 lines
06-12 21:55:26.055 1154 1181 I DropBoxManagerService: add tag=system_server_strictmode isTagEnabled=true flags=0x2
06-12 21:55:26.116 1154 1154 D SystemServerTiming: SetWindowManagerService took to complete: 93ms
06-12 21:55:26.117 1154 1154 I SystemServer: WindowManagerServiceOnInitReady
06-12 21:55:26.122 1154 1180 I CameraManagerGlobal: Connecting to camera service
06-12 21:55:26.146 1154 1180 W system_server: ClassLoaderContext shared library size mismatch. Expected=3, found=0 (PCL[]{PCL[/system/framework/android.hidl.manager-V1.0-java.jar*3176430003]{PCL[/system/framework/android.hidl.base-V1.0-java.jar*372939462]}#PCL[/system/framework/android.hidl.base-V1.0-java.jar*372939462]#PCL[/system/framework/org.apache.http.legacy.jar*2680228128]} | PCL[];PCL[/system/framework/org.lineageos.platform.jar*3707353125:/system/framework/services.jar*3879829368:/system/framework/services.jar!classes2.dex*893780051:/system/framework/ethernet-service.jar*1967756799:/system/framework/wifi-service.jar*336863184:/system/framework/com.android.location.provider.jar*2555827209])
06-12 21:55:26.154 1154 1180 W system_server: Found duplicate classes, falling back to extracting from APK : /system/priv-app/LineageParts/LineageParts.apk
06-12 21:55:26.154 1154 1180 W system_server: NOTE: This wastes RAM and hurts startup performance.
06-12 21:55:26.154 1154 1180 W system_server: Found duplicated class when checking oat files: 'Landroid/hidl/base/V1_0/IBase;' in /system/framework/wifi-service.jar and /system/priv-app/LineageParts/LineageParts.apk
06-12 21:55:26.154 1154 1180 W system_server:
06-12 21:55:26.253 1154 1180 W Looper : Slow dispatch took 136ms android.ui h=android.os.Handler c=android.os.Handler$BlockingRunnable@cbf2396 m=0
06-12 21:55:26.255 1154 1154 D SystemServerTiming: WindowManagerServiceOnInitReady took to complete: 138ms
06-12 21:55:26.255 1154 1154 I SystemServer: StartInputManager
06-12 21:55:26.255 1154 1154 I InputManager: Starting input manager
06-12 21:55:26.255 1154 1532 D SystemServerInitThreadPool: Started executing StartHidlServices
06-12 21:55:26.257 1154 1181 I DropBoxManagerService: add tag=system_server_strictmode isTagEnabled=true flags=0x2
06-12 21:55:26.260 1154 1534 D EventHub: No input device configuration file found for device 'msm8952-snd-card-mtp Button Jack'.
06-12 21:55:26.260 1154 1532 I ServiceManagement: Registered android.frameworks.sensorservice@1.0::ISensorManager/default (start delay of 3611ms)
06-12 21:55:26.261 1154 1181 I DropBoxManagerService: add tag=system_server_strictmode isTagEnabled=true flags=0x2
06-12 21:55:26.263 1154 1154 D SystemServerTiming: StartInputManager took to complete: 8ms
06-12 21:55:26.263 1154 1154 I SystemServer: DisplayManagerWindowManagerAndInputReady
06-12 21:55:26.263 1154 1154 D SystemServerTiming: DisplayManagerWindowManagerAndInputReady took to complete: 0ms
06-12 21:55:26.263 1154 1154 I SystemServer: StartBluetoothService
06-12 21:55:26.264 1154 1154 I SystemServiceManager: Starting com.android.server.BluetoothService
06-12 21:55:26.264 1154 1532 I ServiceManagement: Registered android.frameworks.schedulerservice@1.0::ISchedulingPolicyService/default (start delay of 3615ms)
06-12 21:55:26.264 1154 1532 D SystemServerTimingAsync: StartHidlServices took to complete: 8ms
06-12 21:55:26.264 1154 1532 D SystemServerInitThreadPool: Finished executing StartHidlServices
06-12 21:55:26.267 1154 1181 I DropBoxManagerService: add tag=system_server_strictmode isTagEnabled=true flags=0x2
06-12 21:55:26.267 1154 1154 D BluetoothManagerService: Loading stored name and address
06-12 21:55:26.268 1154 1154 D BluetoothManagerService: Stored bluetooth Name=Swift 2 X,Address=F6:D0:04:05:35:59
06-12 21:55:26.268 1154 1154 D BluetoothManagerService: Bluetooth persisted state: 1
06-12 21:55:26.269 1154 1154 D BluetoothManagerService: Startup: Bluetooth persisted state is ON.
06-12 21:55:26.270 1154 1154 D BluetoothManagerService: Detected SystemUiUid: 10170
06-12 21:55:26.271 1154 1154 D SystemServerTiming: StartBluetoothService took to complete: 7ms
06-12 21:55:26.271 1154 1154 I SystemServer: IpConnectivityMetrics
06-12 21:55:26.271 1154 1154 I SystemServiceManager: Starting com.android.server.connectivity.IpConnectivityMetrics
06-12 21:55:26.272 1154 1181 I DropBoxManagerService: add tag=system_server_strictmode isTagEnabled=true flags=0x2
06-12 21:55:26.272 1154 1154 D SystemServerTiming: IpConnectivityMetrics took to complete: 1ms
06-12 21:55:26.273 1154 1154 I SystemServer: NetworkWatchlistService
06-12 21:55:26.273 1154 1154 I SystemServiceManager: Starting com.android.server.net.watchlist.NetworkWatchlistService$Lifecycle
06-12 21:55:26.275 1154 1534 W EventHub: Unable to disable kernel key repeat for /dev/input/event5: Function not implemented
06-12 21:55:26.275 1154 1534 I EventHub: wakeMechanism=EPOLLWAKEUP, usingClockIoctl=true
06-12 21:55:26.275 1154 1534 I EventHub: New device: id=1, fd=121, path='/dev/input/event5', name='msm8952-snd-card-mtp Button Jack', classes=0x1, configuration='', keyLayout='/vendor/usr/keylayout/Generic.kl', keyCharacterMap='/system/usr/keychars/Generic.kcm', builtinKeyboard=false,
06-12 21:55:26.275 1154 1534 D EventHub: No input device configuration file found for device 'msm8952-snd-card-mtp Headset Jack'.
06-12 21:55:26.275 1154 1534 I EventHub: wakeMechanism=EPOLLWAKEUP, usingClockIoctl=true
06-12 21:55:26.275 1154 1534 I EventHub: New device: id=2, fd=119, path='/dev/input/event4', name='msm8952-snd-card-mtp Headset Jack', classes=0x80, configuration='', keyLayout='', keyCharacterMap='', builtinKeyboard=false,
06-12 21:55:26.276 1154 1534 E EventHub: Could not get device name for /dev/input/mice: Not a typewriter
06-12 21:55:26.276 1154 1534 E EventHub: could not get driver version for /dev/input/mice, Not a typewriter
06-12 21:55:26.277 1154 1181 I DropBoxManagerService: add tag=system_server_strictmode isTagEnabled=true flags=0x2
06-12 21:55:26.280 1154 1154 I WatchlistSettings: Reload watchlist settings done
06-12 21:55:26.280 1154 1181 I DropBoxManagerService: add tag=system_server_strictmode isTagEnabled=true flags=0x2
06-12 21:55:26.281 1154 1535 I WatchlistLoggingHandler: No need to aggregate record yet.
06-12 21:55:26.281 1154 1535 I WatchlistLoggingHandler: Milliseconds spent on tryAggregateRecords(): 1
06-12 21:55:26.282 1154 1154 D SystemServerTiming: NetworkWatchlistService took to complete: 9ms
06-12 21:55:26.282 1154 1154 I SystemServer: PinnerService
06-12 21:55:26.282 1154 1154 I SystemServiceManager: Starting com.android.server.PinnerService
06-12 21:55:26.285 1154 1181 I DropBoxManagerService: add tag=system_server_strictmode isTagEnabled=true flags=0x2
06-12 21:55:26.286 1154 1187 D PinnerService: pinRangeStream: null
06-12 21:55:26.286 1154 1154 D SystemServerTiming: PinnerService took to complete: 4ms
06-12 21:55:26.286 1154 1154 I SystemServer: ActivityTriggerService
06-12 21:55:26.286 1154 1154 I SystemServiceManager: Starting com.android.server.ActivityTriggerService
06-12 21:55:26.286 1154 1154 I ActivityTriggerService: Starting ActivityTriggerService
06-12 21:55:26.286 1154 1154 D SystemServerTiming: ActivityTriggerService took to complete: 0ms
06-12 21:55:26.286 1154 1154 I SystemServer: SignedConfigService
06-12 21:55:26.287 1154 1154 D SystemServerTiming: SignedConfigService took to complete: 0ms
06-12 21:55:26.287 1154 1154 I SystemServer: LongScreenshotManagerService
06-12 21:55:26.289 1154 1154 D SystemServerTiming: LongScreenshotManagerService took to complete: 2ms
06-12 21:55:26.290 1154 1181 I DropBoxManagerService: add tag=system_server_strictmode isTagEnabled=true flags=0x2
06-12 21:55:26.293 1154 1181 I chatty : uid=1000(system) android.io identical 1 line
06-12 21:55:26.296 1154 1181 I DropBoxManagerService: add tag=system_server_strictmode isTagEnabled=true flags=0x2
06-12 21:55:26.298 1154 1187 D PinnerService: pinRangeStream: null
06-12 21:55:26.361 1154 1534 D EventHub: No input device configuration file found for device 'tiny4412-key'.
06-12 21:55:26.367 1154 1534 W EventHub: Unable to disable kernel key repeat for /dev/input/event1: Function not implemented
06-12 21:55:26.367 1154 1534 I EventHub: wakeMechanism=EPOLLWAKEUP, usingClockIoctl=true
06-12 21:55:26.367 1154 1534 I EventHub: New device: id=3, fd=128, path='/dev/input/event1', name='tiny4412-key', classes=0x1, configuration='', keyLayout='/vendor/usr/keylayout/Generic.kl', keyCharacterMap='/system/usr/keychars/Generic.kcm', builtinKeyboard=false,
06-12 21:55:26.367 1154 1534 D EventHub: No input device configuration file found for device 'qpnp_pon'.
06-12 21:55:26.371 1154 1534 W EventHub: Unable to disable kernel key repeat for /dev/input/event0: Function not implemented
06-12 21:55:26.372 1154 1534 I EventHub: wakeMechanism=EPOLLWAKEUP, usingClockIoctl=true
06-12 21:55:26.372 1154 1534 I EventHub: New device: id=4, fd=125, path='/dev/input/event0', name='qpnp_pon', classes=0x1, configuration='', keyLayout='/vendor/usr/keylayout/qpnp_pon.kl', keyCharacterMap='/system/usr/keychars/Generic.kcm', builtinKeyboard=false,
06-12 21:55:26.372 1154 1534 E EventHub: Could not get device name for /dev/input/mouse0: Not a typewriter
06-12 21:55:26.372 1154 1534 E EventHub: could not get driver version for /dev/input/mouse0, Not a typewriter
06-12 21:55:26.413 480 480 E ActivityRecognitionHardware: activity_recognition HAL is deprecated. class_init is effectively a no-op
06-12 21:55:26.413 1154 1534 D EventHub: No input device configuration file found for device 'ilitek_i2c'.
06-12 21:55:26.413 1154 1534 I EventHub: wakeMechanism=EPOLLWAKEUP, usingClockIoctl=true
06-12 21:55:26.413 1154 1534 I EventHub: New device: id=5, fd=122, path='/dev/input/event2', name='ilitek_i2c', classes=0x14, configuration='', keyLayout='', keyCharacterMap='', builtinKeyboard=false,
06-12 21:55:26.413 1154 1534 D EventHub: No input device configuration file found for device 'gpio-keys'.
06-12 21:55:26.418 1154 1534 W EventHub: Unable to disable kernel key repeat for /dev/input/event3: Function not implemented
06-12 21:55:26.418 1154 1534 I EventHub: wakeMechanism=EPOLLWAKEUP, usingClockIoctl=true
06-12 21:55:26.418 1154 1534 I EventHub: New device: id=6, fd=129, path='/dev/input/event3', name='gpio-keys', classes=0x1, configuration='', keyLayout='/vendor/usr/keylayout/gpio-keys.kl', keyCharacterMap='/system/usr/keychars/Generic.kcm', builtinKeyboard=false,
06-12 21:55:26.424 1154 1534 I InputReader: Device added: id=-1, name='Virtual', sources=0x00000301
06-12 21:55:26.425 1154 1534 I InputReader: Device added: id=6, name='gpio-keys', sources=0x00000101
06-12 21:55:26.426 1154 1534 I InputReader: Touch device 'ilitek_i2c' could not query the properties of its associated display. The device will be inoperable until the display size becomes available.
06-12 21:55:26.426 1154 1534 I InputReader: Device added: id=5, name='ilitek_i2c', sources=0x00001002
06-12 21:55:26.426 1154 1534 I InputReader: Device added: id=4, name='qpnp_pon', sources=0x00000101
06-12 21:55:26.426 1154 1534 I InputReader: Device added: id=3, name='tiny4412-key', sources=0x00000101
06-12 21:55:26.426 1154 1534 I InputReader: Device added: id=2, name='msm8952-snd-card-mtp Headset Jack', sources=0x80000000
06-12 21:55:26.427 1154 1534 I InputReader: Device added: id=1, name='msm8952-snd-card-mtp Button Jack', sources=0x00000101
06-12 21:55:26.429 1154 1154 I WindowManager: SAFE MODE not enabled
06-12 21:55:26.369 1154 1187 I chatty : uid=1000(system) android.bg identical 8 lines
06-12 21:55:26.377 1154 1187 D PinnerService: pinRangeStream: null
06-12 21:55:26.429 1154 1154 I SystemServer: StartInputMethodManagerLifecycle
06-12 21:55:26.429 1154 1154 I SystemServiceManager: Starting com.android.server.inputmethod.InputMethodManagerService$Lifecycle
06-12 21:55:26.470 1154 1154 D SystemServerTiming: StartInputMethodManagerLifecycle took to complete: 41ms
06-12 21:55:26.470 1154 1154 I SystemServer: StartAccessibilityManagerService
06-12 21:55:26.471 1154 1154 I SystemServiceManager: Starting com.android.server.accessibility.AccessibilityManagerService$Lifecycle
06-12 21:55:26.477 1154 1154 D SystemServerTiming: StartAccessibilityManagerService took to complete: 7ms
06-12 21:55:26.478 1154 1154 I SystemServer: MakeDisplayReady
06-12 21:55:26.479 1154 1154 W InputReader: Device has associated, but no associated display id.
06-12 21:55:26.484 1154 1154 I ActivityTaskManager: Config changes=20005df8 {1.0 ?mcc?mnc [en_US] ldltr sw360dp w360dp h568dp 480dpi nrml port ?uimode ?night finger -keyb/h/h -nav/h winConfig={ mBounds=Rect(0, 0 - 1080, 1920) mAppBounds=Rect(0, 0 - 1080, 1776) mWindowingMode=fullscreen mDisplayWindowingMode=fullscreen mActivityType=undefined mAlwaysOnTop=undefined mRotation=ROTATION_0} s.2}
06-12 21:55:26.495 480 480 I zygote : Thread[1,tid=480,Native,Thread*=0xeec3de00,peer=0x12cc0260,"main"] recursive attempt to load library "libmedia_jni.so"
06-12 21:55:26.495 480 480 D MtpDeviceJNI: register_android_mtp_MtpDevice
06-12 21:55:26.495 480 480 I zygote : Thread[1,tid=480,Native,Thread*=0xeec3de00,peer=0x12cc0260,"main"] recursive attempt to load library "libmedia_jni.so"
06-12 21:55:26.496 1154 1154 I ActivityTaskManager: Override config changes=60007dfc {1.0 ?mcc?mnc [en_US] ldltr sw360dp w360dp h568dp 480dpi nrml port ?uimode ?night finger -keyb/h/h -nav/h winConfig={ mBounds=Rect(0, 0 - 1080, 1920) mAppBounds=Rect(0, 0 - 1080, 1776) mWindowingMode=fullscreen mDisplayWindowingMode=fullscreen mActivityType=undefined mAlwaysOnTop=undefined mRotation=ROTATION_0} s.2} for displayId=0
06-12 21:55:26.501 1154 1154 D SystemServerTiming: MakeDisplayReady took to complete: 23ms
06-12 21:55:26.501 1154 1154 I SystemServer: StartStorageManagerService
06-12 21:55:26.502 1154 1154 I SystemServiceManager: Starting com.android.server.StorageManagerService$Lifecycle
06-12 21:55:26.496 480 480 I zygote : Thread[1,tid=480,Native,Thread*=0xeec3de00,peer=0x12cc0260,"main"] recursive attempt to load library "libmedia_jni.so"
06-12 21:55:26.502 1154 1182 I InputManager-JNI: Viewport [0] to add: local:0
06-12 21:55:26.504 1154 1534 I InputReader: Reconfiguring input devices. changes=0x00000004
06-12 21:55:26.504 1154 1534 I InputReader: Device reconfigured: id=5, name='ilitek_i2c', size 1080x1920, orientation 0, mode 1, display id 0
06-12 21:55:26.514 1154 1537 D StorageManagerService: Thinking about init, mBootCompleted=false, mDaemonConnected=true
06-12 21:55:26.514 1154 1537 D StorageManagerService: Thinking about reset, mBootCompleted=false, mDaemonConnected=true
06-12 21:55:26.516 1154 1537 D StorageManagerService: Thinking about init, mBootCompleted=false, mDaemonConnected=true
06-12 21:55:26.516 1154 1154 D SystemServerTiming: StartStorageManagerService took to complete: 15ms
06-12 21:55:26.516 1154 1154 I SystemServer: StartStorageStatsService
06-12 21:55:26.516 1154 1537 D StorageManagerService: Thinking about reset, mBootCompleted=false, mDaemonConnected=true
06-12 21:55:26.517 1154 1154 I SystemServiceManager: Starting com.android.server.usage.StorageStatsService$Lifecycle
06-12 21:55:26.519 480 480 W Zygote : Class not found for preloading: android.media.audiopolicy.AudioProductStrategies
06-12 21:55:26.519 726 1494 D installd: Found quota mount /dev/block/bootdevice/by-name/userdata at /data
06-12 21:55:26.519 480 480 W Zygote : Class not found for preloading: android.media.audiopolicy.AudioVolumeGroups
06-12 21:55:26.522 726 1494 D installd: Found quota mount /dev/block/bootdevice/by-name/userdata at /data
06-12 21:55:26.525 1154 1154 D SystemServerTiming: StartStorageStatsService took to complete: 8ms
06-12 21:55:26.525 1154 1154 I SystemServer: StartUiModeManager
06-12 21:55:26.525 1154 1154 I SystemServiceManager: Starting com.android.server.UiModeManagerService
06-12 21:55:26.528 1154 1539 D SystemServerInitThreadPool: Started executing UiModeManager.onStart
06-12 21:55:26.531 1154 1154 D SystemServerTiming: StartUiModeManager took to complete: 6ms
06-12 21:55:26.531 1154 1154 I SystemServer: UpdatePackagesIfNeeded
06-12 21:55:26.531 1154 1154 I Watchdog: Pausing HandlerChecker: main thread for reason: dexopt. Pause count: 1
06-12 21:55:26.531 1154 1154 I Watchdog: Resuming HandlerChecker: main thread for reason: dexopt. Pause count: 0
06-12 21:55:26.531 1154 1154 D SystemServerTiming: UpdatePackagesIfNeeded took to complete: 0ms
06-12 21:55:26.531 1154 1154 I SystemServer: PerformFstrimIfNeeded
06-12 21:55:26.532 1154 1154 D SystemServerTiming: PerformFstrimIfNeeded took to complete: 1ms
06-12 21:55:26.532 1154 1154 I SystemServer: StartLockSettingsService
06-12 21:55:26.533 1154 1154 I SystemServiceManager: Starting com.android.server.locksettings.LockSettingsService$Lifecycle
06-12 21:55:26.538 1154 1539 I ActivityTaskManager: Config changes=200 {1.0 ?mcc?mnc [en_US] ldltr sw360dp w360dp h568dp 480dpi nrml port finger -keyb/h/h -nav/h winConfig={ mBounds=Rect(0, 0 - 1080, 1920) mAppBounds=Rect(0, 0 - 1080, 1776) mWindowingMode=fullscreen mDisplayWindowingMode=fullscreen mActivityType=undefined mAlwaysOnTop=undefined mRotation=ROTATION_0} s.4}
06-12 21:55:26.557 1154 1539 I ActivityTaskManager: Override config changes=200 {1.0 ?mcc?mnc [en_US] ldltr sw360dp w360dp h568dp 480dpi nrml port finger -keyb/h/h -nav/h winConfig={ mBounds=Rect(0, 0 - 1080, 1920) mAppBounds=Rect(0, 0 - 1080, 1776) mWindowingMode=fullscreen mDisplayWindowingMode=fullscreen mActivityType=undefined mAlwaysOnTop=undefined mRotation=ROTATION_0} s.4} for displayId=0
06-12 21:55:26.559 1154 1539 D SystemServerInitThreadPool: Finished executing UiModeManager.onStart
06-12 21:55:26.561 1154 1154 D SystemServerTiming: StartLockSettingsService took to complete: 29ms
06-12 21:55:26.561 1154 1154 I SystemServer: StartPersistentDataBlock
06-12 21:55:26.561 1154 1154 I SystemServiceManager: Starting com.android.server.PersistentDataBlockService
06-12 21:55:26.563 1154 1154 D SystemServerTiming: StartPersistentDataBlock took to complete: 2ms
06-12 21:55:26.563 1154 1154 I SystemServer: StartTestHarnessMode
06-12 21:55:26.563 1154 1154 I SystemServiceManager: Starting com.android.server.testharness.TestHarnessModeService
06-12 21:55:26.563 1154 1542 D SystemServerInitThreadPool: Started executing PersistentDataBlockService.onStart
06-12 21:55:26.564 1154 1542 E PersistentDataBlockService: not able to find package com.google.android.gms
06-12 21:55:26.564 1154 1542 E PersistentDataBlockService: android.content.pm.PackageManager$NameNotFoundException: com.google.android.gms
06-12 21:55:26.564 1154 1542 E PersistentDataBlockService: at android.app.ApplicationPackageManager.getPackageUidAsUser(ApplicationPackageManager.java:311)
06-12 21:55:26.564 1154 1542 E PersistentDataBlockService: at com.android.server.PersistentDataBlockService.getAllowedUid(PersistentDataBlockService.java:153)
06-12 21:55:26.564 1154 1542 E PersistentDataBlockService: at com.android.server.PersistentDataBlockService.lambda$onStart$0$PersistentDataBlockService(PersistentDataBlockService.java:166)
06-12 21:55:26.564 1154 1542 E PersistentDataBlockService: at com.android.server.-$$Lambda$PersistentDataBlockService$EZl9OYaT2eNL7kfSr2nKUBjxidk.run(Unknown Source:2)
06-12 21:55:26.564 1154 1542 E PersistentDataBlockService: at com.android.server.SystemServerInitThreadPool.lambda$submit$0$SystemServerInitThreadPool(SystemServerInitThreadPool.java:72)
06-12 21:55:26.564 1154 1542 E PersistentDataBlockService: at com.android.server.-$$Lambda$SystemServerInitThreadPool$jLyL3DFmbjsFesU5SGktD3NoWSc.run(Unknown Source:6)
06-12 21:55:26.564 1154 1542 E PersistentDataBlockService: at java.util.concurrent.Executors$RunnableAdapter.call(Executors.java:462)
06-12 21:55:26.564 1154 1542 E PersistentDataBlockService: at java.util.concurrent.FutureTask.run(FutureTask.java:266)
06-12 21:55:26.564 1154 1542 E PersistentDataBlockService: at java.util.concurrent.ThreadPoolExecutor.runWorker(ThreadPoolExecutor.java:1167)
06-12 21:55:26.564 1154 1542 E PersistentDataBlockService: at java.util.concurrent.ThreadPoolExecutor$Worker.run(ThreadPoolExecutor.java:641)
06-12 21:55:26.564 1154 1542 E PersistentDataBlockService: at com.android.internal.util.ConcurrentUtils$1$1.run(ConcurrentUtils.java:62)
06-12 21:55:26.565 1154 1154 D SystemServerTiming: StartTestHarnessMode took to complete: 2ms
06-12 21:55:26.565 1154 1154 I SystemServer: StartOemLockService
06-12 21:55:26.565 1154 1154 I SystemServiceManager: Starting com.android.server.oemlock.OemLockService
06-12 21:55:26.567 412 412 I hwservicemanager: getTransport: Cannot find entry android.hardware.oemlock@1.0::IOemLock/default in either framework or device manifest.
06-12 21:55:26.567 1154 1154 I OemLock : OemLock HAL not present on device
06-12 21:55:26.567 1154 1154 I OemLock : Using persistent data block based lock
06-12 21:55:26.569 1154 1154 D SystemServerTiming: StartOemLockService took to complete: 4ms
06-12 21:55:26.569 1154 1154 I SystemServer: StartDeviceIdleController
06-12 21:55:26.569 1154 1154 I SystemServiceManager: Starting com.android.server.DeviceIdleController
06-12 21:55:26.576 1154 1154 D SystemServerTiming: StartDeviceIdleController took to complete: 7ms
06-12 21:55:26.576 1154 1154 I SystemServer: StartDevicePolicyManager
06-12 21:55:26.577 1154 1154 I SystemServiceManager: Starting com.android.server.devicepolicy.DevicePolicyManagerService$Lifecycle
06-12 21:55:26.584 1154 1542 D SystemServerInitThreadPool: Finished executing PersistentDataBlockService.onStart
06-12 21:55:26.595 1154 1154 D SystemServerTiming: StartDevicePolicyManager took to complete: 19ms
06-12 21:55:26.595 1154 1154 I SystemServer: StartStatusBarManagerService
06-12 21:55:26.597 1154 1154 D SystemServerTiming: StartStatusBarManagerService took to complete: 2ms
06-12 21:55:26.598 1154 1154 D SystemServer: ContentCaptureService disabled because resource is not overlaid
06-12 21:55:26.598 1154 1154 D SystemServer: AttentionService is not configured on this device
06-12 21:55:26.598 1154 1154 D SystemServer: SystemCaptionsManagerService disabled because resource is not overlaid
06-12 21:55:26.598 1154 1154 D SystemServer: AppPredictionService not defined by OEM
06-12 21:55:26.599 1154 1154 D SystemServer: ContentSuggestionsService not defined by OEM
06-12 21:55:26.599 1154 1154 I SystemServer: InitNetworkStackClient
06-12 21:55:26.606 1154 1154 D SystemServerTiming: InitNetworkStackClient took to complete: 7ms
06-12 21:55:26.606 1154 1154 I SystemServer: StartNetworkManagementService
06-12 21:55:26.611 478 478 I netd : registerUnsolicitedEventListener() <0.07ms>
06-12 21:55:26.612 1154 1154 D SystemServerTiming: StartNetworkManagementService took to complete: 6ms
06-12 21:55:26.612 1154 1154 I SystemServer: StartIpSecService
06-12 21:55:26.619 1154 1154 D SystemServerTiming: StartIpSecService took to complete: 7ms
06-12 21:55:26.619 1154 1154 I SystemServer: StartTextServicesManager
06-12 21:55:26.619 1154 1154 I SystemServiceManager: Starting com.android.server.textservices.TextServicesManagerService$Lifecycle
06-12 21:55:26.622 1154 1154 D SystemServerTiming: StartTextServicesManager took to complete: 3ms
06-12 21:55:26.622 1154 1154 I SystemServer: StartTextClassificationManagerService
06-12 21:55:26.622 1154 1154 I SystemServiceManager: Starting com.android.server.textclassifier.TextClassificationManagerService$Lifecycle
06-12 21:55:26.624 1154 1154 D SystemServerTiming: StartTextClassificationManagerService took to complete: 2ms
06-12 21:55:26.624 1154 1154 I SystemServer: StartNetworkScoreService
06-12 21:55:26.624 1154 1154 I SystemServiceManager: Starting com.android.server.NetworkScoreService$Lifecycle
06-12 21:55:26.627 1154 1154 I NetworkScoreService: Registering network_score
06-12 21:55:26.629 1154 1154 D SystemServerTiming: StartNetworkScoreService took to complete: 5ms
06-12 21:55:26.629 1154 1154 I SystemServer: StartNetworkStatsService
06-12 21:55:26.634 1154 1154 D SystemServerTiming: StartNetworkStatsService took to complete: 5ms
06-12 21:55:26.634 1154 1154 I SystemServer: StartNetworkPolicyManagerService
06-12 21:55:26.642 1154 1154 D SystemServerTiming: StartNetworkPolicyManagerService took to complete: 8ms
06-12 21:55:26.642 1154 1154 I SystemServer: StartWifi
06-12 21:55:26.660 1154 1154 I SystemServiceManager: Starting com.android.server.wifi.WifiService
06-12 21:55:26.718 480 480 W Zygote : Class not found for preloading: android.view.-$$Lambda$SurfaceView$Cs7TGTdA1lXf9qW8VOJAfEsMjdk
06-12 21:55:26.726 480 480 W Zygote : Class not found for preloading: android.view.SurfaceView$3
06-12 21:55:26.734 480 480 W Zygote : Class not found for preloading: android.view.textclassifier.-$$Lambda$TextClassificationManager$JIaezIJbMig_-kVzN6oArzkTsJE
06-12 21:55:26.756 480 480 W Zygote : Class not found for preloading: com.android.internal.net.NetworkStatsFactory
06-12 21:55:26.765 1154 1154 E HostapdHal: Malformed channel value detected: java.lang.NumberFormatException: For input string: ""
06-12 21:55:26.768 480 480 W Zygote : Class not found for preloading: com.android.internal.telephony.-$$Lambda$PhoneSubInfoController$8HFbCDJDN1mrLJG980qYH5MGqMk
06-12 21:55:26.768 480 480 W Zygote : Class not found for preloading: com.android.internal.telephony.-$$Lambda$PhoneSubInfoController$U28a_EGx2cvmQhDfRRgonMt5Zrc
06-12 21:55:26.769 480 480 W Zygote : Class not found for preloading: com.android.internal.telephony.-$$Lambda$SubscriptionInfoUpdater$-zZXM9oMRZ3vZz7dJOG19J00Bmw
06-12 21:55:26.769 480 480 W Zygote : Class not found for preloading: com.android.internal.telephony.-$$Lambda$SubscriptionInfoUpdater$D5yF1HbS4cvCyoAj3FESkPtA_0g
06-12 21:55:26.769 480 480 W Zygote : Class not found for preloading: com.android.internal.telephony.-$$Lambda$SubscriptionInfoUpdater$MMx9iQX0JVqqMPLTUZhdBubFSzU
06-12 21:55:26.771 480 480 W Zygote : Class not found for preloading: com.android.internal.telephony.GsmCdmaPhone$3
06-12 21:55:26.775 480 480 W Zygote : Class not found for preloading: com.android.internal.telephony.PhoneConfigurationModels
06-12 21:55:26.777 480 480 W Zygote : Class not found for preloading: com.android.internal.telephony.SubscriptionController$ScLocalLog
06-12 21:55:26.779 480 480 W Zygote : Class not found for preloading: com.android.internal.telephony.UiccSmsController
06-12 21:55:26.782 480 480 W Zygote : Class not found for preloading: com.android.internal.telephony.imsphone.-$$Lambda$ImsPhoneCallTracker$QlPVd_3u4_verjHUDnkn6zaSe54
06-12 21:55:26.783 480 480 W Zygote : Class not found for preloading: com.android.internal.telephony.imsphone.ImsPhone$3
06-12 21:55:26.793 1154 1154 D WifiCountryCode: mDefaultCountryCode null mRevertCountryCodeOnCellularLoss false
06-12 21:55:26.794 1154 1154 D WifiApConfigStore: 2G band allowed channels are:1,6,11
06-12 21:55:26.801 1154 1154 I WifiScoringParams: rssi2=-83:-80:-73:-60,rssi5=-80:-77:-70:-57,pps=0:1:100,horizon=15,nud=8,expid=0
06-12 21:55:26.858 1154 1154 D WifiOpenNetworkNotifier: Settings toggle enabled=true
06-12 21:55:26.860 1154 1154 D WifiCarrierNetworkNotifier: Settings toggle enabled=true
06-12 21:55:26.866 1154 1154 D WifiActiveModeWarden: Starting Wifi in WifiDisabledState
06-12 21:55:26.866 1154 1548 D WifiActiveModeWarden: Entering WifiDisabledState
06-12 21:55:26.868 1154 1154 D WakeupController: WifiWake enabled
06-12 21:55:26.872 1154 1154 E WifiClientModeImpl: getWifiLinkLayerStats called without an interface
06-12 21:55:26.876 1154 1154 E SupplicantStaIfaceHal: Can't call setDebugParams, ISupplicant is null
06-12 21:55:26.876 1154 1154 I WifiService: Registering wifi
06-12 21:55:26.878 1154 1154 D SystemServerTiming: StartWifi took to complete: 236ms
06-12 21:55:26.878 1154 1154 I SystemServer: StartWifiScanning
06-12 21:55:26.879 480 480 I Zygote : ...preloaded 7585 classes in 1031ms.
06-12 21:55:26.879 1154 1154 I SystemServiceManager: Starting com.android.server.wifi.scanner.WifiScanningService
06-12 21:55:26.879 480 480 I zygote : VMRuntime.preloadDexCaches starting
06-12 21:55:26.879 1154 1154 I WifiScanningService: Creating wifiscanner
06-12 21:55:26.881 1154 1154 I WifiScanningService: Publishing wifiscanner
06-12 21:55:26.883 1154 1154 D SystemServerTiming: StartWifiScanning took to complete: 5ms
06-12 21:55:26.883 1154 1154 I SystemServer: StartWifiP2P
06-12 21:55:26.884 1154 1154 I SystemServiceManager: Starting com.android.server.wifi.p2p.WifiP2pService
06-12 21:55:26.893 1154 1154 W HalDevMgr: isWifiStarted called but mWifi is null!?
06-12 21:55:26.894 1154 1154 I WifiP2pService: Registering wifip2p
06-12 21:55:26.895 1154 1154 D SystemServerTiming: StartWifiP2P took to complete: 12ms
06-12 21:55:26.895 1154 1154 I SystemServer: StartEthernet
06-12 21:55:26.897 1154 1154 I SystemServiceManager: Starting com.android.server.ethernet.EthernetService
06-12 21:55:26.897 1154 1154 I EthernetService: Registering service ethernet
06-12 21:55:26.898 1154 1154 D SystemServerTiming: StartEthernet took to complete: 3ms
06-12 21:55:26.898 1154 1154 I SystemServer: StartConnectivityService
06-12 21:55:26.906 1154 1154 D ConnectivityService: ConnectivityService starting up
06-12 21:55:26.911 1154 1154 D ConnectivityService: wifiOnly=false
06-12 21:55:26.911 1154 1154 E ConnectivityService: Ignoring protectedNetwork 14
06-12 21:55:26.942 1154 1154 D SystemServerTiming: StartConnectivityService took to complete: 44ms
06-12 21:55:26.942 1154 1154 I SystemServer: StartNsdService
06-12 21:55:26.944 1154 1154 D NsdService: Network service discovery is enabled
06-12 21:55:26.948 1154 1154 D SystemServerTiming: StartNsdService took to complete: 6ms
06-12 21:55:26.949 1154 1154 I SystemServer: StartSystemUpdateManagerService
06-12 21:55:26.950 1154 1154 I SystemUpdateManagerService: No existing info file /data/system/system-update-info.xml
06-12 21:55:26.951 1154 1154 D SystemServerTiming: StartSystemUpdateManagerService took to complete: 2ms
06-12 21:55:26.952 1154 1154 I SystemServer: StartUpdateLockService
06-12 21:55:26.954 1154 1154 D SystemServerTiming: StartUpdateLockService took to complete: 2ms
06-12 21:55:26.955 1154 1154 I SystemServer: StartNotificationManager
06-12 21:55:26.955 1154 1154 I SystemServiceManager: Starting com.android.server.notification.NotificationManagerService
06-12 21:55:26.958 480 480 I zygote : VMRuntime.preloadDexCaches strings total=333112 before=9747 after=9747
06-12 21:55:26.958 480 480 I zygote : VMRuntime.preloadDexCaches types total=36266 before=7291 after=7559
06-12 21:55:26.958 480 480 I zygote : VMRuntime.preloadDexCaches fields total=163295 before=8025 after=8226
06-12 21:55:26.958 480 480 I zygote : VMRuntime.preloadDexCaches methods total=284956 before=11015 after=11447
06-12 21:55:26.958 480 480 I zygote : VMRuntime.preloadDexCaches finished
06-12 21:55:26.958 480 480 D ZygoteInitTiming_lazy: PreloadClasses took to complete: 1110ms
06-12 21:55:26.963 480 480 D ApplicationLoaders: Created zygote-cached class loader: /system/framework/android.hidl.base-V1.0-java.jar
06-12 21:55:26.966 480 480 D ApplicationLoaders: Created zygote-cached class loader: /system/framework/android.hidl.manager-V1.0-java.jar
06-12 21:55:26.966 480 480 D ZygoteInitTiming_lazy: CacheNonBootClasspathClassLoaders took to complete: 8ms
06-12 21:55:27.010 1154 1154 D ConditionProviders.SCP: new ScheduleConditionProvider()
06-12 21:55:27.022 1154 1154 I NotificationAssistants: Read notification assistant permissions from xml
06-12 21:55:27.023 1154 1154 I ConditionProviders: Read condition provider permissions from xml
06-12 21:55:27.023 1154 1154 I ConditionProviders: Read condition provider permissions from xml
06-12 21:55:27.023 1154 1154 D NotificationAssistants: Approving default notification assistant for user 0
06-12 21:55:27.024 1154 1154 I ConditionProviders: Allowing condition provider android.ext.services/android.ext.services.notification.Assistant
06-12 21:55:27.025 1154 1154 D NotificationService: Set default NAS to be android.ext.services/android.ext.services.notification.Assistant in 0
06-12 21:55:27.051 411 411 E ServiceManager: add_service('notification',6c) uid=1000 - ALREADY REGISTERED, OVERRIDE
06-12 21:55:27.051 411 411 I ServiceManager: service 'notification' died
06-12 21:55:27.052 1154 1154 W SystemServiceManager: Service com.android.server.notification.NotificationManagerService took 51 ms in onStart
06-12 21:55:27.070 1154 1154 D SystemServerTiming: StartNotificationManager took to complete: 115ms
06-12 21:55:27.070 1154 1154 I SystemServer: StartDeviceMonitor
06-12 21:55:27.070 1154 1154 I SystemServiceManager: Starting com.android.server.storage.DeviceStorageMonitorService
06-12 21:55:27.074 1154 1154 D SystemServerTiming: StartDeviceMonitor took to complete: 4ms
06-12 21:55:27.074 1154 1154 I SystemServer: StartLocationManagerService
06-12 21:55:27.078 1154 1154 D SystemServerTiming: StartLocationManagerService took to complete: 3ms
06-12 21:55:27.078 1154 1154 I SystemServer: StartCountryDetectorService
06-12 21:55:27.080 1154 1154 D SystemServerTiming: StartCountryDetectorService took to complete: 2ms
06-12 21:55:27.080 1154 1154 I SystemServer: StartTimeDetectorService
06-12 21:55:27.080 1154 1154 I SystemServiceManager: Starting com.android.server.timedetector.TimeDetectorService$Lifecycle
06-12 21:55:27.084 1154 1154 D SystemServerTiming: StartTimeDetectorService took to complete: 4ms
06-12 21:55:27.084 1154 1154 I SystemServer: StartSearchManagerService
06-12 21:55:27.085 1154 1154 I SystemServiceManager: Starting com.android.server.search.SearchManagerService$Lifecycle
06-12 21:55:27.088 1154 1154 D SystemServerTiming: StartSearchManagerService took to complete: 4ms
06-12 21:55:27.090 1154 1154 I SystemServer: StartWallpaperManagerService
06-12 21:55:27.090 1154 1154 I SystemServiceManager: Starting com.android.server.wallpaper.WallpaperManagerService$Lifecycle
06-12 21:55:27.094 1154 1154 D SystemServerTiming: StartWallpaperManagerService took to complete: 4ms
06-12 21:55:27.094 1154 1154 I SystemServer: StartAudioService
06-12 21:55:27.094 1154 1154 I SystemServiceManager: Starting com.android.server.audio.AudioService$Lifecycle
06-12 21:55:27.108 480 480 I Zygote : Preloading resources...
06-12 21:55:27.110 1154 1154 I android_os_HwBinder: HwBinder: Starting thread pool for getting: android.hidl.manager@1.0::IServiceManager/default
06-12 21:55:27.122 590 936 W AudioFlinger: no wake lock to update, system not ready yet
06-12 21:55:27.123 590 940 W AudioFlinger: no wake lock to update, system not ready yet
06-12 21:55:27.123 590 944 W AudioFlinger: no wake lock to update, system not ready yet
06-12 21:55:27.123 590 955 W AudioFlinger: no wake lock to update, system not ready yet
06-12 21:55:27.126 590 590 D PermissionCache: checking android.permission.MODIFY_AUDIO_ROUTING for uid=1000 => granted (1388 us)
06-12 21:55:27.126 590 590 D AudioPolicyManagerCustom: setForceUse() usage 4, config 0, mPhoneState 0
06-12 21:55:27.127 1154 1154 W TelecomManager: Telecom Service not found.
06-12 21:55:27.128 480 480 W Resources: Preloaded drawable resource #0x108027e (android:drawable/dialog_background_material) that varies with configuration!!
06-12 21:55:27.129 590 590 D AudioPolicyManagerCustom: setForceUse() usage 3, config 8, mPhoneState 0
06-12 21:55:27.130 480 480 W Resources: Preloaded color resource #0x10601b9 (android:color/material_grey_800) that varies with configuration!!
06-12 21:55:27.130 480 480 W Resources: Preloaded drawable resource #0x10802eb (android:drawable/floating_popup_background_dark) that varies with configuration!!
06-12 21:55:27.131 590 724 D AudioPolicyManagerCustom: setForceUse() usage 6, config 0, mPhoneState 0
06-12 21:55:27.133 590 724 D PermissionCache: checking android.permission.MODIFY_AUDIO_SETTINGS for uid=1000 => granted (336 us)
06-12 21:55:27.135 529 1562 D audio_hw_primary: adev_set_mic_mute state 0
06-12 21:55:27.135 529 1562 W DeviceHAL: Error from HAL Device in function set_mic_mute: Function not implemented
06-12 21:55:27.135 529 1562 I chatty : uid=1041(audioserver) HwBinder:529_3 identical 1 line
06-12 21:55:27.135 529 1562 W DeviceHAL: Error from HAL Device in function set_mic_mute: Function not implemented
06-12 21:55:27.136 1154 1154 E AudioSystem-JNI: Command failed for android_media_AudioSystem_muteMicrophone: -38
06-12 21:55:27.176 480 480 I Zygote : ...preloaded 64 resources in 68ms.
06-12 21:55:27.184 480 480 W Resources: Preloaded color resource #0x1060039 (android:color/background_cache_hint_selector_material_dark) that varies with configuration!!
06-12 21:55:27.185 480 480 W Resources: Preloaded color resource #0x106003a (android:color/background_cache_hint_selector_material_light) that varies with configuration!!
06-12 21:55:27.188 480 480 I Zygote : ...preloaded 41 resources in 12ms.
06-12 21:55:27.188 480 480 D ZygoteInitTiming_lazy: PreloadResources took to complete: 222ms
06-12 21:55:27.208 590 725 D AudioFlinger: isLowRamDevice:false totalMemory:2992721920 mClientSharedHeapSize:8388608
06-12 21:55:27.208 590 725 D AudioPolicyManagerCustom: setForceUse() usage 7, config 0, mPhoneState 0
06-12 21:55:27.210 1154 1154 D SystemServerTiming: StartAudioService took to complete: 116ms
06-12 21:55:27.210 1154 1154 I SystemServer: StartDockObserver
06-12 21:55:27.211 1154 1154 I SystemServiceManager: Starting com.android.server.DockObserver
06-12 21:55:27.211 480 480 D libEGL : loaded /vendor/lib/egl/libEGL_adreno.so
06-12 21:55:27.212 1154 1154 W DockObserver: This kernel does not have dock station support
06-12 21:55:27.213 1154 1154 D SystemServerTiming: StartDockObserver took to complete: 2ms
06-12 21:55:27.213 1154 1154 I SystemServer: StartWiredAccessoryManager
06-12 21:55:27.215 1154 1154 W WiredAccessoryManager: This kernel does not have usb audio support
06-12 21:55:27.215 1154 1154 W WiredAccessoryManager: This kernel does not have HDMI audio support
06-12 21:55:27.215 1154 1154 D SystemServerTiming: StartWiredAccessoryManager took to complete: 2ms
06-12 21:55:27.216 1154 1154 I SystemServer: StartMidiManager
06-12 21:55:27.216 1154 1154 I SystemServiceManager: Starting com.android.server.midi.MidiService$Lifecycle
06-12 21:55:27.218 1154 1154 D SystemServerTiming: StartMidiManager took to complete: 2ms
06-12 21:55:27.218 1154 1154 I SystemServer: StartAdbService
06-12 21:55:27.219 1154 1154 I SystemServiceManager: Starting com.android.server.adb.AdbService$Lifecycle
06-12 21:55:27.221 1154 1154 D SystemServerTiming: StartAdbService took to complete: 3ms
06-12 21:55:27.222 1154 1154 I SystemServer: StartUsbService
06-12 21:55:27.222 1154 1154 I SystemServiceManager: Starting com.android.server.usb.UsbService$Lifecycle
06-12 21:55:27.231 412 412 I hwservicemanager: getTransport: Cannot find entry android.hardware.usb.gadget@1.0::IUsbGadget/default in either framework or device manifest.
06-12 21:55:27.233 1154 1154 I UsbDeviceManager: USB GADGET HAL not present in the device
06-12 21:55:27.233 1154 1154 I UsbDeviceManager: java.util.NoSuchElementException
06-12 21:55:27.233 1154 1154 I UsbDeviceManager: at android.os.HwBinder.getService(Native Method)
06-12 21:55:27.233 1154 1154 I UsbDeviceManager: at android.hardware.usb.gadget.V1_0.IUsbGadget.getService(IUsbGadget.java:55)
06-12 21:55:27.233 1154 1154 I UsbDeviceManager: at android.hardware.usb.gadget.V1_0.IUsbGadget.getService(IUsbGadget.java:62)
06-12 21:55:27.233 1154 1154 I UsbDeviceManager: at com.android.server.usb.UsbDeviceManager.(UsbDeviceManager.java:266)
06-12 21:55:27.233 1154 1154 I UsbDeviceManager: at com.android.server.usb.UsbService.(UsbService.java:150)
06-12 21:55:27.233 1154 1154 I UsbDeviceManager: at com.android.server.usb.UsbService$Lifecycle.onStart(UsbService.java:84)
06-12 21:55:27.233 1154 1154 I UsbDeviceManager: at com.android.server.SystemServiceManager.startService(SystemServiceManager.java:129)
06-12 21:55:27.233 1154 1154 I UsbDeviceManager: at com.android.server.SystemServiceManager.startService(SystemServiceManager.java:116)
06-12 21:55:27.233 1154 1154 I UsbDeviceManager: at com.android.server.SystemServiceManager.startService(SystemServiceManager.java:75)
06-12 21:55:27.233 1154 1154 I UsbDeviceManager: at com.android.server.SystemServer.startOtherServices(SystemServer.java:1581)
06-12 21:55:27.233 1154 1154 I UsbDeviceManager: at com.android.server.SystemServer.run(SystemServer.java:537)
06-12 21:55:27.233 1154 1154 I UsbDeviceManager: at com.android.server.SystemServer.main(SystemServer.java:364)
06-12 21:55:27.233 1154 1154 I UsbDeviceManager: at java.lang.reflect.Method.invoke(Native Method)
06-12 21:55:27.233 1154 1154 I UsbDeviceManager: at com.android.internal.os.RuntimeInit$MethodAndArgsCaller.run(RuntimeInit.java:493)
06-12 21:55:27.233 1154 1154 I UsbDeviceManager: at com.android.internal.os.ZygoteInit.main(ZygoteInit.java:908)
06-12 21:55:27.233 1154 1154 E UsbDeviceManagerJNI: could not open control for mtp No such file or directory
06-12 21:55:27.233 1154 1154 E UsbDeviceManager: Failed to open control for mtp
06-12 21:55:27.233 1154 1154 E UsbDeviceManagerJNI: could not open control for ptp No such file or directory
06-12 21:55:27.233 1154 1154 E UsbDeviceManager: Failed to open control for ptp
06-12 21:55:27.261 1154 1154 W StorageManagerService: No primary storage defined yet; hacking together a stub
06-12 21:55:27.267 1154 1154 I android_os_HwBinder: HwBinder: Starting thread pool for getting: android.hidl.manager@1.0::IServiceManager/default
06-12 21:55:27.270 1154 1201 I UsbPortManager: Usb hal service started android.hardware.usb@1.0::IUsb default
06-12 21:55:27.273 1154 1154 I android_os_HwBinder: HwBinder: Starting thread pool for getting: android.hardware.usb@1.0::IUsb/default
06-12 21:55:27.276 559 559 I /vendor/bin/hw/android.hardware.usb@1.0-service.basic: registering callback
06-12 21:55:27.280 1154 1154 W SystemServiceManager: Service com.android.server.usb.UsbService$Lifecycle took 58 ms in onStart
06-12 21:55:27.280 1154 1154 D SystemServerTiming: StartUsbService took to complete: 58ms
06-12 21:55:27.280 1154 1154 I SystemServer: StartSerialService
06-12 21:55:27.281 1154 1154 D SystemServerTiming: StartSerialService took to complete: 1ms
06-12 21:55:27.281 1154 1154 I SystemServer: StartHardwarePropertiesManagerService
06-12 21:55:27.284 1154 1154 D HardwarePropertiesManagerService-JNI: Link to death notification successful
06-12 21:55:27.286 1154 1154 D SystemServerTiming: StartHardwarePropertiesManagerService took to complete: 5ms
06-12 21:55:27.286 1154 1154 I SystemServer: StartTwilightService
06-12 21:55:27.286 1154 1154 I SystemServiceManager: Starting com.android.server.twilight.TwilightService
06-12 21:55:27.287 1154 1154 D SystemServerTiming: StartTwilightService took to complete: 1ms
06-12 21:55:27.287 1154 1154 I SystemServer: StartColorDisplay
06-12 21:55:27.287 1154 1154 I SystemServiceManager: Starting com.android.server.display.color.ColorDisplayService
06-12 21:55:27.290 1154 1154 D SystemServerTiming: StartColorDisplay took to complete: 3ms
06-12 21:55:27.290 1154 1154 I SystemServer: StartJobScheduler
06-12 21:55:27.290 1154 1154 I SystemServiceManager: Starting com.android.server.job.JobSchedulerService
06-12 21:55:27.298 1154 1154 D JobStore: Start tag: job-info
06-12 21:55:27.300 1154 1154 I JobStore: Read 4 jobs
06-12 21:55:27.313 1154 1154 D SystemServerTiming: StartJobScheduler took to complete: 23ms
06-12 21:55:27.314 1154 1154 I SystemServer: StartSoundTrigger
06-12 21:55:27.314 1154 1154 I SystemServiceManager: Starting com.android.server.soundtrigger.SoundTriggerService
06-12 21:55:27.316 1154 1154 D SystemServerTiming: StartSoundTrigger took to complete: 2ms
06-12 21:55:27.316 1154 1154 I SystemServer: StartTrustManager
06-12 21:55:27.316 1154 1154 I SystemServiceManager: Starting com.android.server.trust.TrustManagerService
06-12 21:55:27.321 1154 1154 D SystemServerTiming: StartTrustManager took to complete: 5ms
06-12 21:55:27.322 1154 1154 I SystemServer: StartBackupManager
06-12 21:55:27.322 1154 1154 I SystemServiceManager: Starting com.android.server.backup.BackupManagerService$Lifecycle
06-12 21:55:27.325 1154 1154 D SystemServerTiming: StartBackupManager took to complete: 3ms
06-12 21:55:27.326 1154 1154 I SystemServer: StartAppWidgetService
06-12 21:55:27.326 1154 1154 I SystemServiceManager: Starting com.android.server.appwidget.AppWidgetService
