06-12 21:55:21.975 784 784 E mm-camera: 3096: module_imgbase_init: module_imgbase_init_sw_tnr:3096] Error rc -7
06-12 21:55:21.978 784 784 E mm-camera: 957: frameproc_comp_load_fn_ptrs: img_algo_post_process can be NULL for few AOST features
06-12 21:55:21.979 784 784 E mm-camera: 202: faceproc_hw_comp_get_fd_device_name: Can not discover face-detect device
06-12 21:55:21.979 784 784 E mm-camera: 4685: faceproc_hw_comp_load: Can not find device name
06-12 21:55:21.982 479 479 I zygote64: VMRuntime.preloadDexCaches strings total=333112 before=9747 after=9747
06-12 21:55:21.982 479 479 I zygote64: VMRuntime.preloadDexCaches types total=36266 before=7291 after=7559
06-12 21:55:21.982 479 479 I zygote64: VMRuntime.preloadDexCaches fields total=163295 before=8025 after=8226
06-12 21:55:21.982 479 479 I zygote64: VMRuntime.preloadDexCaches methods total=284956 before=11015 after=11447
06-12 21:55:21.982 479 479 I zygote64: VMRuntime.preloadDexCaches finished
06-12 21:55:21.983 479 479 D Zygote64Timing: PreloadClasses took to complete: 1694ms
06-12 21:55:21.987 479 479 D ApplicationLoaders: Created zygote-cached class loader: /system/framework/android.hidl.base-V1.0-java.jar
06-12 21:55:21.994 479 479 D ApplicationLoaders: Created zygote-cached class loader: /system/framework/android.hidl.manager-V1.0-java.jar
06-12 21:55:21.994 479 479 D Zygote64Timing: CacheNonBootClasspathClassLoaders took to complete: 11ms
06-12 21:55:22.022 779 779 I Atfwd_Daemon: qmi_client_init_instance status retry : 1
06-12 21:55:22.023 779 779 I Atfwd_Daemon:
06-12 21:55:22.023 779 779 I Atfwd_Daemon: qmi_client_init_instance....
06-12 21:55:22.023 784 784 E mm-camera: 957: frameproc_comp_load_fn_ptrs: img_algo_post_process can be NULL for few AOST features
06-12 21:55:22.023 779 779 I Atfwd_Daemon: qmi_client_init_instance status: 0, num_retries: 2, retryCnt: 1
06-12 21:55:22.023 779 779 I Atfwd_Daemon: qmi_client_register_error_cb status: 0
06-12 21:55:22.023 779 779 I Atfwd_Daemon: result : 0 ,Init step :1 ,qmiErrorCode: 0
06-12 21:55:22.023 779 779 I Atfwd_Daemon:
06-12 21:55:22.023 779 779 I Atfwd_Daemon: Back to main.
06-12 21:55:22.023 779 779 I Atfwd_Daemon: tryinit complete with connectresult: 0
06-12 21:55:22.023 779 779 I Atfwd_Daemon:
06-12 21:55:22.023 779 779 I Atfwd_Daemon:
06-12 21:55:22.023 779 779 I Atfwd_Daemon: TrtyInit: retryCnt: 1
06-12 21:55:22.023 779 779 I Atfwd_Daemon: Invalid type 2
06-12 21:55:22.023 779 779 I Atfwd_Daemon: tryinit complete with connectresult: 0
06-12 21:55:22.023 779 779 I Atfwd_Daemon: Trying to register 8 commands:
06-12 21:55:22.023 779 779 I Atfwd_Daemon: cmd0: +CKPD
06-12 21:55:22.023 779 779 I Atfwd_Daemon: sending QMI_AT_REG_AT_CMD_FWD_REQ_V01 message
06-12 21:55:22.024 779 779 I Atfwd_Daemon: cmd1: +CTSA
06-12 21:55:22.024 779 779 I Atfwd_Daemon: sending QMI_AT_REG_AT_CMD_FWD_REQ_V01 message
06-12 21:55:22.025 799 799 I android.hardwar: type=1400 audit(0.0:28): avc: denied { call } for scontext=u:r:init:s0 tcontext=u:r:gx_fpd:s0 tclass=binder permissive=1
06-12 21:55:22.025 799 799 I android.hardwar: type=1400 audit(0.0:29): avc: denied { transfer } for scontext=u:r:init:s0 tcontext=u:r:gx_fpd:s0 tclass=binder permissive=1
06-12 21:55:22.025 852 852 I Binder:852_1: type=1400 audit(0.0:30): avc: denied { transfer } for scontext=u:r:gx_fpd:s0 tcontext=u:r:init:s0 tclass=binder permissive=1
06-12 21:55:22.025 779 779 I Atfwd_Daemon: cmd2: +CFUN
06-12 21:55:22.025 779 779 I Atfwd_Daemon: sending QMI_AT_REG_AT_CMD_FWD_REQ_V01 message
06-12 21:55:22.025 779 779 I Atfwd_Daemon: cmd3: +CMAR
06-12 21:55:22.025 779 779 I Atfwd_Daemon: sending QMI_AT_REG_AT_CMD_FWD_REQ_V01 message
06-12 21:55:22.026 779 779 I Atfwd_Daemon: cmd4: +CDIS
06-12 21:55:22.026 779 779 I Atfwd_Daemon: sending QMI_AT_REG_AT_CMD_FWD_REQ_V01 message
06-12 21:55:22.026 779 779 I Atfwd_Daemon: cmd5: +CRSL
06-12 21:55:22.026 779 779 I Atfwd_Daemon: sending QMI_AT_REG_AT_CMD_FWD_REQ_V01 message
06-12 21:55:22.026 779 779 I Atfwd_Daemon: cmd6: +CSS
06-12 21:55:22.027 779 779 I Atfwd_Daemon: sending QMI_AT_REG_AT_CMD_FWD_REQ_V01 message
06-12 21:55:22.027 779 779 I Atfwd_Daemon: cmd7: $QCPWRDN
06-12 21:55:22.027 779 779 I Atfwd_Daemon: sending QMI_AT_REG_AT_CMD_FWD_REQ_V01 message
06-12 21:55:22.027 779 779 I Atfwd_Daemon: Registered AT Commands event handler
06-12 21:55:22.027 779 779 I Atfwd_Daemon: Waiting for ctrCond
06-12 21:55:22.029 411 411 E SELinux : avc: denied { find } for service=goodix.fp pid=799 uid=1000 scontext=u:r:init:s0 tcontext=u:object_r:gx_fpd_service:s0 tclass=service_manager permissive=1
06-12 21:55:22.029 799 799 D FingerGoodix: Success to get FingerPrint Service
06-12 21:55:22.029 852 993 D FingerGoodix: server,connect
06-12 21:55:22.029 852 993 D FingerGoodix: finger print service is connecting,client id is 0,pid = 123
06-12 21:55:22.030 852 993 D FingerGoodix: FingerPrintService client(class:FingerPrint) is constructing,clientID = 0
06-12 21:55:22.030 852 993 D FingerGoodix: Set finger print busy flag in client construct --------- beginning of crash
06-12 21:55:22.030 799 799 F libc : stack corruption detected (-fstack-protector)
06-12 21:55:22.030 799 799 F libc : Fatal signal 6 (SIGABRT), code -1 (SI_QUEUE) in tid 799 (android.hardwar), pid 799 (android.hardwar)
06-12 21:55:22.043 784 784 E mm-camera: 957: frameproc_comp_load_fn_ptrs: img_algo_post_process can be NULL for few AOST features
06-12 21:55:22.057 1054 1054 I crash_dump64: type=1400 audit(0.0:31): avc: denied { ptrace } for scontext=u:r:crash_dump:s0 tcontext=u:r:init:s0 tclass=process permissive=1
06-12 21:55:22.065 757 774 I ServiceManager: Waiting for service 'package_native' on '/dev/binder'...
06-12 21:55:22.070 1054 1054 I crash_dump64: obtaining output fd from tombstoned, type: kDebuggerdTombstone
06-12 21:55:22.071 788 788 I /system/bin/tombstoned: received crash request for pid 799
06-12 21:55:22.072 1054 1054 I crash_dump64: performing dump of process 799 (target tid = 799)
06-12 21:55:22.079 1054 1054 F DEBUG : *** *** *** *** *** *** *** *** *** *** *** *** *** *** *** ***
06-12 21:55:22.079 1054 1054 F DEBUG : crDroid Version: '6.6'
06-12 21:55:22.079 1054 1054 F DEBUG : Build fingerprint: 'Wileyfox/Swift2/marmite:8.1.0/OPM5.171019.017/38c792b31d:user/release-keys'
06-12 21:55:22.080 1054 1054 F DEBUG : Revision: '0'
06-12 21:55:22.080 1054 1054 F DEBUG : ABI: 'arm64'
06-12 21:55:22.081 1054 1054 F DEBUG : Timestamp: 2020-06-12 21:55:22+0200
06-12 21:55:22.081 1054 1054 F DEBUG : pid: 799, tid: 799, name: android.hardwar >>> /vendor/bin/hw/android.hardware.biometrics.fingerprint@2.0-service-marmite <<<
06-12 21:55:22.081 1054 1054 F DEBUG : uid: 1000
06-12 21:55:22.081 1054 1054 F DEBUG : signal 6 (SIGABRT), code -1 (SI_QUEUE), fault addr --------
06-12 21:55:22.081 1054 1054 F DEBUG : Abort message: 'stack corruption detected (-fstack-protector)'
06-12 21:55:22.081 1054 1054 F DEBUG : x0 0000000000000000 x1 000000000000031f x2 0000000000000006 x3 0000007ffa1b7e80
06-12 21:55:22.082 1054 1054 F DEBUG : x4 0000000000808080 x5 0000000000808080 x6 0000000000808080 x7 8080800000000000
06-12 21:55:22.082 1054 1054 F DEBUG : x8 00000000000000f0 x9 ab5a6e8de7caf018 x10 0000000000000001 x11 0000000000000000
06-12 21:55:22.082 1054 1054 F DEBUG : x12 fffffff0ffffffdf x13 000000005ee3ddaa x14 00018cba7f341800 x15 0000000000000070
06-12 21:55:22.082 1054 1054 F DEBUG : x16 00000075802a5cf8 x17 0000007580281c00 x18 0000007581048000 x19 000000000000031f
06-12 21:55:22.082 1054 1054 F DEBUG : x20 000000000000031f x21 00000000ffffffff x22 0000007ffa1b8010 x23 0000007ffa1b7f98
06-12 21:55:22.082 1054 1054 F DEBUG : x24 0000007ffa1b80e0 x25 000000757f868740 x26 0000000000000000 x27 000000757c076e54
06-12 21:55:22.082 1054 1054 F DEBUG : x28 0000000000000000 x29 0000007ffa1b7f20
06-12 21:55:22.082 1054 1054 F DEBUG : sp 0000007ffa1b7e60 lr 00000075802346b8 pc 00000075802346e4
06-12 21:55:22.085 1054 1054 F DEBUG :
06-12 21:55:22.085 1054 1054 F DEBUG : backtrace:
06-12 21:55:22.085 1054 1054 F DEBUG : #00 pc 000000000006f6e4 /apex/com.android.runtime/lib64/bionic/libc.so (abort+160) (BuildId: 308f02874a8dee87ce6f24f6c1fd93cd)
06-12 21:55:22.085 1054 1054 F DEBUG : #01 pc 00000000000bb48c /apex/com.android.runtime/lib64/bionic/libc.so (__stack_chk_fail+20) (BuildId: 308f02874a8dee87ce6f24f6c1fd93cd)
06-12 21:55:22.086 1054 1054 F DEBUG : #02 pc 0000000000015fd4 /vendor/lib64/libfp_client.so (BpFingerPrintService::connect(android::sp const&, int)+384)
06-12 21:55:22.086 1054 1054 F DEBUG : #03 pc 0000000000011c48 /vendor/lib64/libfp_client.so (android::Fp::connect(android::FpClientType)+188)
06-12 21:55:22.086 1054 1054 F DEBUG : #04 pc 000000000000a694 /vendor/lib64/hw/fingerprint.msm8937.so (goodix_sensor_init+336)
06-12 21:55:22.086 1054 1054 F DEBUG : #05 pc 000000000000a82c /vendor/lib64/hw/fingerprint.msm8937.so (goodix_sensor_set_active_group+92)
06-12 21:55:22.086 1054 1054 F DEBUG : #06 pc 0000000000006f3c /vendor/lib64/hw/fingerprint.msm8937.so
06-12 21:55:22.086 1054 1054 F DEBUG : #07 pc 0000000000003260 /vendor/bin/hw/android.hardware.biometrics.fingerprint@2.0-service-marmite (android::hardware::biometrics::fingerprint::V2_1::implementation::BiometricsFingerprint::openHal()+144) (BuildId: 540ca78e3b8f22ea3c6d9c19f747cae5)
06-12 21:55:22.086 1054 1054 F DEBUG : #08 pc 0000000000003fa8 /vendor/bin/hw/android.hardware.biometrics.fingerprint@2.0-service-marmite (android::hardware::biometrics::fingerprint::V2_1::implementation::BiometricsFingerprint::getInstance()+84) (BuildId: 540ca78e3b8f22ea3c6d9c19f747cae5)
06-12 21:55:22.086 1054 1054 F DEBUG : #09 pc 0000000000003084 /vendor/bin/hw/android.hardware.biometrics.fingerprint@2.0-service-marmite (main+52) (BuildId: 540ca78e3b8f22ea3c6d9c19f747cae5)
06-12 21:55:22.086 1054 1054 F DEBUG : #10 pc 000000000006a834 /apex/com.android.runtime/lib64/bionic/libc.so (__libc_init+108) (BuildId: 308f02874a8dee87ce6f24f6c1fd93cd)
06-12 21:55:22.099 684 684 W ServiceManagement: Waited one second for android.hardware.camera.provider@2.4::ICameraProvider/legacy/0
06-12 21:55:22.100 684 684 I ServiceManagement: getService: Trying again for android.hardware.camera.provider@2.4::ICameraProvider/legacy/0...
06-12 21:55:22.114 784 784 E mm-camera: 957: frameproc_comp_load_fn_ptrs: img_algo_post_process can be NULL for few AOST features
06-12 21:55:22.141 784 784 E mm-camera: 957: frameproc_comp_load_fn_ptrs: img_algo_post_process can be NULL for few AOST features
06-12 21:55:22.141 784 784 E mm-camera: 744: module_imglib_create_topology: module_imglib_create_topology:744] Can not init the module imglib_oem1
06-12 21:55:22.141 784 784 I mm-camera: < INFO> 135: server_process_module_init: CAMERA_DAEMON: init mods done
06-12 21:55:22.142 532 532 E QCamera : get_num_of_cameras: 1934: dev_info[id=0,name='video1']
06-12 21:55:22.142 532 532 E QCamera : get_num_of_cameras: 1934: dev_info[id=1,name='video2']
06-12 21:55:22.142 532 532 I QCamera : sort_camera_info: 1691: YUV Aux camera exposed 0
06-12 21:55:22.142 532 532 I QCamera : sort_camera_info: 1768: Camera id: 0 facing: 0, type: 1 is_yuv: 0
06-12 21:55:22.142 532 532 I QCamera : sort_camera_info: 1768: Camera id: 1 facing: 1, type: 0 is_yuv: 0
06-12 21:55:22.142 532 532 I QCamera : sort_camera_info: 1771: Number of cameras 2 sorted 2
06-12 21:55:22.142 532 532 E QCamera : get_num_of_cameras: 1952: num_cameras=2
06-12 21:55:22.142 532 532 I CamPrvdr@2.4-legacy: Loaded "QCamera Module" camera module
06-12 21:55:22.143 532 532 I QCamera : getCameraInfo: 340: Camera id 0 API version 768
06-12 21:55:22.143 784 784 I mm-camera: < INFO> 395: enable_memleak_trace: start memleak tracking.
06-12 21:55:22.151 784 784 I mm-camera: < INFO> 63: mct_controller_new: Creating new mct_controller with session-id 1
06-12 21:55:22.151 784 1074 I mm-camera: < INFO> 4575: mct_pipeline_start_session_thread: E sensor
06-12 21:55:22.151 784 1074 I mm-camera: < INFO> 4582: mct_pipeline_start_session_thread: Calling start_session on Module sensor
06-12 21:55:22.151 784 1075 I mm-camera: < INFO> 4575: mct_pipeline_start_session_thread: E iface
06-12 21:55:22.151 784 1075 I mm-camera: < INFO> 4582: mct_pipeline_start_session_thread: Calling start_session on Module iface
06-12 21:55:22.152 784 1075 I mm-camera: < INFO> 4585: mct_pipeline_start_session_thread: Module iface start_session rc = 1
06-12 21:55:22.152 784 1075 I mm-camera: < INFO> 4593: mct_pipeline_start_session_thread: started_num = 1, success = 1
06-12 21:55:22.152 784 1075 I mm-camera: < INFO> 4600: mct_pipeline_start_session_thread: X iface
06-12 21:55:22.152 784 1077 I mm-camera: < INFO> 4575: mct_pipeline_start_session_thread: E isp
06-12 21:55:22.152 784 1077 I mm-camera: < INFO> 4582: mct_pipeline_start_session_thread: Calling start_session on Module isp
06-12 21:55:22.152 784 1077 I mm-camera: < INFO> 205: isp_module_start_session: session id 1
06-12 21:55:22.153 784 1079 I mm-camera: < INFO> 4575: mct_pipeline_start_session_thread: E stats
06-12 21:55:22.153 784 1079 I mm-camera: < INFO> 4582: mct_pipeline_start_session_thread: Calling start_session on Module stats
06-12 21:55:22.154 784 1080 I mm-camera: < INFO> 4575: mct_pipeline_start_session_thread: E pproc
06-12 21:55:22.155 784 1080 I mm-camera: < INFO> 4582: mct_pipeline_start_session_thread: Calling start_session on Module pproc
06-12 21:55:22.155 784 1082 I mm-camera: < INFO> 4575: mct_pipeline_start_session_thread: E imglib
06-12 21:55:22.155 784 1082 I mm-camera: < INFO> 4582: mct_pipeline_start_session_thread: Calling start_session on Module imglib
06-12 21:55:22.156 784 1079 E libsensor1: check_sensors_enabled: Sensors enabled = true
06-12 21:55:22.156 784 1080 I mm-camera: < INFO> 4585: mct_pipeline_start_session_thread: Module pproc start_session rc = 1
06-12 21:55:22.156 784 1082 I mm-camera: < INFO> 4585: mct_pipeline_start_session_thread: Module imglib start_session rc = 1
06-12 21:55:22.157 784 1080 I mm-camera: < INFO> 4593: mct_pipeline_start_session_thread: started_num = 2, success = 2
06-12 21:55:22.157 784 1080 I mm-camera: < INFO> 4600: mct_pipeline_start_session_thread: X pproc
06-12 21:55:22.157 784 1082 I mm-camera: < INFO> 4593: mct_pipeline_start_session_thread: started_num = 3, success = 3
06-12 21:55:22.157 784 1082 I mm-camera: < INFO> 4600: mct_pipeline_start_session_thread: X imglib
06-12 21:55:22.157 784 1079 E Diag_Lib: Diag_LSM_Init: Failed to open handle to diag driver, error = 13
06-12 21:55:22.158 784 1077 I mm-camera: < INFO> 4585: mct_pipeline_start_session_thread: Module isp start_session rc = 1
06-12 21:55:22.158 784 1077 I mm-camera: < INFO> 4593: mct_pipeline_start_session_thread: started_num = 4, success = 4
06-12 21:55:22.158 784 1077 I mm-camera: < INFO> 4600: mct_pipeline_start_session_thread: X isp
06-12 21:55:22.161 784 1074 I mm-camera: < INFO> 4585: mct_pipeline_start_session_thread: Module sensor start_session rc = 1
06-12 21:55:22.161 784 1074 I mm-camera: < INFO> 4593: mct_pipeline_start_session_thread: started_num = 5, success = 5
06-12 21:55:22.161 784 1074 I mm-camera: < INFO> 4600: mct_pipeline_start_session_thread: X sensor
06-12 21:55:22.164 593 624 W SurfaceFlinger: Faking VSYNC due to driver stall
06-12 21:55:22.165 757 774 I ServiceManager: Waiting for service 'package_native' on '/dev/binder'...
06-12 21:55:22.226 1054 1054 E crash_dump64: unable to connect to activity manager: Connection refused
06-12 21:55:22.227 788 788 E /system/bin/tombstoned: Tombstone written to: /data/tombstones/tombstone_42
06-12 21:55:22.266 757 774 I ServiceManager: Waiting for service 'package_native' on '/dev/binder'...
06-12 21:55:22.277 640 640 I ServiceManagement: Registered vendor.qti.hardware.radio.am@1.0::IQcRilAudio/slot2 (start delay of 2428ms)
06-12 21:55:22.281 640 937 D PerMgrLib: QCRIL voting for modem
06-12 21:55:22.281 585 945 D PerMgrSrv: QCRIL voting for modem
06-12 21:55:22.281 585 945 D PerMgrSrv: modem num voters is 3
06-12 21:55:22.281 640 640 I ServiceManagement: Registered android.hardware.radio@1.1::IRadio/slot2 (start delay of 2432ms)
06-12 21:55:22.283 640 640 I ServiceManagement: Registered android.hardware.radio@1.1::ISap/slot2 (start delay of 2434ms)
06-12 21:55:22.283 640 937 E QMI_FW : QMUXD: WARNING qmi_qmux_if_pwr_up_init failed! rc=-6
06-12 21:55:22.318 640 937 I ServiceManagement: Registered vendor.qti.hardware.radio.ims@1.0::IImsRadio/imsradio1 (start delay of 2469ms)
06-12 21:55:22.322 479 479 I Zygote : Preloading resources...
06-12 21:55:22.348 479 479 W Resources: Preloaded drawable resource #0x108027e (android:drawable/dialog_background_material) that varies with configuration!!
06-12 21:55:22.350 479 479 W Resources: Preloaded color resource #0x10601b9 (android:color/material_grey_800) that varies with configuration!!
06-12 21:55:22.350 479 479 W Resources: Preloaded drawable resource #0x10802eb (android:drawable/floating_popup_background_dark) that varies with configuration!!
06-12 21:55:22.366 757 774 I ServiceManager: Waiting for service 'package_native' on '/dev/binder'...
06-12 21:55:22.380 640 937 I ServiceManagement: Registered vendor.qti.hardware.radio.uim_remote_server@1.0::IUimRemoteServiceServer/uimRemoteServer1 (start delay of 2531ms)
06-12 21:55:22.381 640 937 I ServiceManagement: Registered vendor.qti.hardware.radio.uim@1.1::IUim/Uim1 (start delay of 2532ms)
06-12 21:55:22.383 479 479 I Zygote : ...preloaded 64 resources in 60ms.
06-12 21:55:22.384 640 937 I ServiceManagement: Registered android.hardware.secure_element@1.0::ISecureElement/SIM2 (start delay of 2535ms)
06-12 21:55:22.390 479 479 W Resources: Preloaded color resource #0x1060039 (android:color/background_cache_hint_selector_material_dark) that varies with configuration!!
06-12 21:55:22.390 479 479 W Resources: Preloaded color resource #0x106003a (android:color/background_cache_hint_selector_material_light) that varies with configuration!!
06-12 21:55:22.392 479 479 I Zygote : ...preloaded 41 resources in 9ms.
06-12 21:55:22.393 479 479 D Zygote64Timing: PreloadResources took to complete: 399ms
06-12 21:55:22.396 640 937 I ServiceManagement: Registered vendor.qti.hardware.radio.uim_remote_client@1.0::IUimRemoteServiceClient/uimRemoteClient1 (start delay of 2547ms)
06-12 21:55:22.398 640 937 I ServiceManagement: Registered vendor.qti.hardware.radio.lpa@1.0::IUimLpa/UimLpa1 (start delay of 2549ms)
06-12 21:55:22.407 479 479 D libEGL : loaded /vendor/lib64/egl/libEGL_adreno.so
06-12 21:55:22.410 593 593 D RenderEngine: shader cache generated - 48 shaders in 1244.820068 ms
06-12 21:55:22.414 479 479 D libEGL : loaded /vendor/lib64/egl/libGLESv1_CM_adreno.so
06-12 21:55:22.414 593 593 I ServiceManagement: Registered android.frameworks.displayservice@1.0::IDisplayService/default (start delay of 2945ms)
06-12 21:55:22.415 593 593 D SurfaceFlinger: Setting power mode 2 on display 0
06-12 21:55:22.415 543 543 I SDM : DisplayBase::SetDisplayState: Set state = 1, display 0
06-12 21:55:22.419 479 479 D libEGL : loaded /vendor/lib64/egl/libGLESv2_adreno.so
06-12 21:55:22.438 640 937 I ServiceManagement: Registered vendor.qti.hardware.radio.qcrilhook@1.0::IQtiOemHook/oemhook1 (start delay of 2589ms)
06-12 21:55:22.439 640 937 I ServiceManagement: Registered vendor.qti.hardware.radio.qtiradio@1.0::IQtiRadio/slot2 (start delay of 2590ms)
06-12 21:55:22.446 593 593 D SurfaceFlinger: Finished setting power mode 2 on display 0
06-12 21:55:22.449 479 479 I Zygote : Preloading shared libraries...
06-12 21:55:22.460 479 479 I Zygote : Called ZygoteHooks.endPreload()
06-12 21:55:22.461 479 479 I Zygote : Installed AndroidKeyStoreProvider in 1ms.
06-12 21:55:22.466 757 774 I ServiceManager: Waiting for service 'package_native' on '/dev/binder'...
06-12 21:55:22.474 479 479 I Zygote : Warmed up JCA providers in 13ms.
06-12 21:55:22.474 479 479 D Zygote : end preload
06-12 21:55:22.474 479 479 D Zygote64Timing: ZygotePreload took to complete: 2242ms
06-12 21:55:22.477 771 941 I ServiceManagement: Registered vendor.qti.hardware.radio.ims@1.0::IImsRadio/imsradio0 (start delay of 2248ms)
06-12 21:55:22.481 771 941 W libc : Unable to set property "ro.vendor.ril.svlte1x" to "false": error code: 0xb
06-12 21:55:22.481 771 941 W libc : Unable to set property "ro.vendor.ril.svdo" to "false": error code: 0xb
06-12 21:55:22.508 771 941 I ServiceManagement: Registered vendor.qti.hardware.radio.uim_remote_server@1.0::IUimRemoteServiceServer/uimRemoteServer0 (start delay of 2279ms)
06-12 21:55:22.510 771 941 I ServiceManagement: Registered vendor.qti.hardware.radio.uim@1.1::IUim/Uim0 (start delay of 2281ms)
06-12 21:55:22.511 771 941 I ServiceManagement: Registered android.hardware.secure_element@1.0::ISecureElement/SIM1 (start delay of 2282ms)
06-12 21:55:22.513 771 941 I ServiceManagement: Registered android.hardware.radio.config@1.0::IRadioConfig/default (start delay of 2283ms)
06-12 21:55:22.518 771 941 I ServiceManagement: Registered vendor.qti.hardware.radio.uim_remote_client@1.0::IUimRemoteServiceClient/uimRemoteClient0 (start delay of 2289ms)
06-12 21:55:22.519 771 941 I ServiceManagement: Registered vendor.qti.hardware.radio.lpa@1.0::IUimLpa/UimLpa0 (start delay of 2290ms)
06-12 21:55:22.520 771 941 E Diag_Lib: Diag_LSM_Init: Failed to open handle to diag driver, error = 13
06-12 21:55:22.520 771 941 I chatty : uid=1001(radio) /vendor/bin/hw/rild identical 1 line
06-12 21:55:22.521 771 941 E Diag_Lib: Diag_LSM_Init: Failed to open handle to diag driver, error = 13
06-12 21:55:22.524 479 479 I zygote64: Explicit concurrent copying GC freed 64348(3610KB) AllocSpace objects, 17(408KB) LOS objects, 69% free, 2637KB/8781KB, paused 94us total 49.576ms
06-12 21:55:22.544 771 941 E Diag_Lib: Diag_LSM_Init: Failed to open handle to diag driver, error = 13
06-12 21:55:22.545 771 941 I ServiceManagement: Registered vendor.qti.hardware.radio.qcrilhook@1.0::IQtiOemHook/oemhook0 (start delay of 2316ms)
06-12 21:55:22.547 771 941 I ServiceManagement: Registered vendor.qti.hardware.radio.qtiradio@1.0::IQtiRadio/slot1 (start delay of 2318ms)
06-12 21:55:22.566 479 479 I zygote64: Explicit concurrent copying GC freed 6838(227KB) AllocSpace objects, 0(0B) LOS objects, 71% free, 2441KB/8585KB, paused 44us total 34.594ms
06-12 21:55:22.566 479 479 D Zygote64Timing: PostZygoteInitGC took to complete: 92ms
06-12 21:55:22.566 479 479 D Zygote64Timing: ZygoteInit took to complete: 2334ms
06-12 21:55:22.567 757 774 I ServiceManager: Waiting for service 'package_native' on '/dev/binder'...
06-12 21:55:22.613 1115 1115 D BootAnimation: BootAnimationStartTiming start time: 11283ms
06-12 21:55:22.613 1115 1115 D BootAnimation: BootAnimationPreloadTiming start time: 11284ms
06-12 21:55:22.643 636 636 I adbd : UsbFfs: already offline
06-12 21:55:22.654 479 479 D Zygote : Forked child process 1154
06-12 21:55:22.654 479 479 I Zygote : System server process 1154 has been created
06-12 21:55:22.655 1154 1154 I Zygote : seccomp disabled by setenforce 0
06-12 21:55:22.661 479 479 I Zygote : Accepting command socket connections
06-12 21:55:22.667 757 774 I ServiceManager: Waiting for service 'package_native' on '/dev/binder'...
06-12 21:55:22.686 1154 1154 I system_server: The ClassLoaderContext is a special shared library.
06-12 21:55:22.732 1154 1154 I system_server: The ClassLoaderContext is a special shared library.
06-12 21:55:22.767 757 774 I ServiceManager: Waiting for service 'package_native' on '/dev/binder'...
06-12 21:55:22.773 1154 1154 I system_server: The ClassLoaderContext is a special shared library.
06-12 21:55:22.792 1154 1154 I chatty : uid=1000 system_server identical 1 line
06-12 21:55:22.808 1154 1154 I system_server: The ClassLoaderContext is a special shared library.
06-12 21:55:22.809 1115 1115 D BootAnimation: BootAnimationPreloadStopTiming start time: 11480ms
06-12 21:55:22.822 1115 1163 D libEGL : loaded /vendor/lib64/egl/libEGL_adreno.so
06-12 21:55:22.831 1115 1163 D libEGL : loaded /vendor/lib64/egl/libGLESv1_CM_adreno.so
06-12 21:55:22.837 1115 1163 D libEGL : loaded /vendor/lib64/egl/libGLESv2_adreno.so
06-12 21:55:22.868 757 774 I ServiceManager: Waiting for service 'package_native' on '/dev/binder'...
06-12 21:55:22.868 1115 1163 I AdrenoGLES: QUALCOMM build : 1129882, Ia9f6d49891
06-12 21:55:22.868 1115 1163 I AdrenoGLES: Build Date : 01/24/20
06-12 21:55:22.868 1115 1163 I AdrenoGLES: OpenGL ES Shader Compiler Version: EV031.27.05.03
06-12 21:55:22.868 1115 1163 I AdrenoGLES: Local Branch :
06-12 21:55:22.868 1115 1163 I AdrenoGLES: Remote Branch :
06-12 21:55:22.868 1115 1163 I AdrenoGLES: Remote Branch :
06-12 21:55:22.868 1115 1163 I AdrenoGLES: Reconstruct Branch :
06-12 21:55:22.868 1115 1163 I AdrenoGLES: Build Config : S L 8.0.12 AArch64
06-12 21:55:22.878 1115 1163 I AdrenoGLES: PFP: 0x005ff110, ME: 0x005ff066
06-12 21:55:22.891 1115 1163 D BootAnimation: BootAnimationShownTiming start time: 11562ms
06-12 21:55:22.928 412 412 I hwservicemanager: getTransport: Cannot find entry android.hardware.graphics.mapper@3.0::IMapper/default in either framework or device manifest.
06-12 21:55:22.929 1115 1163 W Gralloc3: mapper 3.x is not supported
06-12 21:55:22.958 593 593 I SurfaceFlinger: Enter boot animation
06-12 21:55:22.968 757 774 I ServiceManager: Waiting for service 'package_native' on '/dev/binder'...
06-12 21:55:22.969 543 543 E /vendor/bin/hw/android.hardware.graphics.composer@2.1-service: Failed to get IAshmemDeviceService.
06-12 21:55:22.971 543 543 D qdutils : DEBUG_CALC_FPS: 0
06-12 21:55:22.971 543 543 D qdutils : period: 10
06-12 21:55:22.971 543 543 D qdutils : ignorethresh_us: 500000
06-12 21:55:23.009 637 637 I Dpps : InitPrimaryContextFeatures():324 Dpps feature enable properties are false, skipping primary feature context init
06-12 21:55:23.032 1154 1154 I SystemServer: InitBeforeStartServices
06-12 21:55:23.036 1154 1154 I SystemServer: Entered the Android system server!
06-12 21:55:23.068 757 774 I ServiceManager: Waiting for service 'package_native' on '/dev/binder'...
06-12 21:55:23.100 684 684 W ServiceManagement: Waited one second for android.hardware.camera.provider@2.4::ICameraProvider/legacy/0
06-12 21:55:23.102 684 684 I ServiceManagement: getService: Trying again for android.hardware.camera.provider@2.4::ICameraProvider/legacy/0...
06-12 21:55:23.169 757 774 I ServiceManager: Waiting for service 'package_native' on '/dev/binder'...
06-12 21:55:23.216 1154 1154 E UsbAlsaJackDetectorJNI: Can't register UsbAlsaJackDetector native methods
06-12 21:55:23.229 1154 1154 E : Activity trigger handling disabled.
06-12 21:55:23.242 1154 1154 D SystemServerTiming: InitBeforeStartServices took to complete: 210ms
06-12 21:55:23.242 1154 1154 I SystemServer: StartServices
06-12 21:55:23.242 1154 1154 I SystemServer: StartWatchdog
06-12 21:55:23.256 1154 1154 D SystemServerTiming: StartWatchdog took to complete: 14ms
06-12 21:55:23.256 1154 1154 I SystemServer: Reading configuration...
06-12 21:55:23.256 1154 1154 I SystemServer: ReadingSystemConfig
06-12 21:55:23.257 1154 1154 D SystemServerTiming: ReadingSystemConfig took to complete: 1ms
06-12 21:55:23.257 1154 1154 I SystemServer: StartInstaller
06-12 21:55:23.257 1154 1186 D SystemServerInitThreadPool: Started executing ReadingSystemConfig
06-12 21:55:23.257 1154 1154 I SystemServiceManager: Starting com.android.server.pm.Installer
06-12 21:55:23.264 726 876 D installd: Found quota mount /dev/block/bootdevice/by-name/userdata at /data
06-12 21:55:23.266 1154 1154 D SystemServerTiming: StartInstaller took to complete: 9ms
06-12 21:55:23.266 1154 1154 I SystemServer: DeviceIdentifiersPolicyService
06-12 21:55:23.266 1154 1154 I SystemServiceManager: Starting com.android.server.os.DeviceIdentifiersPolicyService
06-12 21:55:23.268 1154 1154 D SystemServerTiming: DeviceIdentifiersPolicyService took to complete: 2ms
06-12 21:55:23.268 1154 1154 I SystemServer: UriGrantsManagerService
06-12 21:55:23.268 1154 1154 I SystemServiceManager: Starting com.android.server.uri.UriGrantsManagerService$Lifecycle
06-12 21:55:23.269 757 774 I ServiceManager: Waiting for service 'package_native' on '/dev/binder'...
06-12 21:55:23.274 1154 1154 D SystemServerTiming: UriGrantsManagerService took to complete: 6ms
06-12 21:55:23.274 1154 1154 I SystemServer: StartActivityManager
06-12 21:55:23.274 1154 1154 I SystemServiceManager: Starting com.android.server.wm.ActivityTaskManagerService$Lifecycle
06-12 21:55:23.343 1154 1154 I SystemServiceManager: Starting com.android.server.am.ActivityManagerService$Lifecycle
06-12 21:55:23.351 1154 1154 I ActivityManager: Memory class: 192
06-12 21:55:23.354 1154 1154 E libpsi : No kernel psi monitor support (errno=2)
06-12 21:55:23.354 1154 1154 E LowMemDetector: Failed to register psi trigger
06-12 21:55:23.366 1154 1154 D BatteryStatsImpl: Reading daily items from /data/system/batterystats-daily.xml
06-12 21:55:23.369 757 774 I ServiceManager: Waiting for service 'package_native' on '/dev/binder'...
06-12 21:55:23.370 1154 1154 E BatteryStatsImpl: Error reading battery history
06-12 21:55:23.370 1154 1154 E BatteryStatsImpl: java.io.FileNotFoundException: /data/system/battery-history/0.bin: open failed: ENOENT (No such file or directory)
06-12 21:55:23.370 1154 1154 E BatteryStatsImpl: at libcore.io.IoBridge.open(IoBridge.java:496)
06-12 21:55:23.370 1154 1154 E BatteryStatsImpl: at java.io.FileInputStream.(FileInputStream.java:159)
06-12 21:55:23.370 1154 1154 E BatteryStatsImpl: at com.android.internal.os.AtomicFile.openRead(AtomicFile.java:158)
06-12 21:55:23.370 1154 1154 E BatteryStatsImpl: at com.android.internal.os.AtomicFile.readFully(AtomicFile.java:163)
06-12 21:55:23.370 1154 1154 E BatteryStatsImpl: at com.android.internal.os.BatteryStatsImpl.readLocked(BatteryStatsImpl.java:13357)
06-12 21:55:23.370 1154 1154 E BatteryStatsImpl: at com.android.server.am.ActivityManagerService.(ActivityManagerService.java:2534)
06-12 21:55:23.370 1154 1154 E BatteryStatsImpl: at com.android.server.am.ActivityManagerService$Lifecycle.(ActivityManagerService.java:2247)
06-12 21:55:23.370 1154 1154 E BatteryStatsImpl: at java.lang.reflect.Constructor.newInstance0(Native Method)
06-12 21:55:23.370 1154 1154 E BatteryStatsImpl: at java.lang.reflect.Constructor.newInstance(Constructor.java:343)
06-12 21:55:23.370 1154 1154 E BatteryStatsImpl: at com.android.server.SystemServiceManager.startService(SystemServiceManager.java:101)
06-12 21:55:23.370 1154 1154 E BatteryStatsImpl: at com.android.server.am.ActivityManagerService$Lifecycle.startService(ActivityManagerService.java:2253)
06-12 21:55:23.370 1154 1154 E BatteryStatsImpl: at com.android.server.SystemServer.startBootstrapServices(SystemServer.java:685)
06-12 21:55:23.370 1154 1154 E BatteryStatsImpl: at com.android.server.SystemServer.run(SystemServer.java:535)
06-12 21:55:23.370 1154 1154 E BatteryStatsImpl: at com.android.server.SystemServer.main(SystemServer.java:364)
06-12 21:55:23.370 1154 1154 E BatteryStatsImpl: at java.lang.reflect.Method.invoke(Native Method)
06-12 21:55:23.370 1154 1154 E BatteryStatsImpl: at com.android.internal.os.RuntimeInit$MethodAndArgsCaller.run(RuntimeInit.java:493)
06-12 21:55:23.370 1154 1154 E BatteryStatsImpl: at com.android.internal.os.ZygoteInit.main(ZygoteInit.java:908)
06-12 21:55:23.370 1154 1154 E BatteryStatsImpl: Caused by: android.system.ErrnoException: open failed: ENOENT (No such file or directory)
06-12 21:55:23.370 1154 1154 E BatteryStatsImpl: at libcore.io.Linux.open(Native Method)
06-12 21:55:23.370 1154 1154 E BatteryStatsImpl: at libcore.io.ForwardingOs.open(ForwardingOs.java:167)
06-12 21:55:23.370 1154 1154 E BatteryStatsImpl: at libcore.io.BlockGuardOs.open(BlockGuardOs.java:252)
06-12 21:55:23.370 1154 1154 E BatteryStatsImpl: at libcore.io.IoBridge.open(IoBridge.java:482)
06-12 21:55:23.370 1154 1154 E BatteryStatsImpl: ... 16 more
06-12 21:55:23.376 412 412 I hwservicemanager: getTransport: Cannot find entry android.hardware.power.stats@1.0::IPowerStats/default in either framework or device manifest.
06-12 21:55:23.379 1154 1192 I BatteryStatsService: Using power HAL
06-12 21:55:23.379 1154 1192 E BatteryStatsService: Unable to load Power.Stats.HAL. Setting rail availability to false
06-12 21:55:23.380 1154 1192 E BluetoothAdapter: Bluetooth binder is null
06-12 21:55:23.380 1154 1192 E BatteryExternalStatsWorker: no controller energy info supplied for telephony
06-12 21:55:23.387 1154 1192 I KernelCpuUidFreqTimeReader: mPerClusterTimesAvailable=false
06-12 21:55:23.391 1154 1192 W KernelCpuProcStringReader: File not found. It's normal if not implemented: /proc/uid_concurrent_active_time
06-12 21:55:23.392 1154 1186 W SystemConfig: No directory /product_services/etc/sysconfig, skipping
06-12 21:55:23.392 1154 1192 W KernelCpuProcStringReader: File not found. It's normal if not implemented: /proc/uid_concurrent_policy_time
06-12 21:55:23.392 1154 1186 W SystemConfig: No directory /product_services/etc/permissions, skipping
06-12 21:55:23.392 1154 1186 D SystemServerInitThreadPool: Finished executing ReadingSystemConfig
06-12 21:55:23.397 1154 1192 W KernelMemoryBandwidthStats: No kernel memory bandwidth stats available
06-12 21:55:23.398 1154 1192 I PowerManagerService-JNI: Loaded power HAL 1.0 service
06-12 21:55:23.398 1154 1192 I PowerManagerService-JNI: Loaded power HAL 1.1 service
06-12 21:55:23.470 757 774 I ServiceManager: Waiting for service 'package_native' on '/dev/binder'...
06-12 21:55:23.487 1154 1154 I IntentFirewall: Read new rules (A:0 B:0 S:0)
06-12 21:55:23.509 1154 1154 D AppOps : AppOpsService published
06-12 21:55:23.510 1154 1154 D SystemServerTiming: StartActivityManager took to complete: 236ms
06-12 21:55:23.510 1154 1154 I SystemServer: StartPowerManager
06-12 21:55:23.510 1154 1154 I SystemServiceManager: Starting com.android.server.power.PowerManagerService
06-12 21:55:23.524 553 553 E QTI PowerHAL: Failed to acquire lock for hint_id: 1041.
06-12 21:55:23.524 553 553 E QTI PowerHAL: Error opening /sys/kernel/hbtp/display_pwr: No such file or directory
06-12 21:55:23.526 1154 1154 D SystemServerTiming: StartPowerManager took to complete: 16ms
06-12 21:55:23.526 1154 1154 I SystemServer: StartThermalManager
06-12 21:55:23.526 1154 1154 I SystemServiceManager: Starting com.android.server.power.ThermalManagerService
06-12 21:55:23.528 1154 1154 D SystemServerTiming: StartThermalManager took to complete: 2ms
06-12 21:55:23.528 1154 1154 I SystemServer: InitPowerManagement
06-12 21:55:23.529 1154 1154 D SystemServerTiming: InitPowerManagement took to complete: 1ms
06-12 21:55:23.529 1154 1154 I SystemServer: StartRecoverySystemService
06-12 21:55:23.529 1154 1154 I SystemServiceManager: Starting com.android.server.RecoverySystemService
06-12 21:55:23.531 1154 1154 D SystemServerTiming: StartRecoverySystemService took to complete: 2ms
06-12 21:55:23.532 1154 1154 V RescueParty: Disabled because of active USB connection
06-12 21:55:23.532 1154 1154 I SystemServer: StartLightsService
06-12 21:55:23.533 1154 1154 I SystemServiceManager: Starting com.android.server.lights.LightsService
06-12 21:55:23.538 1154 1154 D SystemServerTiming: StartLightsService took to complete: 5ms
06-12 21:55:23.538 1154 1154 I SystemServer: StartSidekickService
06-12 21:55:23.538 1154 1154 D SystemServerTiming: StartSidekickService took to complete: 0ms
06-12 21:55:23.538 1154 1154 I SystemServer: StartDisplayManager
06-12 21:55:23.538 1154 1154 I SystemServiceManager: Starting com.android.server.display.DisplayManagerService
06-12 21:55:23.545 1154 1154 D SystemServerTiming: StartDisplayManager took to complete: 7ms
06-12 21:55:23.545 1154 1154 I SystemServer: WaitForDisplay
06-12 21:55:23.545 1154 1154 I SystemServiceManager: Starting phase 100
06-12 21:55:23.547 543 543 I SDM : HWCDisplay::GetColorModeCount: Supported color mode count = 1
06-12 21:55:23.547 543 543 I SDM : HWCDisplay::GetColorModes: Supports color mode[0] = 0
06-12 21:55:23.552 1154 1182 I DisplayManagerService: Display device added: DisplayDeviceInfo{"Built-in Screen": uniqueId="local:0", 1080 x 1920, modeId 1, defaultModeId 1, supportedModes [{id=1, width=1080, height=1920, fps=57.000004}], colorMode 0, supportedColorModes [0], HdrCapabilities android.view.Display$HdrCapabilities@40f16308, density 480, 318.976 x 320.842 dpi, appVsyncOff 2000000, presDeadline 12543859, touch INTERNAL, rotation 0, type BUILT_IN, address {port=0}, state UNKNOWN, FLAG_DEFAULT_DISPLAY, FLAG_ROTATES_WITH_CONTENT, FLAG_SECURE, FLAG_SUPPORTS_PROTECTED_BUFFERS}
06-12 21:55:23.553 593 593 D SurfaceFlinger: Setting power mode 2 on display 0
06-12 21:55:23.556 1154 1154 D SystemServerTiming: WaitForDisplay took to complete: 11ms
06-12 21:55:23.556 1154 1182 I DisplayManagerService: Display device changed state: "Built-in Screen", ON
06-12 21:55:23.557 1154 1154 I SystemServer: StartPackageManagerService
06-12 21:55:23.557 1154 1154 I Watchdog: Pausing HandlerChecker: main thread for reason: packagemanagermain. Pause count: 1
06-12 21:55:23.570 757 774 I ServiceManager: Waiting for service 'package_native' on '/dev/binder'...
06-12 21:55:23.586 1154 1154 D SELinuxMMAC: Using policy file /system/etc/selinux/plat_mac_permissions.xml
06-12 21:55:23.589 1154 1154 D SELinuxMMAC: Using policy file /vendor/etc/selinux/vendor_mac_permissions.xml
06-12 21:55:23.595 1154 1154 D FallbackCategoryProvider: Found 1 fallback categories
06-12 21:55:23.653 784 1079 E mm-camera: 173: dsps_send_req: DSPS Send Request Timeout!!
06-12 21:55:23.654 784 1079 I mm-camera: < INFO> 4585: mct_pipeline_start_session_thread: Module stats start_session rc = 1
06-12 21:55:23.654 784 1079 I mm-camera: < INFO> 4593: mct_pipeline_start_session_thread: started_num = 6, success = 6
06-12 21:55:23.654 784 1079 I mm-camera: < INFO> 4600: mct_pipeline_start_session_thread: X stats
06-12 21:55:23.669 555 1211 E qti_sensors_hal: processSingleSensorInfoResp: either handle is -1 or error is true or mSensors[handle] is NULL!
06-12 21:55:23.669 555 1211 E qti_sensors_hal: processSingleSensorInfoResp: either handle_wakeup is -1 or error is true or mSensors[handle_wakeup] is NULL!
06-12 21:55:23.672 757 774 I ServiceManager: Waiting for service 'package_native' on '/dev/binder'...
06-12 21:55:23.674 555 555 E libsensor1: client_get_conn: qmi_client_get_service_list error -2
06-12 21:55:23.674 555 555 E libsensor1: sensor1_write: Unable to create client connection
06-12 21:55:23.674 555 555 W qti_sensors_hal: sendAlgoAttribReq: sensor1_write failed at SENSOR1_EBAD_SVC_ID, retrying...20
06-12 21:55:23.674 784 784 I mm-camera: < INFO> 4496: mct_pipeline_start_stream_internal: Adding session stream streamid= 0xf for session=1
06-12 21:55:23.674 784 784 I mm-camera: < INFO> 4544: mct_pipeline_start_stream_internal: Linking session stream for session 1
06-12 21:55:23.674 784 784 I mm-camera: < INFO> 510: mct_stream_start_link: Start linking Session-stream 0x1000f
06-12 21:55:23.674 784 784 I mm-camera: < INFO> 338: iface_util_find_primary_cid: iface_util_find_primary_cid:338 error cannot find primary sensor format cids 1
06-12 21:55:23.675 784 784 I mm-camera: < INFO> 801: isp_port_check_caps_reserve: port 0xefa9ee00 ide 1000f type 10 dim 0 0
06-12 21:55:23.675 784 784 I mm-camera: < INFO> 446: pproc_port_add_modules_to_stream: in identity 1000f stream 10 int_link = 0xefab4580
06-12 21:55:23.675 784 784 I mm-camera: < INFO> 458: pproc_port_add_modules_to_stream: :LINK linking mods tmod and c2d for identity 1000f
06-12 21:55:23.675 784 784 I mm-camera: < INFO> 1490: c2d_module_notify_add_stream: width 0, height 0, stride 0, scanline 0, is_type 0
06-12 21:55:23.675 784 784 I mm-camera: < INFO> 458: pproc_port_add_modules_to_stream: :LINK linking mods c2d and cpp for identity 1000f
06-12 21:55:23.675 784 784 I mm-camera: < INFO> 2154: cpp_module_notify_add_stream: :width 0, height 0, stride 0, scanline 0, framelen 0
06-12 21:55:23.675 784 784 I mm-camera: < INFO> 2319: cpp_module_notify_add_stream: : stream 10, fmt 1, asf_mode 0, sharpness_level 0.000000,asf mask 0, denoise 0, denoise_mask 0, dsdn mask 0,dsdn enable 0, tnr mask 0, tnr enable 0, ds_mask 0
06-12 21:55:23.675 784 784 I mm-camera: < INFO> 458: pproc_port_add_modules_to_stream: :LINK linking mods cpp and paaf for identity 1000f
06-12 21:55:23.676 784 784 I mm-camera: < INFO> 458: pproc_port_add_modules_to_stream: :LINK linking mods paaf and ezt for identity 1000f
06-12 21:55:23.676 784 784 I mm-camera: < INFO> 458: pproc_port_add_modules_to_stream: :LINK linking mods ezt and quadracfa for identity 1000f
06-12 21:55:23.676 581 581 E Sensors : sns_debug_main.c(294):Debug Config File missing in EFS!
06-12 21:55:23.677 784 784 E mm-camera: 2822: stats_port_check_caps_reserve: Invalid Port capability type!
06-12 21:55:23.677 784 784 I chatty : uid=1006(camera) mm-qcamera-daem identical 3 lines
06-12 21:55:23.677 784 784 E mm-camera: 2822: stats_port_check_caps_reserve: Invalid Port capability type!
06-12 21:55:23.678 784 784 I mm-camera: < INFO> 4553: mct_pipeline_start_stream_internal: Session stream linked successfully session 1
06-12 21:55:23.683 784 1224 I mm-camera: < INFO> 2062: module_faceproc_query_mod: Caps ROI 10 scene_mode_cnt 1 HW analysis supported 0
06-12 21:55:23.684 784 1224 I mm-camera: < INFO> 1785: mct_pipeline_append_fps_entry: Added hal_table[0]: (7.500000, 15.000000)
06-12 21:55:23.684 784 1224 I mm-camera: < INFO> 1798: mct_pipeline_append_fps_entry: Added hal_table[1]: (15.000000, 15.000000)
06-12 21:55:23.684 784 1224 I mm-camera: < INFO> 1785: mct_pipeline_append_fps_entry: Added hal_table[2]: (7.500000, 20.000000)
06-12 21:55:23.684 784 1224 I mm-camera: < INFO> 1798: mct_pipeline_append_fps_entry: Added hal_table[3]: (20.000000, 20.000000)
06-12 21:55:23.684 784 1224 I mm-camera: < INFO> 1785: mct_pipeline_append_fps_entry: Added hal_table[4]: (7.500000, 24.000000)
06-12 21:55:23.684 784 1224 I mm-camera: < INFO> 1798: mct_pipeline_append_fps_entry: Added hal_table[5]: (24.000000, 24.000000)
06-12 21:55:23.684 784 1224 I mm-camera: < INFO> 1785: mct_pipeline_append_fps_entry: Added hal_table[6]: (7.000000, 30.000000)
06-12 21:55:23.684 784 1224 I mm-camera: < INFO> 1798: mct_pipeline_append_fps_entry: Added hal_table[7]: (30.000000, 30.000000)
06-12 21:55:23.684 784 1224 I mm-camera: < INFO> 2990: mct_pipeline_fill_dimensions_snapshot: Cam 0: FPS range selection complete. Publishing 8 ranges.
06-12 21:55:23.687 784 784 I mm-camera: < INFO> 216: mct_controller_destroy: Initiating destroy sequence for session = 1
06-12 21:55:23.687 784 784 I mm-camera: < INFO> 234: mct_controller_destroy: serv_thread closed
06-12 21:55:23.687 784 784 I mm-camera: < INFO> 249: mct_controller_destroy: bus_handler thread closed
06-12 21:55:23.687 784 784 I mm-camera: < INFO> 4653: mct_pipeline_stop_session: Initiating stop_session on session 1
06-12 21:55:23.687 784 784 I mm-camera: < INFO> 3694: mct_pipeline_process_set: command=800000b
06-12 21:55:23.687 784 784 I mm-camera: < INFO> 3912: mct_pipeline_process_set: Issuing DEL_STREAM on stream 0x1000f and stream type=10
06-12 21:55:23.687 784 784 I mm-camera: < INFO> 671: iface_unreserve_sink_port: stream_id f mode 0
06-12 21:55:23.687 784 784 I mm-camera: < INFO> 890: isp_port_check_caps_unreserve: ide 1000f port 0xefa9ee00
06-12 21:55:23.690 784 784 I mm-camera: < INFO> 3923: mct_pipeline_process_set: Stream 0x1000f and stream type=10, successfully deleted
06-12 21:55:23.690 784 1229 I mm-camera: < INFO> 4387: mct_pipeline_stop_session_thread: Stop module name: sensor - E
06-12 21:55:23.691 784 1230 I mm-camera: < INFO> 4387: mct_pipeline_stop_session_thread: Stop module name: iface - E
06-12 21:55:23.691 784 1231 I mm-camera: < INFO> 4387: mct_pipeline_stop_session_thread: Stop module name: isp - E
06-12 21:55:23.691 784 1231 I mm-camera: < INFO> 491: isp_module_stop_session: session id 1
06-12 21:55:23.693 784 1232 I mm-camera: < INFO> 4387: mct_pipeline_stop_session_thread: Stop module name: stats - E
06-12 21:55:23.694 784 1233 I mm-camera: < INFO> 4387: mct_pipeline_stop_session_thread: Stop module name: pproc - E
06-12 21:55:23.694 784 1234 I mm-camera: < INFO> 4387: mct_pipeline_stop_session_thread: Stop module name: imglib - E
06-12 21:55:23.698 784 1231 I mm-camera: < INFO> 4395: mct_pipeline_stop_session_thread: Stop module name: isp - X
06-12 21:55:23.698 784 784 I mm-camera: < INFO> 4675: mct_pipeline_stop_session: Modules left: 5
06-12 21:55:23.699 784 1234 I mm-camera: < INFO> 4395: mct_pipeline_stop_session_thread: Stop module name: imglib - X
06-12 21:55:23.699 784 784 I mm-camera: < INFO> 4675: mct_pipeline_stop_session: Modules left: 4
06-12 21:55:23.701 784 1230 I mm-camera: < INFO> 4395: mct_pipeline_stop_session_thread: Stop module name: iface - X
06-12 21:55:23.701 784 784 I mm-camera: < INFO> 4675: mct_pipeline_stop_session: Modules left: 3
06-12 21:55:23.704 784 1233 I mm-camera: < INFO> 4395: mct_pipeline_stop_session_thread: Stop module name: pproc - X
06-12 21:55:23.704 784 784 I mm-camera: < INFO> 4675: mct_pipeline_stop_session: Modules left: 2
06-12 21:55:23.706 784 1232 I mm-camera: < INFO> 4395: mct_pipeline_stop_session_thread: Stop module name: stats - X
06-12 21:55:23.706 784 784 I mm-camera: < INFO> 4675: mct_pipeline_stop_session: Modules left: 1
06-12 21:55:23.708 784 1229 I mm-camera: < INFO> 4395: mct_pipeline_stop_session_thread: Stop module name: sensor - X
06-12 21:55:23.708 784 784 I mm-camera: < INFO> 4675: mct_pipeline_stop_session: Modules left: 0
06-12 21:55:23.708 784 784 I mm-camera: < INFO> 4684: mct_pipeline_stop_session: Stopped session 1 successfully
06-12 21:55:23.708 784 784 I mm-camera: < INFO> 4961: mct_pipeline_destroy: E: session:1
06-12 21:55:23.708 784 784 I mm-camera: < INFO> 5034: mct_pipeline_destroy: X: Pipeline destroyed successfully session =1
06-12 21:55:23.708 784 784 I mm-camera: < INFO> 282: mct_controller_destroy: X Successfully closed mct_controller session 1
06-12 21:55:23.709 532 532 I QCamera : getCamInfo: 8809: camera 0 resource cost is 100
06-12 21:55:23.710 532 532 I QCamera : openLegacy: 500: openLegacy halVersion: 256
06-12 21:55:23.712 532 532 D vndksupport: Loading /vendor/lib/hw/power.default.so from current namespace instead of sphal namespace.
06-12 21:55:23.718 532 532 I QCamera : openCamera: 1827: [KPI Perf]: E PROFILE_OPEN_CAMERA camera id 0
06-12 21:55:23.720 532 532 E QCamera : lock_acq_timed: 314: failed to acquire lock
06-12 21:55:23.722 784 784 I mm-camera: < INFO> 395: enable_memleak_trace: start memleak tracking.
06-12 21:55:23.739 784 784 I mm-camera: < INFO> 63: mct_controller_new: Creating new mct_controller with session-id 1
06-12 21:55:23.739 784 1252 I mm-camera: < INFO> 4575: mct_pipeline_start_session_thread: E sensor
06-12 21:55:23.739 784 1252 I mm-camera: < INFO> 4582: mct_pipeline_start_session_thread: Calling start_session on Module sensor
06-12 21:55:23.740 784 1253 I mm-camera: < INFO> 4575: mct_pipeline_start_session_thread: E iface
06-12 21:55:23.740 784 1255 I mm-camera: < INFO> 4575: mct_pipeline_start_session_thread: E isp
06-12 21:55:23.740 784 1255 I mm-camera: < INFO> 4582: mct_pipeline_start_session_thread: Calling start_session on Module isp
06-12 21:55:23.740 784 1255 I mm-camera: < INFO> 205: isp_module_start_session: session id 1
06-12 21:55:23.740 784 1253 I mm-camera: < INFO> 4582: mct_pipeline_start_session_thread: Calling start_session on Module iface
06-12 21:55:23.742 784 1256 I mm-camera: < INFO> 4575: mct_pipeline_start_session_thread: E stats
06-12 21:55:23.742 784 1256 I mm-camera: < INFO> 4582: mct_pipeline_start_session_thread: Calling start_session on Module stats
06-12 21:55:23.743 784 1253 I mm-camera: < INFO> 4585: mct_pipeline_start_session_thread: Module iface start_session rc = 1
06-12 21:55:23.743 784 1253 I mm-camera: < INFO> 4593: mct_pipeline_start_session_thread: started_num = 1, success = 1
06-12 21:55:23.743 784 1253 I mm-camera: < INFO> 4600: mct_pipeline_start_session_thread: X iface
06-12 21:55:23.744 784 1260 I mm-camera: < INFO> 4575: mct_pipeline_start_session_thread: E pproc
06-12 21:55:23.744 784 1260 I mm-camera: < INFO> 4582: mct_pipeline_start_session_thread: Calling start_session on Module pproc
06-12 21:55:23.745 555 555 E qti_sensors_hal: EEE Pick-Up-Gesture enabled handle:64,
06-12 21:55:23.745 784 1263 I mm-camera: < INFO> 4575: mct_pipeline_start_session_thread: E imglib
06-12 21:55:23.746 784 1263 I mm-camera: < INFO> 4582: mct_pipeline_start_session_thread: Calling start_session on Module imglib
06-12 21:55:23.746 555 555 I qti_sensors_hal: Rise: handle=64
06-12 21:55:23.747 784 1263 I mm-camera: < INFO> 4585: mct_pipeline_start_session_thread: Module imglib start_session rc = 1
06-12 21:55:23.747 784 1263 I mm-camera: < INFO> 4593: mct_pipeline_start_session_thread: started_num = 2, success = 2
06-12 21:55:23.747 784 1263 I mm-camera: < INFO> 4600: mct_pipeline_start_session_thread: X imglib
06-12 21:55:23.747 784 1260 I mm-camera: < INFO> 4585: mct_pipeline_start_session_thread: Module pproc start_session rc = 1
06-12 21:55:23.747 784 1260 I mm-camera: < INFO> 4593: mct_pipeline_start_session_thread: started_num = 3, success = 3
06-12 21:55:23.747 784 1260 I mm-camera: < INFO> 4600: mct_pipeline_start_session_thread: X pproc
06-12 21:55:23.748 555 1267 E libsensor1: resp_msg_cb: QMI transport error -45 from svc 31 on 0x7c42c11780
06-12 21:55:23.748 555 1266 E qti_sensors_hal: processResp: Msg 36; Result: 1, Error: 5
06-12 21:55:23.748 555 555 W qti_sensors_hal: addSensor : Not supported sensor with handle 67!
06-12 21:55:23.749 784 1252 I mm-camera: < INFO> 4585: mct_pipeline_start_session_thread: Module sensor start_session rc = 1
06-12 21:55:23.749 784 1252 I mm-camera: < INFO> 4593: mct_pipeline_start_session_thread: started_num = 4, success = 4
06-12 21:55:23.749 784 1252 I mm-camera: < INFO> 4600: mct_pipeline_start_session_thread: X sensor
06-12 21:55:23.752 784 1256 E mm-camera: 173: dsps_send_req: DSPS Send Request Timeout!!
