06-12 21:55:21.174 594 931 I vendor.rmt_storage: rmt_storage_client_thread: /boot/modem_fsc: Worker thread started
06-12 21:55:21.174 594 931 I vendor.rmt_storage: wake lock name: rmt_storage_530362944848, name creation success: 24
06-12 21:55:21.175 594 594 I vendor.rmt_storage: rmt_storage_disconnect_cb: clnt_h=0x4 conn_h=0x7b7fa08010
06-12 21:55:21.175 594 594 I vendor.rmt_storage: rmt_storage_connect_cb: clnt_h=0x5 conn_h=0x7b7fa08010
06-12 21:55:21.175 594 594 I vendor.rmt_storage: rmt_storage_alloc_buff_cb: /boot/modem_fs1: req_h=0x5 msg_id=4: Alloc request received: Size: 0
06-12 21:55:21.176 594 594 I vendor.rmt_storage: rmt_storage_alloc_buff_cb: /boot/modem_fs1: req_h=0x5 msg_id=4: New client making a dummy request with buffer req size 0
06-12 21:55:21.176 594 594 I vendor.rmt_storage: rmt_storage_alloc_buff_cb: /boot/modem_fs1: req_h=0x5 msg_id=4: Send response: res=0 err=0
06-12 21:55:21.176 594 594 I vendor.rmt_storage: rmt_storage_disconnect_cb: clnt_h=0x5 conn_h=0x7b7fa08010
06-12 21:55:21.176 594 594 I vendor.rmt_storage: rmt_storage_connect_cb: clnt_h=0x6 conn_h=0x7b7fa08010
06-12 21:55:21.176 594 594 I vendor.rmt_storage: rmt_storage_rw_iovec_cb: /boot/modem_fs1: req_h=0x6 msg_id=3: R/W request received
06-12 21:55:21.176 594 594 I vendor.rmt_storage: wakelock acquired: 1, error no: 42
06-12 21:55:21.177 594 928 I vendor.rmt_storage: rmt_storage_client_thread: /boot/modem_fs1: Unblock worker thread (th_id: 530416385360)
06-12 21:55:21.178 594 928 I vendor.rmt_storage: rmt_storage_client_thread: /boot/modem_fs1: req_h=0x6 msg_id=3: Bytes read = 512
06-12 21:55:21.178 594 928 I vendor.rmt_storage: rmt_storage_client_thread: /boot/modem_fs1: req_h=0x6 msg_id=3: Send response: res=0 err=0
06-12 21:55:21.179 594 928 I vendor.rmt_storage: rmt_storage_client_thread: /boot/modem_fs1: About to block rmt_storage client thread (th_id: 530416385360) wakelock released: 1, error no: 0
06-12 21:55:21.179 594 928 I vendor.rmt_storage:
06-12 21:55:21.179 594 594 I vendor.rmt_storage: rmt_storage_disconnect_cb: clnt_h=0x6 conn_h=0x7b7fa08010
06-12 21:55:21.179 594 594 I vendor.rmt_storage: rmt_storage_connect_cb: clnt_h=0x7 conn_h=0x7b7fa08010
06-12 21:55:21.179 594 594 I vendor.rmt_storage: rmt_storage_rw_iovec_cb: /boot/modem_fs2: req_h=0x7 msg_id=3: R/W request received
06-12 21:55:21.179 594 594 I vendor.rmt_storage: wakelock acquired: 1, error no: 42
06-12 21:55:21.179 594 929 I vendor.rmt_storage: rmt_storage_client_thread: /boot/modem_fs2: Unblock worker thread (th_id: 530398571856)
06-12 21:55:21.181 594 929 I vendor.rmt_storage: rmt_storage_client_thread: /boot/modem_fs2: req_h=0x7 msg_id=3: Bytes read = 512
06-12 21:55:21.181 594 929 I vendor.rmt_storage: rmt_storage_client_thread: /boot/modem_fs2: req_h=0x7 msg_id=3: Send response: res=0 err=0
06-12 21:55:21.181 594 929 I vendor.rmt_storage: rmt_storage_client_thread: /boot/modem_fs2: About to block rmt_storage client thread (th_id: 530398571856) wakelock released: 1, error no: 0
06-12 21:55:21.181 594 929 I vendor.rmt_storage:
06-12 21:55:21.182 594 594 I vendor.rmt_storage: rmt_storage_disconnect_cb: clnt_h=0x7 conn_h=0x7b7fa08010
06-12 21:55:21.183 594 594 I vendor.rmt_storage: rmt_storage_connect_cb: clnt_h=0x8 conn_h=0x7b7fa08010
06-12 21:55:21.183 594 594 I vendor.rmt_storage: rmt_storage_rw_iovec_cb: /boot/modem_fs1: req_h=0x8 msg_id=3: R/W request received
06-12 21:55:21.183 594 594 I vendor.rmt_storage: wakelock acquired: 1, error no: 42
06-12 21:55:21.184 594 928 I vendor.rmt_storage: rmt_storage_client_thread: /boot/modem_fs1: Unblock worker thread (th_id: 530416385360)
06-12 21:55:21.188 745 745 E MediaExtractorFactory: couldn't opendir(/system/lib64/extractors)
06-12 21:55:21.194 594 928 I vendor.rmt_storage: rmt_storage_client_thread: /boot/modem_fs1: req_h=0x8 msg_id=3: Bytes read = 1571840
06-12 21:55:21.194 594 928 I vendor.rmt_storage: rmt_storage_client_thread: /boot/modem_fs1: req_h=0x8 msg_id=3: Send response: res=0 err=0
06-12 21:55:21.195 594 928 I vendor.rmt_storage: rmt_storage_client_thread: /boot/modem_fs1: About to block rmt_storage client thread (th_id: 530416385360) wakelock released: 1, error no: 0
06-12 21:55:21.195 594 928 I vendor.rmt_storage:
06-12 21:55:21.195 594 594 I vendor.rmt_storage: rmt_storage_disconnect_cb: clnt_h=0x8 conn_h=0x7b7fa08010
06-12 21:55:21.199 529 587 E EffectsFactoryConfigLoader: Could not dlopen library /vendor/lib/soundfx/libdirac.so: dlopen failed: library "libDiracAPI_SHARED.so" not found
06-12 21:55:21.199 529 587 E EffectsFactoryConfigLoader: Error querying effect 7d1580bd-297f-4683-9239-e475b6d1d69f on lib offload_bundle
06-12 21:55:21.200 529 587 E EffectsFactoryConfigLoader: Could not find library dirac to load effect dirac
06-12 21:55:21.200 529 587 E EffectsFactoryConfigLoader: 3 errors during loading of configuration: /vendor/etc/audio_effects.xml
06-12 21:55:21.200 529 587 E EffectsFactory: Effect config is partially invalid, skipped 3 elements
06-12 21:55:21.200 590 590 I BufferProvider: found effect "Multichannel Downmix To Stereo" from The Android Open Source Project
06-12 21:55:21.202 590 590 I AudioFlinger: Using module 10 as the primary audio interface
06-12 21:55:21.203 590 936 I AudioFlinger: AudioFlinger's thread 0x79c8873040 tid=936 ready to run
06-12 21:55:21.203 590 936 W AudioFlinger: no wake lock to update, system not ready yet
06-12 21:55:21.203 529 529 D audio_hw_primary: out_standby: enter: stream (0xf1eee000) usecase(1: low-latency-playback)
06-12 21:55:21.203 529 529 D audio_hw_primary: out_standby: exit
06-12 21:55:21.206 590 936 W AudioFlinger: no wake lock to update, system not ready yet
06-12 21:55:21.207 590 590 V APM_AudioPolicyManager: checkAndSetVolume cannot set volume group 3 volume with force use = 0 for comm
06-12 21:55:21.213 590 590 W AudioFlinger: moveEffects() bad srcOutput 0
06-12 21:55:21.213 590 590 V APM_AudioPolicyManager: selectOutputForMusicEffects selected output 13
06-12 21:55:21.213 590 590 V APM_AudioPolicyManager: setOutputDevices device {type:0x2,@:} delayMs 0
06-12 21:55:21.213 590 590 V APM_AudioPolicyManager: setOutputDevices() prevDevice {type:0x2,@:}
06-12 21:55:21.214 590 590 V APM_AudioPolicyManager: setOutputDevices changing device to {type:0x2,@:}
06-12 21:55:21.214 852 852 D FingerGoodix: Open device[/dev/goodix_fp] success. Handle = 6
06-12 21:55:21.214 852 852 D FingerGoodix: android flows.
06-12 21:55:21.214 852 852 D FingerGoodix: gGxMutex lock--------------<<<<<<<<<<<
06-12 21:55:21.214 852 852 D FingerGoodix: FP_REQUEST_INIT
06-12 21:55:21.214 852 852 D FingerGoodix: FP_REQUEST_INIT, g_tee_device_handle:6
06-12 21:55:21.214 852 852 D FingerGoodix: gGxMutex unlock-------------->>>>>>>
06-12 21:55:21.215 852 852 D FingerGoodix: Goodix Fp App Init
06-12 21:55:21.217 529 529 D audio_hw_primary: out_set_parameters: enter: usecase(1: low-latency-playback) kvpairs: routing=2
06-12 21:55:21.217 529 529 D audio_hw_extn: audio_extn_set_anc_parameters: anc_enabled:0
06-12 21:55:21.217 529 529 D audio_hw_spkr_prot: audio_extn_fbsp_set_parameters: Speaker protection disabled
06-12 21:55:21.218 590 590 V APM_AudioPolicyManager: setOutputDevices() AF::createAudioPatch returned 0 patchHandle 12 num_sources 1 num_sinks 1
06-12 21:55:21.220 590 590 V APM_AudioPolicyManager: checkAndSetVolume cannot set volume group 3 volume with force use = 0 for comm
06-12 21:55:21.227 590 590 I AudioFlinger: openOutput() this 0x79c87d5c00, module 10 Device 0x2, SamplingRate 48000, Format 0x000001, Channels 0x3, flags 0x104
06-12 21:55:21.227 529 529 D audio_hw_primary: adev_open_output_stream: enter: format(0x1) sample_rate(48000) channel_mask(0x3) devices(0x2) flags(0x104) stream_handle(0xf1ef0800)
06-12 21:55:21.229 529 529 D audio_hw_primary: adev_open_output_stream: Stream (0xf1ef0800) picks up usecase (audio-ull-playback)
06-12 21:55:21.230 590 590 I AudioFlinger: HAL output buffer size 192 frames, normal sink buffer size 960 frames
06-12 21:55:21.231 590 940 I AudioFlinger: AudioFlinger's thread 0x79c8932500 tid=940 ready to run
06-12 21:55:21.231 590 940 W AudioFlinger: no wake lock to update, system not ready yet
06-12 21:55:21.231 529 529 D audio_hw_primary: out_standby: enter: stream (0xf1ef0800) usecase(12: audio-ull-playback)
06-12 21:55:21.231 529 529 D audio_hw_primary: out_standby: exit
06-12 21:55:21.234 590 940 W AudioFlinger: no wake lock to update, system not ready yet
06-12 21:55:21.235 590 590 V APM_AudioPolicyManager: checkAndSetVolume cannot set volume group 3 volume with force use = 0 for comm
06-12 21:55:21.241 771 771 E Diag_Lib: Diag_LSM_Init: Failed to open handle to diag driver, error = 13
06-12 21:55:21.245 590 590 V APM_AudioPolicyManager: selectOutputForMusicEffects selected output 13
06-12 21:55:21.245 590 590 V APM_AudioPolicyManager: setOutputDevices device {type:0x2,@:} delayMs 0
06-12 21:55:21.245 590 590 V APM_AudioPolicyManager: setOutputDevices() prevDevice {type:0x2,@:}
06-12 21:55:21.246 590 590 V APM_AudioPolicyManager: setOutputDevices changing device to {type:0x2,@:}
06-12 21:55:21.247 529 529 D audio_hw_primary: out_set_parameters: enter: usecase(12: audio-ull-playback) kvpairs: routing=2
06-12 21:55:21.247 590 590 V APM_AudioPolicyManager: setOutputDevices() AF::createAudioPatch returned 0 patchHandle 20 num_sources 1 num_sinks 1
06-12 21:55:21.248 590 590 V APM_AudioPolicyManager: checkAndSetVolume cannot set volume group 3 volume with force use = 0 for comm
06-12 21:55:21.253 590 590 I AudioFlinger: openOutput() this 0x79c87d5c00, module 10 Device 0x2, SamplingRate 48000, Format 0x000001, Channels 0x3, flags 0x8
06-12 21:55:21.254 529 529 D audio_hw_primary: adev_open_output_stream: enter: format(0x1) sample_rate(48000) channel_mask(0x3) devices(0x2) flags(0x8) stream_handle(0xf1ef3000)
06-12 21:55:21.254 529 529 D audio_hw_primary: adev_open_output_stream: Stream (0xf1ef3000) picks up usecase (deep-buffer-playback)
06-12 21:55:21.255 590 590 I AudioFlinger: HAL output buffer size 1920 frames, normal sink buffer size 1920 frames
06-12 21:55:21.256 590 944 I AudioFlinger: AudioFlinger's thread 0x79bf6ebac0 tid=944 ready to run
06-12 21:55:21.256 590 944 W AudioFlinger: no wake lock to update, system not ready yet
06-12 21:55:21.256 529 529 D audio_hw_primary: out_standby: enter: stream (0xf1ef3000) usecase(0: deep-buffer-playback)
06-12 21:55:21.256 529 529 D audio_hw_primary: out_standby: exit
06-12 21:55:21.257 590 944 W AudioFlinger: no wake lock to update, system not ready yet
06-12 21:55:21.257 590 590 V APM_AudioPolicyManager: checkAndSetVolume cannot set volume group 3 volume with force use = 0 for comm
06-12 21:55:21.262 757 774 I ServiceManager: Waiting for service 'package_native' on '/dev/binder'...
06-12 21:55:21.262 590 590 V APM_AudioPolicyManager: selectOutputForMusicEffects selected output 13
06-12 21:55:21.262 590 590 V APM_AudioPolicyManager: setOutputDevices device {type:0x2,@:} delayMs 0
06-12 21:55:21.262 590 590 V APM_AudioPolicyManager: setOutputDevices() prevDevice {type:0x2,@:}
06-12 21:55:21.263 590 590 V APM_AudioPolicyManager: setOutputDevices changing device to {type:0x2,@:}
06-12 21:55:21.264 529 529 D audio_hw_primary: out_set_parameters: enter: usecase(0: deep-buffer-playback) kvpairs: routing=2
06-12 21:55:21.267 585 599 D PerMgrSrv: modem state: is on-line, add client QCRIL
06-12 21:55:21.267 585 599 D PerMgrSrv: QCRIL registered
06-12 21:55:21.268 585 598 D PerMgrSrv: modem state: is on-line, add client QCRIL
06-12 21:55:21.268 585 598 D PerMgrSrv: QCRIL registered
06-12 21:55:21.268 771 771 D PerMgrLib: QCRIL successfully registered for modem
06-12 21:55:21.268 640 640 D PerMgrLib: QCRIL successfully registered for modem
06-12 21:55:21.269 590 590 V APM_AudioPolicyManager: setOutputDevices() AF::createAudioPatch returned 0 patchHandle 28 num_sources 1 num_sinks 1
06-12 21:55:21.273 590 590 V APM_AudioPolicyManager: checkAndSetVolume cannot set volume group 3 volume with force use = 0 for comm
06-12 21:55:21.277 590 590 I AudioFlinger: openOutput() this 0x79c87d5c00, module 10 Device 0x10000, SamplingRate 48000, Format 0x000001, Channels 0x3, flags 0
06-12 21:55:21.278 529 529 D audio_hw_primary: adev_open_output_stream: enter: format(0x1) sample_rate(48000) channel_mask(0x3) devices(0x10000) flags(0) stream_handle(0xf1ef5800)
06-12 21:55:21.278 529 529 D audio_hw_primary: adev_open_output_stream: Stream (0xf1ef5800) picks up usecase (afe-proxy-playback)
06-12 21:55:21.279 590 590 I AudioFlinger: HAL output buffer size 768 frames, normal sink buffer size 1152 frames
06-12 21:55:21.280 590 955 I AudioFlinger: AudioFlinger's thread 0x79bf74acc0 tid=955 ready to run
06-12 21:55:21.281 590 955 W AudioFlinger: no wake lock to update, system not ready yet
06-12 21:55:21.281 529 529 D audio_hw_primary: out_standby: enter: stream (0xf1ef5800) usecase(49: afe-proxy-playback)
06-12 21:55:21.281 529 529 D audio_hw_primary: out_standby: exit
06-12 21:55:21.281 590 955 W AudioFlinger: no wake lock to update, system not ready yet
06-12 21:55:21.281 590 590 V APM_AudioPolicyManager: checkAndSetVolume cannot set volume group 3 volume with force use = 0 for comm
06-12 21:55:21.284 597 597 I tftp_server: pid=597 tid=597 tftp-server : INF :[tftp_server.c, 667] rcvd request [1] [72] [2] [0] [17]
06-12 21:55:21.285 597 956 I tftp_server: pid=597 tid=956 tftp-server : INF :[tftp_server_utils.c, 113] file [readwrite/server_check.txt] : [/vendor/rfs/msm/mpss/readwrite/server_check.txt]
06-12 21:55:21.286 643 667 I ThermalEngine: MODEM thermal mitigation available.
06-12 21:55:21.286 643 667 I ThermalEngine: Mitigation:modem[MODEM]:0 pending QMI request succeded
06-12 21:55:21.287 597 956 I tftp_server: pid=597 tid=956 tftp-server : INF :[tftp_server.c, 1222] OACK options : [7680, 200, 10, 0, 0, 0, 0, 0]
06-12 21:55:21.287 643 667 I ThermalEngine: Mitigation:vdd_restriction[MODEM]:0 pending QMI request succeded
06-12 21:55:21.287 597 956 I tftp_server: pid=597 tid=956 tftp-server : INF :[tftp_server.c, 893] Using temp file[/vendor/rfs/msm/mpss/readwrite/server_check.txt.rfs_tmp] for atomic put
06-12 21:55:21.287 597 956 I tftp_server: pid=597 tid=956 tftp-server : INF :[tftp_os_la.c, 63] open : [-1] [-1] [384] [577] [/vendor/rfs/msm/mpss/readwrite/server_check.txt.rfs_tmp]
06-12 21:55:21.287 590 590 V APM_AudioPolicyManager: selectOutputForMusicEffects selected output 13
06-12 21:55:21.287 643 667 I ThermalEngine: Mitigation:modem_cx[MODEM]:0 pending QMI request succeded
06-12 21:55:21.287 590 590 V APM_AudioPolicyManager: setOutputDevices device {type:0x10000,@:} delayMs 0
06-12 21:55:21.287 590 590 V APM_AudioPolicyManager: setOutputDevices() prevDevice {type:0x10000,@:}
06-12 21:55:21.288 643 667 I ThermalEngine: Mitigation:modem_proc[MODEM]:0 pending QMI request succeded
06-12 21:55:21.288 590 590 V APM_AudioPolicyManager: setOutputDevices changing device to {type:0x10000,@:}
06-12 21:55:21.289 529 529 D audio_hw_primary: out_set_parameters: enter: usecase(49: afe-proxy-playback) kvpairs: routing=65536
06-12 21:55:21.290 590 590 V APM_AudioPolicyManager: setOutputDevices() AF::createAudioPatch returned 0 patchHandle 36 num_sources 1 num_sinks 1
06-12 21:55:21.290 590 590 V APM_AudioPolicyManager: checkAndSetVolume cannot set volume group 3 volume with force use = 0 for comm
06-12 21:55:21.291 529 529 D audio_hw_primary: adev_open_input_stream: enter: sample_rate(48000) channel_mask(0xc) devices(0x80002000) stream_handle(0xf455f540) io_handle(14) source(1) format 1
06-12 21:55:21.291 529 529 W audio_hw_utils: audio_extn_utils_update_stream_input_app_type_cfg: App type could not be selected. Falling back to default
06-12 21:55:21.297 597 956 I tftp_server: pid=597 tid=956 tftp-server : INF :[tftp_server.c, 1500] WRQ stats : total-blocks = 1 : total-bytes = 5 : 5 timedout-pkts = 0, wrong-pkts = 0
06-12 21:55:21.297 597 956 I tftp_server: pid=597 tid=956 tftp-server : INF :[tftp_server.c, 1504] WRQ time stats : Total : [TX, RX] = [215, 646, 10]
06-12 21:55:21.297 597 956 I tftp_server: pid=597 tid=956 tftp-server : INF :[tftp_server.c, 1508] WRQ time stats : Tx [Min, Max] = [81, 134]
06-12 21:55:21.297 597 956 I tftp_server: pid=597 tid=956 tftp-server : INF :[tftp_server.c, 1512] WRQ time stats : Rx [Min, Max] = [301, 345]
06-12 21:55:21.299 590 959 I AudioFlinger: AudioFlinger's thread 0x79bf81be80 tid=959 ready to run
06-12 21:55:21.299 529 529 D audio_hw_primary: in_standby: enter: stream (0xf455f540) usecase(18: audio-record)
06-12 21:55:21.300 590 959 W AudioFlinger: no wake lock to update, system not ready yet
06-12 21:55:21.300 529 529 D audio_hw_primary: in_standby: enter: stream (0xf455f540) usecase(18: audio-record)
06-12 21:55:21.301 590 959 W AudioFlinger: no wake lock to update, system not ready yet
06-12 21:55:21.304 529 529 D audio_hw_primary: adev_close_input_stream: enter:stream_handle(0xf455f540)
06-12 21:55:21.304 529 529 D soundtrigger: audio_extn_sound_trigger_check_ec_ref_enable: EC Reference is disabled
06-12 21:55:21.304 529 529 D audio_hw_primary: in_standby: enter: stream (0xf455f540) usecase(18: audio-record)
06-12 21:55:21.305 529 587 D audio_hw_primary: adev_open_input_stream: enter: sample_rate(48000) channel_mask(0x17000c) devices(0x80000004) stream_handle(0xf455f540) io_handle(22) source(1) format 1
06-12 21:55:21.305 529 587 D audio_hw_primary: adev_open_input_stream: return error to retry with updated channel mask (0xc)
06-12 21:55:21.305 529 587 D audio_hw_primary: adev_open_input_stream: enter: sample_rate(48000) channel_mask(0xc) devices(0x80000004) stream_handle(0xf455f540) io_handle(22) source(1) format 1
06-12 21:55:21.305 529 587 W audio_hw_utils: audio_extn_utils_update_stream_input_app_type_cfg: App type could not be selected. Falling back to default
06-12 21:55:21.306 641 659 D QC-time-services: Daemon:time_service_modem_serv_notify_cb: QMI service is up
06-12 21:55:21.306 641 661 D QC-time-services: Daemon:genoff_modem_qmi_service_handle_cb: QMI service handle cb called
06-12 21:55:21.307 852 852 D FingerGoodix: OTP[0-7]:0x8c-0x26-0x87-0xa6-0x12-0x80-0x18-0xe4
06-12 21:55:21.307 852 852 D FingerGoodix: OTP[8-15]:0x60-0xea-0xe1-0x3c-0x2-0xc-0x5a-0xe0
06-12 21:55:21.307 852 852 D FingerGoodix: OTP[16-23]:0x4-0x0-0x18-0x2d-0xc-0x68-0xa7-0x58
06-12 21:55:21.307 852 852 D FingerGoodix: OTP[24-31]:0x0-0x0-0x5c-0x7-0x0-0x4e-0x60-0x44
06-12 21:55:21.307 852 852 D FingerGoodix: CheckSum: calc:0xf7,read:0x60
06-12 21:55:21.307 852 852 D FingerGoodix: OTP CRC For Exp Failed. crc_calc:0x5d, crc_read:0x60
06-12 21:55:21.307 852 852 D FingerGoodix: Sensor Type:0x0
06-12 21:55:21.307 852 852 D FingerGoodix: CRC for Pub pass.
06-12 21:55:21.307 852 852 D FingerGoodix: OTP CRC check pass.
06-12 21:55:21.307 852 852 D FingerGoodix: Sensor ID: 8c-26-87-a6-12-80-18-e4-60-ea-e1-3c-2-c-5a-e0
06-12 21:55:21.307 852 852 D FingerGoodix: Using Tcode and FDT Delta in OTP, g_fdt_threshold = 0x1b,g_img_txnum = 0xb0
06-12 21:55:21.307 852 852 E FingerGoodix: [LoadRsaKeys]XYF: use RSA_key_load()
06-12 21:55:21.307 590 961 I AudioFlinger: AudioFlinger's thread 0x79bf81b0c0 tid=961 ready to run
06-12 21:55:21.307 852 852 E FingerGoodix: [AES_keycreat_API]AES_keycreat_API, DUAL_CORE_COMMON
06-12 21:55:21.307 529 587 D audio_hw_primary: in_standby: enter: stream (0xf455f540) usecase(18: audio-record)
06-12 21:55:21.307 852 852 D FingerGoodix: ===> change gf_init
06-12 21:55:21.307 852 852 D FingerGoodix: check fp dir.
06-12 21:55:21.307 852 852 D FingerGoodix: try to init fp file.
06-12 21:55:21.307 852 852 D FingerGoodix: line:887, test goodix root dir.
06-12 21:55:21.307 852 852 D FingerGoodix: line:85, check dir.
06-12 21:55:21.307 852 852 D FingerGoodix: gxfile_open xxx:/data/system/fingerprint/gxflag
06-12 21:55:21.309 590 961 W AudioFlinger: no wake lock to update, system not ready yet
06-12 21:55:21.309 852 852 D FingerGoodix: line:97, got file: 7
06-12 21:55:21.309 852 852 D FingerGoodix: getFeatureTableDir
06-12 21:55:21.309 529 587 D audio_hw_primary: in_standby: enter: stream (0xf455f540) usecase(18: audio-record)
06-12 21:55:21.309 852 852 D FingerGoodix: current group dir: '0_0/'
06-12 21:55:21.309 852 852 D FingerGoodix: gp_extend_dir_path, result: '/data/system/fingerprint/0_0/'
06-12 21:55:21.309 852 852 D FingerGoodix: line:85, check dir.
06-12 21:55:21.309 852 852 D FingerGoodix: gxfile_open xxx:/data/system/fingerprint/0_0/gxflag
06-12 21:55:21.309 590 961 W AudioFlinger: no wake lock to update, system not ready yet
06-12 21:55:21.310 529 587 D audio_hw_primary: adev_close_input_stream: enter:stream_handle(0xf455f540)
06-12 21:55:21.310 529 587 D soundtrigger: audio_extn_sound_trigger_check_ec_ref_enable: EC Reference is disabled
06-12 21:55:21.310 529 587 D audio_hw_primary: in_standby: enter: stream (0xf455f540) usecase(18: audio-record)
06-12 21:55:21.310 529 529 D audio_hw_primary: adev_open_input_stream: enter: sample_rate(48000) channel_mask(0xc) devices(0x80000040) stream_handle(0xf455f700) io_handle(30) source(1) format 1
06-12 21:55:21.310 852 852 D FingerGoodix: line:97, got file: 7
06-12 21:55:21.310 529 529 W audio_hw_utils: audio_extn_utils_update_stream_input_app_type_cfg: App type could not be selected. Falling back to default
06-12 21:55:21.310 852 852 D FingerGoodix: FeatureTableDir: /data/system/fingerprint/0_0/
06-12 21:55:21.310 852 852 D FingerGoodix: gxfile_open xxx:/data/system/fingerprint/0_0/gxfeature_table
06-12 21:55:21.310 852 852 D FingerGoodix: line:902, open /data/system/fingerprint/0_0/gxfeature_table, fp:7
06-12 21:55:21.310 852 852 D FingerGoodix: LoadRegistTemps
06-12 21:55:21.310 852 852 D FingerGoodix: getFeatureTableDir
06-12 21:55:21.310 852 852 D FingerGoodix: gp_extend_dir_path, result: '/data/system/fingerprint/0_0/'
06-12 21:55:21.311 852 852 D FingerGoodix: line:85, check dir.
06-12 21:55:21.311 852 852 D FingerGoodix: gxfile_open xxx:/data/system/fingerprint/0_0/gxflag
06-12 21:55:21.311 852 852 D FingerGoodix: line:97, got file: 7
06-12 21:55:21.311 852 852 D FingerGoodix: FeatureTableDir: /data/system/fingerprint/0_0/
06-12 21:55:21.311 852 852 D FingerGoodix: gxfile_open xxx:/data/system/fingerprint/0_0/gxfeature_table
06-12 21:55:21.311 852 852 D FingerGoodix: load_FeatureTable create table fd:7
06-12 21:55:21.311 852 852 D FingerGoodix: File length = 880
06-12 21:55:21.312 590 963 I AudioFlinger: AudioFlinger's thread 0x79bf81bc40 tid=963 ready to run
06-12 21:55:21.312 529 529 D audio_hw_primary: in_standby: enter: stream (0xf455f700) usecase(50: afe-proxy-record)
06-12 21:55:21.313 590 963 W AudioFlinger: no wake lock to update, system not ready yet
06-12 21:55:21.313 852 852 E FingerGoodix: [sec_GXDec]DecBin begin!EncBinLen=880, pDecBinLen=0, type=11
06-12 21:55:21.313 529 529 D audio_hw_primary: in_standby: enter: stream (0xf455f700) usecase(50: afe-proxy-record)
06-12 21:55:21.313 590 963 W AudioFlinger: no wake lock to update, system not ready yet
06-12 21:55:21.314 529 529 D audio_hw_primary: adev_close_input_stream: enter:stream_handle(0xf455f700)
06-12 21:55:21.314 529 529 D soundtrigger: audio_extn_sound_trigger_check_ec_ref_enable: EC Reference is disabled
06-12 21:55:21.314 529 529 D audio_hw_primary: in_standby: enter: stream (0xf455f700) usecase(50: afe-proxy-record)
06-12 21:55:21.330 590 590 I bt_a2dp_hw: adev_open: adev_open in A2dp_hw module
06-12 21:55:21.330 590 590 I AudioFlinger: loadHwModule() Loaded a2dp audio interface, handle 18
06-12 21:55:21.330 590 590 E APM_AudioPolicyManager: initialize: Input device list is empty!
06-12 21:55:21.331 529 529 D vndksupport: Loading /vendor/lib/hw/audio.usb.default.so from current namespace instead of sphal namespace.
06-12 21:55:21.336 529 529 W DeviceHAL: Error from HAL Device in function set_master_volume: Function not implemented
06-12 21:55:21.337 590 590 I AudioFlinger: loadHwModule() Loaded usb audio interface, handle 26
06-12 21:55:21.337 590 590 E APM_AudioPolicyManager: initialize: Input device list is empty!
06-12 21:55:21.338 529 529 D vndksupport: Loading /vendor/lib/hw/audio.r_submix.default.so from current namespace instead of sphal namespace.
06-12 21:55:21.340 529 529 I r_submix: adev_open(name=audio_hw_if)
06-12 21:55:21.341 529 529 I r_submix: adev_init_check()
06-12 21:55:21.341 529 529 W DeviceHAL: Error from HAL Device in function set_master_volume: Function not implemented
06-12 21:55:21.341 529 529 W DeviceHAL: Error from HAL Device in function set_master_mute: Function not implemented
06-12 21:55:21.341 590 590 I AudioFlinger: loadHwModule() Loaded r_submix audio interface, handle 34
06-12 21:55:21.342 529 529 D r_submix: adev_open_input_stream(addr=0)
06-12 21:55:21.342 529 529 D r_submix: submix_audio_device_create_pipe_l(addr=0, idx=9)
06-12 21:55:21.342 529 529 D r_submix: now using address 0 for route 9
06-12 21:55:21.344 590 965 I AudioFlinger: AudioFlinger's thread 0x79bf81c2c0 tid=965 ready to run
06-12 21:55:21.344 529 529 I r_submix: in_standby()
06-12 21:55:21.345 590 965 W AudioFlinger: no wake lock to update, system not ready yet
06-12 21:55:21.345 529 529 I r_submix: in_standby()
06-12 21:55:21.345 590 965 W AudioFlinger: no wake lock to update, system not ready yet
06-12 21:55:21.345 529 529 D r_submix: adev_close_input_stream()
06-12 21:55:21.345 529 529 D r_submix: submix_audio_device_release_pipe_l(idx=9) addr=0
06-12 21:55:21.345 529 529 D r_submix: submix_audio_device_destroy_pipe_l(): pipe destroyed
06-12 21:55:21.346 529 587 D vndksupport: Loading /vendor/lib/hw/audio.bluetooth.default.so from current namespace instead of sphal namespace.
06-12 21:55:21.347 852 852 E FingerGoodix: [checkGuid]checkUserGuid pass!
06-12 21:55:21.347 852 852 E FingerGoodix: [sec_GXDec]DecBin end
06-12 21:55:21.347 852 852 D FingerGoodix: Dec success
06-12 21:55:21.347 852 852 D FingerGoodix: gxfile_read:7, ret=728
06-12 21:55:21.347 852 852 D FingerGoodix: get_FeatureTable
06-12 21:55:21.347 852 852 D FingerGoodix: FeatureTable_item index = 0,not used
06-12 21:55:21.347 852 852 D FingerGoodix: FeatureTable_item index = 1,not used
06-12 21:55:21.347 852 852 D FingerGoodix: FeatureTable_item index = 2,not used
06-12 21:55:21.347 852 852 D FingerGoodix: FeatureTable_item index = 3,not used
06-12 21:55:21.347 852 852 D FingerGoodix: FeatureTable_item index = 4,not used
06-12 21:55:21.347 852 852 D FingerGoodix: gLoadFeatureSuccuss tz_app_init!
06-12 21:55:21.347 852 852 D FingerGoodix: gp_extend_dir_path, result: '/data/system/fingerprint/test/0_0/'
06-12 21:55:21.347 852 852 D FingerGoodix: line:85, check dir.
06-12 21:55:21.347 852 852 D FingerGoodix: gxfile_open xxx:/data/system/fingerprint/test/0_0/gxflag
06-12 21:55:21.348 852 852 D FingerGoodix: line:97, got file: -1
06-12 21:55:21.348 852 852 D FingerGoodix: line:101, dir is not exist, create it.
06-12 21:55:21.348 852 852 D FingerGoodix: ensure_dir_exist, 103, mkdir:-1
06-12 21:55:21.348 852 852 D FingerGoodix: TemplateIndexTableDir: /data/system/fingerprint/test/0_0/
06-12 21:55:21.348 852 852 D FingerGoodix: create_TemplateIndexTable
06-12 21:55:21.348 852 852 D FingerGoodix: enrolStart: Algorithm version Milan_v_2.01.09
06-12 21:55:21.348 852 852 D FingerGoodix: enrolFinish
06-12 21:55:21.348 852 852 D FingerGoodix: register_cnt = 8, study_cnt = 40.
06-12 21:55:21.348 852 852 D FingerGoodix: create navigation_thread success.
06-12 21:55:21.348 852 852 D FingerGoodix: [Navigation]: Navigaton version: MilanF_Navigation_v_1.01.16
06-12 21:55:21.348 852 852 D FingerGoodix: fnCa_MFGetOTPCfg
06-12 21:55:21.348 852 852 D FingerGoodix: gGxMutex lock--------------<<<<<<<<<<<
06-12 21:55:21.348 852 967 D FingerGoodix: [Navigaton Manual]: navigation thread enter.
06-12 21:55:21.348 852 852 D FingerGoodix: FP_REQUEST_GetOTPCfg
06-12 21:55:21.348 852 852 D FingerGoodix: gGxMutex unlock-------------->>>>>>>
06-12 21:55:21.348 852 852 D FingerGoodix: OTP config[22] is 0xa7
06-12 21:55:21.349 852 852 D FingerGoodix: g_fdt_delta is 0x1b,img_txnum is 0xb0
06-12 21:55:21.349 852 852 D FingerGoodix: FingerPrintService is constructing 3
06-12 21:55:21.349 852 852 D FingerGoodix: fingerprint set notify function.
06-12 21:55:21.349 852 852 D FingerGoodix: FingerPrintService is constructing 4
06-12 21:55:21.349 852 852 D FingerGoodix: fingerprint get version.
06-12 21:55:21.349 852 852 D FingerGoodix: device_getVersion
06-12 21:55:21.349 852 852 D FingerGoodix: fp service version:
06-12 21:55:21.349 852 852 D FingerGoodix: Service version:1.0.6,v2.01.09,Navigation_v_1.01.14,GF_1.0.05
06-12 21:55:21.349 852 852 D FingerGoodix: fnCa_preprossor_init
06-12 21:55:21.349 852 852 D FingerGoodix: gGxMutex lock--------------<<<<<<<<<<<
06-12 21:55:21.349 852 852 D FingerGoodix: version : 2016/04/26
06-12 21:55:21.349 852 852 D FingerGoodix: image_row = 88,image_col = 108,
06-12 21:55:21.349 852 852 D FingerGoodix: image_var_ths = 297, image_avg_ths = 297, image_bad_ths = 950,
06-12 21:55:21.349 852 852 D FingerGoodix: nav_row_start = 12, nav_row_step = 4, nav_row_num = 16,
06-12 21:55:21.349 852 852 D FingerGoodix: nav_col_start = 20, nav_col_end = 83,
06-12 21:55:21.349 852 852 D FingerGoodix: nav_num = 2, nav_var_ths = 216, nav_avg_ths = 216
06-12 21:55:21.349 852 852 D FingerGoodix: gxfile_open xxx:/data/system/fingerprint/calibration_data
06-12 21:55:21.349 852 852 D FingerGoodix: File length = 59320
06-12 21:55:21.349 529 587 W DeviceHAL: Error from HAL Device in function set_master_volume: Function not implemented
06-12 21:55:21.349 529 587 W DeviceHAL: Error from HAL Device in function set_master_mute: Function not implemented
06-12 21:55:21.349 590 590 I AudioFlinger: loadHwModule() Loaded bluetooth audio interface, handle 42
06-12 21:55:21.350 852 852 E FingerGoodix: [sec_GXDec]DecBin begin!EncBinLen=59320, pDecBinLen=0, type=11
06-12 21:55:21.351 590 590 D AudioPolicyManagerCustom: USE_XML_AUDIO_POLICY_CONF is TRUE
06-12 21:55:21.352 590 590 I : Waiting for activity service
06-12 21:55:21.362 757 774 I ServiceManager: Waiting for service 'package_native' on '/dev/binder'...
06-12 21:55:21.384 852 852 E FingerGoodix: [checkGuid]checkUserGuid pass!
06-12 21:55:21.387 852 852 E FingerGoodix: [sec_GXDec]DecBin end
06-12 21:55:21.388 852 852 D FingerGoodix: Dec success
06-12 21:55:21.388 852 852 D FingerGoodix: gxfile_read:7, ret=59168
06-12 21:55:21.389 852 852 D FingerGoodix: preprocessor: load calidata ok
06-12 21:55:21.389 852 852 D FingerGoodix: use base in file
06-12 21:55:21.394 852 852 D FingerGoodix: ======> updateCalibrationB Enter
06-12 21:55:21.394 852 852 D FingerGoodix: ===> Get FDT Base 1st time.
06-12 21:55:21.412 771 771 I ServiceManagement: Registered vendor.qti.hardware.radio.am@1.0::IQcRilAudio/slot1 (start delay of 1183ms)
06-12 21:55:21.413 852 852 D FingerGoodix: ======> 0x0220 = 0x448
06-12 21:55:21.414 852 852 D FingerGoodix: fdt base[0] = 0xd67f
06-12 21:55:21.415 852 852 D FingerGoodix: fdt base[1] = 0xe17f
06-12 21:55:21.415 852 852 D FingerGoodix: fdt base[2] = 0xca7f
06-12 21:55:21.415 852 852 D FingerGoodix: fdt base[3] = 0xb47f
06-12 21:55:21.416 852 852 D FingerGoodix: fdt base[4] = 0xca7f
06-12 21:55:21.416 852 852 D FingerGoodix: fdt base[5] = 0xd27f
06-12 21:55:21.417 852 852 D FingerGoodix: fdt base[6] = 0xc77f
06-12 21:55:21.417 852 852 D FingerGoodix: fdt base[7] = 0xae7f
06-12 21:55:21.418 852 852 D FingerGoodix: fdt base[8] = 0xb67f
06-12 21:55:21.418 852 852 D FingerGoodix: fdt base[9] = 0xc27f
06-12 21:55:21.419 852 852 D FingerGoodix: fdt base[10] = 0xb47f
06-12 21:55:21.419 852 852 D FingerGoodix: fdt base[11] = 0xa07f
06-12 21:55:21.419 852 852 D FingerGoodix: gf_read_image
06-12 21:55:21.424 852 852 D FingerGoodix: ===> prepare to get image.
06-12 21:55:21.425 852 852 D FingerGoodix: In get_frame_data reg_status = 0x8
06-12 21:55:21.427 771 771 I ServiceManagement: Registered android.hardware.radio@1.1::IRadio/slot1 (start delay of 1198ms)
06-12 21:55:21.433 771 771 I ServiceManagement: Registered android.hardware.radio@1.1::ISap/slot1 (start delay of 1204ms)
06-12 21:55:21.437 771 941 D PerMgrLib: QCRIL voting for modem
06-12 21:55:21.437 585 945 D PerMgrSrv: QCRIL voting for modem
06-12 21:55:21.437 585 945 D PerMgrSrv: modem num voters is 2
06-12 21:55:21.439 771 941 E QMI_FW : QMUXD: WARNING qmi_qmux_if_pwr_up_init failed! rc=-6
06-12 21:55:21.462 757 774 I ServiceManager: Waiting for service 'package_native' on '/dev/binder'...
06-12 21:55:21.484 479 479 E ActivityRecognitionHardware: activity_recognition HAL is deprecated. class_init is effectively a no-op
06-12 21:55:21.506 636 925 I adbd : USB event: FUNCTIONFS_ENABLE
06-12 21:55:21.528 799 799 D FingerGoodix: FingerPrint, getService failed, try again later.
06-12 21:55:21.563 757 774 I ServiceManager: Waiting for service 'package_native' on '/dev/binder'...
06-12 21:55:21.574 852 852 D FingerGoodix: CRC32_Check_Frame g_crc32_from_chip=0x7b2674a6, g_crc32_from_host=0x7b2674a6
06-12 21:55:21.575 852 852 D FingerGoodix: gf_get_frame success.
06-12 21:55:21.575 852 852 D FingerGoodix: Got image. use:156ms
06-12 21:55:21.575 852 852 D FingerGoodix: ===> Get FDT Base 2nd time.
06-12 21:55:21.581 784 784 E mm-camera: sunny_gt24c64_eeprom_format_lensshading: 124: Enter
06-12 21:55:21.583 541 602 W LocSvc_ApiV02: registerMasterClient:1614] error status = eLOC_CLIENT_FAILURE_INVALID_MESSAGE_ID, reg_master_client_ind.status = eQMI_LOC_REGISTER_MASTER_CLIENT_SUCCESS_V02
06-12 21:55:21.584 796 817 E LocSvc_ApiV02: open:496:14]: Failed to get features supported from QMI_LOC_GET_SUPPORTED_FEATURE_REQ_V02.
06-12 21:55:21.584 479 479 I zygote64: Thread[1,tid=479,Native,Thread*=0x72b0a6ec00,peer=0x12c021b8,"main"] recursive attempt to load library "libmedia_jni.so"
06-12 21:55:21.585 541 602 E LocSvc_ApiV02: setSvMeasurementConstellation:6547]: Set GNSS constellation failed. status: eLOC_CLIENT_SUCCESS, ind status:eQMI_LOC_GENERAL_FAILURE_V02
06-12 21:55:21.585 479 479 D MtpDeviceJNI: register_android_mtp_MtpDevice
06-12 21:55:21.585 479 479 I zygote64: Thread[1,tid=479,Native,Thread*=0x72b0a6ec00,peer=0x12c021b8,"main"] recursive attempt to load library "libmedia_jni.so"
06-12 21:55:21.585 479 479 I zygote64: Thread[1,tid=479,Native,Thread*=0x72b0a6ec00,peer=0x12c021b8,"main"] recursive attempt to load library "libmedia_jni.so"
06-12 21:55:21.586 541 602 E LocSvc_ApiV02: open:496:14]: Failed to get features supported from QMI_LOC_GET_SUPPORTED_FEATURE_REQ_V02.
06-12 21:55:21.588 541 602 E LocSvc_LBSApiV02: operator():717]: Error : st = 3, ind.status = 0
06-12 21:55:21.588 541 983 E QMI_FW : QCCI qmi_cci_xport_recv: txn not found. svc_id: 16
06-12 21:55:21.593 852 852 D FingerGoodix: ======> 0x0220 = 0x448
06-12 21:55:21.594 541 602 E LocSvc_GnssAdapter: gnssUpdateConfig:1046] Feature constellation enablement not supported.
06-12 21:55:21.594 852 852 D FingerGoodix: fdt base[0] = 0xd77f
06-12 21:55:21.594 852 852 D FingerGoodix: fdt base[1] = 0xe27f
06-12 21:55:21.594 852 852 D FingerGoodix: fdt base[2] = 0xca7f
06-12 21:55:21.595 852 852 D FingerGoodix: fdt base[3] = 0xb57f
06-12 21:55:21.595 852 852 D FingerGoodix: fdt base[4] = 0xcb7f
06-12 21:55:21.596 852 852 D FingerGoodix: fdt base[5] = 0xd37f
06-12 21:55:21.597 835 891 E Diag_Lib: Diag_LSM_Init: Failed to open handle to diag driver, error = 13
06-12 21:55:21.597 835 891 E Diag_Lib: qpLogDiagInit <== result : 0
06-12 21:55:21.597 835 891 E Diag_Lib: DATAD : gIsQXDMDisabled 0, gIsADBDisabled 1, gIsDebugDisabled 0, gIsIMSLogsDisabled 0
06-12 21:55:21.598 835 835 E Diag_Lib: Diag_LSM_Init: Failed to open handle to diag driver, error = 13
06-12 21:55:21.598 835 835 E Diag_Lib: qpLogDiagInit <== result : 0
06-12 21:55:21.598 835 835 E Diag_Lib: DATAD : gIsQXDMDisabled 0, gIsADBDisabled 1, gIsDebugDisabled 0, gIsIMSLogsDisabled 0
06-12 21:55:21.598 852 852 D FingerGoodix: fdt base[6] = 0xc87f
06-12 21:55:21.598 541 602 E LocSvc_ApiV02: setBlacklistSvSync:7242] Set Blacklist SV failed. status: eLOC_CLIENT_FAILURE_INVALID_MESSAGE_ID ind status eQMI_LOC_SUCCESS_V02
06-12 21:55:21.600 541 602 E LocSvc_ApiV02: operator():6597] failed, status: eLOC_CLIENT_FAILURE_INVALID_MESSAGE_ID, ind status:eQMI_LOC_SUCCESS_V02
06-12 21:55:21.600 541 602 E LocSvc_ApiV02: operator():6632] failed. status: eLOC_CLIENT_FAILURE_INVALID_MESSAGE_ID, ind status:eQMI_LOC_SUCCESS_V02
06-12 21:55:21.600 852 852 D FingerGoodix: fdt base[7] = 0xaf7f
06-12 21:55:21.602 796 817 E LocSvc_IzatApiV02: operator():1143]: Error : st = 14, ind.status = 0
06-12 21:55:21.602 796 817 E LocSvc_IzatApiV02: operator():1149] injectIzatPcid fail
06-12 21:55:21.603 835 835 E Diag_Lib: Diag_LSM_Init: Failed to open handle to diag driver, error = 13
06-12 21:55:21.603 835 835 E Diag_Lib: qpLogDiagInit <== result : 0
06-12 21:55:21.603 835 835 E Diag_Lib: DATAD : gIsQXDMDisabled 0, gIsADBDisabled 1, gIsDebugDisabled 0, gIsIMSLogsDisabled 0
06-12 21:55:21.605 852 852 D FingerGoodix: fdt base[8] = 0xb77f
06-12 21:55:21.606 852 852 D FingerGoodix: fdt base[9] = 0xc37f
06-12 21:55:21.606 852 852 D FingerGoodix: fdt base[10] = 0xb47f
06-12 21:55:21.606 479 479 W Zygote : Class not found for preloading: android.media.audiopolicy.AudioProductStrategies
06-12 21:55:21.606 852 852 D FingerGoodix: fdt base[11] = 0xa07f
06-12 21:55:21.607 852 852 D FingerGoodix: ===> FDT threshold: 0x1b00
06-12 21:55:21.607 852 852 D FingerGoodix: diff 100
06-12 21:55:21.607 852 852 D FingerGoodix: diff 100
06-12 21:55:21.607 852 852 D FingerGoodix: diff 0
06-12 21:55:21.607 852 852 D FingerGoodix: diff 100
06-12 21:55:21.607 852 852 I chatty : uid=0(root) /vendor/bin/gx_fpd identical 3 lines
06-12 21:55:21.607 852 852 D FingerGoodix: diff 100
06-12 21:55:21.607 479 479 W Zygote : Class not found for preloading: android.media.audiopolicy.AudioVolumeGroups
06-12 21:55:21.607 852 852 D FingerGoodix: diff 100
06-12 21:55:21.607 852 852 D FingerGoodix: diff 100
06-12 21:55:21.607 852 852 D FingerGoodix: diff 0
06-12 21:55:21.607 852 852 D FingerGoodix: diff 0
06-12 21:55:21.607 852 852 D FingerGoodix: ===>Compare first time FDT Base is valid.
06-12 21:55:21.607 852 852 D FingerGoodix: Save nav base.
06-12 21:55:21.663 757 774 I ServiceManager: Waiting for service 'package_native' on '/dev/binder'...
06-12 21:55:21.758 479 479 W Zygote : Class not found for preloading: android.view.-$$Lambda$SurfaceView$Cs7TGTdA1lXf9qW8VOJAfEsMjdk
06-12 21:55:21.761 852 852 D FingerGoodix: CRC32_Check_Frame g_crc32_from_chip=0xac44712e, g_crc32_from_host=0xac44712e
06-12 21:55:21.761 852 852 D FingerGoodix: get_img_data success.
06-12 21:55:21.761 852 852 D FingerGoodix: Navigation Manual mode Choose base data.
06-12 21:55:21.761 852 852 D FingerGoodix: ===> Get FDT Base 3rd time.
06-12 21:55:21.764 757 774 I ServiceManager: Waiting for service 'package_native' on '/dev/binder'...
06-12 21:55:21.766 479 479 W Zygote : Class not found for preloading: android.view.SurfaceView$3
06-12 21:55:21.772 479 479 W Zygote : Class not found for preloading: android.view.textclassifier.-$$Lambda$TextClassificationManager$JIaezIJbMig_-kVzN6oArzkTsJE
06-12 21:55:21.779 852 852 D FingerGoodix: ======> 0x0220 = 0x448
06-12 21:55:21.780 852 852 D FingerGoodix: fdt base[0] = 0xd87f
06-12 21:55:21.780 852 852 D FingerGoodix: fdt base[1] = 0xe27f
06-12 21:55:21.781 852 852 D FingerGoodix: fdt base[2] = 0xcb7f
06-12 21:55:21.781 852 852 D FingerGoodix: fdt base[3] = 0xb57f
06-12 21:55:21.781 852 852 D FingerGoodix: fdt base[4] = 0xca7f
06-12 21:55:21.782 852 852 D FingerGoodix: fdt base[5] = 0xd37f
06-12 21:55:21.782 852 852 D FingerGoodix: fdt base[6] = 0xc87f
06-12 21:55:21.783 852 852 D FingerGoodix: fdt base[7] = 0xaf7f
06-12 21:55:21.783 852 852 D FingerGoodix: fdt base[8] = 0xb77f
06-12 21:55:21.784 852 852 D FingerGoodix: fdt base[9] = 0xc37f
06-12 21:55:21.784 852 852 D FingerGoodix: fdt base[10] = 0xb47f
06-12 21:55:21.784 852 852 D FingerGoodix: fdt base[11] = 0xa07f
06-12 21:55:21.784 852 852 D FingerGoodix: ===> FDT threshold: 0x1b00
06-12 21:55:21.784 852 852 D FingerGoodix: diff 100
06-12 21:55:21.784 852 852 D FingerGoodix: diff 0
06-12 21:55:21.784 852 852 D FingerGoodix: diff 100
06-12 21:55:21.784 852 852 D FingerGoodix: diff 0
06-12 21:55:21.784 852 852 D FingerGoodix: diff 100
06-12 21:55:21.784 852 852 D FingerGoodix: diff 0
06-12 21:55:21.785 852 852 I chatty : uid=0(root) /vendor/bin/gx_fpd identical 5 lines
06-12 21:55:21.785 852 852 D FingerGoodix: diff 0
06-12 21:55:21.785 852 852 D FingerGoodix: ===>Compare second time FDT Base is valid.
06-12 21:55:21.785 852 852 D FingerGoodix: ======Normal base=======
06-12 21:55:21.785 852 852 D FingerGoodix: 0xd87f
06-12 21:55:21.785 852 852 D FingerGoodix: 0xe27f
06-12 21:55:21.785 852 852 D FingerGoodix: 0xcb7f
06-12 21:55:21.785 852 852 D FingerGoodix: 0xb57f
06-12 21:55:21.785 852 852 D FingerGoodix: 0xca7f
06-12 21:55:21.785 852 852 D FingerGoodix: 0xd37f
06-12 21:55:21.785 852 852 D FingerGoodix: 0xc87f
06-12 21:55:21.785 852 852 D FingerGoodix: 0xaf7f
06-12 21:55:21.785 852 852 D FingerGoodix: 0xb77f
06-12 21:55:21.785 852 852 D FingerGoodix: 0xc37f
06-12 21:55:21.785 852 852 D FingerGoodix: 0xb47f
06-12 21:55:21.785 852 852 D FingerGoodix: 0xa07f
06-12 21:55:21.790 852 852 D FingerGoodix: is_var_big = 0
06-12 21:55:21.790 852 852 D FingerGoodix: var_range_num = 0
06-12 21:55:21.790 852 852 D FingerGoodix: is_avg_out_range_big = 0
06-12 21:55:21.790 852 852 D FingerGoodix: is_base_avg_out_range_neg = 0
06-12 21:55:21.790 852 852 D FingerGoodix: is_base_avg_out_range_pos = 0
06-12 21:55:21.790 852 852 D FingerGoodix: avg_range_num = 0
06-12 21:55:21.790 852 852 D FingerGoodix: is_tmp_big = 0
06-12 21:55:21.790 852 852 D FingerGoodix: is_base_big = 0
06-12 21:55:21.790 852 852 D FingerGoodix: In updateCalibraiotnB IMGFDT_isTouchedByFinger touch_by_finger = 2
06-12 21:55:21.790 852 852 D FingerGoodix: image base captured is not fingerdown
06-12 21:55:21.790 852 852 D FingerGoodix: ===>yfpan preprocessor_init 1 0 4 400
06-12 21:55:21.790 852 852 D FingerGoodix: ===>yfpan preprocessor_init ROW:88 COL:108
06-12 21:55:21.790 852 852 D FingerGoodix: PPLIB : cali B result 1, framenum=0, kr[256]=8192,kr[2048]=8192,b[256]=2409,b[2048]=1953,
06-12 21:55:21.790 852 852 D FingerGoodix: is_var_big = 0
06-12 21:55:21.790 852 852 D FingerGoodix: var_range_num = 0
06-12 21:55:21.790 852 852 D FingerGoodix: is_avg_out_range_big = 0
06-12 21:55:21.790 852 852 D FingerGoodix: is_base_avg_out_range_neg = 0
06-12 21:55:21.790 852 852 D FingerGoodix: is_base_avg_out_range_pos = 0
06-12 21:55:21.790 852 852 D FingerGoodix: avg_range_num = 0
06-12 21:55:21.790 852 852 D FingerGoodix: is_tmp_big = 0
06-12 21:55:21.790 852 852 D FingerGoodix: is_base_big = 0
06-12 21:55:21.790 852 852 D FingerGoodix: In updateCalibraiotnB NavFDT_isTouchedByFinger touch_by_finger = 2
06-12 21:55:21.790 852 852 D FingerGoodix: nav base captured is not fingerdown
06-12 21:55:21.790 852 852 D FingerGoodix: preprocessor version: Preprocess_v_1.01.01
06-12 21:55:21.792 852 852 D FingerGoodix: gxfile_open xxx:/data/system/fingerprint/calibration_data
06-12 21:55:21.792 479 479 W Zygote : Class not found for preloading: com.android.internal.net.NetworkStatsFactory
06-12 21:55:21.792 852 852 E FingerGoodix: [sec_GXEnc]EncBin begin joey test
06-12 21:55:21.797 852 852 I gx_fpd : type=1400 audit(0.0:26): avc: denied { write } for name="tasks" dev="tmpfs" ino=15690 scontext=u:r:gx_fpd:s0 tcontext=u:object_r:device:s0 tclass=file permissive=1
06-12 21:55:21.797 852 852 I gx_fpd : type=1400 audit(0.0:27): avc: denied { open } for path="/dev/stune/foreground/tasks" dev="tmpfs" ino=15690 scontext=u:r:gx_fpd:s0 tcontext=u:object_r:device:s0 tclass=file permissive=1
06-12 21:55:21.798 852 852 E FingerGoodix: [sec_GXEnc]EncBin end
06-12 21:55:21.798 852 852 D FingerGoodix: gxfile_write in: fd:7,len:59320
06-12 21:55:21.798 852 852 D FingerGoodix: gxfile_write result not 0 write: fd:7,len:59320
06-12 21:55:21.798 852 852 D FingerGoodix: ======> updateCalibrationB Exit
06-12 21:55:21.798 852 852 D FingerGoodix: gGxMutex unlock-------------->>>>>>>
06-12 21:55:21.799 852 852 D FingerGoodix: preprocessor init ret = 0
06-12 21:55:21.799 852 852 D FingerGoodix: FingerPrintService is constructing 5
06-12 21:55:21.799 852 852 D FingerGoodix: FingerPrintService is constructing 6
06-12 21:55:21.799 852 852 D FingerGoodix: FingerPrintService is constructing 7
06-12 21:55:21.799 852 852 D FingerGoodix: mCurStatus = 0 , nextStatus = 1
06-12 21:55:21.799 852 992 D FingerGoodix: create RawDataProcessLoop!
06-12 21:55:21.799 852 852 D FingerGoodix: GOODIX_FP_REGISTER_COUNT property: 0
06-12 21:55:21.799 852 992 D FingerGoodix: RawDataProcessLoop waiting signal!
06-12 21:55:21.799 852 992 D FingerGoodix: setChipMode = 1
06-12 21:55:21.799 852 852 D FingerGoodix: GOODIX_FP_TEMPLATE_COUNT property: 0
06-12 21:55:21.799 852 992 D FingerGoodix: fingerprint set mode. mode = 0x1
06-12 21:55:21.799 852 852 D FingerGoodix: FpService init finish.
06-12 21:55:21.799 852 992 D FingerGoodix: delete timer
06-12 21:55:21.799 852 992 D FingerGoodix: Enter device_setMode ------<<<<<<
06-12 21:55:21.799 852 992 D FingerGoodix: device_setMode cur_mode is 0, mode want to set is 1
06-12 21:55:21.800 852 992 D FingerGoodix: === KEY/NAV === reg = 0x0
06-12 21:55:21.800 852 992 D FingerGoodix: Key, FDT DOWN.
06-12 21:55:21.800 852 992 D FingerGoodix: fnCa_MFSetMode(KEY/NAV)
06-12 21:55:21.800 852 992 D FingerGoodix: gGxMutex lock--------------<<<<<<<<<<<
06-12 21:55:21.800 852 992 D FingerGoodix: FP_REQUEST_Setmode
06-12 21:55:21.800 852 852 D FingerGoodix: addService "goodix.fp", ret=0
06-12 21:55:21.804 479 479 W Zygote : Class not found for preloading: com.android.internal.telephony.-$$Lambda$PhoneSubInfoController$8HFbCDJDN1mrLJG980qYH5MGqMk
06-12 21:55:21.804 479 479 W Zygote : Class not found for preloading: com.android.internal.telephony.-$$Lambda$PhoneSubInfoController$U28a_EGx2cvmQhDfRRgonMt5Zrc
06-12 21:55:21.805 479 479 W Zygote : Class not found for preloading: com.android.internal.telephony.-$$Lambda$SubscriptionInfoUpdater$-zZXM9oMRZ3vZz7dJOG19J00Bmw
06-12 21:55:21.805 479 479 W Zygote : Class not found for preloading: com.android.internal.telephony.-$$Lambda$SubscriptionInfoUpdater$D5yF1HbS4cvCyoAj3FESkPtA_0g
06-12 21:55:21.805 479 479 W Zygote : Class not found for preloading: com.android.internal.telephony.-$$Lambda$SubscriptionInfoUpdater$MMx9iQX0JVqqMPLTUZhdBubFSzU
06-12 21:55:21.809 852 992 D FingerGoodix: gGxMutex unlock-------------->>>>>>>
06-12 21:55:21.809 852 992 D FingerGoodix: Exit device_setMode ------->>>>>>
06-12 21:55:21.809 852 992 D FingerGoodix: RawDataProcessLoop set to default mode
06-12 21:55:21.811 479 479 W Zygote : Class not found for preloading: com.android.internal.telephony.GsmCdmaPhone$3
06-12 21:55:21.815 479 479 W Zygote : Class not found for preloading: com.android.internal.telephony.PhoneConfigurationModels
06-12 21:55:21.818 479 479 W Zygote : Class not found for preloading: com.android.internal.telephony.SubscriptionController$ScLocalLog
06-12 21:55:21.819 479 479 W Zygote : Class not found for preloading: com.android.internal.telephony.UiccSmsController
06-12 21:55:21.825 479 479 W Zygote : Class not found for preloading: com.android.internal.telephony.imsphone.-$$Lambda$ImsPhoneCallTracker$QlPVd_3u4_verjHUDnkn6zaSe54
06-12 21:55:21.826 479 479 W Zygote : Class not found for preloading: com.android.internal.telephony.imsphone.ImsPhone$3
06-12 21:55:21.852 784 784 I mm-camera: < INFO> 98: server_process_module_init: Begin init mods
06-12 21:55:21.864 757 774 I ServiceManager: Waiting for service 'package_native' on '/dev/binder'...
06-12 21:55:21.864 784 784 I mm-camera: < INFO> 3962: isp_resource_get_isp_hw_limit: isp hw limit 0
06-12 21:55:21.892 784 784 I mm-camera: < INFO> 105: module_color_correct40_init: name color_correct40
06-12 21:55:21.895 784 784 I mm-camera: < INFO> 97: module_luma_adaptation40_init: name luma_adaptation40
06-12 21:55:21.915 479 479 I Zygote : ...preloaded 7585 classes in 1625ms.
06-12 21:55:21.915 479 479 I zygote64: VMRuntime.preloadDexCaches starting
06-12 21:55:21.920 784 784 I mm-camera: < INFO> 3962: isp_resource_get_isp_hw_limit: isp hw limit 0
06-12 21:55:21.927 784 784 I mm-camera: < INFO> 105: module_color_correct40_init: name color_correct40
06-12 21:55:21.927 784 784 I mm-camera: < INFO> 97: module_luma_adaptation40_init: name luma_adaptation40
06-12 21:55:21.929 784 784 I mm-camera: < INFO> 897: module_isp_init: module 0xf1cf5480
06-12 21:55:21.947 784 784 I mm-camera: < INFO> 155: cpp_module_init: info: CPP module_init successful
06-12 21:55:21.964 757 774 I ServiceManager: Waiting for service 'package_native' on '/dev/binder'...
06-12 21:55:21.965 784 784 E mm-camera: 1168: frameproc_comp_reload_lib: frameproc_comp_reload_lib:1168] Error opening frameproc library libmmcamera_ppeiscore.so error dlopen failed: library "libmmcamera_ppeiscore.so" not found
06-12 21:55:21.965 784 784 E mm-camera: 1037: frameproc_comp_load: frameproc_comp_load:1037] cannot load libmmcamera_ppeiscore.so
06-12 21:55:21.965 784 784 E mm-camera: 3096: module_imgbase_init: module_imgbase_init_ppeiscore:3096] Error rc -7
06-12 21:55:21.972 784 784 E mm-camera: 957: frameproc_comp_load_fn_ptrs: img_algo_post_process can be NULL for few AOST features
06-12 21:55:21.974 784 784 E mm-camera: 1168: frameproc_comp_reload_lib: frameproc_comp_reload_lib:1168] Error opening frameproc library libmmcamera_llvd.so error dlopen failed: library "libllvd_smore.so" not found
06-12 21:55:21.974 784 784 E mm-camera: 1037: frameproc_comp_load: frameproc_comp_load:1037] cannot load libmmcamera_llvd.so
06-12 21:55:21.974 784 784 E mm-camera: 3096: module_imgbase_init: module_imgbase_init_llvd:3096] Error rc -7
06-12 21:55:21.975 784 784 E mm-camera: 1168: frameproc_comp_reload_lib: frameproc_comp_reload_lib:1168] Error opening frameproc library libmmcamera_sw_tnr.so error dlopen failed: library "libmmcamera_sw_tnr.so" not found
06-12 21:55:21.975 784 784 E mm-camera: 1037: frameproc_comp_load: frameproc_comp_load:1037] cannot load libmmcamera_sw_tnr.so
