06-12 21:55:29.193 773 1822 V C2Store : loading dll
06-12 21:55:29.194 773 886 V C2Store : in ~ComponentModule
06-12 21:55:29.194 773 886 V C2Store : unloading dll
06-12 21:55:29.197 751 893 I Codec2InfoBuilder: adding type 'audio/flac'
06-12 21:55:29.198 773 883 V C2Store : in init
06-12 21:55:29.198 773 883 V C2Store : loading dll
06-12 21:55:29.198 773 886 V C2Store : in ~ComponentModule
06-12 21:55:29.198 773 886 V C2Store : unloading dll
06-12 21:55:29.201 751 893 I Codec2InfoBuilder: adding type 'audio/flac'
06-12 21:55:29.202 773 773 V C2Store : in init
06-12 21:55:29.202 773 773 V C2Store : loading dll
06-12 21:55:29.202 773 886 V C2Store : in ~ComponentModule
06-12 21:55:29.202 773 886 V C2Store : unloading dll
06-12 21:55:29.206 751 893 I Codec2InfoBuilder: adding type 'audio/g711-alaw'
06-12 21:55:29.206 773 773 V C2Store : in init
06-12 21:55:29.206 773 773 V C2Store : loading dll
06-12 21:55:29.207 773 886 V C2Store : in ~ComponentModule
06-12 21:55:29.207 773 886 V C2Store : unloading dll
06-12 21:55:29.210 751 893 I Codec2InfoBuilder: adding type 'audio/g711-mlaw'
06-12 21:55:29.211 773 883 V C2Store : in init
06-12 21:55:29.211 773 883 V C2Store : loading dll
06-12 21:55:29.211 773 1822 V C2Store : in ~ComponentModule
06-12 21:55:29.211 773 1822 V C2Store : unloading dll
06-12 21:55:29.214 751 893 D Codec2InfoBuilder: codec entry for 'c2.android.gsm.decoder' is disabled
06-12 21:55:29.214 773 773 V C2Store : in init
06-12 21:55:29.214 773 773 V C2Store : loading dll
06-12 21:55:29.215 773 1822 V C2Store : in ~ComponentModule
06-12 21:55:29.215 773 1822 V C2Store : unloading dll
06-12 21:55:29.218 751 893 I Codec2InfoBuilder: adding type 'video/3gpp'
06-12 21:55:29.220 773 1822 V C2Store : in init
06-12 21:55:29.220 773 1822 V C2Store : loading dll
06-12 21:55:29.220 773 773 V C2Store : in ~ComponentModule
06-12 21:55:29.220 773 773 V C2Store : unloading dll
06-12 21:55:29.224 751 893 I Codec2InfoBuilder: adding type 'video/3gpp'
06-12 21:55:29.225 773 883 V C2Store : in init
06-12 21:55:29.225 773 883 V C2Store : loading dll
06-12 21:55:29.226 773 1822 V C2Store : in ~ComponentModule
06-12 21:55:29.226 773 1822 V C2Store : unloading dll
06-12 21:55:29.229 751 893 I Codec2InfoBuilder: adding type 'video/hevc'
06-12 21:55:29.231 773 883 V C2Store : in init
06-12 21:55:29.232 773 883 V C2Store : loading dll
06-12 21:55:29.232 773 1822 V C2Store : in ~ComponentModule
06-12 21:55:29.232 773 1822 V C2Store : unloading dll
06-12 21:55:29.233 773 883 D C2SoftHevcEnc: Given level 6000 does not cover current configuration: adjusting to 6001
06-12 21:55:29.235 773 883 D C2SoftHevcEnc: Given level 6000 does not cover current configuration: adjusting to 6001
06-12 21:55:29.236 751 893 D Codec2InfoBuilder: codec entry for 'c2.android.hevc.encoder' is disabled
06-12 21:55:29.236 773 773 V C2Store : in init
06-12 21:55:29.237 773 773 V C2Store : loading dll
06-12 21:55:29.237 773 1822 V C2Store : in ~ComponentModule
06-12 21:55:29.237 773 1822 V C2Store : unloading dll
06-12 21:55:29.240 751 893 I Codec2InfoBuilder: adding type 'audio/mpeg'
06-12 21:55:29.240 773 773 V C2Store : in init
06-12 21:55:29.241 773 773 V C2Store : loading dll
06-12 21:55:29.241 773 1822 V C2Store : in ~ComponentModule
06-12 21:55:29.241 773 1822 V C2Store : unloading dll
06-12 21:55:29.245 751 893 D Codec2InfoBuilder: codec entry for 'c2.android.mpeg2.decoder' is disabled
06-12 21:55:29.246 773 1821 V C2Store : in init
06-12 21:55:29.246 773 1821 V C2Store : loading dll
06-12 21:55:29.246 773 773 V C2Store : in ~ComponentModule
06-12 21:55:29.246 773 773 V C2Store : unloading dll
06-12 21:55:29.251 751 893 I Codec2InfoBuilder: adding type 'video/mp4v-es'
06-12 21:55:29.252 773 883 V C2Store : in init
06-12 21:55:29.252 773 883 V C2Store : loading dll
06-12 21:55:29.256 773 1821 V C2Store : in ~ComponentModule
06-12 21:55:29.257 773 1821 V C2Store : unloading dll
06-12 21:55:29.257 751 893 I Codec2InfoBuilder: adding type 'video/mp4v-es'
06-12 21:55:29.258 773 883 V C2Store : in init
06-12 21:55:29.258 773 883 V C2Store : loading dll
06-12 21:55:29.259 773 1821 V C2Store : in ~ComponentModule
06-12 21:55:29.259 773 1821 V C2Store : unloading dll
06-12 21:55:29.261 751 893 I Codec2InfoBuilder: adding type 'audio/opus'
06-12 21:55:29.262 773 773 V C2Store : in init
06-12 21:55:29.262 773 773 V C2Store : loading dll
06-12 21:55:29.262 773 1821 V C2Store : in ~ComponentModule
06-12 21:55:29.262 773 1821 V C2Store : unloading dll
06-12 21:55:29.265 751 893 I Codec2InfoBuilder: adding type 'audio/opus'
06-12 21:55:29.265 773 883 V C2Store : in init
06-12 21:55:29.266 773 883 V C2Store : loading dll
06-12 21:55:29.266 773 773 V C2Store : in ~ComponentModule
06-12 21:55:29.266 773 773 V C2Store : unloading dll
06-12 21:55:29.269 751 893 I Codec2InfoBuilder: adding type 'audio/raw'
06-12 21:55:29.269 773 1822 V C2Store : in init
06-12 21:55:29.269 773 1822 V C2Store : loading dll
06-12 21:55:29.270 773 773 V C2Store : in ~ComponentModule
06-12 21:55:29.270 773 773 V C2Store : unloading dll
06-12 21:55:29.273 751 893 I Codec2InfoBuilder: adding type 'audio/vorbis'
06-12 21:55:29.274 773 1821 V C2Store : in init
06-12 21:55:29.274 773 1821 V C2Store : loading dll
06-12 21:55:29.274 773 883 V C2Store : in ~ComponentModule
06-12 21:55:29.274 773 883 V C2Store : unloading dll
06-12 21:55:29.278 751 893 I Codec2InfoBuilder: adding type 'video/x-vnd.on2.vp8'
06-12 21:55:29.279 773 883 V C2Store : in init
06-12 21:55:29.279 773 883 V C2Store : loading dll
06-12 21:55:29.279 773 1821 V C2Store : in ~ComponentModule
06-12 21:55:29.279 773 1821 V C2Store : unloading dll
06-12 21:55:29.281 773 883 I C2SoftVp8Enc: setting temporal layering 0 + 0
06-12 21:55:29.283 773 883 I C2SoftVp8Enc: setting temporal layering 0 + 0
06-12 21:55:29.284 751 893 I Codec2InfoBuilder: adding type 'video/x-vnd.on2.vp8'
06-12 21:55:29.286 773 883 V C2Store : in init
06-12 21:55:29.287 773 883 V C2Store : loading dll
06-12 21:55:29.287 773 1821 V C2Store : in ~ComponentModule
06-12 21:55:29.287 773 1821 V C2Store : unloading dll
06-12 21:55:29.291 751 893 I Codec2InfoBuilder: adding type 'video/x-vnd.on2.vp9'
06-12 21:55:29.293 773 1821 V C2Store : in init
06-12 21:55:29.293 773 1821 V C2Store : loading dll
06-12 21:55:29.294 773 883 V C2Store : in ~ComponentModule
06-12 21:55:29.294 773 883 V C2Store : unloading dll
06-12 21:55:29.295 773 1821 I C2SoftVp9Enc: setting temporal layering 0 + 0
06-12 21:55:29.297 773 1821 I C2SoftVp9Enc: setting temporal layering 0 + 0
06-12 21:55:29.298 751 893 D Codec2InfoBuilder: codec entry for 'c2.android.vp9.encoder' is disabled
06-12 21:55:29.298 773 1821 V C2Store : in ~ComponentModule
06-12 21:55:29.299 773 1821 V C2Store : unloading dll
06-12 21:55:29.304 1154 1641 I OMXClient: IOmx service obtained
06-12 21:55:29.304 1614 1800 I OMXClient: IOmx service obtained
06-12 21:55:29.305 760 917 I OMXMaster: makeComponentInstance(OMX.google.vorbis.decoder) in android.hardwar process
06-12 21:55:29.306 760 1770 I OMXMaster: makeComponentInstance(OMX.google.vorbis.decoder) in android.hardwar process
06-12 21:55:29.386 1154 1831 I OMXClient: IOmx service obtained
06-12 21:55:29.386 760 917 I OMXMaster: makeComponentInstance(OMX.google.vorbis.decoder) in android.hardwar process
06-12 21:55:29.392 1614 1834 I OMXClient: IOmx service obtained
06-12 21:55:29.393 760 917 I OMXMaster: makeComponentInstance(OMX.google.vorbis.decoder) in android.hardwar process
06-12 21:55:29.452 1154 1837 I OMXClient: IOmx service obtained
06-12 21:55:29.453 760 914 I OMXMaster: makeComponentInstance(OMX.google.vorbis.decoder) in android.hardwar process
06-12 21:55:29.460 1614 1840 I OMXClient: IOmx service obtained
06-12 21:55:29.460 760 760 I OMXMaster: makeComponentInstance(OMX.google.vorbis.decoder) in android.hardwar process
06-12 21:55:29.504 1154 1498 D SystemServerTimingAsync: AppDataPrepare took to complete: 4214ms
06-12 21:55:29.504 1154 1498 I PackageManager: Deferred reconcileAppsData finished 201 packages
06-12 21:55:29.504 1154 1498 D SystemServerInitThreadPool: Finished executing prepareAppData
06-12 21:55:29.504 1154 1154 I SystemServer: PhaseThirdPartyAppsCanStart
06-12 21:55:29.504 1154 1154 I SystemServiceManager: Starting phase 600
06-12 21:55:29.506 1154 1154 I ExplicitHealthCheckController: Explicit health checks enabled.
06-12 21:55:29.506 1154 1154 I PackageWatchdog: Syncing state, reason: health check state enabled
06-12 21:55:29.506 1154 1154 I PackageWatchdog: Not pruning observers, elapsed time: 0ms
06-12 21:55:29.506 1154 1187 I PackageWatchdog: Saving observer state to file
06-12 21:55:29.506 1154 1154 I PackageWatchdog: Cancelling state sync, nothing to sync
06-12 21:55:29.511 1154 1154 V WallpaperManagerService: bindWallpaperComponentLocked: componentName=ComponentInfo{com.android.systemui/com.android.systemui.ImageWallpaper}
06-12 21:55:29.511 1154 1843 I OMXClient: IOmx service obtained
06-12 21:55:29.511 760 760 I OMXMaster: makeComponentInstance(OMX.google.vorbis.decoder) in android.hardwar process
06-12 21:55:29.521 1154 1154 W PocketService: Un-handled boot phase:600
06-12 21:55:29.526 1154 1154 I StatsCompanionService: Told statsd that StatsCompanionService is alive.
06-12 21:55:29.537 1154 1154 D SystemServerTiming: PhaseThirdPartyAppsCanStart took to complete: 33ms
06-12 21:55:29.537 1154 1154 I SystemServer: StartNetworkStack
06-12 21:55:29.541 1154 1154 D SystemServerTiming: StartNetworkStack took to complete: 4ms
06-12 21:55:29.541 1154 1154 I SystemServer: MakeLocationServiceReady
06-12 21:55:29.553 479 479 D Zygote : Forked child process 1848
06-12 21:55:29.556 1154 1189 I ActivityManager: Start proc 1848:com.android.networkstack/1073 for service {com.android.networkstack/com.android.server.NetworkStackService}
06-12 21:55:29.560 1154 1154 W ServiceWatcher: com.google.android.gms not found
06-12 21:55:29.561 1154 1154 W ServiceWatcher: org.microg.nlp not found
06-12 21:55:29.561 1848 1848 I Zygote : seccomp disabled by setenforce 0
06-12 21:55:29.562 1154 1856 I OMXClient: IOmx service obtained
06-12 21:55:29.563 1154 1154 W ServiceWatcher: com.qualcomm.location not found
06-12 21:55:29.563 760 760 I OMXMaster: makeComponentInstance(OMX.google.vorbis.decoder) in android.hardwar process
06-12 21:55:29.563 1154 1154 W LocationManagerService: no network location provider found
06-12 21:55:29.563 1154 1154 W ServiceWatcher: com.google.android.gms not found
06-12 21:55:29.563 1154 1154 W ServiceWatcher: org.microg.nlp not found
06-12 21:55:29.565 1154 1154 W ServiceWatcher: com.google.android.gms not found
06-12 21:55:29.566 1154 1154 W ServiceWatcher: org.microg.nlp not found
06-12 21:55:29.566 1154 1154 E LocationManagerService: no geocoder provider found
06-12 21:55:29.566 1154 1154 W ServiceWatcher: com.google.android.gms not found
06-12 21:55:29.567 1154 1154 W ServiceWatcher: org.microg.nlp not found
06-12 21:55:29.567 1154 1154 D LocationManagerService: Unable to bind FLP Geofence proxy.
06-12 21:55:29.567 1154 1154 E ActivityRecognitionHardware: activity_recognition HAL is deprecated. is_supported is effectively a no-op
06-12 21:55:29.567 1154 1154 D LocationManagerService: Hardware Activity-Recognition not supported.
06-12 21:55:29.568 1154 1154 W ServiceWatcher: com.google.android.gms not found
06-12 21:55:29.569 1154 1154 W ServiceWatcher: org.microg.nlp not found
06-12 21:55:29.569 1154 1154 D LocationManagerService: Unable to bind ActivityRecognitionProxy.
06-12 21:55:29.576 1154 1154 D SystemServerTiming: MakeLocationServiceReady took to complete: 35ms
06-12 21:55:29.577 1154 1179 D GnssLocationProvider: Link to death notification successful
06-12 21:55:29.577 1154 1154 I SystemServer: MakeCountryDetectionServiceReady
06-12 21:55:29.577 1154 1154 D SystemServerTiming: MakeCountryDetectionServiceReady took to complete: 0ms
06-12 21:55:29.577 1154 1154 I SystemServer: MakeNetworkTimeUpdateReady
06-12 21:55:29.579 1154 1154 D ConnectivityService: requestNetwork for uid/pid:1000/1154 NetworkRequest [ TRACK_DEFAULT id=10, [ Capabilities: INTERNET&NOT_RESTRICTED&TRUSTED Uid: 1000] ]
06-12 21:55:29.580 1154 1589 D Ethernet: got request NetworkRequest [ TRACK_DEFAULT id=10, [ Capabilities: INTERNET&NOT_RESTRICTED&TRUSTED Uid: 1000] ] with score 0 and serial 0
06-12 21:55:29.580 1154 1154 D SystemServerTiming: MakeNetworkTimeUpdateReady took to complete: 3ms
06-12 21:55:29.580 1154 1154 I SystemServer: MakeInputManagerServiceReady
06-12 21:55:29.581 1154 1154 D SystemServerTiming: MakeInputManagerServiceReady took to complete: 1ms
06-12 21:55:29.581 1154 1154 I SystemServer: MakeTelephonyRegistryReady
06-12 21:55:29.582 1154 1154 D SystemServerTiming: MakeTelephonyRegistryReady took to complete: 1ms
06-12 21:55:29.582 1154 1154 I SystemServer: MakeMediaRouterServiceReady
06-12 21:55:29.583 1154 1154 D SystemServerTiming: MakeMediaRouterServiceReady took to complete: 1ms
06-12 21:55:29.583 1154 1154 I SystemServer: MakeMmsServiceReady
06-12 21:55:29.583 1154 1154 I MmsServiceBroker: Delay connecting to MmsService until an API is called
06-12 21:55:29.583 1154 1154 D SystemServerTiming: MakeMmsServiceReady took to complete: 0ms
06-12 21:55:29.583 1154 1154 I SystemServer: IncidentDaemonReady
06-12 21:55:29.586 1154 1179 D GnssLocationProvider: gnssNameCb: name=qcom;MPSS.JO.1.2.C2-89031;
06-12 21:55:29.586 1154 1154 D SystemServerTiming: IncidentDaemonReady took to complete: 3ms
06-12 21:55:29.587 1154 1570 D GnssLocationProvider: gnssSetCapabilitesCb: 35u
06-12 21:55:29.587 1154 1179 I GnssLocationProvider: Unable to initialize IGnssXtra interface.
06-12 21:55:29.587 1154 1570 D GnssLocationProvider: gnssSetSystemInfoCb: yearOfHw=2015
06-12 21:55:29.589 1154 1154 I ActivityManager: Current user:0
06-12 21:55:29.590 1154 1154 I SystemServiceManager: Calling onStartUser u0
06-12 21:55:29.593 1154 1179 I GnssLocationProvider: Unable to initialize IGnssNi interface.
06-12 21:55:29.594 1154 1534 I InputReader: Reconfiguring input devices. changes=0x00000020
06-12 21:55:29.598 1154 1534 I InputReader: Reconfiguring input devices. changes=0x00000010
06-12 21:55:29.601 585 945 D PerMgrSrv: modem state: is on-line, add client GPS
06-12 21:55:29.601 585 945 D PerMgrSrv: GPS registered
06-12 21:55:29.602 541 589 D PerMgrLib: GPS successfully registered for modem
06-12 21:55:29.602 541 589 D PerMgrLib: GPS voting for modem
06-12 21:55:29.602 1154 1154 W VoiceInteractionManagerService: no available voice interaction services found for user 0
06-12 21:55:29.602 585 945 D PerMgrSrv: GPS voting for modem
06-12 21:55:29.602 585 945 D PerMgrSrv: modem num voters is 4
06-12 21:55:29.602 1154 1154 W VoiceInteractionManagerService: no available voice recognition services found for user 0
06-12 21:55:29.603 541 589 D PerMgrLib: GPS unvoting for modem
06-12 21:55:29.603 585 945 D PerMgrSrv: GPS removing vote for modem
06-12 21:55:29.603 585 945 D PerMgrSrv: modem num voters is 4
06-12 21:55:29.607 1154 1201 D GnssLocationProvider: gnssSetCapabilitesCb: 35u
06-12 21:55:29.610 1154 1201 D GnssLocationProvider: gnssSetSystemInfoCb: yearOfHw=2015
06-12 21:55:29.623 1154 1154 I ActivityTaskManager: START u0 {act=android.intent.action.MAIN cat=[android.intent.category.HOME] flg=0x10000100 cmp=com.android.settings/.FallbackHome} from uid 0
06-12 21:55:29.629 479 479 D Zygote : Forked child process 1877
06-12 21:55:29.633 1877 1877 I Zygote : seccomp disabled by setenforce 0
06-12 21:55:29.661 1154 1891 I OMXClient: IOmx service obtained
06-12 21:55:29.662 760 917 I OMXMaster: makeComponentInstance(OMX.google.vorbis.decoder) in android.hardwar process
06-12 21:55:29.709 590 724 D AudioPolicyManagerCustom: setForceUse() usage 7, config 0, mPhoneState 0
06-12 21:55:29.743 1154 1171 I system_server: Background concurrent copying GC freed 28223(2103KB) AllocSpace objects, 16(1340KB) LOS objects, 49% free, 7776KB/15MB, paused 137us total 146.166ms
06-12 21:55:29.761 1154 1154 I ActivityTaskManager: Loaded persisted task ids for user 0
06-12 21:55:29.767 553 553 E QTI PowerHAL: Failed to acquire lock.
06-12 21:55:29.767 553 553 E QTI PowerHAL: Failed to perform launch boost
06-12 21:55:29.921 1154 1154 D SystemServerTiming: ActivityManagerStartApps took to complete: 332ms
06-12 21:55:29.921 1154 1154 D SystemServerTiming: PhaseActivityManagerReady took to complete: 2031ms
06-12 21:55:29.922 1154 1189 W ActivityManager: Slow operation: 311ms so far, now at startProcess: done updating battery stats
06-12 21:55:29.923 1154 1189 W ActivityManager: Slow operation: 312ms so far, now at startProcess: building log message
06-12 21:55:29.923 1154 1189 I ActivityManager: Start proc 1877:.dataservices/1000 for added application .dataservices
06-12 21:55:29.923 1154 1189 W ActivityManager: Slow operation: 312ms so far, now at startProcess: starting to update pids map
06-12 21:55:29.923 1154 1189 W ActivityManager: Slow operation: 312ms so far, now at startProcess: done updating pids map
06-12 21:55:29.923 1154 1180 W Looper : Slow dispatch took 309ms android.ui h=com.android.server.am.ActivityManagerService$UiHandler c=null m=53
06-12 21:55:29.923 1154 1189 W ActivityManager: Slow operation: 309ms so far, now at startProcess: asking zygote to start proc
06-12 21:55:29.926 1154 1154 D SystemServerInitThreadPool: Shutdown successful
06-12 21:55:29.926 1154 1154 D SystemServerTiming: StartServices took to complete: 6684ms
06-12 21:55:29.940 1154 1179 D GnssLocationProvider: gnssNameCb: name=qcom;MPSS.JO.1.2.C2-89031;
06-12 21:55:29.941 1154 1179 D GnssLocationProvider: gnssSetCapabilitesCb: 35u
06-12 21:55:29.941 1154 1179 D GnssLocationProvider: gnssSetSystemInfoCb: yearOfHw=2015
06-12 21:55:29.942 1154 1179 I GnssLocationProvider: Unable to initialize IGnssXtra interface.
06-12 21:55:29.943 1154 1179 I GnssLocationProvider: Unable to initialize IGnssNi interface.
06-12 21:55:29.943 541 589 D PerMgrLib: GPS voting for modem
06-12 21:55:29.944 585 945 D PerMgrSrv: GPS voting for modem
06-12 21:55:29.944 585 945 D PerMgrSrv: modem num voters is 4
06-12 21:55:29.947 796 816 W LocSvc_xtra2: onRequestNtpTime:204] NTP download req state:0 reqsource:2 cursource:65535 isGpsEnabled:1
06-12 21:55:29.947 479 479 D Zygote : Forked child process 1901
06-12 21:55:29.949 796 1903 E LocSvc_xtra2: downloadSntpTime:303] DNS resolution on time.izatcloud.net failed with ret code 11 System error returned in errno
06-12 21:55:29.949 478 900 W ServiceManager: Permission failure: android.permission.NETWORK_STACK from uid=1073 pid=1848
06-12 21:55:29.949 796 816 W LocSvc_xtra2: updateXtraServers:260] XTRA server: http://xtrapath3.izatcloud.net/xtra3grc.bin http://xtrapath1.izatcloud.net/xtra3grc.bin http://xtrapath2.izatcloud.net/xtra3grc.bin
06-12 21:55:29.949 1154 1179 I GnssVisibilityControl: Updating non-framework location access proxy apps in the GNSS HAL to: []
06-12 21:55:29.950 478 900 I netd : registerUnsolicitedEventListener() <2.44ms>
06-12 21:55:29.950 796 816 W : onRequestXtraData:158] On Req XTRA data Xtrastate:0 retry:0 curReqSource:65535 newreqSource:0x0 isCon:0 isNonMetered:0 isGpsEnabled:1
06-12 21:55:29.951 1154 1181 I DropBoxManagerService: add tag=system_server_strictmode isTagEnabled=true flags=0x2
06-12 21:55:29.951 1154 1179 W Looper : Slow dispatch took 374ms android.fg h=com.android.server.location.GnssLocationProvider$ProviderHandler c=null m=13
06-12 21:55:29.951 1154 1189 W ActivityManager: Slow operation: 337ms so far, now at startProcess: returned from zygote!
06-12 21:55:29.951 1154 1179 I GnssBlacklistHelper: Update GNSS satellite blacklist:
06-12 21:55:29.951 1154 1189 W ActivityManager: Slow operation: 337ms so far, now at startProcess: done updating battery stats
06-12 21:55:29.951 1154 1189 W ActivityManager: Slow operation: 337ms so far, now at startProcess: building log message
06-12 21:55:29.951 1154 1189 I ActivityManager: Start proc 1901:com.qualcomm.qti.telephonyservice/1001 for added application com.qualcomm.qti.telephonyservice
06-12 21:55:29.952 1154 1189 W ActivityManager: Slow operation: 338ms so far, now at startProcess: starting to update pids map
06-12 21:55:29.952 1154 1179 W Looper : Slow delivery took 393ms android.fg h=com.android.server.location.GnssLocationProvider$ProviderHandler c=com.android.server.location.-$$Lambda$5U-_NhZgxqnYDZhpyacq4qBxh8k@f6ad69d m=0
06-12 21:55:29.952 1154 1189 W ActivityManager: Slow operation: 338ms so far, now at startProcess: done updating pids map
06-12 21:55:29.952 1154 1189 W ActivityManager: Slow operation: 336ms so far, now at startProcess: asking zygote to start proc
06-12 21:55:29.952 796 816 W : onXtraDownloadResultInternal:332] XTRA download result status:4 starting timer for 300 sec mXtraRetryTimes:0
06-12 21:55:29.953 1154 1154 W Looper : Slow delivery took 4271ms main h=android.app.ActivityThread$H c=null m=156
06-12 21:55:29.956 1901 1901 I Zygote : seccomp disabled by setenforce 0
06-12 21:55:29.956 1154 1181 I DropBoxManagerService: add tag=system_server_strictmode isTagEnabled=true flags=0x2
06-12 21:55:29.958 1154 1154 D ConditionProviders.SCP: onConnected
06-12 21:55:29.958 1154 1179 I GnssLocationProvider: restartRequests
06-12 21:55:29.961 1154 1181 I DropBoxManagerService: add tag=system_server_strictmode isTagEnabled=true flags=0x2
06-12 21:55:29.961 1154 1154 D ConditionProviders: Subscribing to condition://android/event?userId=-10000&calendar=&reply=1 with ComponentInfo{android/com.android.server.notification.EventConditionProvider}
06-12 21:55:29.962 1154 1154 D ConditionProviders: Subscribing to condition://android/schedule?days=1.2.3.4.5.6.7&start=22.0&end=7.0&exitAtAlarm=true with ComponentInfo{android/com.android.server.notification.ScheduleConditionProvider}
06-12 21:55:29.963 1154 1179 W Looper : Drained
06-12 21:55:29.960 1154 1179 I chatty : uid=1000(system) android.fg identical 1 line
06-12 21:55:29.962 1154 1179 I GnssLocationProvider: restartRequests
06-12 21:55:29.963 541 602 E LocSvc_GnssAdapter: gnssUpdateConfig:1046] Feature constellation enablement not supported.
06-12 21:55:29.963 541 589 E LocSvc_APIClientBase: onCtrlCollectiveResponseCb:208] ERROR: 8 ID: 11
06-12 21:55:29.966 1154 1181 I DropBoxManagerService: add tag=system_server_strictmode isTagEnabled=true flags=0x2
06-12 21:55:29.968 1877 1877 D ApplicationLoaders: Returning zygote-cached class loader: /system/framework/android.hidl.base-V1.0-java.jar
06-12 21:55:29.968 1877 1877 D ApplicationLoaders: Returning zygote-cached class loader: /system/framework/android.hidl.manager-V1.0-java.jar
06-12 21:55:29.968 1877 1877 D ApplicationLoaders: Returning zygote-cached class loader: /system/framework/android.hidl.base-V1.0-java.jar
06-12 21:55:29.976 479 479 D Zygote : Forked child process 1915
06-12 21:55:29.970 1154 1181 I DropBoxManagerService: add tag=system_server_strictmode isTagEnabled=true flags=0x2
06-12 21:55:29.979 1154 1189 W ActivityManager: Slow operation: 363ms so far, now at startProcess: returned from zygote!
06-12 21:55:29.980 1154 1189 W ActivityManager: Slow operation: 364ms so far, now at startProcess: done updating battery stats
06-12 21:55:29.980 1154 1189 W ActivityManager: Slow operation: 364ms so far, now at startProcess: building log message
06-12 21:55:29.980 1154 1189 I ActivityManager: Start proc 1915:org.mokee.screenshot/1000 for added application org.mokee.screenshot
06-12 21:55:29.980 1154 1189 W ActivityManager: Slow operation: 364ms so far, now at startProcess: starting to update pids map
06-12 21:55:29.980 1154 1189 W ActivityManager: Slow operation: 364ms so far, now at startProcess: done updating pids map
06-12 21:55:29.980 1154 1189 W ActivityManager: Slow operation: 362ms so far, now at startProcess: asking zygote to start proc
06-12 21:55:29.985 1915 1915 I Zygote : seccomp disabled by setenforce 0
06-12 21:55:30.000 479 479 D Zygote : Forked child process 1931
06-12 21:55:30.002 1154 1189 W ActivityManager: Slow operation: 384ms so far, now at startProcess: returned from zygote!
06-12 21:55:30.003 1931 1931 I Zygote : seccomp disabled by setenforce 0
06-12 21:55:30.005 1154 1189 W ActivityManager: Slow operation: 387ms so far, now at startProcess: done updating battery stats
06-12 21:55:30.006 1154 1189 W ActivityManager: Slow operation: 388ms so far, now at startProcess: building log message
06-12 21:55:30.006 1154 1189 I ActivityManager: Start proc 1931:.qtidataservices/1001 for added application .qtidataservices
06-12 21:55:30.006 1154 1189 W ActivityManager: Slow operation: 388ms so far, now at startProcess: starting to update pids map
06-12 21:55:30.006 1154 1189 W ActivityManager: Slow operation: 388ms so far, now at startProcess: done updating pids map
06-12 21:55:30.006 1154 1189 W ActivityManager: Slow operation: 387ms so far, now at startProcess: asking zygote to start proc
06-12 21:55:30.022 1901 1901 D ApplicationLoaders: Returning zygote-cached class loader: /system/framework/android.hidl.base-V1.0-java.jar
06-12 21:55:30.023 1901 1901 D ApplicationLoaders: Returning zygote-cached class loader: /system/framework/android.hidl.manager-V1.0-java.jar
06-12 21:55:30.023 1901 1901 D ApplicationLoaders: Returning zygote-cached class loader: /system/framework/android.hidl.base-V1.0-java.jar
06-12 21:55:30.028 479 479 D Zygote : Forked child process 1958
06-12 21:55:30.031 1154 1189 W ActivityManager: Slow operation: 412ms so far, now at startProcess: returned from zygote!
06-12 21:55:30.031 1958 1958 I Zygote : seccomp disabled by setenforce 0
06-12 21:55:30.031 1154 1189 W ActivityManager: Slow operation: 412ms so far, now at startProcess: done updating battery stats
06-12 21:55:30.031 1154 1189 W ActivityManager: Slow operation: 412ms so far, now at startProcess: building log message
06-12 21:55:30.031 1154 1189 I ActivityManager: Start proc 1958:com.android.phone/1001 for added application com.android.phone
06-12 21:55:30.032 1154 1189 W ActivityManager: Slow operation: 413ms so far, now at startProcess: starting to update pids map
06-12 21:55:30.032 1154 1189 W ActivityManager: Slow operation: 413ms so far, now at startProcess: done updating pids map
06-12 21:55:30.032 1154 1189 W ActivityManager: Slow operation: 108ms so far, now at startProcess: asking zygote to start proc
06-12 21:55:30.054 479 479 D Zygote : Forked child process 1978
06-12 21:55:30.056 1915 1915 D ApplicationLoaders: Returning zygote-cached class loader: /system/framework/android.hidl.base-V1.0-java.jar
06-12 21:55:30.057 1915 1915 D ApplicationLoaders: Returning zygote-cached class loader: /system/framework/android.hidl.manager-V1.0-java.jar
06-12 21:55:30.057 1915 1915 D ApplicationLoaders: Returning zygote-cached class loader: /system/framework/android.hidl.base-V1.0-java.jar
06-12 21:55:30.057 1154 1189 W ActivityManager: Slow operation: 133ms so far, now at startProcess: returned from zygote!
06-12 21:55:30.058 1154 1189 W ActivityManager: Slow operation: 134ms so far, now at startProcess: done updating battery stats
06-12 21:55:30.058 1154 1189 W ActivityManager: Slow operation: 134ms so far, now at startProcess: building log message
06-12 21:55:30.058 1154 1189 I ActivityManager: Start proc 1978:com.android.settings/1000 for activity {com.android.settings/com.android.settings.FallbackHome}
06-12 21:55:30.058 1154 1189 W ActivityManager: Slow operation: 134ms so far, now at startProcess: starting to update pids map
06-12 21:55:30.058 1154 1189 W ActivityManager: Slow operation: 134ms so far, now at startProcess: done updating pids map
06-12 21:55:30.059 1978 1978 I Zygote : seccomp disabled by setenforce 0
06-12 21:55:30.063 1699 1699 D wpa_supplicant: EAPOL: disable timer tick
06-12 21:55:30.064 1931 1931 D ApplicationLoaders: Returning zygote-cached class loader: /system/framework/android.hidl.base-V1.0-java.jar
06-12 21:55:30.064 1931 1931 D ApplicationLoaders: Returning zygote-cached class loader: /system/framework/android.hidl.manager-V1.0-java.jar
06-12 21:55:30.064 1931 1931 D ApplicationLoaders: Returning zygote-cached class loader: /system/framework/android.hidl.base-V1.0-java.jar
06-12 21:55:30.077 1154 1154 W Looper : Slow dispatch took 104ms main h=android.app.ActivityThread$H c=null m=114
06-12 21:55:30.102 1154 1154 D BluetoothManagerService: Creating new ProfileServiceConnections object for profile: 1
06-12 21:55:30.102 1154 1154 D BluetoothManagerService: Unable to bindService while Bluetooth is disabled
06-12 21:55:30.109 1154 1999 I Telecom : BluetoothRouteManager: getBluetoothAudioConnectedDevice: no service available.
06-12 21:55:30.118 1154 1154 I Telecom : SystemStateHelper: Registering car mode receiver: android.content.IntentFilter@d8bb1f6: TS.init@AAA
06-12 21:55:30.120 1915 1915 D Longshot.ScreenshotApplication: onCreate
06-12 21:55:30.128 1154 2002 I Telecom : Logging.Events: Non-call EVENT: AUDIO_ROUTE, Entering state QuiescentEarpieceRoute
06-12 21:55:30.129 1154 2002 I Telecom : BluetoothRouteManager: getBluetoothAudioConnectedDevice: no service available.
06-12 21:55:30.141 1154 2003 I Telecom : CallAudioModeStateMachine: Message received: null.: TS.init->CAMSM.pM_1@AAA
06-12 21:55:30.145 1154 1154 I Telecom : MissedCallNotifierImpl: reloadFromDatabase: Boot not yet complete -- call log db may not be available. Deferring loading until boot complete for user 0: TS.init@AAA
06-12 21:55:30.151 1154 1154 D BluetoothManagerService: Creating new ProfileServiceConnections object for profile: 1
06-12 21:55:30.151 1154 1154 D BluetoothManagerService: Unable to bindService while Bluetooth is disabled
06-12 21:55:30.155 1154 1154 I Telecom : Class: TelecomSystem.INSTANCE being set
06-12 21:55:30.156 1154 1154 W ContextImpl: Calling a method in the system process without a qualified user: android.app.ContextImpl.startService:1570 android.content.ContextWrapper.startService:669 com.android.server.telecom.components.TelecomService.initializeTelecomSystem:196 com.android.server.telecom.components.TelecomService.onBind:71 android.app.ActivityThread.handleBindService:3980
06-12 21:55:30.158 1154 1154 D WifiP2pService: Wifi enabled=false, P2P Interface availability=true
06-12 21:55:30.159 1154 1154 D BluetoothManagerService: Bluetooth Adapter name changed to Swift 2 X
06-12 21:55:30.159 1154 1154 D BluetoothManagerService: Stored Bluetooth name: Swift 2 X
06-12 21:55:30.159 1154 1154 D BluetoothManagerService: BluetoothServiceConnection: com.android.bluetooth.btservice.AdapterService
06-12 21:55:30.160 1154 1181 D BluetoothManagerService: MESSAGE_BLUETOOTH_SERVICE_CONNECTED: 1
06-12 21:55:30.161 1154 1181 D BluetoothManagerService: Broadcasting onBluetoothServiceUp() to 2 receivers.
06-12 21:55:30.161 1154 1181 D BluetoothAdapter: onBluetoothServiceUp: android.bluetooth.IBluetooth$Stub$Proxy@5738afd
06-12 21:55:30.162 1154 1154 D WifiP2pService: Wifi enabled=true, P2P Interface availability=true, Number of clients=0
06-12 21:55:30.162 1154 1154 D WifiP2pService: Wifi enabled=true, P2P Interface availability=true
06-12 21:55:30.162 1593 1611 D BluetoothAdapter: onBluetoothServiceUp: com.android.bluetooth.btservice.AdapterService$AdapterServiceBinder@7f1b3d9
06-12 21:55:30.162 1154 1154 D PackageWatchdog: Getting all observed packages pending health checks
06-12 21:55:30.162 1154 1154 I PackageWatchdog: Syncing health check requests for packages: {}
06-12 21:55:30.163 1154 1154 I ExplicitHealthCheckController: Service not ready to get health check supported packages. Binding...
06-12 21:55:30.164 1593 1612 D BluetoothAdapterService: enable() - Enable called with quiet mode status = false
06-12 21:55:30.165 1593 1655 I AdapterState: BLE_TURNING_ON : entered
06-12 21:55:30.165 1593 1655 D AdapterProperties: Setting state to BLE_TURNING_ON
06-12 21:55:30.165 1593 1655 D BluetoothAdapterService: updateAdapterState() - Broadcasting state BLE_TURNING_ON to 1 receivers.
06-12 21:55:30.166 1154 1154 I ExplicitHealthCheckController: Explicit health check service is bound
06-12 21:55:30.166 1154 1181 D BluetoothManagerService: MESSAGE_BLUETOOTH_STATE_CHANGE: OFF > BLE_TURNING_ON
06-12 21:55:30.166 1154 1181 D BluetoothManagerService: Sending BLE State Change: OFF > BLE_TURNING_ON
06-12 21:55:30.183 1154 1154 E WiredAccessoryManager: No state change.
06-12 21:55:30.186 1593 1655 D BluetoothAdapterService: bleOnProcessStart()
06-12 21:55:30.187 1593 1655 I AdapterProperties: init(), maxConnectedAudioDevices, default=5, propertyOverlayed=5, finalValue=5
06-12 21:55:30.187 479 479 D Zygote : Forked child process 2005
06-12 21:55:30.191 1593 1655 D BluetoothAdapterService: bleOnProcessStart() - Make Bond State Machine
06-12 21:55:30.191 1154 1189 I ActivityManager: Start proc 2005:android.ext.services/u0a121 for service {android.ext.services/android.ext.services.watchdog.ExplicitHealthCheckServiceImpl}
06-12 21:55:30.191 1593 1655 D BluetoothBondStateMachine: make
06-12 21:55:30.193 1593 2011 I BluetoothBondStateMachine: StableState(): Entering Off State
06-12 21:55:30.193 2005 2005 I Zygote : seccomp disabled by setenforce 0
06-12 21:55:30.196 1958 1958 D CarrierProvider: onCreate
06-12 21:55:30.198 1593 1593 I BtGatt.JNI: classInitNative(L876): classInitNative: Success!
06-12 21:55:30.201 1593 1593 D BtGatt.DebugUtils: handleDebugAction() action=null
06-12 21:55:30.202 1593 1593 D BluetoothAdapterService: getAdapterService() - returning com.android.bluetooth.btservice.AdapterService@6f29a31
06-12 21:55:30.204 1593 1593 I bt_btif : get_profile_interface: id = gatt
06-12 21:55:30.204 1958 1958 D CarrierIdProvider: onCreate
06-12 21:55:30.205 1593 1593 D BluetoothAdapterService: getAdapterService() - returning com.android.bluetooth.btservice.AdapterService@6f29a31
06-12 21:55:30.205 1958 1958 D CarrierIdDatabaseHelper: CarrierIdDatabaseHelper: 5
06-12 21:55:30.218 2005 2005 W id.ext.service: Core platform API violation: Ljava/lang/reflect/Field;->accessFlags:I from Landroid/os/Build; using reflection
06-12 21:55:30.219 1593 1593 D BluetoothAdapterService: getAdapterService() - returning com.android.bluetooth.btservice.AdapterService@6f29a31
06-12 21:55:30.221 1958 1958 D CarrierIdProvider: update database from pb file
06-12 21:55:30.222 1593 1657 I bt_stack_manager: event_start_up_stack is bringing up the stack
06-12 21:55:30.222 1593 1657 I bt_core_module: module_start_up Starting module "btif_config_module"
06-12 21:55:30.222 1593 1657 I bt_core_module: module_start_up Started module "btif_config_module"
06-12 21:55:30.222 1593 1657 I bt_core_module: module_start_up Starting module "btsnoop_module"
06-12 21:55:30.223 1593 1657 I : [0612/215530.222982:INFO:btsnoop.cc(207)] start_up: Snoop Logs disabled
06-12 21:55:30.223 1593 1657 I : [0612/215530.223179:INFO:btsnoop.cc(338)] delete_btsnoop_files: Deleting snoop logs if they exist. filtered = 1
06-12 21:55:30.223 1593 1657 I : [0612/215530.223878:INFO:btsnoop.cc(338)] delete_btsnoop_files: Deleting snoop logs if they exist. filtered = 0
06-12 21:55:30.224 1593 1657 I bt_core_module: module_start_up Started module "btsnoop_module"
06-12 21:55:30.224 1593 1657 I bt_core_module: module_start_up Starting module "hci_module"
06-12 21:55:30.224 1593 1657 I bt_hci : hci_module_start_up
06-12 21:55:30.225 1593 2029 I : [0612/215530.225130:INFO:message_loop_thread.cc(175)] Run: message loop starting for thread bt_hci_thread
06-12 21:55:30.225 1593 1657 D bt_hci : hci_module_start_up starting async portion
06-12 21:55:30.225 1593 2029 I bt_hci : hci_initialize
06-12 21:55:30.231 1593 2029 I bt_hci : hci_initialize: IBluetoothHci::getService() returned 0x7219ca7140 (remote)
06-12 21:55:30.231 531 531 W vendor.qti.bluetooth@1.0-bluetooth_hci: BluetoothHci::initialize()
06-12 21:55:30.231 531 531 W vendor.qti.bluetooth@1.0-data_handler: DataHandler:: Init()
06-12 21:55:30.232 531 531 W vendor.qti.bluetooth@1.0-data_handler: vendor.qcom.bluetooth.soc set to smd
06-12 21:55:30.232 531 531 I vendor.qti.bluetooth@1.0-data_handler: vendor.qcom.bluetooth.soc not set, so using pronto.
06-12 21:55:30.232 531 531 I vendor.qti.bluetooth@1.0-data_handler: data_service_setup_sighandler: Entry
06-12 21:55:30.232 531 531 D vendor.qti.bluetooth@1.0-data_handler: isProtocolAdded:
06-12 21:55:30.232 531 531 I vendor.qti.bluetooth@1.0-data_handler: isProtocolAdded: status:0
06-12 21:55:30.232 531 531 I vendor.qti.bluetooth@1.0-data_handler: Open init_status 0
06-12 21:55:30.232 531 531 I vendor.qti.bluetooth@1.0-data_handler: Open: soc_need_reload_patch = 1
06-12 21:55:30.233 1154 1154 V NotificationAssistants: enabling notification assistant for 0: ComponentInfo{android.ext.services/android.ext.services.notification.Assistant}
06-12 21:55:30.233 1154 1154 V NotificationAssistants: binding: Intent { act=android.service.notification.NotificationAssistantService cmp=android.ext.services/.notification.Assistant (has extras) }
06-12 21:55:30.233 531 531 D vendor.qti.bluetooth@1.0-wake_lock: Init wakelock is initiated
06-12 21:55:30.233 531 531 I vendor.qti.bluetooth@1.0-bluetooth_hci: initialize: Setting callback pointer as BT client is valid
06-12 21:55:30.234 531 2032 D vendor.qti.bluetooth@1.0-mct_transport: Init:> soc_type: 44
06-12 21:55:30.237 1958 1958 E CarrierIdProvider: read carrier list from ota pb failure: java.io.FileNotFoundException: /data/misc/carrierid/carrier_list.pb: open failed: ENOENT (No such file or directory)
06-12 21:55:30.237 1958 1958 D CarrierIdProvider: latest version: 16777232 need update: false
06-12 21:55:30.239 590 725 D AudioPolicyManagerCustom: setForceUse() usage 3, config 8, mPhoneState 0
06-12 21:55:30.240 590 725 D AudioPolicyManagerCustom: setForceUse() usage 6, config 0, mPhoneState 0
06-12 21:55:30.247 531 2032 I vendor.qti.bluetooth@1.0-mct_transport: Done intiailizing Bluetooth SMD transport
06-12 21:55:30.248 531 2032 D vendor.qti.bluetooth@1.0-wake_lock: Acquire wakelock is acquired
06-12 21:55:30.248 531 2032 I vendor.qti.bluetooth@1.0-mct_controller: CheckDigPinConnectivity
06-12 21:55:30.249 529 1562 D audio_hw_primary: adev_set_mic_mute state 0
06-12 21:55:30.249 531 2032 I vendor.qti.bluetooth@1.0-mct_controller: CheckDigPinConnectivity: rspLen = 15, opCode = 0xfc0c, subOpCode = 0x0b, numOfModules = 3
06-12 21:55:30.249 531 2032 I vendor.qti.bluetooth@1.0-mct_controller: CheckDigPinConnectivity: btModRes = 0x0000
06-12 21:55:30.249 531 2032 I vendor.qti.bluetooth@1.0-mct_controller: CheckDigPinConnectivity: success
06-12 21:55:30.249 529 1562 W DeviceHAL: Error from HAL Device in function set_mic_mute: Function not implemented
06-12 21:55:30.249 529 1562 I chatty : uid=1041(audioserver) HwBinder:529_3 identical 1 line
06-12 21:55:30.249 529 1562 W DeviceHAL: Error from HAL Device in function set_mic_mute: Function not implemented
06-12 21:55:30.250 1154 1154 E AudioSystem-JNI: Command failed for android_media_AudioSystem_muteMicrophone: -38
06-12 21:55:30.251 531 2032 E vendor.qti.bluetooth@1.0-bluetooth_address: CMD result: 0
06-12 21:55:30.251 531 2032 E vendor.qti.bluetooth@1.0-bluetooth_address: BD address read for NV_BD_ADDR_I: 59:35:05:04:d0:f6
06-12 21:55:30.251 531 2032 D vendor.qti.bluetooth@1.0-nvm_tags_manager: DownloadNvmTags: Downloading NVM TAG 2
06-12 21:55:30.251 531 2032 I vendor.qti.bluetooth@1.0-nvm_tags_manager: BD Address: 59:35:05:04:d0:f6
06-12 21:55:30.254 531 2032 D vendor.qti.bluetooth@1.0-nvm_tags_manager: DownloadNvmTags: Downloaded NVM TAG 2
06-12 21:55:30.254 531 2032 D vendor.qti.bluetooth@1.0-nvm_tags_manager: DownloadNvmTags: TAG Length = 6
06-12 21:55:30.254 531 2032 D vendor.qti.bluetooth@1.0-nvm_tags_manager: DownloadNvmTags: TAG Value = 0x59 0x35 0x05 0x04 0xd0 0xf6
06-12 21:55:30.254 531 2032 D vendor.qti.bluetooth@1.0-nvm_tags_manager: DownloadNvmTags: Downloading NVM TAG 95
06-12 21:55:30.255 531 2032 D vendor.qti.bluetooth@1.0-nvm_tags_manager: DownloadNvmTags: Downloaded NVM TAG 95
06-12 21:55:30.256 531 2032 D vendor.qti.bluetooth@1.0-nvm_tags_manager: DownloadNvmTags: TAG Length = 2
06-12 21:55:30.256 531 2032 D vendor.qti.bluetooth@1.0-nvm_tags_manager: DownloadNvmTags: TAG Value = 0x00 0x0b
06-12 21:55:30.256 531 2032 D vendor.qti.bluetooth@1.0-nvm_tags_manager: DownloadNvmTags: Downloading NVM TAG 83
06-12 21:55:30.258 531 2032 D vendor.qti.bluetooth@1.0-nvm_tags_manager: DownloadNvmTags: Downloaded NVM TAG 83
06-12 21:55:30.258 531 2032 D vendor.qti.bluetooth@1.0-nvm_tags_manager: DownloadNvmTags: TAG Length = 3
06-12 21:55:30.258 531 2032 D vendor.qti.bluetooth@1.0-nvm_tags_manager: DownloadNvmTags: TAG Value = 0x07 0x07 0x07
06-12 21:55:30.258 531 2032 D vendor.qti.bluetooth@1.0-nvm_tags_manager: DownloadNvmTags: Downloading NVM TAG 36
06-12 21:55:30.261 531 2032 D vendor.qti.bluetooth@1.0-nvm_tags_manager: DownloadNvmTags: Downloaded NVM TAG 36
06-12 21:55:30.261 531 2032 D vendor.qti.bluetooth@1.0-nvm_tags_manager: DownloadNvmTags: TAG Length = 12
06-12 21:55:30.261 531 2032 D vendor.qti.bluetooth@1.0-nvm_tags_manager: DownloadNvmTags: TAG Value = 0xff 0x03 0x07 0x09 0x09 0x09 0x00 0x00 0x09 0x09 0x04 0x00
06-12 21:55:30.261 531 2032 I vendor.qti.bluetooth@1.0-nvm_tags_manager: HciReset: HCI RESET
06-12 21:55:30.270 590 725 D AudioPolicyManagerCustom: setForceUse() usage 7, config 0, mPhoneState 0
06-12 21:55:30.303 412 412 I hwservicemanager: getTransport: Cannot find entry android.hardware.radio@1.4::IRadio/slot1 in either framework or device manifest.
06-12 21:55:30.305 412 412 I hwservicemanager: getTransport: Cannot find entry android.hardware.radio@1.3::IRadio/slot1 in either framework or device manifest.
06-12 21:55:30.307 412 412 I hwservicemanager: getTransport: Cannot find entry android.hardware.radio@1.2::IRadio/slot1 in either framework or device manifest.
06-12 21:55:30.309 412 412 I hwservicemanager: getTransport: Cannot find entry android.hardware.radio@1.1::IRadio/slot1 in either framework or device manifest.
06-12 21:55:30.310 1154 1154 I NetworkStackClient: Network stack service connected
06-12 21:55:30.313 1958 1958 I android_os_HwBinder: HwBinder: Starting thread pool for getting: android.hardware.radio@1.0::IRadio/slot1
06-12 21:55:30.314 1154 1179 D UsbDeviceManager: push notification:Charging this device via USB
06-12 21:55:30.317 1154 1154 I system_server: The ClassLoaderContext is a special shared library.
06-12 21:55:30.324 412 412 I hwservicemanager: getTransport: Cannot find entry android.hardware.radio.deprecated@1.0::IOemHook/slot1 in either framework or device manifest.
06-12 21:55:30.328 478 900 W ServiceManager: Permission failure: android.permission.NETWORK_STACK from uid=1073 pid=1848
06-12 21:55:30.328 412 412 I hwservicemanager: getTransport: Cannot find entry android.hardware.radio@1.4::IRadio/slot2 in either framework or device manifest.
06-12 21:55:30.329 478 900 I netd : interfaceSetEnableIPv6("wlan0", "false") <1.59ms>
06-12 21:55:30.330 478 900 W ServiceManager: Permission failure: android.permission.NETWORK_STACK from uid=1073 pid=1848
06-12 21:55:30.330 531 2032 I vendor.qti.bluetooth@1.0-nvm_tags_manager: HciReset: HCI RESET Done
06-12 21:55:30.331 531 2032 D vendor.qti.bluetooth@1.0-wake_lock: Release wakelock is released
06-12 21:55:30.331 531 2032 D vendor.qti.bluetooth@1.0-mct_controller: Init succeded
06-12 21:55:30.331 531 2032 D vendor.qti.bluetooth@1.0-data_handler: Firmware download succeded.
06-12 21:55:30.331 1593 2029 I bt_hci : event_finish_startup
06-12 21:55:30.331 412 412 I hwservicemanager: getTransport: Cannot find entry android.hardware.radio@1.3::IRadio/slot2 in either framework or device manifest.
06-12 21:55:30.332 1593 1657 I bt_core_module: module_start_up Started module "hci_module"
06-12 21:55:30.333 478 900 I netd : interfaceClearAddrs("wlan0") <2.59ms>
06-12 21:55:30.335 412 412 I hwservicemanager: getTransport: Cannot find entry android.hardware.radio@1.2::IRadio/slot2 in either framework or device manifest.
06-12 21:55:30.335 1978 2035 I AdrenoGLES: QUALCOMM build : 1129882, Ia9f6d49891
06-12 21:55:30.335 1978 2035 I AdrenoGLES: Build Date : 01/24/20
06-12 21:55:30.335 1978 2035 I AdrenoGLES: OpenGL ES Shader Compiler Version: EV031.27.05.03
06-12 21:55:30.335 1978 2035 I AdrenoGLES: Local Branch :
06-12 21:55:30.335 1978 2035 I AdrenoGLES: Remote Branch :
06-12 21:55:30.335 1978 2035 I AdrenoGLES: Remote Branch :
06-12 21:55:30.335 1978 2035 I AdrenoGLES: Reconstruct Branch :
06-12 21:55:30.335 1978 2035 I AdrenoGLES: Build Config : S L 8.0.12 AArch64
06-12 21:55:30.335 1593 2047 I : [0612/215530.335789:INFO:message_loop_thread.cc(175)] Run: message loop starting for thread bt_startup_thread
06-12 21:55:30.337 1593 2047 I : [0612/215530.337341:INFO:btu_task.cc(96)] Bluetooth chip preload is complete
06-12 21:55:30.337 412 412 I hwservicemanager: getTransport: Cannot find entry android.hardware.radio@1.1::IRadio/slot2 in either framework or device manifest.
06-12 21:55:30.338 1593 2047 I : [0612/215530.337991:INFO:gatt_api.cc(946)] GATT_Register 81818181-8181-8181-8181-818181818181
06-12 21:55:30.338 1593 2047 I : [0612/215530.338168:INFO:gatt_api.cc(966)] allocated gatt_if=1
06-12 21:55:30.338 1593 2047 I : [0612/215530.338238:INFO:gatt_api.cc(161)] GATTS_AddService
06-12 21:55:30.338 1593 2047 I : [0612/215530.338313:INFO:gatt_api.cc(264)] GATTS_AddService: service parsed correctly, now starting
06-12 21:55:30.338 1593 2047 I : [0612/215530.338588:INFO:gatt_api.cc(946)] GATT_Register 82828282-8282-8282-8282-828282828282
06-12 21:55:30.338 1154 1548 D WifiClientModeImpl: Setting OUI to DA-A1-19
06-12 21:55:30.338 1593 2047 I : [0612/215530.338664:INFO:gatt_api.cc(966)] allocated gatt_if=2
06-12 21:55:30.338 1593 2047 I : [0612/215530.338725:INFO:gatt_api.cc(161)] GATTS_AddService
06-12 21:55:30.338 1593 2047 I : [0612/215530.338791:INFO:gatt_api.cc(264)] GATTS_AddService: service parsed correctly, now starting
06-12 21:55:30.339 1593 2047 I bt_bte : BTE_InitTraceLevels -- TRC_HCI : Level 2
06-12 21:55:30.339 1593 2047 I bt_bte : BTE_InitTraceLevels -- TRC_L2CAP : Level 2
06-12 21:55:30.339 1593 2047 I bt_bte : BTE_InitTraceLevels -- TRC_RFCOMM : Level 2
06-12 21:55:30.339 1593 2047 I bt_bte : BTE_InitTraceLevels -- TRC_AVDT : Level 2
06-12 21:55:30.339 1593 2047 I bt_bte : BTE_InitTraceLevels -- TRC_AVRC : Level 2
06-12 21:55:30.339 1593 2047 I bt_bte : BTE_InitTraceLevels -- TRC_A2D : Level 2
06-12 21:55:30.339 1593 2047 I bt_bte : BTE_InitTraceLevels -- TRC_BNEP : Level 2
06-12 21:55:30.339 1593 2047 I bt_bte : BTE_InitTraceLevels -- TRC_BTM : Level 2
06-12 21:55:30.339 1593 2047 I bt_bte : BTE_InitTraceLevels -- TRC_HID_HOST : Level 2
06-12 21:55:30.339 1593 2047 I bt_bte : BTE_InitTraceLevels -- TRC_PAN : Level 2
06-12 21:55:30.339 1593 2047 I bt_bte : BTE_InitTraceLevels -- TRC_SDP : Level 2
06-12 21:55:30.339 1593 2047 I bt_bte : BTE_InitTraceLevels -- TRC_SMP : Level 2
06-12 21:55:30.339 1593 2047 I bt_bte : BTE_InitTraceLevels -- TRC_HID_DEV : Level 2
06-12 21:55:30.339 1593 2047 I bt_bte : BTE_InitTraceLevels -- TRC_BTAPP : Level 2
06-12 21:55:30.339 1593 2047 I bt_bte : BTE_InitTraceLevels -- TRC_BTIF : Level 2
06-12 21:55:30.340 1593 2048 I bt_stack: [INFO:message_loop_thread.cc(175)] Run: message loop starting for thread bt_main_thread
06-12 21:55:30.341 1593 2049 I bt_stack: [INFO:message_loop_thread.cc(175)] Run: message loop starting for thread bt_module_lifecycle_thread
06-12 21:55:30.341 1154 1548 D WifiCountryCode: updateCountryCode to null
06-12 21:55:30.341 1593 2049 I bt_core_module: module_start_up Starting module "controller_module"
06-12 21:55:30.342 565 565 E WifiHAL : wifi_start_pkt_fate_monitoring: packet fate logging feature not supported 0
06-12 21:55:30.343 1154 1548 E WifiVendorHal: startPktFateMonitoring(l.1763) failed {.code = ERROR_NOT_SUPPORTED, .description = }
06-12 21:55:30.343 1154 1548 W WifiDiags: Failed to start packet fate monitoring
06-12 21:55:30.344 1958 1958 I android_os_HwBinder: HwBinder: Starting thread pool for getting: android.hardware.radio@1.0::IRadio/slot2
06-12 21:55:30.345 1978 2035 I AdrenoGLES: PFP: 0x005ff110, ME: 0x005ff066
06-12 21:55:30.347 1154 1548 I WifiVendorHal: Driver: 3.0.11.85 Firmware: CNSS-PR-4-0-00278
06-12 21:55:30.348 565 565 E WifiHAL : wifi_get_ring_buffers_status: Ring buffer logging feature not supported 0
06-12 21:55:30.349 1154 1548 E WifiVendorHal: getRingBufferStatus(l.1655) failed {.code = ERROR_NOT_SUPPORTED, .description = }
06-12 21:55:30.349 1154 1548 W WifiDiags: no ring buffers found
06-12 21:55:30.349 1154 1548 D WifiDiags: startLogging() iface list is {wlan0} after adding wlan0
06-12 21:55:30.351 1154 1154 D ConditionProviders.SCP: onSubscribe condition://android/schedule?days=1.2.3.4.5.6.7&start=22.0&end=7.0&exitAtAlarm=true
06-12 21:55:30.352 1154 1154 D ConditionProviders.SCP: setRegistered true
06-12 21:55:30.354 412 412 I hwservicemanager: getTransport: Cannot find entry android.hardware.radio.deprecated@1.0::IOemHook/slot2 in either framework or device manifest.
06-12 21:55:30.359 1154 1548 D WakeupController: reset()
06-12 21:55:30.361 1154 1548 I WifiClientModeImpl: disconnectedstate enter
06-12 21:55:30.361 1154 1154 D ConditionProviders.SCP: evaluateSubscriptionLocked cal=ScheduleCalendar[mDays={1, 2, 3, 4, 5, 6, 7}, mSchedule=ScheduleInfo{days=[1, 2, 3, 4, 5, 6, 7], startHour=22, startMinute=0, endHour=7, endMinute=0, exitAtAlarm=true, nextAlarm=Thu Jan 01 01:00:00 GMT+01:00 1970 (0)}], now=Fri Jun 12 21:55:30 GMT+02:00 2020 (1591991730352), nextUserAlarmTime=Thu Jan 01 01:00:00 GMT+01:00 1970 (0)
06-12 21:55:30.361 1154 1154 D ConditionProviders.SCP: notifyCondition condition://android/schedule?days=1.2.3.4.5.6.7&start=22.0&end=7.0&exitAtAlarm=true STATE_FALSE reason=!meetsSchedule
06-12 21:55:30.362 1154 1548 D WifiService: updateInterfaceIpState: ifaceName=wlan0 mode=-1 previous mode= null
06-12 21:55:30.363 1154 1154 D ConditionProviders.SCP: Scheduling evaluate for Fri Jun 12 22:00:00 GMT+02:00 2020 (1591992000000), in +4m29s648ms, now=Fri Jun 12 21:55:30 GMT+02:00 2020 (1591991730352)
06-12 21:55:30.371 1154 1154 I Telecom : WiredHeadsetManager: ACTION_HEADSET_PLUG event, plugged in: false, : WHC.oADA@AAE
